{"id":24209,"date":"2026-09-01T11:22:31","date_gmt":"2026-09-01T09:22:31","guid":{"rendered":"https:\/\/visitfinaleligure.it\/esperienza\/noi-siamo-erbacce-ca-del-buio-2\/"},"modified":"2026-09-01T11:22:31","modified_gmt":"2026-09-01T09:22:31","slug":"noi-siamo-erbacce-ca-del-buio-2","status":"publish","type":"esperienza","link":"https:\/\/visitfinaleligure.it\/de\/esperienza\/noi-siamo-erbacce-ca-del-buio-2\/","title":{"rendered":"Noi siamo erbacce &#8211; CA&#8217; DEL BUIO"},"content":{"rendered":"<p>Gedanken unterwegs: Pfade der Worte und Kr\u00e4uter, geteilt mit dem Soziologen Mauro Ferrari<\/p>\n<p>Es handelt sich um einen Weg in der Natur, mit Kr\u00e4utererkundungen, Lesungen und Gespr\u00e4chsmomenten, inspiriert von einem Buch \u00fcber die Leben, die am Rand bestehen. Das Treffen findet in der Umgebung des B&amp;B Ca\u2019 del Buio in einem langsamen und gemeinschaftlichen Kontext statt.<\/p>\n<p>Der Soziologe Mauro Ferrari wird die Erfahrung begleiten und Impulse zu menschlichen und nat\u00fcrlichen Beziehungen anbieten. Am Sonntagmorgen sind Lesungen, Reflexionen entlang des Weges, Gespr\u00e4che und kleine gesellige Momente vorgesehen.<\/p>\n<p>Das Ziel ist es, eine Erfahrung des Zuh\u00f6rens, der F\u00fcrsorge und der Verbindung mit der Natur und den Menschen zu machen.<\/p>\n<p>&nbsp;<\/p>\n<p>&nbsp;<\/p>\n","protected":false},"featured_media":0,"template":"","meta":[],"tipi_servizi":[],"temi_vacanza":[],"classificazioni":[],"class_list":["post-24209","esperienza","type-esperienza","status-publish","hentry"],"yoast_head":"<!-- This site is optimized with the Yoast SEO plugin v28.3 - https:\/\/yoast.com\/product\/yoast-seo-wordpress\/ -->\n<title>Noi siamo erbacce - CA&#039; DEL BUIO - Visit Finale Ligure<\/title>\n<meta name=\"description\" content=\"Gedanken unterwegs: Pfade der Worte und Kr\u00e4uter, geteilt mit dem Soziologen Mauro Ferrari Es handelt sich um einen Weg in der Natur, mit\" \/>\n<meta name=\"robots\" content=\"index, follow, max-snippet:-1, max-image-preview:large, max-video-preview:-1\" \/>\n<link rel=\"canonical\" href=\"https:\/\/visitfinaleligure.it\/de\/esperienza\/noi-siamo-erbacce-ca-del-buio-2\/\" \/>\n<meta property=\"og:locale\" content=\"de_DE\" \/>\n<meta property=\"og:type\" content=\"article\" \/>\n<meta property=\"og:title\" content=\"Noi siamo erbacce - CA&#039; DEL BUIO - Visit Finale Ligure\" \/>\n<meta property=\"og:description\" content=\"Gedanken unterwegs: Pfade der Worte und Kr\u00e4uter, geteilt mit dem Soziologen Mauro Ferrari Es handelt sich um einen Weg in der Natur, mit\" \/>\n<meta property=\"og:url\" content=\"https:\/\/visitfinaleligure.it\/de\/esperienza\/noi-siamo-erbacce-ca-del-buio-2\/\" \/>\n<meta property=\"og:site_name\" content=\"Visit Finale Ligure\" \/>\n<meta property=\"article:publisher\" content=\"https:\/\/www.facebook.com\/VisitFinaleLigure\" \/>\n<meta property=\"og:image\" content=\"https:\/\/visitfinaleligure.it\/wp-content\/uploads\/2026\/08\/image-221.jpg\" \/>\n\t<meta property=\"og:image:width\" content=\"1131\" \/>\n\t<meta property=\"og:image:height\" content=\"1600\" \/>\n\t<meta property=\"og:image:type\" content=\"image\/jpeg\" \/>\n<meta name=\"twitter:card\" content=\"summary_large_image\" \/>\n<meta name=\"twitter:label1\" content=\"Gesch\u00e4tzte Lesezeit\" \/>\n\t<meta name=\"twitter:data1\" content=\"1\u00a0Minute\" \/>\n<script type=\"application\/ld+json\" class=\"yoast-schema-graph\">{\"@context\":\"https:\\\/\\\/schema.org\",\"@graph\":[{\"@type\":\"WebPage\",\"@id\":\"https:\\\/\\\/visitfinaleligure.it\\\/de\\\/esperienza\\\/noi-siamo-erbacce-ca-del-buio-2\\\/\",\"url\":\"https:\\\/\\\/visitfinaleligure.it\\\/de\\\/esperienza\\\/noi-siamo-erbacce-ca-del-buio-2\\\/\",\"name\":\"Noi siamo erbacce - CA' DEL BUIO - Visit Finale Ligure\",\"isPartOf\":{\"@id\":\"https:\\\/\\\/visitfinaleligure.it\\\/de\\\/#website\"},\"datePublished\":\"2026-09-01T09:22:31+00:00\",\"description\":\"Gedanken unterwegs: Pfade der Worte und Kr\u00e4uter, geteilt mit dem Soziologen Mauro Ferrari Es handelt sich um einen Weg in der Natur, mit\",\"breadcrumb\":{\"@id\":\"https:\\\/\\\/visitfinaleligure.it\\\/de\\\/esperienza\\\/noi-siamo-erbacce-ca-del-buio-2\\\/#breadcrumb\"},\"inLanguage\":\"de\",\"potentialAction\":[{\"@type\":\"ReadAction\",\"target\":[\"https:\\\/\\\/visitfinaleligure.it\\\/de\\\/esperienza\\\/noi-siamo-erbacce-ca-del-buio-2\\\/\"]}]},{\"@type\":\"BreadcrumbList\",\"@id\":\"https:\\\/\\\/visitfinaleligure.it\\\/de\\\/esperienza\\\/noi-siamo-erbacce-ca-del-buio-2\\\/#breadcrumb\",\"itemListElement\":[{\"@type\":\"ListItem\",\"position\":1,\"name\":\"Home\",\"item\":\"https:\\\/\\\/visitfinaleligure.it\\\/de\\\/\"},{\"@type\":\"ListItem\",\"position\":2,\"name\":\"Esperienze\",\"item\":\"https:\\\/\\\/visitfinaleligure.it\\\/de\\\/esperienza\\\/\"},{\"@type\":\"ListItem\",\"position\":3,\"name\":\"Noi siamo erbacce &#8211; CA&#8217; DEL BUIO\"}]},{\"@type\":\"WebSite\",\"@id\":\"https:\\\/\\\/visitfinaleligure.it\\\/de\\\/#website\",\"url\":\"https:\\\/\\\/visitfinaleligure.it\\\/de\\\/\",\"name\":\"Visit Finale Ligure\",\"description\":\"My perfect place\",\"publisher\":{\"@id\":\"https:\\\/\\\/visitfinaleligure.it\\\/de\\\/#organization\"},\"potentialAction\":[{\"@type\":\"SearchAction\",\"target\":{\"@type\":\"EntryPoint\",\"urlTemplate\":\"https:\\\/\\\/visitfinaleligure.it\\\/de\\\/?s={search_term_string}\"},\"query-input\":{\"@type\":\"PropertyValueSpecification\",\"valueRequired\":true,\"valueName\":\"search_term_string\"}}],\"inLanguage\":\"de\"},{\"@type\":\"Organization\",\"@id\":\"https:\\\/\\\/visitfinaleligure.it\\\/de\\\/#organization\",\"name\":\"Comune di Finale Ligure\",\"url\":\"https:\\\/\\\/visitfinaleligure.it\\\/de\\\/\",\"logo\":{\"@type\":\"ImageObject\",\"inLanguage\":\"de\",\"@id\":\"https:\\\/\\\/visitfinaleligure.it\\\/de\\\/#\\\/schema\\\/logo\\\/image\\\/\",\"url\":\"https:\\\/\\\/visitfinaleligure.it\\\/wp-content\\\/uploads\\\/2023\\\/04\\\/cropped-finaleligure-verticale-positivo-200x200-1.png\",\"contentUrl\":\"https:\\\/\\\/visitfinaleligure.it\\\/wp-content\\\/uploads\\\/2023\\\/04\\\/cropped-finaleligure-verticale-positivo-200x200-1.png\",\"width\":512,\"height\":512,\"caption\":\"Comune di Finale Ligure\"},\"image\":{\"@id\":\"https:\\\/\\\/visitfinaleligure.it\\\/de\\\/#\\\/schema\\\/logo\\\/image\\\/\"},\"sameAs\":[\"https:\\\/\\\/www.facebook.com\\\/VisitFinaleLigure\",\"https:\\\/\\\/www.instagram.com\\\/visitfinale\\\/\",\"https:\\\/\\\/www.youtube.com\\\/channel\\\/UCLmoLfNmrAt9mSCll9egttw\"]}]}<\/script>\n<!-- \/ Yoast SEO plugin. -->","yoast_head_json":{"title":"Noi siamo erbacce - CA' DEL BUIO - Visit Finale Ligure","description":"Gedanken unterwegs: Pfade der Worte und Kr\u00e4uter, geteilt mit dem Soziologen Mauro Ferrari Es handelt sich um einen Weg in der Natur, mit","robots":{"index":"index","follow":"follow","max-snippet":"max-snippet:-1","max-image-preview":"max-image-preview:large","max-video-preview":"max-video-preview:-1"},"canonical":"https:\/\/visitfinaleligure.it\/de\/esperienza\/noi-siamo-erbacce-ca-del-buio-2\/","og_locale":"de_DE","og_type":"article","og_title":"Noi siamo erbacce - CA' DEL BUIO - Visit Finale Ligure","og_description":"Gedanken unterwegs: Pfade der Worte und Kr\u00e4uter, geteilt mit dem Soziologen Mauro Ferrari Es handelt sich um einen Weg in der Natur, mit","og_url":"https:\/\/visitfinaleligure.it\/de\/esperienza\/noi-siamo-erbacce-ca-del-buio-2\/","og_site_name":"Visit Finale Ligure","article_publisher":"https:\/\/www.facebook.com\/VisitFinaleLigure","og_image":[{"width":1131,"height":1600,"url":"https:\/\/visitfinaleligure.it\/wp-content\/uploads\/2026\/08\/image-221.jpg","type":"image\/jpeg"}],"twitter_card":"summary_large_image","twitter_misc":{"Gesch\u00e4tzte Lesezeit":"1\u00a0Minute"},"schema":{"@context":"https:\/\/schema.org","@graph":[{"@type":"WebPage","@id":"https:\/\/visitfinaleligure.it\/de\/esperienza\/noi-siamo-erbacce-ca-del-buio-2\/","url":"https:\/\/visitfinaleligure.it\/de\/esperienza\/noi-siamo-erbacce-ca-del-buio-2\/","name":"Noi siamo erbacce - CA' DEL BUIO - Visit Finale Ligure","isPartOf":{"@id":"https:\/\/visitfinaleligure.it\/de\/#website"},"datePublished":"2026-09-01T09:22:31+00:00","description":"Gedanken unterwegs: Pfade der Worte und Kr\u00e4uter, geteilt mit dem Soziologen Mauro Ferrari Es handelt sich um einen Weg in der Natur, mit","breadcrumb":{"@id":"https:\/\/visitfinaleligure.it\/de\/esperienza\/noi-siamo-erbacce-ca-del-buio-2\/#breadcrumb"},"inLanguage":"de","potentialAction":[{"@type":"ReadAction","target":["https:\/\/visitfinaleligure.it\/de\/esperienza\/noi-siamo-erbacce-ca-del-buio-2\/"]}]},{"@type":"BreadcrumbList","@id":"https:\/\/visitfinaleligure.it\/de\/esperienza\/noi-siamo-erbacce-ca-del-buio-2\/#breadcrumb","itemListElement":[{"@type":"ListItem","position":1,"name":"Home","item":"https:\/\/visitfinaleligure.it\/de\/"},{"@type":"ListItem","position":2,"name":"Esperienze","item":"https:\/\/visitfinaleligure.it\/de\/esperienza\/"},{"@type":"ListItem","position":3,"name":"Noi siamo erbacce &#8211; CA&#8217; DEL BUIO"}]},{"@type":"WebSite","@id":"https:\/\/visitfinaleligure.it\/de\/#website","url":"https:\/\/visitfinaleligure.it\/de\/","name":"Visit Finale Ligure","description":"My perfect place","publisher":{"@id":"https:\/\/visitfinaleligure.it\/de\/#organization"},"potentialAction":[{"@type":"SearchAction","target":{"@type":"EntryPoint","urlTemplate":"https:\/\/visitfinaleligure.it\/de\/?s={search_term_string}"},"query-input":{"@type":"PropertyValueSpecification","valueRequired":true,"valueName":"search_term_string"}}],"inLanguage":"de"},{"@type":"Organization","@id":"https:\/\/visitfinaleligure.it\/de\/#organization","name":"Comune di Finale Ligure","url":"https:\/\/visitfinaleligure.it\/de\/","logo":{"@type":"ImageObject","inLanguage":"de","@id":"https:\/\/visitfinaleligure.it\/de\/#\/schema\/logo\/image\/","url":"https:\/\/visitfinaleligure.it\/wp-content\/uploads\/2023\/04\/cropped-finaleligure-verticale-positivo-200x200-1.png","contentUrl":"https:\/\/visitfinaleligure.it\/wp-content\/uploads\/2023\/04\/cropped-finaleligure-verticale-positivo-200x200-1.png","width":512,"height":512,"caption":"Comune di Finale Ligure"},"image":{"@id":"https:\/\/visitfinaleligure.it\/de\/#\/schema\/logo\/image\/"},"sameAs":["https:\/\/www.facebook.com\/VisitFinaleLigure","https:\/\/www.instagram.com\/visitfinale\/","https:\/\/www.youtube.com\/channel\/UCLmoLfNmrAt9mSCll9egttw"]}]}},"_links":{"self":[{"href":"https:\/\/visitfinaleligure.it\/de\/wp-json\/wp\/v2\/esperienza\/24209","targetHints":{"allow":["GET"]}}],"collection":[{"href":"https:\/\/visitfinaleligure.it\/de\/wp-json\/wp\/v2\/esperienza"}],"about":[{"href":"https:\/\/visitfinaleligure.it\/de\/wp-json\/wp\/v2\/types\/esperienza"}],"wp:attachment":[{"href":"https:\/\/visitfinaleligure.it\/de\/wp-json\/wp\/v2\/media?parent=24209"}],"wp:term":[{"taxonomy":"tipi_servizi","embeddable":true,"href":"https:\/\/visitfinaleligure.it\/de\/wp-json\/wp\/v2\/tipi_servizi?post=24209"},{"taxonomy":"temi_vacanza","embeddable":true,"href":"https:\/\/visitfinaleligure.it\/de\/wp-json\/wp\/v2\/temi_vacanza?post=24209"},{"taxonomy":"classificazioni","embeddable":true,"href":"https:\/\/visitfinaleligure.it\/de\/wp-json\/wp\/v2\/classificazioni?post=24209"}],"curies":[{"name":"wp","href":"https:\/\/api.w.org\/{rel}","templated":true}]}}

<p>Gedanken unterwegs: Pfade der Worte und Kräuter, geteilt mit dem Soziologen Mauro Ferrari</p>
<p>Es handelt sich um einen Weg in der Natur, mit Kräutererkundungen, Lesungen und Gesprächsmomenten, inspiriert von einem Buch über die Leben, die am Rand bestehen. Das Treffen findet in der Umgebung des B&amp;B Ca’ del Buio in einem langsamen und gemeinschaftlichen Kontext statt.</p>
<p>Der Soziologe Mauro Ferrari wird die Erfahrung begleiten und Impulse zu menschlichen und natürlichen Beziehungen anbieten. Am Sonntagmorgen sind Lesungen, Reflexionen entlang des Weges, Gespräche und kleine gesellige Momente vorgesehen.</p>
<p>Das Ziel ist es, eine Erfahrung des Zuhörens, der Fürsorge und der Verbindung mit der Natur und den Menschen zu machen.</p>
<p>&nbsp;</p>
<p>&nbsp;</p>

<!-- This site is optimized with the Yoast SEO plugin v28.3 - https://yoast.com/product/yoast-seo-wordpress/ -->
<title>Noi siamo erbacce - CA&#039; DEL BUIO - Visit Finale Ligure</title>
<meta name="description" content="Gedanken unterwegs: Pfade der Worte und Kräuter, geteilt mit dem Soziologen Mauro Ferrari Es handelt sich um einen Weg in der Natur, mit" />
<meta name="robots" content="index, follow, max-snippet:-1, max-image-preview:large, max-video-preview:-1" />
<link rel="canonical" href="https://visitfinaleligure.it/de/esperienza/noi-siamo-erbacce-ca-del-buio-2/" />
<meta property="og:locale" content="de_DE" />
<meta property="og:type" content="article" />
<meta property="og:title" content="Noi siamo erbacce - CA&#039; DEL BUIO - Visit Finale Ligure" />
<meta property="og:description" content="Gedanken unterwegs: Pfade der Worte und Kräuter, geteilt mit dem Soziologen Mauro Ferrari Es handelt sich um einen Weg in der Natur, mit" />
<meta property="og:url" content="https://visitfinaleligure.it/de/esperienza/noi-siamo-erbacce-ca-del-buio-2/" />
<meta property="og:site_name" content="Visit Finale Ligure" />
<meta property="article:publisher" content="https://www.facebook.com/VisitFinaleLigure" />
<meta property="og:image" content="https://visitfinaleligure.it/wp-content/uploads/2026/08/image-221.jpg" />
	<meta property="og:image:width" content="1131" />
	<meta property="og:image:height" content="1600" />
	<meta property="og:image:type" content="image/jpeg" />
<meta name="twitter:card" content="summary_large_image" />
<meta name="twitter:label1" content="Geschätzte Lesezeit" />
	<meta name="twitter:data1" content="1 Minute" />
<script type="application/ld+json" class="yoast-schema-graph">{"@context":"https:\/\/schema.org","@graph":[{"@type":"WebPage","@id":"https:\/\/visitfinaleligure.it\/de\/esperienza\/noi-siamo-erbacce-ca-del-buio-2\/","url":"https:\/\/visitfinaleligure.it\/de\/esperienza\/noi-siamo-erbacce-ca-del-buio-2\/","name":"Noi siamo erbacce - CA' DEL BUIO - Visit Finale Ligure","isPartOf":{"@id":"https:\/\/visitfinaleligure.it\/de\/#website"},"datePublished":"2026-09-01T09:22:31+00:00","description":"Gedanken unterwegs: Pfade der Worte und Kräuter, geteilt mit dem Soziologen Mauro Ferrari Es handelt sich um einen Weg in der Natur, mit","breadcrumb":{"@id":"https:\/\/visitfinaleligure.it\/de\/esperienza\/noi-siamo-erbacce-ca-del-buio-2\/#breadcrumb"},"inLanguage":"de","potentialAction":[{"@type":"ReadAction","target":["https:\/\/visitfinaleligure.it\/de\/esperienza\/noi-siamo-erbacce-ca-del-buio-2\/"]}]},{"@type":"BreadcrumbList","@id":"https:\/\/visitfinaleligure.it\/de\/esperienza\/noi-siamo-erbacce-ca-del-buio-2\/#breadcrumb","itemListElement":[{"@type":"ListItem","position":1,"name":"Home","item":"https:\/\/visitfinaleligure.it\/de\/"},{"@type":"ListItem","position":2,"name":"Esperienze","item":"https:\/\/visitfinaleligure.it\/de\/esperienza\/"},{"@type":"ListItem","position":3,"name":"Noi siamo erbacce &#8211; CA&#8217; DEL BUIO"}]},{"@type":"WebSite","@id":"https:\/\/visitfinaleligure.it\/de\/#website","url":"https:\/\/visitfinaleligure.it\/de\/","name":"Visit Finale Ligure","description":"My perfect place","publisher":{"@id":"https:\/\/visitfinaleligure.it\/de\/#organization"},"potentialAction":[{"@type":"SearchAction","target":{"@type":"EntryPoint","urlTemplate":"https:\/\/visitfinaleligure.it\/de\/?s={search_term_string}"},"query-input":{"@type":"PropertyValueSpecification","valueRequired":true,"valueName":"search_term_string"}}],"inLanguage":"de"},{"@type":"Organization","@id":"https:\/\/visitfinaleligure.it\/de\/#organization","name":"Comune di Finale Ligure","url":"https:\/\/visitfinaleligure.it\/de\/","logo":{"@type":"ImageObject","inLanguage":"de","@id":"https:\/\/visitfinaleligure.it\/de\/#\/schema\/logo\/image\/","url":"https:\/\/visitfinaleligure.it\/wp-content\/uploads\/2023\/04\/cropped-finaleligure-verticale-positivo-200x200-1.png","contentUrl":"https:\/\/visitfinaleligure.it\/wp-content\/uploads\/2023\/04\/cropped-finaleligure-verticale-positivo-200x200-1.png","width":512,"height":512,"caption":"Comune di Finale Ligure"},"image":{"@id":"https:\/\/visitfinaleligure.it\/de\/#\/schema\/logo\/image\/"},"sameAs":["https:\/\/www.facebook.com\/VisitFinaleLigure","https:\/\/www.instagram.com\/visitfinale\/","https:\/\/www.youtube.com\/channel\/UCLmoLfNmrAt9mSCll9egttw"]}]}</script>
<!-- / Yoast SEO plugin. -->

Gedanken unterwegs: Pfade der Worte und Kräuter, geteilt mit dem Soziologen Mauro Ferrari Es handelt sich um einen Weg in der Natur, mit
