{"id":24289,"date":"2026-09-01T11:22:37","date_gmt":"2026-09-01T09:22:37","guid":{"rendered":"https:\/\/visitfinaleligure.it\/esperienza\/escursione-allalba-e-al-tramonto-cribyoo-2\/"},"modified":"2026-09-01T11:22:37","modified_gmt":"2026-09-01T09:22:37","slug":"escursione-allalba-e-al-tramonto-cribyoo-2","status":"publish","type":"esperienza","link":"https:\/\/visitfinaleligure.it\/de\/esperienza\/escursione-allalba-e-al-tramonto-cribyoo-2\/","title":{"rendered":"Escursione all&#8217;alba e al tramonto &#8211; CRIBYOO"},"content":{"rendered":"<p><b>Ein Erlebnis zwischen Himmel und Meer, eingetaucht in die Magie des Finalese.<\/b><br \/>Zwischen W\u00e4ldern von Eichen, D\u00fcften der mediterranen Macchia und Ausblicken, die sich zum maritimen Horizont \u00f6ffnen, entsteht eine Wanderung, die darauf abzielt, die Sinne zu wecken und den eigenen inneren Rhythmus wiederzufinden.<\/p>\n<p>Ein einfacher Pfad steil \u00fcber dem Meer f\u00fchrt zu einem wunderbaren Panoramablick, perfekt, um sich von den warmen Farben der Morgend\u00e4mmerung oder den intensiven Schattierungen des Sonnenuntergangs verzaubern zu lassen.<\/p>\n<p>Hier, zwischen Erde und Himmel, g\u00f6nnt man sich einen Moment der Ruhe und tiefen Verbindung: eine Meditation im Einklang mit der Natur, begleitet nur von der Stille der Landschaft und dem wechselnden Licht.<\/p>\n","protected":false},"featured_media":0,"template":"","meta":[],"tipi_servizi":[],"temi_vacanza":[],"classificazioni":[],"class_list":["post-24289","esperienza","type-esperienza","status-publish","hentry"],"yoast_head":"<!-- This site is optimized with the Yoast SEO plugin v28.3 - https:\/\/yoast.com\/product\/yoast-seo-wordpress\/ -->\n<title>Escursione all&#039;alba e al tramonto - CRIBYOO - Visit Finale Ligure<\/title>\n<meta name=\"description\" content=\"Ein Erlebnis zwischen Himmel und Meer, eingetaucht in die Magie des Finalese.Zwischen W\u00e4ldern von Eichen, D\u00fcften der mediterranen Macchia und Ausblicken,\" \/>\n<meta name=\"robots\" content=\"index, follow, max-snippet:-1, max-image-preview:large, max-video-preview:-1\" \/>\n<link rel=\"canonical\" href=\"https:\/\/visitfinaleligure.it\/de\/esperienza\/escursione-allalba-e-al-tramonto-cribyoo-2\/\" \/>\n<meta property=\"og:locale\" content=\"de_DE\" \/>\n<meta property=\"og:type\" content=\"article\" \/>\n<meta property=\"og:title\" content=\"Escursione all&#039;alba e al tramonto - CRIBYOO - Visit Finale Ligure\" \/>\n<meta property=\"og:description\" content=\"Ein Erlebnis zwischen Himmel und Meer, eingetaucht in die Magie des Finalese.Zwischen W\u00e4ldern von Eichen, D\u00fcften der mediterranen Macchia und Ausblicken,\" \/>\n<meta property=\"og:url\" content=\"https:\/\/visitfinaleligure.it\/de\/esperienza\/escursione-allalba-e-al-tramonto-cribyoo-2\/\" \/>\n<meta property=\"og:site_name\" content=\"Visit Finale Ligure\" \/>\n<meta property=\"article:publisher\" content=\"https:\/\/www.facebook.com\/VisitFinaleLigure\" \/>\n<meta property=\"og:image\" content=\"https:\/\/visitfinaleligure.it\/wp-content\/uploads\/2026\/08\/image-316.jpg\" \/>\n\t<meta property=\"og:image:width\" content=\"833\" \/>\n\t<meta property=\"og:image:height\" content=\"625\" \/>\n\t<meta property=\"og:image:type\" content=\"image\/jpeg\" \/>\n<meta name=\"twitter:card\" content=\"summary_large_image\" \/>\n<meta name=\"twitter:label1\" content=\"Gesch\u00e4tzte Lesezeit\" \/>\n\t<meta name=\"twitter:data1\" content=\"1\u00a0Minute\" \/>\n<script type=\"application\/ld+json\" class=\"yoast-schema-graph\">{\"@context\":\"https:\\\/\\\/schema.org\",\"@graph\":[{\"@type\":\"WebPage\",\"@id\":\"https:\\\/\\\/visitfinaleligure.it\\\/de\\\/esperienza\\\/escursione-allalba-e-al-tramonto-cribyoo-2\\\/\",\"url\":\"https:\\\/\\\/visitfinaleligure.it\\\/de\\\/esperienza\\\/escursione-allalba-e-al-tramonto-cribyoo-2\\\/\",\"name\":\"Escursione all'alba e al tramonto - CRIBYOO - Visit Finale Ligure\",\"isPartOf\":{\"@id\":\"https:\\\/\\\/visitfinaleligure.it\\\/de\\\/#website\"},\"datePublished\":\"2026-09-01T09:22:37+00:00\",\"description\":\"Ein Erlebnis zwischen Himmel und Meer, eingetaucht in die Magie des Finalese.Zwischen W\u00e4ldern von Eichen, D\u00fcften der mediterranen Macchia und Ausblicken,\",\"breadcrumb\":{\"@id\":\"https:\\\/\\\/visitfinaleligure.it\\\/de\\\/esperienza\\\/escursione-allalba-e-al-tramonto-cribyoo-2\\\/#breadcrumb\"},\"inLanguage\":\"de\",\"potentialAction\":[{\"@type\":\"ReadAction\",\"target\":[\"https:\\\/\\\/visitfinaleligure.it\\\/de\\\/esperienza\\\/escursione-allalba-e-al-tramonto-cribyoo-2\\\/\"]}]},{\"@type\":\"BreadcrumbList\",\"@id\":\"https:\\\/\\\/visitfinaleligure.it\\\/de\\\/esperienza\\\/escursione-allalba-e-al-tramonto-cribyoo-2\\\/#breadcrumb\",\"itemListElement\":[{\"@type\":\"ListItem\",\"position\":1,\"name\":\"Home\",\"item\":\"https:\\\/\\\/visitfinaleligure.it\\\/de\\\/\"},{\"@type\":\"ListItem\",\"position\":2,\"name\":\"Esperienze\",\"item\":\"https:\\\/\\\/visitfinaleligure.it\\\/de\\\/esperienza\\\/\"},{\"@type\":\"ListItem\",\"position\":3,\"name\":\"Escursione all&#8217;alba e al tramonto &#8211; CRIBYOO\"}]},{\"@type\":\"WebSite\",\"@id\":\"https:\\\/\\\/visitfinaleligure.it\\\/de\\\/#website\",\"url\":\"https:\\\/\\\/visitfinaleligure.it\\\/de\\\/\",\"name\":\"Visit Finale Ligure\",\"description\":\"My perfect place\",\"publisher\":{\"@id\":\"https:\\\/\\\/visitfinaleligure.it\\\/de\\\/#organization\"},\"potentialAction\":[{\"@type\":\"SearchAction\",\"target\":{\"@type\":\"EntryPoint\",\"urlTemplate\":\"https:\\\/\\\/visitfinaleligure.it\\\/de\\\/?s={search_term_string}\"},\"query-input\":{\"@type\":\"PropertyValueSpecification\",\"valueRequired\":true,\"valueName\":\"search_term_string\"}}],\"inLanguage\":\"de\"},{\"@type\":\"Organization\",\"@id\":\"https:\\\/\\\/visitfinaleligure.it\\\/de\\\/#organization\",\"name\":\"Comune di Finale Ligure\",\"url\":\"https:\\\/\\\/visitfinaleligure.it\\\/de\\\/\",\"logo\":{\"@type\":\"ImageObject\",\"inLanguage\":\"de\",\"@id\":\"https:\\\/\\\/visitfinaleligure.it\\\/de\\\/#\\\/schema\\\/logo\\\/image\\\/\",\"url\":\"https:\\\/\\\/visitfinaleligure.it\\\/wp-content\\\/uploads\\\/2023\\\/04\\\/cropped-finaleligure-verticale-positivo-200x200-1.png\",\"contentUrl\":\"https:\\\/\\\/visitfinaleligure.it\\\/wp-content\\\/uploads\\\/2023\\\/04\\\/cropped-finaleligure-verticale-positivo-200x200-1.png\",\"width\":512,\"height\":512,\"caption\":\"Comune di Finale Ligure\"},\"image\":{\"@id\":\"https:\\\/\\\/visitfinaleligure.it\\\/de\\\/#\\\/schema\\\/logo\\\/image\\\/\"},\"sameAs\":[\"https:\\\/\\\/www.facebook.com\\\/VisitFinaleLigure\",\"https:\\\/\\\/www.instagram.com\\\/visitfinale\\\/\",\"https:\\\/\\\/www.youtube.com\\\/channel\\\/UCLmoLfNmrAt9mSCll9egttw\"]}]}<\/script>\n<!-- \/ Yoast SEO plugin. -->","yoast_head_json":{"title":"Escursione all'alba e al tramonto - CRIBYOO - Visit Finale Ligure","description":"Ein Erlebnis zwischen Himmel und Meer, eingetaucht in die Magie des Finalese.Zwischen W\u00e4ldern von Eichen, D\u00fcften der mediterranen Macchia und Ausblicken,","robots":{"index":"index","follow":"follow","max-snippet":"max-snippet:-1","max-image-preview":"max-image-preview:large","max-video-preview":"max-video-preview:-1"},"canonical":"https:\/\/visitfinaleligure.it\/de\/esperienza\/escursione-allalba-e-al-tramonto-cribyoo-2\/","og_locale":"de_DE","og_type":"article","og_title":"Escursione all'alba e al tramonto - CRIBYOO - Visit Finale Ligure","og_description":"Ein Erlebnis zwischen Himmel und Meer, eingetaucht in die Magie des Finalese.Zwischen W\u00e4ldern von Eichen, D\u00fcften der mediterranen Macchia und Ausblicken,","og_url":"https:\/\/visitfinaleligure.it\/de\/esperienza\/escursione-allalba-e-al-tramonto-cribyoo-2\/","og_site_name":"Visit Finale Ligure","article_publisher":"https:\/\/www.facebook.com\/VisitFinaleLigure","og_image":[{"width":833,"height":625,"url":"https:\/\/visitfinaleligure.it\/wp-content\/uploads\/2026\/08\/image-316.jpg","type":"image\/jpeg"}],"twitter_card":"summary_large_image","twitter_misc":{"Gesch\u00e4tzte Lesezeit":"1\u00a0Minute"},"schema":{"@context":"https:\/\/schema.org","@graph":[{"@type":"WebPage","@id":"https:\/\/visitfinaleligure.it\/de\/esperienza\/escursione-allalba-e-al-tramonto-cribyoo-2\/","url":"https:\/\/visitfinaleligure.it\/de\/esperienza\/escursione-allalba-e-al-tramonto-cribyoo-2\/","name":"Escursione all'alba e al tramonto - CRIBYOO - Visit Finale Ligure","isPartOf":{"@id":"https:\/\/visitfinaleligure.it\/de\/#website"},"datePublished":"2026-09-01T09:22:37+00:00","description":"Ein Erlebnis zwischen Himmel und Meer, eingetaucht in die Magie des Finalese.Zwischen W\u00e4ldern von Eichen, D\u00fcften der mediterranen Macchia und Ausblicken,","breadcrumb":{"@id":"https:\/\/visitfinaleligure.it\/de\/esperienza\/escursione-allalba-e-al-tramonto-cribyoo-2\/#breadcrumb"},"inLanguage":"de","potentialAction":[{"@type":"ReadAction","target":["https:\/\/visitfinaleligure.it\/de\/esperienza\/escursione-allalba-e-al-tramonto-cribyoo-2\/"]}]},{"@type":"BreadcrumbList","@id":"https:\/\/visitfinaleligure.it\/de\/esperienza\/escursione-allalba-e-al-tramonto-cribyoo-2\/#breadcrumb","itemListElement":[{"@type":"ListItem","position":1,"name":"Home","item":"https:\/\/visitfinaleligure.it\/de\/"},{"@type":"ListItem","position":2,"name":"Esperienze","item":"https:\/\/visitfinaleligure.it\/de\/esperienza\/"},{"@type":"ListItem","position":3,"name":"Escursione all&#8217;alba e al tramonto &#8211; CRIBYOO"}]},{"@type":"WebSite","@id":"https:\/\/visitfinaleligure.it\/de\/#website","url":"https:\/\/visitfinaleligure.it\/de\/","name":"Visit Finale Ligure","description":"My perfect place","publisher":{"@id":"https:\/\/visitfinaleligure.it\/de\/#organization"},"potentialAction":[{"@type":"SearchAction","target":{"@type":"EntryPoint","urlTemplate":"https:\/\/visitfinaleligure.it\/de\/?s={search_term_string}"},"query-input":{"@type":"PropertyValueSpecification","valueRequired":true,"valueName":"search_term_string"}}],"inLanguage":"de"},{"@type":"Organization","@id":"https:\/\/visitfinaleligure.it\/de\/#organization","name":"Comune di Finale Ligure","url":"https:\/\/visitfinaleligure.it\/de\/","logo":{"@type":"ImageObject","inLanguage":"de","@id":"https:\/\/visitfinaleligure.it\/de\/#\/schema\/logo\/image\/","url":"https:\/\/visitfinaleligure.it\/wp-content\/uploads\/2023\/04\/cropped-finaleligure-verticale-positivo-200x200-1.png","contentUrl":"https:\/\/visitfinaleligure.it\/wp-content\/uploads\/2023\/04\/cropped-finaleligure-verticale-positivo-200x200-1.png","width":512,"height":512,"caption":"Comune di Finale Ligure"},"image":{"@id":"https:\/\/visitfinaleligure.it\/de\/#\/schema\/logo\/image\/"},"sameAs":["https:\/\/www.facebook.com\/VisitFinaleLigure","https:\/\/www.instagram.com\/visitfinale\/","https:\/\/www.youtube.com\/channel\/UCLmoLfNmrAt9mSCll9egttw"]}]}},"_links":{"self":[{"href":"https:\/\/visitfinaleligure.it\/de\/wp-json\/wp\/v2\/esperienza\/24289","targetHints":{"allow":["GET"]}}],"collection":[{"href":"https:\/\/visitfinaleligure.it\/de\/wp-json\/wp\/v2\/esperienza"}],"about":[{"href":"https:\/\/visitfinaleligure.it\/de\/wp-json\/wp\/v2\/types\/esperienza"}],"wp:attachment":[{"href":"https:\/\/visitfinaleligure.it\/de\/wp-json\/wp\/v2\/media?parent=24289"}],"wp:term":[{"taxonomy":"tipi_servizi","embeddable":true,"href":"https:\/\/visitfinaleligure.it\/de\/wp-json\/wp\/v2\/tipi_servizi?post=24289"},{"taxonomy":"temi_vacanza","embeddable":true,"href":"https:\/\/visitfinaleligure.it\/de\/wp-json\/wp\/v2\/temi_vacanza?post=24289"},{"taxonomy":"classificazioni","embeddable":true,"href":"https:\/\/visitfinaleligure.it\/de\/wp-json\/wp\/v2\/classificazioni?post=24289"}],"curies":[{"name":"wp","href":"https:\/\/api.w.org\/{rel}","templated":true}]}}

<p><b>Ein Erlebnis zwischen Himmel und Meer, eingetaucht in die Magie des Finalese.</b><br />Zwischen Wäldern von Eichen, Düften der mediterranen Macchia und Ausblicken, die sich zum maritimen Horizont öffnen, entsteht eine Wanderung, die darauf abzielt, die Sinne zu wecken und den eigenen inneren Rhythmus wiederzufinden.</p>
<p>Ein einfacher Pfad steil über dem Meer führt zu einem wunderbaren Panoramablick, perfekt, um sich von den warmen Farben der Morgendämmerung oder den intensiven Schattierungen des Sonnenuntergangs verzaubern zu lassen.</p>
<p>Hier, zwischen Erde und Himmel, gönnt man sich einen Moment der Ruhe und tiefen Verbindung: eine Meditation im Einklang mit der Natur, begleitet nur von der Stille der Landschaft und dem wechselnden Licht.</p>

<!-- This site is optimized with the Yoast SEO plugin v28.3 - https://yoast.com/product/yoast-seo-wordpress/ -->
<title>Escursione all&#039;alba e al tramonto - CRIBYOO - Visit Finale Ligure</title>
<meta name="description" content="Ein Erlebnis zwischen Himmel und Meer, eingetaucht in die Magie des Finalese.Zwischen Wäldern von Eichen, Düften der mediterranen Macchia und Ausblicken," />
<meta name="robots" content="index, follow, max-snippet:-1, max-image-preview:large, max-video-preview:-1" />
<link rel="canonical" href="https://visitfinaleligure.it/de/esperienza/escursione-allalba-e-al-tramonto-cribyoo-2/" />
<meta property="og:locale" content="de_DE" />
<meta property="og:type" content="article" />
<meta property="og:title" content="Escursione all&#039;alba e al tramonto - CRIBYOO - Visit Finale Ligure" />
<meta property="og:description" content="Ein Erlebnis zwischen Himmel und Meer, eingetaucht in die Magie des Finalese.Zwischen Wäldern von Eichen, Düften der mediterranen Macchia und Ausblicken," />
<meta property="og:url" content="https://visitfinaleligure.it/de/esperienza/escursione-allalba-e-al-tramonto-cribyoo-2/" />
<meta property="og:site_name" content="Visit Finale Ligure" />
<meta property="article:publisher" content="https://www.facebook.com/VisitFinaleLigure" />
<meta property="og:image" content="https://visitfinaleligure.it/wp-content/uploads/2026/08/image-316.jpg" />
	<meta property="og:image:width" content="833" />
	<meta property="og:image:height" content="625" />
	<meta property="og:image:type" content="image/jpeg" />
<meta name="twitter:card" content="summary_large_image" />
<meta name="twitter:label1" content="Geschätzte Lesezeit" />
	<meta name="twitter:data1" content="1 Minute" />
<script type="application/ld+json" class="yoast-schema-graph">{"@context":"https:\/\/schema.org","@graph":[{"@type":"WebPage","@id":"https:\/\/visitfinaleligure.it\/de\/esperienza\/escursione-allalba-e-al-tramonto-cribyoo-2\/","url":"https:\/\/visitfinaleligure.it\/de\/esperienza\/escursione-allalba-e-al-tramonto-cribyoo-2\/","name":"Escursione all'alba e al tramonto - CRIBYOO - Visit Finale Ligure","isPartOf":{"@id":"https:\/\/visitfinaleligure.it\/de\/#website"},"datePublished":"2026-09-01T09:22:37+00:00","description":"Ein Erlebnis zwischen Himmel und Meer, eingetaucht in die Magie des Finalese.Zwischen Wäldern von Eichen, Düften der mediterranen Macchia und Ausblicken,","breadcrumb":{"@id":"https:\/\/visitfinaleligure.it\/de\/esperienza\/escursione-allalba-e-al-tramonto-cribyoo-2\/#breadcrumb"},"inLanguage":"de","potentialAction":[{"@type":"ReadAction","target":["https:\/\/visitfinaleligure.it\/de\/esperienza\/escursione-allalba-e-al-tramonto-cribyoo-2\/"]}]},{"@type":"BreadcrumbList","@id":"https:\/\/visitfinaleligure.it\/de\/esperienza\/escursione-allalba-e-al-tramonto-cribyoo-2\/#breadcrumb","itemListElement":[{"@type":"ListItem","position":1,"name":"Home","item":"https:\/\/visitfinaleligure.it\/de\/"},{"@type":"ListItem","position":2,"name":"Esperienze","item":"https:\/\/visitfinaleligure.it\/de\/esperienza\/"},{"@type":"ListItem","position":3,"name":"Escursione all&#8217;alba e al tramonto &#8211; CRIBYOO"}]},{"@type":"WebSite","@id":"https:\/\/visitfinaleligure.it\/de\/#website","url":"https:\/\/visitfinaleligure.it\/de\/","name":"Visit Finale Ligure","description":"My perfect place","publisher":{"@id":"https:\/\/visitfinaleligure.it\/de\/#organization"},"potentialAction":[{"@type":"SearchAction","target":{"@type":"EntryPoint","urlTemplate":"https:\/\/visitfinaleligure.it\/de\/?s={search_term_string}"},"query-input":{"@type":"PropertyValueSpecification","valueRequired":true,"valueName":"search_term_string"}}],"inLanguage":"de"},{"@type":"Organization","@id":"https:\/\/visitfinaleligure.it\/de\/#organization","name":"Comune di Finale Ligure","url":"https:\/\/visitfinaleligure.it\/de\/","logo":{"@type":"ImageObject","inLanguage":"de","@id":"https:\/\/visitfinaleligure.it\/de\/#\/schema\/logo\/image\/","url":"https:\/\/visitfinaleligure.it\/wp-content\/uploads\/2023\/04\/cropped-finaleligure-verticale-positivo-200x200-1.png","contentUrl":"https:\/\/visitfinaleligure.it\/wp-content\/uploads\/2023\/04\/cropped-finaleligure-verticale-positivo-200x200-1.png","width":512,"height":512,"caption":"Comune di Finale Ligure"},"image":{"@id":"https:\/\/visitfinaleligure.it\/de\/#\/schema\/logo\/image\/"},"sameAs":["https:\/\/www.facebook.com\/VisitFinaleLigure","https:\/\/www.instagram.com\/visitfinale\/","https:\/\/www.youtube.com\/channel\/UCLmoLfNmrAt9mSCll9egttw"]}]}</script>
<!-- / Yoast SEO plugin. -->

Ein Erlebnis zwischen Himmel und Meer, eingetaucht in die Magie des Finalese.Zwischen Wäldern von Eichen, Düften der mediterranen Macchia und Ausblicken,
