{"id":24385,"date":"2026-09-01T11:22:46","date_gmt":"2026-09-01T09:22:46","guid":{"rendered":"https:\/\/visitfinaleligure.it\/esperienza\/ceramica-kids-baba-jaga-aps-2\/"},"modified":"2026-09-01T11:22:46","modified_gmt":"2026-09-01T09:22:46","slug":"ceramica-kids-baba-jaga-aps-2","status":"publish","type":"esperienza","link":"https:\/\/visitfinaleligure.it\/de\/esperienza\/ceramica-kids-baba-jaga-aps-2\/","title":{"rendered":"Ceramica Kids &#8211; BABA JAGA APS"},"content":{"rendered":"<p>H\u00e4nde in den Teig, Workshop f\u00fcr kleine Kreative.<br \/>Geleitet von: <b>Michela Rodi<\/b><\/p>\n<p>Anmeldungen sind bis zum 9. November ge\u00f6ffnet. Der Kurs beginnt am 15. November<br \/>Mit Ton spielen, ihn formen, sich die H\u00e4nde schmutzig machen und das St\u00fcck Ton in etwas Einzigartiges verwandeln: In unserem Keramikatelier lernen die Kleinsten durch eigenes Tun, entdecken die Freude an der Handarbeit und lassen ihrer Fantasie freien Lauf.<br \/>Jede Sitzung ist eine Reise durch Formen, Farben und Materialien, in einer einladenden und anregenden Umgebung. Wir arbeiten zusammen, wir kreieren, wir lachen. Und am Ende\u2026 nimmt man ein kleines Meisterwerk mit nach Hause!<\/p>\n<p>Wir sind eine APS \u2013 Sozialf\u00f6rderverein: Unsere Aktivit\u00e4ten entstehen, um gemeinsam durch Kreativit\u00e4t, Kultur und Teilen zu wachsen.<\/p>\n<p><a href=\"https:\/\/www.babajagaps.com\/event-details\/ceramica-kids-3\">https:\/\/www.babajagaps.com\/event-details\/ceramica-kids-3<\/a><\/p>\n","protected":false},"featured_media":0,"template":"","meta":[],"tipi_servizi":[],"temi_vacanza":[],"classificazioni":[],"class_list":["post-24385","esperienza","type-esperienza","status-publish","hentry"],"yoast_head":"<!-- This site is optimized with the Yoast SEO plugin v28.3 - https:\/\/yoast.com\/product\/yoast-seo-wordpress\/ -->\n<title>Ceramica Kids - BABA JAGA APS - Visit Finale Ligure<\/title>\n<meta name=\"description\" content=\"H\u00e4nde in den Teig, Workshop f\u00fcr kleine Kreative.Geleitet von: Michela Rodi Anmeldungen sind bis zum 9. November ge\u00f6ffnet. Der Kurs beginnt am 15.\" \/>\n<meta name=\"robots\" content=\"index, follow, max-snippet:-1, max-image-preview:large, max-video-preview:-1\" \/>\n<link rel=\"canonical\" href=\"https:\/\/visitfinaleligure.it\/de\/esperienza\/ceramica-kids-baba-jaga-aps-2\/\" \/>\n<meta property=\"og:locale\" content=\"de_DE\" \/>\n<meta property=\"og:type\" content=\"article\" \/>\n<meta property=\"og:title\" content=\"Ceramica Kids - BABA JAGA APS - Visit Finale Ligure\" \/>\n<meta property=\"og:description\" content=\"H\u00e4nde in den Teig, Workshop f\u00fcr kleine Kreative.Geleitet von: Michela Rodi Anmeldungen sind bis zum 9. November ge\u00f6ffnet. Der Kurs beginnt am 15.\" \/>\n<meta property=\"og:url\" content=\"https:\/\/visitfinaleligure.it\/de\/esperienza\/ceramica-kids-baba-jaga-aps-2\/\" \/>\n<meta property=\"og:site_name\" content=\"Visit Finale Ligure\" \/>\n<meta property=\"article:publisher\" content=\"https:\/\/www.facebook.com\/VisitFinaleLigure\" \/>\n<meta property=\"og:image\" content=\"https:\/\/visitfinaleligure.it\/wp-content\/uploads\/2026\/08\/image-350.jpg\" \/>\n\t<meta property=\"og:image:width\" content=\"979\" \/>\n\t<meta property=\"og:image:height\" content=\"552\" \/>\n\t<meta property=\"og:image:type\" content=\"image\/jpeg\" \/>\n<meta name=\"twitter:card\" content=\"summary_large_image\" \/>\n<meta name=\"twitter:label1\" content=\"Gesch\u00e4tzte Lesezeit\" \/>\n\t<meta name=\"twitter:data1\" content=\"1\u00a0Minute\" \/>\n<script type=\"application\/ld+json\" class=\"yoast-schema-graph\">{\"@context\":\"https:\\\/\\\/schema.org\",\"@graph\":[{\"@type\":\"WebPage\",\"@id\":\"https:\\\/\\\/visitfinaleligure.it\\\/de\\\/esperienza\\\/ceramica-kids-baba-jaga-aps-2\\\/\",\"url\":\"https:\\\/\\\/visitfinaleligure.it\\\/de\\\/esperienza\\\/ceramica-kids-baba-jaga-aps-2\\\/\",\"name\":\"Ceramica Kids - BABA JAGA APS - Visit Finale Ligure\",\"isPartOf\":{\"@id\":\"https:\\\/\\\/visitfinaleligure.it\\\/de\\\/#website\"},\"datePublished\":\"2026-09-01T09:22:46+00:00\",\"description\":\"H\u00e4nde in den Teig, Workshop f\u00fcr kleine Kreative.Geleitet von: Michela Rodi Anmeldungen sind bis zum 9. November ge\u00f6ffnet. Der Kurs beginnt am 15.\",\"breadcrumb\":{\"@id\":\"https:\\\/\\\/visitfinaleligure.it\\\/de\\\/esperienza\\\/ceramica-kids-baba-jaga-aps-2\\\/#breadcrumb\"},\"inLanguage\":\"de\",\"potentialAction\":[{\"@type\":\"ReadAction\",\"target\":[\"https:\\\/\\\/visitfinaleligure.it\\\/de\\\/esperienza\\\/ceramica-kids-baba-jaga-aps-2\\\/\"]}]},{\"@type\":\"BreadcrumbList\",\"@id\":\"https:\\\/\\\/visitfinaleligure.it\\\/de\\\/esperienza\\\/ceramica-kids-baba-jaga-aps-2\\\/#breadcrumb\",\"itemListElement\":[{\"@type\":\"ListItem\",\"position\":1,\"name\":\"Home\",\"item\":\"https:\\\/\\\/visitfinaleligure.it\\\/de\\\/\"},{\"@type\":\"ListItem\",\"position\":2,\"name\":\"Esperienze\",\"item\":\"https:\\\/\\\/visitfinaleligure.it\\\/de\\\/esperienza\\\/\"},{\"@type\":\"ListItem\",\"position\":3,\"name\":\"Ceramica Kids &#8211; BABA JAGA APS\"}]},{\"@type\":\"WebSite\",\"@id\":\"https:\\\/\\\/visitfinaleligure.it\\\/de\\\/#website\",\"url\":\"https:\\\/\\\/visitfinaleligure.it\\\/de\\\/\",\"name\":\"Visit Finale Ligure\",\"description\":\"My perfect place\",\"publisher\":{\"@id\":\"https:\\\/\\\/visitfinaleligure.it\\\/de\\\/#organization\"},\"potentialAction\":[{\"@type\":\"SearchAction\",\"target\":{\"@type\":\"EntryPoint\",\"urlTemplate\":\"https:\\\/\\\/visitfinaleligure.it\\\/de\\\/?s={search_term_string}\"},\"query-input\":{\"@type\":\"PropertyValueSpecification\",\"valueRequired\":true,\"valueName\":\"search_term_string\"}}],\"inLanguage\":\"de\"},{\"@type\":\"Organization\",\"@id\":\"https:\\\/\\\/visitfinaleligure.it\\\/de\\\/#organization\",\"name\":\"Comune di Finale Ligure\",\"url\":\"https:\\\/\\\/visitfinaleligure.it\\\/de\\\/\",\"logo\":{\"@type\":\"ImageObject\",\"inLanguage\":\"de\",\"@id\":\"https:\\\/\\\/visitfinaleligure.it\\\/de\\\/#\\\/schema\\\/logo\\\/image\\\/\",\"url\":\"https:\\\/\\\/visitfinaleligure.it\\\/wp-content\\\/uploads\\\/2023\\\/04\\\/cropped-finaleligure-verticale-positivo-200x200-1.png\",\"contentUrl\":\"https:\\\/\\\/visitfinaleligure.it\\\/wp-content\\\/uploads\\\/2023\\\/04\\\/cropped-finaleligure-verticale-positivo-200x200-1.png\",\"width\":512,\"height\":512,\"caption\":\"Comune di Finale Ligure\"},\"image\":{\"@id\":\"https:\\\/\\\/visitfinaleligure.it\\\/de\\\/#\\\/schema\\\/logo\\\/image\\\/\"},\"sameAs\":[\"https:\\\/\\\/www.facebook.com\\\/VisitFinaleLigure\",\"https:\\\/\\\/www.instagram.com\\\/visitfinale\\\/\",\"https:\\\/\\\/www.youtube.com\\\/channel\\\/UCLmoLfNmrAt9mSCll9egttw\"]}]}<\/script>\n<!-- \/ Yoast SEO plugin. -->","yoast_head_json":{"title":"Ceramica Kids - BABA JAGA APS - Visit Finale Ligure","description":"H\u00e4nde in den Teig, Workshop f\u00fcr kleine Kreative.Geleitet von: Michela Rodi Anmeldungen sind bis zum 9. November ge\u00f6ffnet. Der Kurs beginnt am 15.","robots":{"index":"index","follow":"follow","max-snippet":"max-snippet:-1","max-image-preview":"max-image-preview:large","max-video-preview":"max-video-preview:-1"},"canonical":"https:\/\/visitfinaleligure.it\/de\/esperienza\/ceramica-kids-baba-jaga-aps-2\/","og_locale":"de_DE","og_type":"article","og_title":"Ceramica Kids - BABA JAGA APS - Visit Finale Ligure","og_description":"H\u00e4nde in den Teig, Workshop f\u00fcr kleine Kreative.Geleitet von: Michela Rodi Anmeldungen sind bis zum 9. November ge\u00f6ffnet. Der Kurs beginnt am 15.","og_url":"https:\/\/visitfinaleligure.it\/de\/esperienza\/ceramica-kids-baba-jaga-aps-2\/","og_site_name":"Visit Finale Ligure","article_publisher":"https:\/\/www.facebook.com\/VisitFinaleLigure","og_image":[{"width":979,"height":552,"url":"https:\/\/visitfinaleligure.it\/wp-content\/uploads\/2026\/08\/image-350.jpg","type":"image\/jpeg"}],"twitter_card":"summary_large_image","twitter_misc":{"Gesch\u00e4tzte Lesezeit":"1\u00a0Minute"},"schema":{"@context":"https:\/\/schema.org","@graph":[{"@type":"WebPage","@id":"https:\/\/visitfinaleligure.it\/de\/esperienza\/ceramica-kids-baba-jaga-aps-2\/","url":"https:\/\/visitfinaleligure.it\/de\/esperienza\/ceramica-kids-baba-jaga-aps-2\/","name":"Ceramica Kids - BABA JAGA APS - Visit Finale Ligure","isPartOf":{"@id":"https:\/\/visitfinaleligure.it\/de\/#website"},"datePublished":"2026-09-01T09:22:46+00:00","description":"H\u00e4nde in den Teig, Workshop f\u00fcr kleine Kreative.Geleitet von: Michela Rodi Anmeldungen sind bis zum 9. November ge\u00f6ffnet. Der Kurs beginnt am 15.","breadcrumb":{"@id":"https:\/\/visitfinaleligure.it\/de\/esperienza\/ceramica-kids-baba-jaga-aps-2\/#breadcrumb"},"inLanguage":"de","potentialAction":[{"@type":"ReadAction","target":["https:\/\/visitfinaleligure.it\/de\/esperienza\/ceramica-kids-baba-jaga-aps-2\/"]}]},{"@type":"BreadcrumbList","@id":"https:\/\/visitfinaleligure.it\/de\/esperienza\/ceramica-kids-baba-jaga-aps-2\/#breadcrumb","itemListElement":[{"@type":"ListItem","position":1,"name":"Home","item":"https:\/\/visitfinaleligure.it\/de\/"},{"@type":"ListItem","position":2,"name":"Esperienze","item":"https:\/\/visitfinaleligure.it\/de\/esperienza\/"},{"@type":"ListItem","position":3,"name":"Ceramica Kids &#8211; BABA JAGA APS"}]},{"@type":"WebSite","@id":"https:\/\/visitfinaleligure.it\/de\/#website","url":"https:\/\/visitfinaleligure.it\/de\/","name":"Visit Finale Ligure","description":"My perfect place","publisher":{"@id":"https:\/\/visitfinaleligure.it\/de\/#organization"},"potentialAction":[{"@type":"SearchAction","target":{"@type":"EntryPoint","urlTemplate":"https:\/\/visitfinaleligure.it\/de\/?s={search_term_string}"},"query-input":{"@type":"PropertyValueSpecification","valueRequired":true,"valueName":"search_term_string"}}],"inLanguage":"de"},{"@type":"Organization","@id":"https:\/\/visitfinaleligure.it\/de\/#organization","name":"Comune di Finale Ligure","url":"https:\/\/visitfinaleligure.it\/de\/","logo":{"@type":"ImageObject","inLanguage":"de","@id":"https:\/\/visitfinaleligure.it\/de\/#\/schema\/logo\/image\/","url":"https:\/\/visitfinaleligure.it\/wp-content\/uploads\/2023\/04\/cropped-finaleligure-verticale-positivo-200x200-1.png","contentUrl":"https:\/\/visitfinaleligure.it\/wp-content\/uploads\/2023\/04\/cropped-finaleligure-verticale-positivo-200x200-1.png","width":512,"height":512,"caption":"Comune di Finale Ligure"},"image":{"@id":"https:\/\/visitfinaleligure.it\/de\/#\/schema\/logo\/image\/"},"sameAs":["https:\/\/www.facebook.com\/VisitFinaleLigure","https:\/\/www.instagram.com\/visitfinale\/","https:\/\/www.youtube.com\/channel\/UCLmoLfNmrAt9mSCll9egttw"]}]}},"_links":{"self":[{"href":"https:\/\/visitfinaleligure.it\/de\/wp-json\/wp\/v2\/esperienza\/24385","targetHints":{"allow":["GET"]}}],"collection":[{"href":"https:\/\/visitfinaleligure.it\/de\/wp-json\/wp\/v2\/esperienza"}],"about":[{"href":"https:\/\/visitfinaleligure.it\/de\/wp-json\/wp\/v2\/types\/esperienza"}],"wp:attachment":[{"href":"https:\/\/visitfinaleligure.it\/de\/wp-json\/wp\/v2\/media?parent=24385"}],"wp:term":[{"taxonomy":"tipi_servizi","embeddable":true,"href":"https:\/\/visitfinaleligure.it\/de\/wp-json\/wp\/v2\/tipi_servizi?post=24385"},{"taxonomy":"temi_vacanza","embeddable":true,"href":"https:\/\/visitfinaleligure.it\/de\/wp-json\/wp\/v2\/temi_vacanza?post=24385"},{"taxonomy":"classificazioni","embeddable":true,"href":"https:\/\/visitfinaleligure.it\/de\/wp-json\/wp\/v2\/classificazioni?post=24385"}],"curies":[{"name":"wp","href":"https:\/\/api.w.org\/{rel}","templated":true}]}}

<p>Hände in den Teig, Workshop für kleine Kreative.<br />Geleitet von: <b>Michela Rodi</b></p>
<p>Anmeldungen sind bis zum 9. November geöffnet. Der Kurs beginnt am 15. November<br />Mit Ton spielen, ihn formen, sich die Hände schmutzig machen und das Stück Ton in etwas Einzigartiges verwandeln: In unserem Keramikatelier lernen die Kleinsten durch eigenes Tun, entdecken die Freude an der Handarbeit und lassen ihrer Fantasie freien Lauf.<br />Jede Sitzung ist eine Reise durch Formen, Farben und Materialien, in einer einladenden und anregenden Umgebung. Wir arbeiten zusammen, wir kreieren, wir lachen. Und am Ende… nimmt man ein kleines Meisterwerk mit nach Hause!</p>
<p>Wir sind eine APS – Sozialförderverein: Unsere Aktivitäten entstehen, um gemeinsam durch Kreativität, Kultur und Teilen zu wachsen.</p>
<p><a href="https://www.babajagaps.com/event-details/ceramica-kids-3">https://www.babajagaps.com/event-details/ceramica-kids-3</a></p>

<!-- This site is optimized with the Yoast SEO plugin v28.3 - https://yoast.com/product/yoast-seo-wordpress/ -->
<title>Ceramica Kids - BABA JAGA APS - Visit Finale Ligure</title>
<meta name="description" content="Hände in den Teig, Workshop für kleine Kreative.Geleitet von: Michela Rodi Anmeldungen sind bis zum 9. November geöffnet. Der Kurs beginnt am 15." />
<meta name="robots" content="index, follow, max-snippet:-1, max-image-preview:large, max-video-preview:-1" />
<link rel="canonical" href="https://visitfinaleligure.it/de/esperienza/ceramica-kids-baba-jaga-aps-2/" />
<meta property="og:locale" content="de_DE" />
<meta property="og:type" content="article" />
<meta property="og:title" content="Ceramica Kids - BABA JAGA APS - Visit Finale Ligure" />
<meta property="og:description" content="Hände in den Teig, Workshop für kleine Kreative.Geleitet von: Michela Rodi Anmeldungen sind bis zum 9. November geöffnet. Der Kurs beginnt am 15." />
<meta property="og:url" content="https://visitfinaleligure.it/de/esperienza/ceramica-kids-baba-jaga-aps-2/" />
<meta property="og:site_name" content="Visit Finale Ligure" />
<meta property="article:publisher" content="https://www.facebook.com/VisitFinaleLigure" />
<meta property="og:image" content="https://visitfinaleligure.it/wp-content/uploads/2026/08/image-350.jpg" />
	<meta property="og:image:width" content="979" />
	<meta property="og:image:height" content="552" />
	<meta property="og:image:type" content="image/jpeg" />
<meta name="twitter:card" content="summary_large_image" />
<meta name="twitter:label1" content="Geschätzte Lesezeit" />
	<meta name="twitter:data1" content="1 Minute" />
<script type="application/ld+json" class="yoast-schema-graph">{"@context":"https:\/\/schema.org","@graph":[{"@type":"WebPage","@id":"https:\/\/visitfinaleligure.it\/de\/esperienza\/ceramica-kids-baba-jaga-aps-2\/","url":"https:\/\/visitfinaleligure.it\/de\/esperienza\/ceramica-kids-baba-jaga-aps-2\/","name":"Ceramica Kids - BABA JAGA APS - Visit Finale Ligure","isPartOf":{"@id":"https:\/\/visitfinaleligure.it\/de\/#website"},"datePublished":"2026-09-01T09:22:46+00:00","description":"Hände in den Teig, Workshop für kleine Kreative.Geleitet von: Michela Rodi Anmeldungen sind bis zum 9. November geöffnet. Der Kurs beginnt am 15.","breadcrumb":{"@id":"https:\/\/visitfinaleligure.it\/de\/esperienza\/ceramica-kids-baba-jaga-aps-2\/#breadcrumb"},"inLanguage":"de","potentialAction":[{"@type":"ReadAction","target":["https:\/\/visitfinaleligure.it\/de\/esperienza\/ceramica-kids-baba-jaga-aps-2\/"]}]},{"@type":"BreadcrumbList","@id":"https:\/\/visitfinaleligure.it\/de\/esperienza\/ceramica-kids-baba-jaga-aps-2\/#breadcrumb","itemListElement":[{"@type":"ListItem","position":1,"name":"Home","item":"https:\/\/visitfinaleligure.it\/de\/"},{"@type":"ListItem","position":2,"name":"Esperienze","item":"https:\/\/visitfinaleligure.it\/de\/esperienza\/"},{"@type":"ListItem","position":3,"name":"Ceramica Kids &#8211; BABA JAGA APS"}]},{"@type":"WebSite","@id":"https:\/\/visitfinaleligure.it\/de\/#website","url":"https:\/\/visitfinaleligure.it\/de\/","name":"Visit Finale Ligure","description":"My perfect place","publisher":{"@id":"https:\/\/visitfinaleligure.it\/de\/#organization"},"potentialAction":[{"@type":"SearchAction","target":{"@type":"EntryPoint","urlTemplate":"https:\/\/visitfinaleligure.it\/de\/?s={search_term_string}"},"query-input":{"@type":"PropertyValueSpecification","valueRequired":true,"valueName":"search_term_string"}}],"inLanguage":"de"},{"@type":"Organization","@id":"https:\/\/visitfinaleligure.it\/de\/#organization","name":"Comune di Finale Ligure","url":"https:\/\/visitfinaleligure.it\/de\/","logo":{"@type":"ImageObject","inLanguage":"de","@id":"https:\/\/visitfinaleligure.it\/de\/#\/schema\/logo\/image\/","url":"https:\/\/visitfinaleligure.it\/wp-content\/uploads\/2023\/04\/cropped-finaleligure-verticale-positivo-200x200-1.png","contentUrl":"https:\/\/visitfinaleligure.it\/wp-content\/uploads\/2023\/04\/cropped-finaleligure-verticale-positivo-200x200-1.png","width":512,"height":512,"caption":"Comune di Finale Ligure"},"image":{"@id":"https:\/\/visitfinaleligure.it\/de\/#\/schema\/logo\/image\/"},"sameAs":["https:\/\/www.facebook.com\/VisitFinaleLigure","https:\/\/www.instagram.com\/visitfinale\/","https:\/\/www.youtube.com\/channel\/UCLmoLfNmrAt9mSCll9egttw"]}]}</script>
<!-- / Yoast SEO plugin. -->

Hände in den Teig, Workshop für kleine Kreative.Geleitet von: Michela Rodi Anmeldungen sind bis zum 9. November geöffnet. Der Kurs beginnt am 15.
