{"id":24393,"date":"2026-09-01T11:22:46","date_gmt":"2026-09-01T09:22:46","guid":{"rendered":"https:\/\/visitfinaleligure.it\/esperienza\/ceramica-baba-jaga-aps-2\/"},"modified":"2026-09-01T11:22:46","modified_gmt":"2026-09-01T09:22:46","slug":"ceramica-baba-jaga-aps-2","status":"publish","type":"esperienza","link":"https:\/\/visitfinaleligure.it\/de\/esperienza\/ceramica-baba-jaga-aps-2\/","title":{"rendered":"Ceramica &#8211; BABA JAGA APS"},"content":{"rendered":"<p>Vom Boden zum Gedanken<br \/>Gehalten von:<b> Michela Rodi<br \/><\/b>Anmeldungen sind bis zum 9. November ge\u00f6ffnet. Der Kurs beginnt am 15. November.<br \/>Ein Atelier, in dem H\u00e4nde und Gedanken aufeinandertreffen.<br \/>Das Modellieren von Ton ist eine einfache und kraftvolle Geste: Es hilft, zu verlangsamen, befreit den Geist und regt die Kreativit\u00e4t an.<br \/>Ob du bereits Erfahrungen hast oder neu bist, dieser Raum ist dazu gedacht, ohne Eile, mit Aufmerksamkeit, Zuh\u00f6ren und Sorgfalt zu schaffen.<br \/>Wir werden mit grundlegenden keramischen Techniken (wie Majolika, Biscuit, Glasur) in kleinen Gruppen und in einer einladenden Umgebung arbeiten.<\/p>\n<p>Wir sind ein APS \u2013 Verein zur F\u00f6rderung sozialer Integration: Unsere Aktivit\u00e4ten entstehen, um gemeinsam zu wachsen, durch Kreativit\u00e4t, Kultur und Teilen.<\/p>\n<p><a href=\"https:\/\/www.babajagaps.com\/event-details\/ceramica-2\">https:\/\/www.babajagaps.com\/event-details\/ceramica-2<\/a><\/p>\n","protected":false},"featured_media":0,"template":"","meta":[],"tipi_servizi":[],"temi_vacanza":[],"classificazioni":[],"class_list":["post-24393","esperienza","type-esperienza","status-publish","hentry"],"yoast_head":"<!-- This site is optimized with the Yoast SEO plugin v28.3 - https:\/\/yoast.com\/product\/yoast-seo-wordpress\/ -->\n<title>Ceramica - BABA JAGA APS - Visit Finale Ligure<\/title>\n<meta name=\"description\" content=\"Vom Boden zum GedankenGehalten von: Michela RodiAnmeldungen sind bis zum 9. November ge\u00f6ffnet. Der Kurs beginnt am 15. November.Ein Atelier, in dem H\u00e4nde\" \/>\n<meta name=\"robots\" content=\"index, follow, max-snippet:-1, max-image-preview:large, max-video-preview:-1\" \/>\n<link rel=\"canonical\" href=\"https:\/\/visitfinaleligure.it\/de\/esperienza\/ceramica-baba-jaga-aps-2\/\" \/>\n<meta property=\"og:locale\" content=\"de_DE\" \/>\n<meta property=\"og:type\" content=\"article\" \/>\n<meta property=\"og:title\" content=\"Ceramica - BABA JAGA APS - Visit Finale Ligure\" \/>\n<meta property=\"og:description\" content=\"Vom Boden zum GedankenGehalten von: Michela RodiAnmeldungen sind bis zum 9. November ge\u00f6ffnet. Der Kurs beginnt am 15. November.Ein Atelier, in dem H\u00e4nde\" \/>\n<meta property=\"og:url\" content=\"https:\/\/visitfinaleligure.it\/de\/esperienza\/ceramica-baba-jaga-aps-2\/\" \/>\n<meta property=\"og:site_name\" content=\"Visit Finale Ligure\" \/>\n<meta property=\"article:publisher\" content=\"https:\/\/www.facebook.com\/VisitFinaleLigure\" \/>\n<meta property=\"og:image\" content=\"https:\/\/visitfinaleligure.it\/wp-content\/uploads\/2026\/08\/image-352.jpg\" \/>\n\t<meta property=\"og:image:width\" content=\"979\" \/>\n\t<meta property=\"og:image:height\" content=\"552\" \/>\n\t<meta property=\"og:image:type\" content=\"image\/jpeg\" \/>\n<meta name=\"twitter:card\" content=\"summary_large_image\" \/>\n<meta name=\"twitter:label1\" content=\"Gesch\u00e4tzte Lesezeit\" \/>\n\t<meta name=\"twitter:data1\" content=\"1\u00a0Minute\" \/>\n<script type=\"application\/ld+json\" class=\"yoast-schema-graph\">{\"@context\":\"https:\\\/\\\/schema.org\",\"@graph\":[{\"@type\":\"WebPage\",\"@id\":\"https:\\\/\\\/visitfinaleligure.it\\\/de\\\/esperienza\\\/ceramica-baba-jaga-aps-2\\\/\",\"url\":\"https:\\\/\\\/visitfinaleligure.it\\\/de\\\/esperienza\\\/ceramica-baba-jaga-aps-2\\\/\",\"name\":\"Ceramica - BABA JAGA APS - Visit Finale Ligure\",\"isPartOf\":{\"@id\":\"https:\\\/\\\/visitfinaleligure.it\\\/de\\\/#website\"},\"datePublished\":\"2026-09-01T09:22:46+00:00\",\"description\":\"Vom Boden zum GedankenGehalten von: Michela RodiAnmeldungen sind bis zum 9. November ge\u00f6ffnet. Der Kurs beginnt am 15. November.Ein Atelier, in dem H\u00e4nde\",\"breadcrumb\":{\"@id\":\"https:\\\/\\\/visitfinaleligure.it\\\/de\\\/esperienza\\\/ceramica-baba-jaga-aps-2\\\/#breadcrumb\"},\"inLanguage\":\"de\",\"potentialAction\":[{\"@type\":\"ReadAction\",\"target\":[\"https:\\\/\\\/visitfinaleligure.it\\\/de\\\/esperienza\\\/ceramica-baba-jaga-aps-2\\\/\"]}]},{\"@type\":\"BreadcrumbList\",\"@id\":\"https:\\\/\\\/visitfinaleligure.it\\\/de\\\/esperienza\\\/ceramica-baba-jaga-aps-2\\\/#breadcrumb\",\"itemListElement\":[{\"@type\":\"ListItem\",\"position\":1,\"name\":\"Home\",\"item\":\"https:\\\/\\\/visitfinaleligure.it\\\/de\\\/\"},{\"@type\":\"ListItem\",\"position\":2,\"name\":\"Esperienze\",\"item\":\"https:\\\/\\\/visitfinaleligure.it\\\/de\\\/esperienza\\\/\"},{\"@type\":\"ListItem\",\"position\":3,\"name\":\"Ceramica &#8211; BABA JAGA APS\"}]},{\"@type\":\"WebSite\",\"@id\":\"https:\\\/\\\/visitfinaleligure.it\\\/de\\\/#website\",\"url\":\"https:\\\/\\\/visitfinaleligure.it\\\/de\\\/\",\"name\":\"Visit Finale Ligure\",\"description\":\"My perfect place\",\"publisher\":{\"@id\":\"https:\\\/\\\/visitfinaleligure.it\\\/de\\\/#organization\"},\"potentialAction\":[{\"@type\":\"SearchAction\",\"target\":{\"@type\":\"EntryPoint\",\"urlTemplate\":\"https:\\\/\\\/visitfinaleligure.it\\\/de\\\/?s={search_term_string}\"},\"query-input\":{\"@type\":\"PropertyValueSpecification\",\"valueRequired\":true,\"valueName\":\"search_term_string\"}}],\"inLanguage\":\"de\"},{\"@type\":\"Organization\",\"@id\":\"https:\\\/\\\/visitfinaleligure.it\\\/de\\\/#organization\",\"name\":\"Comune di Finale Ligure\",\"url\":\"https:\\\/\\\/visitfinaleligure.it\\\/de\\\/\",\"logo\":{\"@type\":\"ImageObject\",\"inLanguage\":\"de\",\"@id\":\"https:\\\/\\\/visitfinaleligure.it\\\/de\\\/#\\\/schema\\\/logo\\\/image\\\/\",\"url\":\"https:\\\/\\\/visitfinaleligure.it\\\/wp-content\\\/uploads\\\/2023\\\/04\\\/cropped-finaleligure-verticale-positivo-200x200-1.png\",\"contentUrl\":\"https:\\\/\\\/visitfinaleligure.it\\\/wp-content\\\/uploads\\\/2023\\\/04\\\/cropped-finaleligure-verticale-positivo-200x200-1.png\",\"width\":512,\"height\":512,\"caption\":\"Comune di Finale Ligure\"},\"image\":{\"@id\":\"https:\\\/\\\/visitfinaleligure.it\\\/de\\\/#\\\/schema\\\/logo\\\/image\\\/\"},\"sameAs\":[\"https:\\\/\\\/www.facebook.com\\\/VisitFinaleLigure\",\"https:\\\/\\\/www.instagram.com\\\/visitfinale\\\/\",\"https:\\\/\\\/www.youtube.com\\\/channel\\\/UCLmoLfNmrAt9mSCll9egttw\"]}]}<\/script>\n<!-- \/ Yoast SEO plugin. -->","yoast_head_json":{"title":"Ceramica - BABA JAGA APS - Visit Finale Ligure","description":"Vom Boden zum GedankenGehalten von: Michela RodiAnmeldungen sind bis zum 9. November ge\u00f6ffnet. Der Kurs beginnt am 15. November.Ein Atelier, in dem H\u00e4nde","robots":{"index":"index","follow":"follow","max-snippet":"max-snippet:-1","max-image-preview":"max-image-preview:large","max-video-preview":"max-video-preview:-1"},"canonical":"https:\/\/visitfinaleligure.it\/de\/esperienza\/ceramica-baba-jaga-aps-2\/","og_locale":"de_DE","og_type":"article","og_title":"Ceramica - BABA JAGA APS - Visit Finale Ligure","og_description":"Vom Boden zum GedankenGehalten von: Michela RodiAnmeldungen sind bis zum 9. November ge\u00f6ffnet. Der Kurs beginnt am 15. November.Ein Atelier, in dem H\u00e4nde","og_url":"https:\/\/visitfinaleligure.it\/de\/esperienza\/ceramica-baba-jaga-aps-2\/","og_site_name":"Visit Finale Ligure","article_publisher":"https:\/\/www.facebook.com\/VisitFinaleLigure","og_image":[{"width":979,"height":552,"url":"https:\/\/visitfinaleligure.it\/wp-content\/uploads\/2026\/08\/image-352.jpg","type":"image\/jpeg"}],"twitter_card":"summary_large_image","twitter_misc":{"Gesch\u00e4tzte Lesezeit":"1\u00a0Minute"},"schema":{"@context":"https:\/\/schema.org","@graph":[{"@type":"WebPage","@id":"https:\/\/visitfinaleligure.it\/de\/esperienza\/ceramica-baba-jaga-aps-2\/","url":"https:\/\/visitfinaleligure.it\/de\/esperienza\/ceramica-baba-jaga-aps-2\/","name":"Ceramica - BABA JAGA APS - Visit Finale Ligure","isPartOf":{"@id":"https:\/\/visitfinaleligure.it\/de\/#website"},"datePublished":"2026-09-01T09:22:46+00:00","description":"Vom Boden zum GedankenGehalten von: Michela RodiAnmeldungen sind bis zum 9. November ge\u00f6ffnet. Der Kurs beginnt am 15. November.Ein Atelier, in dem H\u00e4nde","breadcrumb":{"@id":"https:\/\/visitfinaleligure.it\/de\/esperienza\/ceramica-baba-jaga-aps-2\/#breadcrumb"},"inLanguage":"de","potentialAction":[{"@type":"ReadAction","target":["https:\/\/visitfinaleligure.it\/de\/esperienza\/ceramica-baba-jaga-aps-2\/"]}]},{"@type":"BreadcrumbList","@id":"https:\/\/visitfinaleligure.it\/de\/esperienza\/ceramica-baba-jaga-aps-2\/#breadcrumb","itemListElement":[{"@type":"ListItem","position":1,"name":"Home","item":"https:\/\/visitfinaleligure.it\/de\/"},{"@type":"ListItem","position":2,"name":"Esperienze","item":"https:\/\/visitfinaleligure.it\/de\/esperienza\/"},{"@type":"ListItem","position":3,"name":"Ceramica &#8211; BABA JAGA APS"}]},{"@type":"WebSite","@id":"https:\/\/visitfinaleligure.it\/de\/#website","url":"https:\/\/visitfinaleligure.it\/de\/","name":"Visit Finale Ligure","description":"My perfect place","publisher":{"@id":"https:\/\/visitfinaleligure.it\/de\/#organization"},"potentialAction":[{"@type":"SearchAction","target":{"@type":"EntryPoint","urlTemplate":"https:\/\/visitfinaleligure.it\/de\/?s={search_term_string}"},"query-input":{"@type":"PropertyValueSpecification","valueRequired":true,"valueName":"search_term_string"}}],"inLanguage":"de"},{"@type":"Organization","@id":"https:\/\/visitfinaleligure.it\/de\/#organization","name":"Comune di Finale Ligure","url":"https:\/\/visitfinaleligure.it\/de\/","logo":{"@type":"ImageObject","inLanguage":"de","@id":"https:\/\/visitfinaleligure.it\/de\/#\/schema\/logo\/image\/","url":"https:\/\/visitfinaleligure.it\/wp-content\/uploads\/2023\/04\/cropped-finaleligure-verticale-positivo-200x200-1.png","contentUrl":"https:\/\/visitfinaleligure.it\/wp-content\/uploads\/2023\/04\/cropped-finaleligure-verticale-positivo-200x200-1.png","width":512,"height":512,"caption":"Comune di Finale Ligure"},"image":{"@id":"https:\/\/visitfinaleligure.it\/de\/#\/schema\/logo\/image\/"},"sameAs":["https:\/\/www.facebook.com\/VisitFinaleLigure","https:\/\/www.instagram.com\/visitfinale\/","https:\/\/www.youtube.com\/channel\/UCLmoLfNmrAt9mSCll9egttw"]}]}},"_links":{"self":[{"href":"https:\/\/visitfinaleligure.it\/de\/wp-json\/wp\/v2\/esperienza\/24393","targetHints":{"allow":["GET"]}}],"collection":[{"href":"https:\/\/visitfinaleligure.it\/de\/wp-json\/wp\/v2\/esperienza"}],"about":[{"href":"https:\/\/visitfinaleligure.it\/de\/wp-json\/wp\/v2\/types\/esperienza"}],"wp:attachment":[{"href":"https:\/\/visitfinaleligure.it\/de\/wp-json\/wp\/v2\/media?parent=24393"}],"wp:term":[{"taxonomy":"tipi_servizi","embeddable":true,"href":"https:\/\/visitfinaleligure.it\/de\/wp-json\/wp\/v2\/tipi_servizi?post=24393"},{"taxonomy":"temi_vacanza","embeddable":true,"href":"https:\/\/visitfinaleligure.it\/de\/wp-json\/wp\/v2\/temi_vacanza?post=24393"},{"taxonomy":"classificazioni","embeddable":true,"href":"https:\/\/visitfinaleligure.it\/de\/wp-json\/wp\/v2\/classificazioni?post=24393"}],"curies":[{"name":"wp","href":"https:\/\/api.w.org\/{rel}","templated":true}]}}

<p>Vom Boden zum Gedanken<br />Gehalten von:<b> Michela Rodi<br /></b>Anmeldungen sind bis zum 9. November geöffnet. Der Kurs beginnt am 15. November.<br />Ein Atelier, in dem Hände und Gedanken aufeinandertreffen.<br />Das Modellieren von Ton ist eine einfache und kraftvolle Geste: Es hilft, zu verlangsamen, befreit den Geist und regt die Kreativität an.<br />Ob du bereits Erfahrungen hast oder neu bist, dieser Raum ist dazu gedacht, ohne Eile, mit Aufmerksamkeit, Zuhören und Sorgfalt zu schaffen.<br />Wir werden mit grundlegenden keramischen Techniken (wie Majolika, Biscuit, Glasur) in kleinen Gruppen und in einer einladenden Umgebung arbeiten.</p>
<p>Wir sind ein APS – Verein zur Förderung sozialer Integration: Unsere Aktivitäten entstehen, um gemeinsam zu wachsen, durch Kreativität, Kultur und Teilen.</p>
<p><a href="https://www.babajagaps.com/event-details/ceramica-2">https://www.babajagaps.com/event-details/ceramica-2</a></p>

<!-- This site is optimized with the Yoast SEO plugin v28.3 - https://yoast.com/product/yoast-seo-wordpress/ -->
<title>Ceramica - BABA JAGA APS - Visit Finale Ligure</title>
<meta name="description" content="Vom Boden zum GedankenGehalten von: Michela RodiAnmeldungen sind bis zum 9. November geöffnet. Der Kurs beginnt am 15. November.Ein Atelier, in dem Hände" />
<meta name="robots" content="index, follow, max-snippet:-1, max-image-preview:large, max-video-preview:-1" />
<link rel="canonical" href="https://visitfinaleligure.it/de/esperienza/ceramica-baba-jaga-aps-2/" />
<meta property="og:locale" content="de_DE" />
<meta property="og:type" content="article" />
<meta property="og:title" content="Ceramica - BABA JAGA APS - Visit Finale Ligure" />
<meta property="og:description" content="Vom Boden zum GedankenGehalten von: Michela RodiAnmeldungen sind bis zum 9. November geöffnet. Der Kurs beginnt am 15. November.Ein Atelier, in dem Hände" />
<meta property="og:url" content="https://visitfinaleligure.it/de/esperienza/ceramica-baba-jaga-aps-2/" />
<meta property="og:site_name" content="Visit Finale Ligure" />
<meta property="article:publisher" content="https://www.facebook.com/VisitFinaleLigure" />
<meta property="og:image" content="https://visitfinaleligure.it/wp-content/uploads/2026/08/image-352.jpg" />
	<meta property="og:image:width" content="979" />
	<meta property="og:image:height" content="552" />
	<meta property="og:image:type" content="image/jpeg" />
<meta name="twitter:card" content="summary_large_image" />
<meta name="twitter:label1" content="Geschätzte Lesezeit" />
	<meta name="twitter:data1" content="1 Minute" />
<script type="application/ld+json" class="yoast-schema-graph">{"@context":"https:\/\/schema.org","@graph":[{"@type":"WebPage","@id":"https:\/\/visitfinaleligure.it\/de\/esperienza\/ceramica-baba-jaga-aps-2\/","url":"https:\/\/visitfinaleligure.it\/de\/esperienza\/ceramica-baba-jaga-aps-2\/","name":"Ceramica - BABA JAGA APS - Visit Finale Ligure","isPartOf":{"@id":"https:\/\/visitfinaleligure.it\/de\/#website"},"datePublished":"2026-09-01T09:22:46+00:00","description":"Vom Boden zum GedankenGehalten von: Michela RodiAnmeldungen sind bis zum 9. November geöffnet. Der Kurs beginnt am 15. November.Ein Atelier, in dem Hände","breadcrumb":{"@id":"https:\/\/visitfinaleligure.it\/de\/esperienza\/ceramica-baba-jaga-aps-2\/#breadcrumb"},"inLanguage":"de","potentialAction":[{"@type":"ReadAction","target":["https:\/\/visitfinaleligure.it\/de\/esperienza\/ceramica-baba-jaga-aps-2\/"]}]},{"@type":"BreadcrumbList","@id":"https:\/\/visitfinaleligure.it\/de\/esperienza\/ceramica-baba-jaga-aps-2\/#breadcrumb","itemListElement":[{"@type":"ListItem","position":1,"name":"Home","item":"https:\/\/visitfinaleligure.it\/de\/"},{"@type":"ListItem","position":2,"name":"Esperienze","item":"https:\/\/visitfinaleligure.it\/de\/esperienza\/"},{"@type":"ListItem","position":3,"name":"Ceramica &#8211; BABA JAGA APS"}]},{"@type":"WebSite","@id":"https:\/\/visitfinaleligure.it\/de\/#website","url":"https:\/\/visitfinaleligure.it\/de\/","name":"Visit Finale Ligure","description":"My perfect place","publisher":{"@id":"https:\/\/visitfinaleligure.it\/de\/#organization"},"potentialAction":[{"@type":"SearchAction","target":{"@type":"EntryPoint","urlTemplate":"https:\/\/visitfinaleligure.it\/de\/?s={search_term_string}"},"query-input":{"@type":"PropertyValueSpecification","valueRequired":true,"valueName":"search_term_string"}}],"inLanguage":"de"},{"@type":"Organization","@id":"https:\/\/visitfinaleligure.it\/de\/#organization","name":"Comune di Finale Ligure","url":"https:\/\/visitfinaleligure.it\/de\/","logo":{"@type":"ImageObject","inLanguage":"de","@id":"https:\/\/visitfinaleligure.it\/de\/#\/schema\/logo\/image\/","url":"https:\/\/visitfinaleligure.it\/wp-content\/uploads\/2023\/04\/cropped-finaleligure-verticale-positivo-200x200-1.png","contentUrl":"https:\/\/visitfinaleligure.it\/wp-content\/uploads\/2023\/04\/cropped-finaleligure-verticale-positivo-200x200-1.png","width":512,"height":512,"caption":"Comune di Finale Ligure"},"image":{"@id":"https:\/\/visitfinaleligure.it\/de\/#\/schema\/logo\/image\/"},"sameAs":["https:\/\/www.facebook.com\/VisitFinaleLigure","https:\/\/www.instagram.com\/visitfinale\/","https:\/\/www.youtube.com\/channel\/UCLmoLfNmrAt9mSCll9egttw"]}]}</script>
<!-- / Yoast SEO plugin. -->

Vom Boden zum GedankenGehalten von: Michela RodiAnmeldungen sind bis zum 9. November geöffnet. Der Kurs beginnt am 15. November.Ein Atelier, in dem Hände
