{"id":24433,"date":"2026-09-01T11:22:48","date_gmt":"2026-09-01T09:22:48","guid":{"rendered":"https:\/\/visitfinaleligure.it\/esperienza\/ritrovarsi-tra-immagini-e-parole-baba-jaga-aps-2\/"},"modified":"2026-09-01T11:22:49","modified_gmt":"2026-09-01T09:22:49","slug":"ritrovarsi-tra-immagini-e-parole-baba-jaga-aps-2","status":"publish","type":"esperienza","link":"https:\/\/visitfinaleligure.it\/de\/esperienza\/ritrovarsi-tra-immagini-e-parole-baba-jaga-aps-2\/","title":{"rendered":"Ritrovarsi tra immagini e parole &#8211; BABA JAGA APS"},"content":{"rendered":"<p>K\u00fcnstlerische Mediation Workshop<\/p>\n<p>Geleitet von:<b> Lara Giurdanella<\/b><br \/>Anmeldungen bis zum 9. Februar ge\u00f6ffnet. Der Kurs beginnt am Mittwoch, den 25. Februar<\/p>\n<p>K\u00fcnstlerische Mediation Workshops aktivieren die Ressourcen und Potenziale, die jeder besitzt, durch zwei grundlegende Aspekte: Kreativit\u00e4t und Beziehung.<br \/>Die Aktivierung des kreativen Prozesses durch einen oder mehrere k\u00fcnstlerische Mediatoren (Fotografie, Malerei, Zeichnen, Schreiben &#8230;) erm\u00f6glicht einen emotionalen Transformationsprozess.<br \/>Die Person tritt in Kontakt mit ihren Emotionen in einem ruhigen und nicht wertenden Klima.<br \/>Durch k\u00fcnstlerische Mediation und das Treffen mit anderen kann der Teilnehmer neue M\u00f6glichkeiten erkunden und einen neuen Zugang und eine andere Bedeutung zu dem finden, was er erlebt.<br \/>Die Workshops sind sowohl f\u00fcr diejenigen von Bedeutung, die einen psycho-physischen Wohlbefindenszustand erreichen m\u00f6chten, als auch f\u00fcr diejenigen, die neue Mediationstools in der Hilfsbeziehung kennenlernen m\u00f6chten.<\/p>\n<p>Der Workshop umfasst <b>4 Treffen vom 25. Februar bis 18. M\u00e4rz<\/b><\/p>\n<p>Wir sind ein APS \u2013 Sozialf\u00f6rderungsverein: Unsere Aktivit\u00e4ten entstehen, um gemeinsam zu wachsen, durch Kreativit\u00e4t, Kultur und Teilen.<\/p>\n<p><a href=\"https:\/\/www.babajagaps.com\/event-details\/ritrovarsi-tra-immagini-e-parole-2\">https:\/\/www.babajagaps.com\/event-details\/ritrovarsi-tra-immagini-e-parole-2<\/a><\/p>\n","protected":false},"featured_media":0,"template":"","meta":[],"tipi_servizi":[],"temi_vacanza":[],"classificazioni":[],"class_list":["post-24433","esperienza","type-esperienza","status-publish","hentry"],"yoast_head":"<!-- This site is optimized with the Yoast SEO plugin v28.3 - https:\/\/yoast.com\/product\/yoast-seo-wordpress\/ -->\n<title>Ritrovarsi tra immagini e parole - BABA JAGA APS - Visit Finale Ligure<\/title>\n<meta name=\"description\" content=\"K\u00fcnstlerische Mediation Workshop Geleitet von: Lara GiurdanellaAnmeldungen bis zum 9. Februar ge\u00f6ffnet. Der Kurs beginnt am Mittwoch, den 25.\" \/>\n<meta name=\"robots\" content=\"index, follow, max-snippet:-1, max-image-preview:large, max-video-preview:-1\" \/>\n<link rel=\"canonical\" href=\"https:\/\/visitfinaleligure.it\/de\/esperienza\/ritrovarsi-tra-immagini-e-parole-baba-jaga-aps-2\/\" \/>\n<meta property=\"og:locale\" content=\"de_DE\" \/>\n<meta property=\"og:type\" content=\"article\" \/>\n<meta property=\"og:title\" content=\"Ritrovarsi tra immagini e parole - BABA JAGA APS - Visit Finale Ligure\" \/>\n<meta property=\"og:description\" content=\"K\u00fcnstlerische Mediation Workshop Geleitet von: Lara GiurdanellaAnmeldungen bis zum 9. Februar ge\u00f6ffnet. Der Kurs beginnt am Mittwoch, den 25.\" \/>\n<meta property=\"og:url\" content=\"https:\/\/visitfinaleligure.it\/de\/esperienza\/ritrovarsi-tra-immagini-e-parole-baba-jaga-aps-2\/\" \/>\n<meta property=\"og:site_name\" content=\"Visit Finale Ligure\" \/>\n<meta property=\"article:publisher\" content=\"https:\/\/www.facebook.com\/VisitFinaleLigure\" \/>\n<meta property=\"article:modified_time\" content=\"2026-09-01T09:22:49+00:00\" \/>\n<meta property=\"og:image\" content=\"https:\/\/visitfinaleligure.it\/wp-content\/uploads\/2026\/08\/image-362.jpg\" \/>\n\t<meta property=\"og:image:width\" content=\"979\" \/>\n\t<meta property=\"og:image:height\" content=\"552\" \/>\n\t<meta property=\"og:image:type\" content=\"image\/jpeg\" \/>\n<meta name=\"twitter:card\" content=\"summary_large_image\" \/>\n<meta name=\"twitter:label1\" content=\"Gesch\u00e4tzte Lesezeit\" \/>\n\t<meta name=\"twitter:data1\" content=\"1\u00a0Minute\" \/>\n<script type=\"application\/ld+json\" class=\"yoast-schema-graph\">{\"@context\":\"https:\\\/\\\/schema.org\",\"@graph\":[{\"@type\":\"WebPage\",\"@id\":\"https:\\\/\\\/visitfinaleligure.it\\\/de\\\/esperienza\\\/ritrovarsi-tra-immagini-e-parole-baba-jaga-aps-2\\\/\",\"url\":\"https:\\\/\\\/visitfinaleligure.it\\\/de\\\/esperienza\\\/ritrovarsi-tra-immagini-e-parole-baba-jaga-aps-2\\\/\",\"name\":\"Ritrovarsi tra immagini e parole - BABA JAGA APS - Visit Finale Ligure\",\"isPartOf\":{\"@id\":\"https:\\\/\\\/visitfinaleligure.it\\\/de\\\/#website\"},\"datePublished\":\"2026-09-01T09:22:48+00:00\",\"dateModified\":\"2026-09-01T09:22:49+00:00\",\"description\":\"K\u00fcnstlerische Mediation Workshop Geleitet von: Lara GiurdanellaAnmeldungen bis zum 9. Februar ge\u00f6ffnet. Der Kurs beginnt am Mittwoch, den 25.\",\"breadcrumb\":{\"@id\":\"https:\\\/\\\/visitfinaleligure.it\\\/de\\\/esperienza\\\/ritrovarsi-tra-immagini-e-parole-baba-jaga-aps-2\\\/#breadcrumb\"},\"inLanguage\":\"de\",\"potentialAction\":[{\"@type\":\"ReadAction\",\"target\":[\"https:\\\/\\\/visitfinaleligure.it\\\/de\\\/esperienza\\\/ritrovarsi-tra-immagini-e-parole-baba-jaga-aps-2\\\/\"]}]},{\"@type\":\"BreadcrumbList\",\"@id\":\"https:\\\/\\\/visitfinaleligure.it\\\/de\\\/esperienza\\\/ritrovarsi-tra-immagini-e-parole-baba-jaga-aps-2\\\/#breadcrumb\",\"itemListElement\":[{\"@type\":\"ListItem\",\"position\":1,\"name\":\"Home\",\"item\":\"https:\\\/\\\/visitfinaleligure.it\\\/de\\\/\"},{\"@type\":\"ListItem\",\"position\":2,\"name\":\"Esperienze\",\"item\":\"https:\\\/\\\/visitfinaleligure.it\\\/de\\\/esperienza\\\/\"},{\"@type\":\"ListItem\",\"position\":3,\"name\":\"Ritrovarsi tra immagini e parole &#8211; BABA JAGA APS\"}]},{\"@type\":\"WebSite\",\"@id\":\"https:\\\/\\\/visitfinaleligure.it\\\/de\\\/#website\",\"url\":\"https:\\\/\\\/visitfinaleligure.it\\\/de\\\/\",\"name\":\"Visit Finale Ligure\",\"description\":\"My perfect place\",\"publisher\":{\"@id\":\"https:\\\/\\\/visitfinaleligure.it\\\/de\\\/#organization\"},\"potentialAction\":[{\"@type\":\"SearchAction\",\"target\":{\"@type\":\"EntryPoint\",\"urlTemplate\":\"https:\\\/\\\/visitfinaleligure.it\\\/de\\\/?s={search_term_string}\"},\"query-input\":{\"@type\":\"PropertyValueSpecification\",\"valueRequired\":true,\"valueName\":\"search_term_string\"}}],\"inLanguage\":\"de\"},{\"@type\":\"Organization\",\"@id\":\"https:\\\/\\\/visitfinaleligure.it\\\/de\\\/#organization\",\"name\":\"Comune di Finale Ligure\",\"url\":\"https:\\\/\\\/visitfinaleligure.it\\\/de\\\/\",\"logo\":{\"@type\":\"ImageObject\",\"inLanguage\":\"de\",\"@id\":\"https:\\\/\\\/visitfinaleligure.it\\\/de\\\/#\\\/schema\\\/logo\\\/image\\\/\",\"url\":\"https:\\\/\\\/visitfinaleligure.it\\\/wp-content\\\/uploads\\\/2023\\\/04\\\/cropped-finaleligure-verticale-positivo-200x200-1.png\",\"contentUrl\":\"https:\\\/\\\/visitfinaleligure.it\\\/wp-content\\\/uploads\\\/2023\\\/04\\\/cropped-finaleligure-verticale-positivo-200x200-1.png\",\"width\":512,\"height\":512,\"caption\":\"Comune di Finale Ligure\"},\"image\":{\"@id\":\"https:\\\/\\\/visitfinaleligure.it\\\/de\\\/#\\\/schema\\\/logo\\\/image\\\/\"},\"sameAs\":[\"https:\\\/\\\/www.facebook.com\\\/VisitFinaleLigure\",\"https:\\\/\\\/www.instagram.com\\\/visitfinale\\\/\",\"https:\\\/\\\/www.youtube.com\\\/channel\\\/UCLmoLfNmrAt9mSCll9egttw\"]}]}<\/script>\n<!-- \/ Yoast SEO plugin. -->","yoast_head_json":{"title":"Ritrovarsi tra immagini e parole - BABA JAGA APS - Visit Finale Ligure","description":"K\u00fcnstlerische Mediation Workshop Geleitet von: Lara GiurdanellaAnmeldungen bis zum 9. Februar ge\u00f6ffnet. Der Kurs beginnt am Mittwoch, den 25.","robots":{"index":"index","follow":"follow","max-snippet":"max-snippet:-1","max-image-preview":"max-image-preview:large","max-video-preview":"max-video-preview:-1"},"canonical":"https:\/\/visitfinaleligure.it\/de\/esperienza\/ritrovarsi-tra-immagini-e-parole-baba-jaga-aps-2\/","og_locale":"de_DE","og_type":"article","og_title":"Ritrovarsi tra immagini e parole - BABA JAGA APS - Visit Finale Ligure","og_description":"K\u00fcnstlerische Mediation Workshop Geleitet von: Lara GiurdanellaAnmeldungen bis zum 9. Februar ge\u00f6ffnet. Der Kurs beginnt am Mittwoch, den 25.","og_url":"https:\/\/visitfinaleligure.it\/de\/esperienza\/ritrovarsi-tra-immagini-e-parole-baba-jaga-aps-2\/","og_site_name":"Visit Finale Ligure","article_publisher":"https:\/\/www.facebook.com\/VisitFinaleLigure","article_modified_time":"2026-09-01T09:22:49+00:00","og_image":[{"width":979,"height":552,"url":"https:\/\/visitfinaleligure.it\/wp-content\/uploads\/2026\/08\/image-362.jpg","type":"image\/jpeg"}],"twitter_card":"summary_large_image","twitter_misc":{"Gesch\u00e4tzte Lesezeit":"1\u00a0Minute"},"schema":{"@context":"https:\/\/schema.org","@graph":[{"@type":"WebPage","@id":"https:\/\/visitfinaleligure.it\/de\/esperienza\/ritrovarsi-tra-immagini-e-parole-baba-jaga-aps-2\/","url":"https:\/\/visitfinaleligure.it\/de\/esperienza\/ritrovarsi-tra-immagini-e-parole-baba-jaga-aps-2\/","name":"Ritrovarsi tra immagini e parole - BABA JAGA APS - Visit Finale Ligure","isPartOf":{"@id":"https:\/\/visitfinaleligure.it\/de\/#website"},"datePublished":"2026-09-01T09:22:48+00:00","dateModified":"2026-09-01T09:22:49+00:00","description":"K\u00fcnstlerische Mediation Workshop Geleitet von: Lara GiurdanellaAnmeldungen bis zum 9. Februar ge\u00f6ffnet. Der Kurs beginnt am Mittwoch, den 25.","breadcrumb":{"@id":"https:\/\/visitfinaleligure.it\/de\/esperienza\/ritrovarsi-tra-immagini-e-parole-baba-jaga-aps-2\/#breadcrumb"},"inLanguage":"de","potentialAction":[{"@type":"ReadAction","target":["https:\/\/visitfinaleligure.it\/de\/esperienza\/ritrovarsi-tra-immagini-e-parole-baba-jaga-aps-2\/"]}]},{"@type":"BreadcrumbList","@id":"https:\/\/visitfinaleligure.it\/de\/esperienza\/ritrovarsi-tra-immagini-e-parole-baba-jaga-aps-2\/#breadcrumb","itemListElement":[{"@type":"ListItem","position":1,"name":"Home","item":"https:\/\/visitfinaleligure.it\/de\/"},{"@type":"ListItem","position":2,"name":"Esperienze","item":"https:\/\/visitfinaleligure.it\/de\/esperienza\/"},{"@type":"ListItem","position":3,"name":"Ritrovarsi tra immagini e parole &#8211; BABA JAGA APS"}]},{"@type":"WebSite","@id":"https:\/\/visitfinaleligure.it\/de\/#website","url":"https:\/\/visitfinaleligure.it\/de\/","name":"Visit Finale Ligure","description":"My perfect place","publisher":{"@id":"https:\/\/visitfinaleligure.it\/de\/#organization"},"potentialAction":[{"@type":"SearchAction","target":{"@type":"EntryPoint","urlTemplate":"https:\/\/visitfinaleligure.it\/de\/?s={search_term_string}"},"query-input":{"@type":"PropertyValueSpecification","valueRequired":true,"valueName":"search_term_string"}}],"inLanguage":"de"},{"@type":"Organization","@id":"https:\/\/visitfinaleligure.it\/de\/#organization","name":"Comune di Finale Ligure","url":"https:\/\/visitfinaleligure.it\/de\/","logo":{"@type":"ImageObject","inLanguage":"de","@id":"https:\/\/visitfinaleligure.it\/de\/#\/schema\/logo\/image\/","url":"https:\/\/visitfinaleligure.it\/wp-content\/uploads\/2023\/04\/cropped-finaleligure-verticale-positivo-200x200-1.png","contentUrl":"https:\/\/visitfinaleligure.it\/wp-content\/uploads\/2023\/04\/cropped-finaleligure-verticale-positivo-200x200-1.png","width":512,"height":512,"caption":"Comune di Finale Ligure"},"image":{"@id":"https:\/\/visitfinaleligure.it\/de\/#\/schema\/logo\/image\/"},"sameAs":["https:\/\/www.facebook.com\/VisitFinaleLigure","https:\/\/www.instagram.com\/visitfinale\/","https:\/\/www.youtube.com\/channel\/UCLmoLfNmrAt9mSCll9egttw"]}]}},"_links":{"self":[{"href":"https:\/\/visitfinaleligure.it\/de\/wp-json\/wp\/v2\/esperienza\/24433","targetHints":{"allow":["GET"]}}],"collection":[{"href":"https:\/\/visitfinaleligure.it\/de\/wp-json\/wp\/v2\/esperienza"}],"about":[{"href":"https:\/\/visitfinaleligure.it\/de\/wp-json\/wp\/v2\/types\/esperienza"}],"wp:attachment":[{"href":"https:\/\/visitfinaleligure.it\/de\/wp-json\/wp\/v2\/media?parent=24433"}],"wp:term":[{"taxonomy":"tipi_servizi","embeddable":true,"href":"https:\/\/visitfinaleligure.it\/de\/wp-json\/wp\/v2\/tipi_servizi?post=24433"},{"taxonomy":"temi_vacanza","embeddable":true,"href":"https:\/\/visitfinaleligure.it\/de\/wp-json\/wp\/v2\/temi_vacanza?post=24433"},{"taxonomy":"classificazioni","embeddable":true,"href":"https:\/\/visitfinaleligure.it\/de\/wp-json\/wp\/v2\/classificazioni?post=24433"}],"curies":[{"name":"wp","href":"https:\/\/api.w.org\/{rel}","templated":true}]}}

<p>Künstlerische Mediation Workshop</p>
<p>Geleitet von:<b> Lara Giurdanella</b><br />Anmeldungen bis zum 9. Februar geöffnet. Der Kurs beginnt am Mittwoch, den 25. Februar</p>
<p>Künstlerische Mediation Workshops aktivieren die Ressourcen und Potenziale, die jeder besitzt, durch zwei grundlegende Aspekte: Kreativität und Beziehung.<br />Die Aktivierung des kreativen Prozesses durch einen oder mehrere künstlerische Mediatoren (Fotografie, Malerei, Zeichnen, Schreiben &#8230;) ermöglicht einen emotionalen Transformationsprozess.<br />Die Person tritt in Kontakt mit ihren Emotionen in einem ruhigen und nicht wertenden Klima.<br />Durch künstlerische Mediation und das Treffen mit anderen kann der Teilnehmer neue Möglichkeiten erkunden und einen neuen Zugang und eine andere Bedeutung zu dem finden, was er erlebt.<br />Die Workshops sind sowohl für diejenigen von Bedeutung, die einen psycho-physischen Wohlbefindenszustand erreichen möchten, als auch für diejenigen, die neue Mediationstools in der Hilfsbeziehung kennenlernen möchten.</p>
<p>Der Workshop umfasst <b>4 Treffen vom 25. Februar bis 18. März</b></p>
<p>Wir sind ein APS – Sozialförderungsverein: Unsere Aktivitäten entstehen, um gemeinsam zu wachsen, durch Kreativität, Kultur und Teilen.</p>
<p><a href="https://www.babajagaps.com/event-details/ritrovarsi-tra-immagini-e-parole-2">https://www.babajagaps.com/event-details/ritrovarsi-tra-immagini-e-parole-2</a></p>

<!-- This site is optimized with the Yoast SEO plugin v28.3 - https://yoast.com/product/yoast-seo-wordpress/ -->
<title>Ritrovarsi tra immagini e parole - BABA JAGA APS - Visit Finale Ligure</title>
<meta name="description" content="Künstlerische Mediation Workshop Geleitet von: Lara GiurdanellaAnmeldungen bis zum 9. Februar geöffnet. Der Kurs beginnt am Mittwoch, den 25." />
<meta name="robots" content="index, follow, max-snippet:-1, max-image-preview:large, max-video-preview:-1" />
<link rel="canonical" href="https://visitfinaleligure.it/de/esperienza/ritrovarsi-tra-immagini-e-parole-baba-jaga-aps-2/" />
<meta property="og:locale" content="de_DE" />
<meta property="og:type" content="article" />
<meta property="og:title" content="Ritrovarsi tra immagini e parole - BABA JAGA APS - Visit Finale Ligure" />
<meta property="og:description" content="Künstlerische Mediation Workshop Geleitet von: Lara GiurdanellaAnmeldungen bis zum 9. Februar geöffnet. Der Kurs beginnt am Mittwoch, den 25." />
<meta property="og:url" content="https://visitfinaleligure.it/de/esperienza/ritrovarsi-tra-immagini-e-parole-baba-jaga-aps-2/" />
<meta property="og:site_name" content="Visit Finale Ligure" />
<meta property="article:publisher" content="https://www.facebook.com/VisitFinaleLigure" />
<meta property="article:modified_time" content="2026-09-01T09:22:49+00:00" />
<meta property="og:image" content="https://visitfinaleligure.it/wp-content/uploads/2026/08/image-362.jpg" />
	<meta property="og:image:width" content="979" />
	<meta property="og:image:height" content="552" />
	<meta property="og:image:type" content="image/jpeg" />
<meta name="twitter:card" content="summary_large_image" />
<meta name="twitter:label1" content="Geschätzte Lesezeit" />
	<meta name="twitter:data1" content="1 Minute" />
<script type="application/ld+json" class="yoast-schema-graph">{"@context":"https:\/\/schema.org","@graph":[{"@type":"WebPage","@id":"https:\/\/visitfinaleligure.it\/de\/esperienza\/ritrovarsi-tra-immagini-e-parole-baba-jaga-aps-2\/","url":"https:\/\/visitfinaleligure.it\/de\/esperienza\/ritrovarsi-tra-immagini-e-parole-baba-jaga-aps-2\/","name":"Ritrovarsi tra immagini e parole - BABA JAGA APS - Visit Finale Ligure","isPartOf":{"@id":"https:\/\/visitfinaleligure.it\/de\/#website"},"datePublished":"2026-09-01T09:22:48+00:00","dateModified":"2026-09-01T09:22:49+00:00","description":"Künstlerische Mediation Workshop Geleitet von: Lara GiurdanellaAnmeldungen bis zum 9. Februar geöffnet. Der Kurs beginnt am Mittwoch, den 25.","breadcrumb":{"@id":"https:\/\/visitfinaleligure.it\/de\/esperienza\/ritrovarsi-tra-immagini-e-parole-baba-jaga-aps-2\/#breadcrumb"},"inLanguage":"de","potentialAction":[{"@type":"ReadAction","target":["https:\/\/visitfinaleligure.it\/de\/esperienza\/ritrovarsi-tra-immagini-e-parole-baba-jaga-aps-2\/"]}]},{"@type":"BreadcrumbList","@id":"https:\/\/visitfinaleligure.it\/de\/esperienza\/ritrovarsi-tra-immagini-e-parole-baba-jaga-aps-2\/#breadcrumb","itemListElement":[{"@type":"ListItem","position":1,"name":"Home","item":"https:\/\/visitfinaleligure.it\/de\/"},{"@type":"ListItem","position":2,"name":"Esperienze","item":"https:\/\/visitfinaleligure.it\/de\/esperienza\/"},{"@type":"ListItem","position":3,"name":"Ritrovarsi tra immagini e parole &#8211; BABA JAGA APS"}]},{"@type":"WebSite","@id":"https:\/\/visitfinaleligure.it\/de\/#website","url":"https:\/\/visitfinaleligure.it\/de\/","name":"Visit Finale Ligure","description":"My perfect place","publisher":{"@id":"https:\/\/visitfinaleligure.it\/de\/#organization"},"potentialAction":[{"@type":"SearchAction","target":{"@type":"EntryPoint","urlTemplate":"https:\/\/visitfinaleligure.it\/de\/?s={search_term_string}"},"query-input":{"@type":"PropertyValueSpecification","valueRequired":true,"valueName":"search_term_string"}}],"inLanguage":"de"},{"@type":"Organization","@id":"https:\/\/visitfinaleligure.it\/de\/#organization","name":"Comune di Finale Ligure","url":"https:\/\/visitfinaleligure.it\/de\/","logo":{"@type":"ImageObject","inLanguage":"de","@id":"https:\/\/visitfinaleligure.it\/de\/#\/schema\/logo\/image\/","url":"https:\/\/visitfinaleligure.it\/wp-content\/uploads\/2023\/04\/cropped-finaleligure-verticale-positivo-200x200-1.png","contentUrl":"https:\/\/visitfinaleligure.it\/wp-content\/uploads\/2023\/04\/cropped-finaleligure-verticale-positivo-200x200-1.png","width":512,"height":512,"caption":"Comune di Finale Ligure"},"image":{"@id":"https:\/\/visitfinaleligure.it\/de\/#\/schema\/logo\/image\/"},"sameAs":["https:\/\/www.facebook.com\/VisitFinaleLigure","https:\/\/www.instagram.com\/visitfinale\/","https:\/\/www.youtube.com\/channel\/UCLmoLfNmrAt9mSCll9egttw"]}]}</script>
<!-- / Yoast SEO plugin. -->

Künstlerische Mediation Workshop Geleitet von: Lara GiurdanellaAnmeldungen bis zum 9. Februar geöffnet. Der Kurs beginnt am Mittwoch, den 25.
