{"id":24469,"date":"2026-09-01T11:22:50","date_gmt":"2026-09-01T09:22:50","guid":{"rendered":"https:\/\/visitfinaleligure.it\/esperienza\/mezza-giornata-in-barca-a-vela-outdoor-activity-2\/"},"modified":"2026-09-01T11:22:51","modified_gmt":"2026-09-01T09:22:51","slug":"mezza-giornata-in-barca-a-vela-outdoor-activity-2","status":"publish","type":"esperienza","link":"https:\/\/visitfinaleligure.it\/de\/esperienza\/mezza-giornata-in-barca-a-vela-outdoor-activity-2\/","title":{"rendered":"Mezza giornata in barca a vela &#8211; OUTDOOR ACTIVITY"},"content":{"rendered":"<p><b>Uscita in barca con spuntino partendo dal porto di Loano.<\/b><\/p>\n<p>L&#8217;esperienza dura circa 5 ore, partenza dal porto di Loano, ci si dirige verso la baia dei Saraceni o in alternativa&nbsp;verso la Gallinara, dove si soter\u00e0&nbsp;per un paio d&#8217;ore&nbsp;e si avr\u00e0 la possibilit\u00e0 di&nbsp;fare il bagno e mangiare e bere del buon vino, per poi rientrare a Loano.<\/p>\n<p>In totale sono circa due ore e mezza di navigazione e altrettante di relax.<\/p>\n","protected":false},"featured_media":0,"template":"","meta":[],"tipi_servizi":[],"temi_vacanza":[],"classificazioni":[],"class_list":["post-24469","esperienza","type-esperienza","status-publish","hentry"],"yoast_head":"<!-- This site is optimized with the Yoast SEO plugin v28.3 - https:\/\/yoast.com\/product\/yoast-seo-wordpress\/ -->\n<title>Mezza giornata in barca a vela - OUTDOOR ACTIVITY - Visit Finale Ligure<\/title>\n<meta name=\"description\" content=\"Uscita in barca con spuntino partendo dal porto di Loano.L&#039;esperienza dura circa 5 ore, partenza dal porto di Loano, ci si dirige verso la baia dei\" \/>\n<meta name=\"robots\" content=\"index, follow, max-snippet:-1, max-image-preview:large, max-video-preview:-1\" \/>\n<link rel=\"canonical\" href=\"https:\/\/visitfinaleligure.it\/de\/esperienza\/mezza-giornata-in-barca-a-vela-outdoor-activity-2\/\" \/>\n<meta property=\"og:locale\" content=\"de_DE\" \/>\n<meta property=\"og:type\" content=\"article\" \/>\n<meta property=\"og:title\" content=\"Mezza giornata in barca a vela - OUTDOOR ACTIVITY - Visit Finale Ligure\" \/>\n<meta property=\"og:description\" content=\"Uscita in barca con spuntino partendo dal porto di Loano.L&#039;esperienza dura circa 5 ore, partenza dal porto di Loano, ci si dirige verso la baia dei\" \/>\n<meta property=\"og:url\" content=\"https:\/\/visitfinaleligure.it\/de\/esperienza\/mezza-giornata-in-barca-a-vela-outdoor-activity-2\/\" \/>\n<meta property=\"og:site_name\" content=\"Visit Finale Ligure\" \/>\n<meta property=\"article:publisher\" content=\"https:\/\/www.facebook.com\/VisitFinaleLigure\" \/>\n<meta property=\"article:modified_time\" content=\"2026-09-01T09:22:51+00:00\" \/>\n<meta property=\"og:image\" content=\"https:\/\/visitfinaleligure.it\/wp-content\/uploads\/2026\/08\/image-94.jpeg\" \/>\n\t<meta property=\"og:image:width\" content=\"1600\" \/>\n\t<meta property=\"og:image:height\" content=\"900\" \/>\n\t<meta property=\"og:image:type\" content=\"image\/jpeg\" \/>\n<meta name=\"twitter:card\" content=\"summary_large_image\" \/>\n<script type=\"application\/ld+json\" class=\"yoast-schema-graph\">{\"@context\":\"https:\\\/\\\/schema.org\",\"@graph\":[{\"@type\":\"WebPage\",\"@id\":\"https:\\\/\\\/visitfinaleligure.it\\\/de\\\/esperienza\\\/mezza-giornata-in-barca-a-vela-outdoor-activity-2\\\/\",\"url\":\"https:\\\/\\\/visitfinaleligure.it\\\/de\\\/esperienza\\\/mezza-giornata-in-barca-a-vela-outdoor-activity-2\\\/\",\"name\":\"Mezza giornata in barca a vela - OUTDOOR ACTIVITY - Visit Finale Ligure\",\"isPartOf\":{\"@id\":\"https:\\\/\\\/visitfinaleligure.it\\\/de\\\/#website\"},\"datePublished\":\"2026-09-01T09:22:50+00:00\",\"dateModified\":\"2026-09-01T09:22:51+00:00\",\"description\":\"Uscita in barca con spuntino partendo dal porto di Loano.L'esperienza dura circa 5 ore, partenza dal porto di Loano, ci si dirige verso la baia dei\",\"breadcrumb\":{\"@id\":\"https:\\\/\\\/visitfinaleligure.it\\\/de\\\/esperienza\\\/mezza-giornata-in-barca-a-vela-outdoor-activity-2\\\/#breadcrumb\"},\"inLanguage\":\"de\",\"potentialAction\":[{\"@type\":\"ReadAction\",\"target\":[\"https:\\\/\\\/visitfinaleligure.it\\\/de\\\/esperienza\\\/mezza-giornata-in-barca-a-vela-outdoor-activity-2\\\/\"]}]},{\"@type\":\"BreadcrumbList\",\"@id\":\"https:\\\/\\\/visitfinaleligure.it\\\/de\\\/esperienza\\\/mezza-giornata-in-barca-a-vela-outdoor-activity-2\\\/#breadcrumb\",\"itemListElement\":[{\"@type\":\"ListItem\",\"position\":1,\"name\":\"Home\",\"item\":\"https:\\\/\\\/visitfinaleligure.it\\\/de\\\/\"},{\"@type\":\"ListItem\",\"position\":2,\"name\":\"Esperienze\",\"item\":\"https:\\\/\\\/visitfinaleligure.it\\\/de\\\/esperienza\\\/\"},{\"@type\":\"ListItem\",\"position\":3,\"name\":\"Mezza giornata in barca a vela &#8211; OUTDOOR ACTIVITY\"}]},{\"@type\":\"WebSite\",\"@id\":\"https:\\\/\\\/visitfinaleligure.it\\\/de\\\/#website\",\"url\":\"https:\\\/\\\/visitfinaleligure.it\\\/de\\\/\",\"name\":\"Visit Finale Ligure\",\"description\":\"My perfect place\",\"publisher\":{\"@id\":\"https:\\\/\\\/visitfinaleligure.it\\\/de\\\/#organization\"},\"potentialAction\":[{\"@type\":\"SearchAction\",\"target\":{\"@type\":\"EntryPoint\",\"urlTemplate\":\"https:\\\/\\\/visitfinaleligure.it\\\/de\\\/?s={search_term_string}\"},\"query-input\":{\"@type\":\"PropertyValueSpecification\",\"valueRequired\":true,\"valueName\":\"search_term_string\"}}],\"inLanguage\":\"de\"},{\"@type\":\"Organization\",\"@id\":\"https:\\\/\\\/visitfinaleligure.it\\\/de\\\/#organization\",\"name\":\"Comune di Finale Ligure\",\"url\":\"https:\\\/\\\/visitfinaleligure.it\\\/de\\\/\",\"logo\":{\"@type\":\"ImageObject\",\"inLanguage\":\"de\",\"@id\":\"https:\\\/\\\/visitfinaleligure.it\\\/de\\\/#\\\/schema\\\/logo\\\/image\\\/\",\"url\":\"https:\\\/\\\/visitfinaleligure.it\\\/wp-content\\\/uploads\\\/2023\\\/04\\\/cropped-finaleligure-verticale-positivo-200x200-1.png\",\"contentUrl\":\"https:\\\/\\\/visitfinaleligure.it\\\/wp-content\\\/uploads\\\/2023\\\/04\\\/cropped-finaleligure-verticale-positivo-200x200-1.png\",\"width\":512,\"height\":512,\"caption\":\"Comune di Finale Ligure\"},\"image\":{\"@id\":\"https:\\\/\\\/visitfinaleligure.it\\\/de\\\/#\\\/schema\\\/logo\\\/image\\\/\"},\"sameAs\":[\"https:\\\/\\\/www.facebook.com\\\/VisitFinaleLigure\",\"https:\\\/\\\/www.instagram.com\\\/visitfinale\\\/\",\"https:\\\/\\\/www.youtube.com\\\/channel\\\/UCLmoLfNmrAt9mSCll9egttw\"]}]}<\/script>\n<!-- \/ Yoast SEO plugin. -->","yoast_head_json":{"title":"Mezza giornata in barca a vela - OUTDOOR ACTIVITY - Visit Finale Ligure","description":"Uscita in barca con spuntino partendo dal porto di Loano.L'esperienza dura circa 5 ore, partenza dal porto di Loano, ci si dirige verso la baia dei","robots":{"index":"index","follow":"follow","max-snippet":"max-snippet:-1","max-image-preview":"max-image-preview:large","max-video-preview":"max-video-preview:-1"},"canonical":"https:\/\/visitfinaleligure.it\/de\/esperienza\/mezza-giornata-in-barca-a-vela-outdoor-activity-2\/","og_locale":"de_DE","og_type":"article","og_title":"Mezza giornata in barca a vela - OUTDOOR ACTIVITY - Visit Finale Ligure","og_description":"Uscita in barca con spuntino partendo dal porto di Loano.L'esperienza dura circa 5 ore, partenza dal porto di Loano, ci si dirige verso la baia dei","og_url":"https:\/\/visitfinaleligure.it\/de\/esperienza\/mezza-giornata-in-barca-a-vela-outdoor-activity-2\/","og_site_name":"Visit Finale Ligure","article_publisher":"https:\/\/www.facebook.com\/VisitFinaleLigure","article_modified_time":"2026-09-01T09:22:51+00:00","og_image":[{"width":1600,"height":900,"url":"https:\/\/visitfinaleligure.it\/wp-content\/uploads\/2026\/08\/image-94.jpeg","type":"image\/jpeg"}],"twitter_card":"summary_large_image","schema":{"@context":"https:\/\/schema.org","@graph":[{"@type":"WebPage","@id":"https:\/\/visitfinaleligure.it\/de\/esperienza\/mezza-giornata-in-barca-a-vela-outdoor-activity-2\/","url":"https:\/\/visitfinaleligure.it\/de\/esperienza\/mezza-giornata-in-barca-a-vela-outdoor-activity-2\/","name":"Mezza giornata in barca a vela - OUTDOOR ACTIVITY - Visit Finale Ligure","isPartOf":{"@id":"https:\/\/visitfinaleligure.it\/de\/#website"},"datePublished":"2026-09-01T09:22:50+00:00","dateModified":"2026-09-01T09:22:51+00:00","description":"Uscita in barca con spuntino partendo dal porto di Loano.L'esperienza dura circa 5 ore, partenza dal porto di Loano, ci si dirige verso la baia dei","breadcrumb":{"@id":"https:\/\/visitfinaleligure.it\/de\/esperienza\/mezza-giornata-in-barca-a-vela-outdoor-activity-2\/#breadcrumb"},"inLanguage":"de","potentialAction":[{"@type":"ReadAction","target":["https:\/\/visitfinaleligure.it\/de\/esperienza\/mezza-giornata-in-barca-a-vela-outdoor-activity-2\/"]}]},{"@type":"BreadcrumbList","@id":"https:\/\/visitfinaleligure.it\/de\/esperienza\/mezza-giornata-in-barca-a-vela-outdoor-activity-2\/#breadcrumb","itemListElement":[{"@type":"ListItem","position":1,"name":"Home","item":"https:\/\/visitfinaleligure.it\/de\/"},{"@type":"ListItem","position":2,"name":"Esperienze","item":"https:\/\/visitfinaleligure.it\/de\/esperienza\/"},{"@type":"ListItem","position":3,"name":"Mezza giornata in barca a vela &#8211; OUTDOOR ACTIVITY"}]},{"@type":"WebSite","@id":"https:\/\/visitfinaleligure.it\/de\/#website","url":"https:\/\/visitfinaleligure.it\/de\/","name":"Visit Finale Ligure","description":"My perfect place","publisher":{"@id":"https:\/\/visitfinaleligure.it\/de\/#organization"},"potentialAction":[{"@type":"SearchAction","target":{"@type":"EntryPoint","urlTemplate":"https:\/\/visitfinaleligure.it\/de\/?s={search_term_string}"},"query-input":{"@type":"PropertyValueSpecification","valueRequired":true,"valueName":"search_term_string"}}],"inLanguage":"de"},{"@type":"Organization","@id":"https:\/\/visitfinaleligure.it\/de\/#organization","name":"Comune di Finale Ligure","url":"https:\/\/visitfinaleligure.it\/de\/","logo":{"@type":"ImageObject","inLanguage":"de","@id":"https:\/\/visitfinaleligure.it\/de\/#\/schema\/logo\/image\/","url":"https:\/\/visitfinaleligure.it\/wp-content\/uploads\/2023\/04\/cropped-finaleligure-verticale-positivo-200x200-1.png","contentUrl":"https:\/\/visitfinaleligure.it\/wp-content\/uploads\/2023\/04\/cropped-finaleligure-verticale-positivo-200x200-1.png","width":512,"height":512,"caption":"Comune di Finale Ligure"},"image":{"@id":"https:\/\/visitfinaleligure.it\/de\/#\/schema\/logo\/image\/"},"sameAs":["https:\/\/www.facebook.com\/VisitFinaleLigure","https:\/\/www.instagram.com\/visitfinale\/","https:\/\/www.youtube.com\/channel\/UCLmoLfNmrAt9mSCll9egttw"]}]}},"_links":{"self":[{"href":"https:\/\/visitfinaleligure.it\/de\/wp-json\/wp\/v2\/esperienza\/24469","targetHints":{"allow":["GET"]}}],"collection":[{"href":"https:\/\/visitfinaleligure.it\/de\/wp-json\/wp\/v2\/esperienza"}],"about":[{"href":"https:\/\/visitfinaleligure.it\/de\/wp-json\/wp\/v2\/types\/esperienza"}],"wp:attachment":[{"href":"https:\/\/visitfinaleligure.it\/de\/wp-json\/wp\/v2\/media?parent=24469"}],"wp:term":[{"taxonomy":"tipi_servizi","embeddable":true,"href":"https:\/\/visitfinaleligure.it\/de\/wp-json\/wp\/v2\/tipi_servizi?post=24469"},{"taxonomy":"temi_vacanza","embeddable":true,"href":"https:\/\/visitfinaleligure.it\/de\/wp-json\/wp\/v2\/temi_vacanza?post=24469"},{"taxonomy":"classificazioni","embeddable":true,"href":"https:\/\/visitfinaleligure.it\/de\/wp-json\/wp\/v2\/classificazioni?post=24469"}],"curies":[{"name":"wp","href":"https:\/\/api.w.org\/{rel}","templated":true}]}}

<p><b>Uscita in barca con spuntino partendo dal porto di Loano.</b></p>
<p>L&#8217;esperienza dura circa 5 ore, partenza dal porto di Loano, ci si dirige verso la baia dei Saraceni o in alternativa&nbsp;verso la Gallinara, dove si soterà&nbsp;per un paio d&#8217;ore&nbsp;e si avrà la possibilità di&nbsp;fare il bagno e mangiare e bere del buon vino, per poi rientrare a Loano.</p>
<p>In totale sono circa due ore e mezza di navigazione e altrettante di relax.</p>
