{"id":24593,"date":"2026-09-01T11:22:59","date_gmt":"2026-09-01T09:22:59","guid":{"rendered":"https:\/\/visitfinaleligure.it\/esperienza\/apertura-al-pubblico-del-teatro-aycardi-2\/"},"modified":"2026-09-01T11:22:59","modified_gmt":"2026-09-01T09:22:59","slug":"apertura-al-pubblico-del-teatro-aycardi-2","status":"publish","type":"esperienza","link":"https:\/\/visitfinaleligure.it\/de\/esperienza\/apertura-al-pubblico-del-teatro-aycardi-2\/","title":{"rendered":"Apertura al pubblico del Teatro Aycardi"},"content":{"rendered":"<p><i>in Zusammenarbeit mit dem Museo diffuso del Finale<\/i><\/p>\n<p>&#8220;Ein kleines Theater, ja, aber elegant, wurde &#8211; schrieb Goffredo Casalis im Jahr 1840 &#8211; zu Beginn dieses Jahrhunderts von verschiedenen Personen dieser Stadt aus eigenen Mitteln erbaut.&#8221; Das Theater, ein kleines architektonisches Juwel im Herzen von Finalborgo, wurde in voller napoleonischer Zeit, zwischen 1804 und 1806, in den R\u00e4umen des bereits bestehenden Kollegiums erbaut, das 1759 von Giovanni Andrea Aycardi gegr\u00fcndet wurde. Es ist daher das \u00e4lteste erhaltene Theater des 19. Jahrhunderts mit Parterre und Logen in Ligurien.<\/p>\n","protected":false},"featured_media":0,"template":"","meta":[],"tipi_servizi":[],"temi_vacanza":[],"classificazioni":[],"class_list":["post-24593","esperienza","type-esperienza","status-publish","hentry"],"yoast_head":"<!-- This site is optimized with the Yoast SEO plugin v28.3 - https:\/\/yoast.com\/product\/yoast-seo-wordpress\/ -->\n<title>Apertura al pubblico del Teatro Aycardi - Visit Finale Ligure<\/title>\n<meta name=\"description\" content=\"in Zusammenarbeit mit dem Museo diffuso del Finale &quot;Ein kleines Theater, ja, aber elegant, wurde - schrieb Goffredo Casalis im Jahr 1840 - zu Beginn\" \/>\n<meta name=\"robots\" content=\"index, follow, max-snippet:-1, max-image-preview:large, max-video-preview:-1\" \/>\n<link rel=\"canonical\" href=\"https:\/\/visitfinaleligure.it\/de\/esperienza\/apertura-al-pubblico-del-teatro-aycardi-2\/\" \/>\n<meta property=\"og:locale\" content=\"de_DE\" \/>\n<meta property=\"og:type\" content=\"article\" \/>\n<meta property=\"og:title\" content=\"Apertura al pubblico del Teatro Aycardi - Visit Finale Ligure\" \/>\n<meta property=\"og:description\" content=\"in Zusammenarbeit mit dem Museo diffuso del Finale &quot;Ein kleines Theater, ja, aber elegant, wurde - schrieb Goffredo Casalis im Jahr 1840 - zu Beginn\" \/>\n<meta property=\"og:url\" content=\"https:\/\/visitfinaleligure.it\/de\/esperienza\/apertura-al-pubblico-del-teatro-aycardi-2\/\" \/>\n<meta property=\"og:site_name\" content=\"Visit Finale Ligure\" \/>\n<meta property=\"article:publisher\" content=\"https:\/\/www.facebook.com\/VisitFinaleLigure\" \/>\n<meta property=\"og:image\" content=\"https:\/\/visitfinaleligure.it\/wp-content\/uploads\/2026\/08\/image-472.jpg\" \/>\n\t<meta property=\"og:image:width\" content=\"1200\" \/>\n\t<meta property=\"og:image:height\" content=\"675\" \/>\n\t<meta property=\"og:image:type\" content=\"image\/jpeg\" \/>\n<meta name=\"twitter:card\" content=\"summary_large_image\" \/>\n<script type=\"application\/ld+json\" class=\"yoast-schema-graph\">{\"@context\":\"https:\\\/\\\/schema.org\",\"@graph\":[{\"@type\":\"WebPage\",\"@id\":\"https:\\\/\\\/visitfinaleligure.it\\\/de\\\/esperienza\\\/apertura-al-pubblico-del-teatro-aycardi-2\\\/\",\"url\":\"https:\\\/\\\/visitfinaleligure.it\\\/de\\\/esperienza\\\/apertura-al-pubblico-del-teatro-aycardi-2\\\/\",\"name\":\"Apertura al pubblico del Teatro Aycardi - Visit Finale Ligure\",\"isPartOf\":{\"@id\":\"https:\\\/\\\/visitfinaleligure.it\\\/de\\\/#website\"},\"datePublished\":\"2026-09-01T09:22:59+00:00\",\"description\":\"in Zusammenarbeit mit dem Museo diffuso del Finale \\\"Ein kleines Theater, ja, aber elegant, wurde - schrieb Goffredo Casalis im Jahr 1840 - zu Beginn\",\"breadcrumb\":{\"@id\":\"https:\\\/\\\/visitfinaleligure.it\\\/de\\\/esperienza\\\/apertura-al-pubblico-del-teatro-aycardi-2\\\/#breadcrumb\"},\"inLanguage\":\"de\",\"potentialAction\":[{\"@type\":\"ReadAction\",\"target\":[\"https:\\\/\\\/visitfinaleligure.it\\\/de\\\/esperienza\\\/apertura-al-pubblico-del-teatro-aycardi-2\\\/\"]}]},{\"@type\":\"BreadcrumbList\",\"@id\":\"https:\\\/\\\/visitfinaleligure.it\\\/de\\\/esperienza\\\/apertura-al-pubblico-del-teatro-aycardi-2\\\/#breadcrumb\",\"itemListElement\":[{\"@type\":\"ListItem\",\"position\":1,\"name\":\"Home\",\"item\":\"https:\\\/\\\/visitfinaleligure.it\\\/de\\\/\"},{\"@type\":\"ListItem\",\"position\":2,\"name\":\"Esperienze\",\"item\":\"https:\\\/\\\/visitfinaleligure.it\\\/de\\\/esperienza\\\/\"},{\"@type\":\"ListItem\",\"position\":3,\"name\":\"Apertura al pubblico del Teatro Aycardi\"}]},{\"@type\":\"WebSite\",\"@id\":\"https:\\\/\\\/visitfinaleligure.it\\\/de\\\/#website\",\"url\":\"https:\\\/\\\/visitfinaleligure.it\\\/de\\\/\",\"name\":\"Visit Finale Ligure\",\"description\":\"My perfect place\",\"publisher\":{\"@id\":\"https:\\\/\\\/visitfinaleligure.it\\\/de\\\/#organization\"},\"potentialAction\":[{\"@type\":\"SearchAction\",\"target\":{\"@type\":\"EntryPoint\",\"urlTemplate\":\"https:\\\/\\\/visitfinaleligure.it\\\/de\\\/?s={search_term_string}\"},\"query-input\":{\"@type\":\"PropertyValueSpecification\",\"valueRequired\":true,\"valueName\":\"search_term_string\"}}],\"inLanguage\":\"de\"},{\"@type\":\"Organization\",\"@id\":\"https:\\\/\\\/visitfinaleligure.it\\\/de\\\/#organization\",\"name\":\"Comune di Finale Ligure\",\"url\":\"https:\\\/\\\/visitfinaleligure.it\\\/de\\\/\",\"logo\":{\"@type\":\"ImageObject\",\"inLanguage\":\"de\",\"@id\":\"https:\\\/\\\/visitfinaleligure.it\\\/de\\\/#\\\/schema\\\/logo\\\/image\\\/\",\"url\":\"https:\\\/\\\/visitfinaleligure.it\\\/wp-content\\\/uploads\\\/2023\\\/04\\\/cropped-finaleligure-verticale-positivo-200x200-1.png\",\"contentUrl\":\"https:\\\/\\\/visitfinaleligure.it\\\/wp-content\\\/uploads\\\/2023\\\/04\\\/cropped-finaleligure-verticale-positivo-200x200-1.png\",\"width\":512,\"height\":512,\"caption\":\"Comune di Finale Ligure\"},\"image\":{\"@id\":\"https:\\\/\\\/visitfinaleligure.it\\\/de\\\/#\\\/schema\\\/logo\\\/image\\\/\"},\"sameAs\":[\"https:\\\/\\\/www.facebook.com\\\/VisitFinaleLigure\",\"https:\\\/\\\/www.instagram.com\\\/visitfinale\\\/\",\"https:\\\/\\\/www.youtube.com\\\/channel\\\/UCLmoLfNmrAt9mSCll9egttw\"]}]}<\/script>\n<!-- \/ Yoast SEO plugin. -->","yoast_head_json":{"title":"Apertura al pubblico del Teatro Aycardi - Visit Finale Ligure","description":"in Zusammenarbeit mit dem Museo diffuso del Finale \"Ein kleines Theater, ja, aber elegant, wurde - schrieb Goffredo Casalis im Jahr 1840 - zu Beginn","robots":{"index":"index","follow":"follow","max-snippet":"max-snippet:-1","max-image-preview":"max-image-preview:large","max-video-preview":"max-video-preview:-1"},"canonical":"https:\/\/visitfinaleligure.it\/de\/esperienza\/apertura-al-pubblico-del-teatro-aycardi-2\/","og_locale":"de_DE","og_type":"article","og_title":"Apertura al pubblico del Teatro Aycardi - Visit Finale Ligure","og_description":"in Zusammenarbeit mit dem Museo diffuso del Finale \"Ein kleines Theater, ja, aber elegant, wurde - schrieb Goffredo Casalis im Jahr 1840 - zu Beginn","og_url":"https:\/\/visitfinaleligure.it\/de\/esperienza\/apertura-al-pubblico-del-teatro-aycardi-2\/","og_site_name":"Visit Finale Ligure","article_publisher":"https:\/\/www.facebook.com\/VisitFinaleLigure","og_image":[{"width":1200,"height":675,"url":"https:\/\/visitfinaleligure.it\/wp-content\/uploads\/2026\/08\/image-472.jpg","type":"image\/jpeg"}],"twitter_card":"summary_large_image","schema":{"@context":"https:\/\/schema.org","@graph":[{"@type":"WebPage","@id":"https:\/\/visitfinaleligure.it\/de\/esperienza\/apertura-al-pubblico-del-teatro-aycardi-2\/","url":"https:\/\/visitfinaleligure.it\/de\/esperienza\/apertura-al-pubblico-del-teatro-aycardi-2\/","name":"Apertura al pubblico del Teatro Aycardi - Visit Finale Ligure","isPartOf":{"@id":"https:\/\/visitfinaleligure.it\/de\/#website"},"datePublished":"2026-09-01T09:22:59+00:00","description":"in Zusammenarbeit mit dem Museo diffuso del Finale \"Ein kleines Theater, ja, aber elegant, wurde - schrieb Goffredo Casalis im Jahr 1840 - zu Beginn","breadcrumb":{"@id":"https:\/\/visitfinaleligure.it\/de\/esperienza\/apertura-al-pubblico-del-teatro-aycardi-2\/#breadcrumb"},"inLanguage":"de","potentialAction":[{"@type":"ReadAction","target":["https:\/\/visitfinaleligure.it\/de\/esperienza\/apertura-al-pubblico-del-teatro-aycardi-2\/"]}]},{"@type":"BreadcrumbList","@id":"https:\/\/visitfinaleligure.it\/de\/esperienza\/apertura-al-pubblico-del-teatro-aycardi-2\/#breadcrumb","itemListElement":[{"@type":"ListItem","position":1,"name":"Home","item":"https:\/\/visitfinaleligure.it\/de\/"},{"@type":"ListItem","position":2,"name":"Esperienze","item":"https:\/\/visitfinaleligure.it\/de\/esperienza\/"},{"@type":"ListItem","position":3,"name":"Apertura al pubblico del Teatro Aycardi"}]},{"@type":"WebSite","@id":"https:\/\/visitfinaleligure.it\/de\/#website","url":"https:\/\/visitfinaleligure.it\/de\/","name":"Visit Finale Ligure","description":"My perfect place","publisher":{"@id":"https:\/\/visitfinaleligure.it\/de\/#organization"},"potentialAction":[{"@type":"SearchAction","target":{"@type":"EntryPoint","urlTemplate":"https:\/\/visitfinaleligure.it\/de\/?s={search_term_string}"},"query-input":{"@type":"PropertyValueSpecification","valueRequired":true,"valueName":"search_term_string"}}],"inLanguage":"de"},{"@type":"Organization","@id":"https:\/\/visitfinaleligure.it\/de\/#organization","name":"Comune di Finale Ligure","url":"https:\/\/visitfinaleligure.it\/de\/","logo":{"@type":"ImageObject","inLanguage":"de","@id":"https:\/\/visitfinaleligure.it\/de\/#\/schema\/logo\/image\/","url":"https:\/\/visitfinaleligure.it\/wp-content\/uploads\/2023\/04\/cropped-finaleligure-verticale-positivo-200x200-1.png","contentUrl":"https:\/\/visitfinaleligure.it\/wp-content\/uploads\/2023\/04\/cropped-finaleligure-verticale-positivo-200x200-1.png","width":512,"height":512,"caption":"Comune di Finale Ligure"},"image":{"@id":"https:\/\/visitfinaleligure.it\/de\/#\/schema\/logo\/image\/"},"sameAs":["https:\/\/www.facebook.com\/VisitFinaleLigure","https:\/\/www.instagram.com\/visitfinale\/","https:\/\/www.youtube.com\/channel\/UCLmoLfNmrAt9mSCll9egttw"]}]}},"_links":{"self":[{"href":"https:\/\/visitfinaleligure.it\/de\/wp-json\/wp\/v2\/esperienza\/24593","targetHints":{"allow":["GET"]}}],"collection":[{"href":"https:\/\/visitfinaleligure.it\/de\/wp-json\/wp\/v2\/esperienza"}],"about":[{"href":"https:\/\/visitfinaleligure.it\/de\/wp-json\/wp\/v2\/types\/esperienza"}],"wp:attachment":[{"href":"https:\/\/visitfinaleligure.it\/de\/wp-json\/wp\/v2\/media?parent=24593"}],"wp:term":[{"taxonomy":"tipi_servizi","embeddable":true,"href":"https:\/\/visitfinaleligure.it\/de\/wp-json\/wp\/v2\/tipi_servizi?post=24593"},{"taxonomy":"temi_vacanza","embeddable":true,"href":"https:\/\/visitfinaleligure.it\/de\/wp-json\/wp\/v2\/temi_vacanza?post=24593"},{"taxonomy":"classificazioni","embeddable":true,"href":"https:\/\/visitfinaleligure.it\/de\/wp-json\/wp\/v2\/classificazioni?post=24593"}],"curies":[{"name":"wp","href":"https:\/\/api.w.org\/{rel}","templated":true}]}}

<p><i>in Zusammenarbeit mit dem Museo diffuso del Finale</i></p>
<p>&#8220;Ein kleines Theater, ja, aber elegant, wurde &#8211; schrieb Goffredo Casalis im Jahr 1840 &#8211; zu Beginn dieses Jahrhunderts von verschiedenen Personen dieser Stadt aus eigenen Mitteln erbaut.&#8221; Das Theater, ein kleines architektonisches Juwel im Herzen von Finalborgo, wurde in voller napoleonischer Zeit, zwischen 1804 und 1806, in den Räumen des bereits bestehenden Kollegiums erbaut, das 1759 von Giovanni Andrea Aycardi gegründet wurde. Es ist daher das älteste erhaltene Theater des 19. Jahrhunderts mit Parterre und Logen in Ligurien.</p>
