{"id":24605,"date":"2026-09-01T11:23:00","date_gmt":"2026-09-01T09:23:00","guid":{"rendered":"https:\/\/visitfinaleligure.it\/esperienza\/una-giornata-da-paleolitico-laboratori-di-archeologia-sperimentale-maf-2\/"},"modified":"2026-09-01T11:23:00","modified_gmt":"2026-09-01T09:23:00","slug":"una-giornata-da-paleolitico-laboratori-di-archeologia-sperimentale-maf-2","status":"publish","type":"esperienza","link":"https:\/\/visitfinaleligure.it\/de\/esperienza\/una-giornata-da-paleolitico-laboratori-di-archeologia-sperimentale-maf-2\/","title":{"rendered":"Una giornata da Paleolitico: laboratori di archeologia sperimentale &#8211; MAF"},"content":{"rendered":"<p><b>\u201eEin Tag im Pal\u00e4olithikum\u201c<br \/><\/b><b>Archaeologisches Museum Finale<\/b><\/p>\n<p><b>11.00-12.00 Uhr:&nbsp;<\/b>Die Kinder stellen mit Steinm\u00fchlen und kleinen M\u00fchlen Pigmente aus nat\u00fcrlichen Erden her und reproduzieren dann Zeichnungen mit Holzkohle an der Wand einer im Labor gebauten H\u00f6hle, um sie dann auszumalen und sich so in K\u00fcnstler der Urgeschichte zu verwandeln.<\/p>\n<p><b>17.00-18.00 Uhr (au\u00dfer am 16. Juli):<\/b>&nbsp;Eine faszinierende Reise zu den Urspr\u00fcngen der Musik bringt die Jugendlichen durch urt\u00fcmliche Kl\u00e4nge zur Entdeckung und Herstellung eines \u201eTrommels\u201c, eines alten schamanischen Instruments, das bis heute von traditionellen V\u00f6lkern verwendet wird. Am Ende des Workshops wird jeder Jugendliche sein eigenes Klanginstrument mit nach Hause nehmen.<\/p>\n<p><\/p>\n","protected":false},"featured_media":0,"template":"","meta":[],"tipi_servizi":[],"temi_vacanza":[],"classificazioni":[],"class_list":["post-24605","esperienza","type-esperienza","status-publish","hentry"],"yoast_head":"<!-- This site is optimized with the Yoast SEO plugin v28.3 - https:\/\/yoast.com\/product\/yoast-seo-wordpress\/ -->\n<title>Una giornata da Paleolitico: laboratori di archeologia sperimentale - MAF - Visit Finale Ligure<\/title>\n<meta name=\"description\" content=\"\u201eEin Tag im Pal\u00e4olithikum\u201cArchaeologisches Museum Finale11.00-12.00 Uhr:&nbsp;Die Kinder stellen mit Steinm\u00fchlen und kleinen M\u00fchlen Pigmente aus\" \/>\n<meta name=\"robots\" content=\"index, follow, max-snippet:-1, max-image-preview:large, max-video-preview:-1\" \/>\n<link rel=\"canonical\" href=\"https:\/\/visitfinaleligure.it\/de\/esperienza\/una-giornata-da-paleolitico-laboratori-di-archeologia-sperimentale-maf-2\/\" \/>\n<meta property=\"og:locale\" content=\"de_DE\" \/>\n<meta property=\"og:type\" content=\"article\" \/>\n<meta property=\"og:title\" content=\"Una giornata da Paleolitico: laboratori di archeologia sperimentale - MAF - Visit Finale Ligure\" \/>\n<meta property=\"og:description\" content=\"\u201eEin Tag im Pal\u00e4olithikum\u201cArchaeologisches Museum Finale11.00-12.00 Uhr:&nbsp;Die Kinder stellen mit Steinm\u00fchlen und kleinen M\u00fchlen Pigmente aus\" \/>\n<meta property=\"og:url\" content=\"https:\/\/visitfinaleligure.it\/de\/esperienza\/una-giornata-da-paleolitico-laboratori-di-archeologia-sperimentale-maf-2\/\" \/>\n<meta property=\"og:site_name\" content=\"Visit Finale Ligure\" \/>\n<meta property=\"article:publisher\" content=\"https:\/\/www.facebook.com\/VisitFinaleLigure\" \/>\n<meta property=\"og:image\" content=\"https:\/\/visitfinaleligure.it\/wp-content\/uploads\/2026\/08\/image-475.jpg\" \/>\n\t<meta property=\"og:image:width\" content=\"1920\" \/>\n\t<meta property=\"og:image:height\" content=\"621\" \/>\n\t<meta property=\"og:image:type\" content=\"image\/jpeg\" \/>\n<meta name=\"twitter:card\" content=\"summary_large_image\" \/>\n<meta name=\"twitter:label1\" content=\"Gesch\u00e4tzte Lesezeit\" \/>\n\t<meta name=\"twitter:data1\" content=\"1\u00a0Minute\" \/>\n<script type=\"application\/ld+json\" class=\"yoast-schema-graph\">{\"@context\":\"https:\\\/\\\/schema.org\",\"@graph\":[{\"@type\":\"WebPage\",\"@id\":\"https:\\\/\\\/visitfinaleligure.it\\\/de\\\/esperienza\\\/una-giornata-da-paleolitico-laboratori-di-archeologia-sperimentale-maf-2\\\/\",\"url\":\"https:\\\/\\\/visitfinaleligure.it\\\/de\\\/esperienza\\\/una-giornata-da-paleolitico-laboratori-di-archeologia-sperimentale-maf-2\\\/\",\"name\":\"Una giornata da Paleolitico: laboratori di archeologia sperimentale - MAF - Visit Finale Ligure\",\"isPartOf\":{\"@id\":\"https:\\\/\\\/visitfinaleligure.it\\\/de\\\/#website\"},\"datePublished\":\"2026-09-01T09:23:00+00:00\",\"description\":\"\u201eEin Tag im Pal\u00e4olithikum\u201cArchaeologisches Museum Finale11.00-12.00 Uhr:&nbsp;Die Kinder stellen mit Steinm\u00fchlen und kleinen M\u00fchlen Pigmente aus\",\"breadcrumb\":{\"@id\":\"https:\\\/\\\/visitfinaleligure.it\\\/de\\\/esperienza\\\/una-giornata-da-paleolitico-laboratori-di-archeologia-sperimentale-maf-2\\\/#breadcrumb\"},\"inLanguage\":\"de\",\"potentialAction\":[{\"@type\":\"ReadAction\",\"target\":[\"https:\\\/\\\/visitfinaleligure.it\\\/de\\\/esperienza\\\/una-giornata-da-paleolitico-laboratori-di-archeologia-sperimentale-maf-2\\\/\"]}]},{\"@type\":\"BreadcrumbList\",\"@id\":\"https:\\\/\\\/visitfinaleligure.it\\\/de\\\/esperienza\\\/una-giornata-da-paleolitico-laboratori-di-archeologia-sperimentale-maf-2\\\/#breadcrumb\",\"itemListElement\":[{\"@type\":\"ListItem\",\"position\":1,\"name\":\"Home\",\"item\":\"https:\\\/\\\/visitfinaleligure.it\\\/de\\\/\"},{\"@type\":\"ListItem\",\"position\":2,\"name\":\"Esperienze\",\"item\":\"https:\\\/\\\/visitfinaleligure.it\\\/de\\\/esperienza\\\/\"},{\"@type\":\"ListItem\",\"position\":3,\"name\":\"Una giornata da Paleolitico: laboratori di archeologia sperimentale &#8211; MAF\"}]},{\"@type\":\"WebSite\",\"@id\":\"https:\\\/\\\/visitfinaleligure.it\\\/de\\\/#website\",\"url\":\"https:\\\/\\\/visitfinaleligure.it\\\/de\\\/\",\"name\":\"Visit Finale Ligure\",\"description\":\"My perfect place\",\"publisher\":{\"@id\":\"https:\\\/\\\/visitfinaleligure.it\\\/de\\\/#organization\"},\"potentialAction\":[{\"@type\":\"SearchAction\",\"target\":{\"@type\":\"EntryPoint\",\"urlTemplate\":\"https:\\\/\\\/visitfinaleligure.it\\\/de\\\/?s={search_term_string}\"},\"query-input\":{\"@type\":\"PropertyValueSpecification\",\"valueRequired\":true,\"valueName\":\"search_term_string\"}}],\"inLanguage\":\"de\"},{\"@type\":\"Organization\",\"@id\":\"https:\\\/\\\/visitfinaleligure.it\\\/de\\\/#organization\",\"name\":\"Comune di Finale Ligure\",\"url\":\"https:\\\/\\\/visitfinaleligure.it\\\/de\\\/\",\"logo\":{\"@type\":\"ImageObject\",\"inLanguage\":\"de\",\"@id\":\"https:\\\/\\\/visitfinaleligure.it\\\/de\\\/#\\\/schema\\\/logo\\\/image\\\/\",\"url\":\"https:\\\/\\\/visitfinaleligure.it\\\/wp-content\\\/uploads\\\/2023\\\/04\\\/cropped-finaleligure-verticale-positivo-200x200-1.png\",\"contentUrl\":\"https:\\\/\\\/visitfinaleligure.it\\\/wp-content\\\/uploads\\\/2023\\\/04\\\/cropped-finaleligure-verticale-positivo-200x200-1.png\",\"width\":512,\"height\":512,\"caption\":\"Comune di Finale Ligure\"},\"image\":{\"@id\":\"https:\\\/\\\/visitfinaleligure.it\\\/de\\\/#\\\/schema\\\/logo\\\/image\\\/\"},\"sameAs\":[\"https:\\\/\\\/www.facebook.com\\\/VisitFinaleLigure\",\"https:\\\/\\\/www.instagram.com\\\/visitfinale\\\/\",\"https:\\\/\\\/www.youtube.com\\\/channel\\\/UCLmoLfNmrAt9mSCll9egttw\"]}]}<\/script>\n<!-- \/ Yoast SEO plugin. -->","yoast_head_json":{"title":"Una giornata da Paleolitico: laboratori di archeologia sperimentale - MAF - Visit Finale Ligure","description":"\u201eEin Tag im Pal\u00e4olithikum\u201cArchaeologisches Museum Finale11.00-12.00 Uhr:&nbsp;Die Kinder stellen mit Steinm\u00fchlen und kleinen M\u00fchlen Pigmente aus","robots":{"index":"index","follow":"follow","max-snippet":"max-snippet:-1","max-image-preview":"max-image-preview:large","max-video-preview":"max-video-preview:-1"},"canonical":"https:\/\/visitfinaleligure.it\/de\/esperienza\/una-giornata-da-paleolitico-laboratori-di-archeologia-sperimentale-maf-2\/","og_locale":"de_DE","og_type":"article","og_title":"Una giornata da Paleolitico: laboratori di archeologia sperimentale - MAF - Visit Finale Ligure","og_description":"\u201eEin Tag im Pal\u00e4olithikum\u201cArchaeologisches Museum Finale11.00-12.00 Uhr:&nbsp;Die Kinder stellen mit Steinm\u00fchlen und kleinen M\u00fchlen Pigmente aus","og_url":"https:\/\/visitfinaleligure.it\/de\/esperienza\/una-giornata-da-paleolitico-laboratori-di-archeologia-sperimentale-maf-2\/","og_site_name":"Visit Finale Ligure","article_publisher":"https:\/\/www.facebook.com\/VisitFinaleLigure","og_image":[{"width":1920,"height":621,"url":"https:\/\/visitfinaleligure.it\/wp-content\/uploads\/2026\/08\/image-475.jpg","type":"image\/jpeg"}],"twitter_card":"summary_large_image","twitter_misc":{"Gesch\u00e4tzte Lesezeit":"1\u00a0Minute"},"schema":{"@context":"https:\/\/schema.org","@graph":[{"@type":"WebPage","@id":"https:\/\/visitfinaleligure.it\/de\/esperienza\/una-giornata-da-paleolitico-laboratori-di-archeologia-sperimentale-maf-2\/","url":"https:\/\/visitfinaleligure.it\/de\/esperienza\/una-giornata-da-paleolitico-laboratori-di-archeologia-sperimentale-maf-2\/","name":"Una giornata da Paleolitico: laboratori di archeologia sperimentale - MAF - Visit Finale Ligure","isPartOf":{"@id":"https:\/\/visitfinaleligure.it\/de\/#website"},"datePublished":"2026-09-01T09:23:00+00:00","description":"\u201eEin Tag im Pal\u00e4olithikum\u201cArchaeologisches Museum Finale11.00-12.00 Uhr:&nbsp;Die Kinder stellen mit Steinm\u00fchlen und kleinen M\u00fchlen Pigmente aus","breadcrumb":{"@id":"https:\/\/visitfinaleligure.it\/de\/esperienza\/una-giornata-da-paleolitico-laboratori-di-archeologia-sperimentale-maf-2\/#breadcrumb"},"inLanguage":"de","potentialAction":[{"@type":"ReadAction","target":["https:\/\/visitfinaleligure.it\/de\/esperienza\/una-giornata-da-paleolitico-laboratori-di-archeologia-sperimentale-maf-2\/"]}]},{"@type":"BreadcrumbList","@id":"https:\/\/visitfinaleligure.it\/de\/esperienza\/una-giornata-da-paleolitico-laboratori-di-archeologia-sperimentale-maf-2\/#breadcrumb","itemListElement":[{"@type":"ListItem","position":1,"name":"Home","item":"https:\/\/visitfinaleligure.it\/de\/"},{"@type":"ListItem","position":2,"name":"Esperienze","item":"https:\/\/visitfinaleligure.it\/de\/esperienza\/"},{"@type":"ListItem","position":3,"name":"Una giornata da Paleolitico: laboratori di archeologia sperimentale &#8211; MAF"}]},{"@type":"WebSite","@id":"https:\/\/visitfinaleligure.it\/de\/#website","url":"https:\/\/visitfinaleligure.it\/de\/","name":"Visit Finale Ligure","description":"My perfect place","publisher":{"@id":"https:\/\/visitfinaleligure.it\/de\/#organization"},"potentialAction":[{"@type":"SearchAction","target":{"@type":"EntryPoint","urlTemplate":"https:\/\/visitfinaleligure.it\/de\/?s={search_term_string}"},"query-input":{"@type":"PropertyValueSpecification","valueRequired":true,"valueName":"search_term_string"}}],"inLanguage":"de"},{"@type":"Organization","@id":"https:\/\/visitfinaleligure.it\/de\/#organization","name":"Comune di Finale Ligure","url":"https:\/\/visitfinaleligure.it\/de\/","logo":{"@type":"ImageObject","inLanguage":"de","@id":"https:\/\/visitfinaleligure.it\/de\/#\/schema\/logo\/image\/","url":"https:\/\/visitfinaleligure.it\/wp-content\/uploads\/2023\/04\/cropped-finaleligure-verticale-positivo-200x200-1.png","contentUrl":"https:\/\/visitfinaleligure.it\/wp-content\/uploads\/2023\/04\/cropped-finaleligure-verticale-positivo-200x200-1.png","width":512,"height":512,"caption":"Comune di Finale Ligure"},"image":{"@id":"https:\/\/visitfinaleligure.it\/de\/#\/schema\/logo\/image\/"},"sameAs":["https:\/\/www.facebook.com\/VisitFinaleLigure","https:\/\/www.instagram.com\/visitfinale\/","https:\/\/www.youtube.com\/channel\/UCLmoLfNmrAt9mSCll9egttw"]}]}},"_links":{"self":[{"href":"https:\/\/visitfinaleligure.it\/de\/wp-json\/wp\/v2\/esperienza\/24605","targetHints":{"allow":["GET"]}}],"collection":[{"href":"https:\/\/visitfinaleligure.it\/de\/wp-json\/wp\/v2\/esperienza"}],"about":[{"href":"https:\/\/visitfinaleligure.it\/de\/wp-json\/wp\/v2\/types\/esperienza"}],"wp:attachment":[{"href":"https:\/\/visitfinaleligure.it\/de\/wp-json\/wp\/v2\/media?parent=24605"}],"wp:term":[{"taxonomy":"tipi_servizi","embeddable":true,"href":"https:\/\/visitfinaleligure.it\/de\/wp-json\/wp\/v2\/tipi_servizi?post=24605"},{"taxonomy":"temi_vacanza","embeddable":true,"href":"https:\/\/visitfinaleligure.it\/de\/wp-json\/wp\/v2\/temi_vacanza?post=24605"},{"taxonomy":"classificazioni","embeddable":true,"href":"https:\/\/visitfinaleligure.it\/de\/wp-json\/wp\/v2\/classificazioni?post=24605"}],"curies":[{"name":"wp","href":"https:\/\/api.w.org\/{rel}","templated":true}]}}

<p><b>„Ein Tag im Paläolithikum“<br /></b><b>Archaeologisches Museum Finale</b></p>
<p><b>11.00-12.00 Uhr:&nbsp;</b>Die Kinder stellen mit Steinmühlen und kleinen Mühlen Pigmente aus natürlichen Erden her und reproduzieren dann Zeichnungen mit Holzkohle an der Wand einer im Labor gebauten Höhle, um sie dann auszumalen und sich so in Künstler der Urgeschichte zu verwandeln.</p>
<p><b>17.00-18.00 Uhr (außer am 16. Juli):</b>&nbsp;Eine faszinierende Reise zu den Ursprüngen der Musik bringt die Jugendlichen durch urtümliche Klänge zur Entdeckung und Herstellung eines „Trommels“, eines alten schamanischen Instruments, das bis heute von traditionellen Völkern verwendet wird. Am Ende des Workshops wird jeder Jugendliche sein eigenes Klanginstrument mit nach Hause nehmen.</p>
<p></p>

<!-- This site is optimized with the Yoast SEO plugin v28.3 - https://yoast.com/product/yoast-seo-wordpress/ -->
<title>Una giornata da Paleolitico: laboratori di archeologia sperimentale - MAF - Visit Finale Ligure</title>
<meta name="description" content="„Ein Tag im Paläolithikum“Archaeologisches Museum Finale11.00-12.00 Uhr:&nbsp;Die Kinder stellen mit Steinmühlen und kleinen Mühlen Pigmente aus" />
<meta name="robots" content="index, follow, max-snippet:-1, max-image-preview:large, max-video-preview:-1" />
<link rel="canonical" href="https://visitfinaleligure.it/de/esperienza/una-giornata-da-paleolitico-laboratori-di-archeologia-sperimentale-maf-2/" />
<meta property="og:locale" content="de_DE" />
<meta property="og:type" content="article" />
<meta property="og:title" content="Una giornata da Paleolitico: laboratori di archeologia sperimentale - MAF - Visit Finale Ligure" />
<meta property="og:description" content="„Ein Tag im Paläolithikum“Archaeologisches Museum Finale11.00-12.00 Uhr:&nbsp;Die Kinder stellen mit Steinmühlen und kleinen Mühlen Pigmente aus" />
<meta property="og:url" content="https://visitfinaleligure.it/de/esperienza/una-giornata-da-paleolitico-laboratori-di-archeologia-sperimentale-maf-2/" />
<meta property="og:site_name" content="Visit Finale Ligure" />
<meta property="article:publisher" content="https://www.facebook.com/VisitFinaleLigure" />
<meta property="og:image" content="https://visitfinaleligure.it/wp-content/uploads/2026/08/image-475.jpg" />
	<meta property="og:image:width" content="1920" />
	<meta property="og:image:height" content="621" />
	<meta property="og:image:type" content="image/jpeg" />
<meta name="twitter:card" content="summary_large_image" />
<meta name="twitter:label1" content="Geschätzte Lesezeit" />
	<meta name="twitter:data1" content="1 Minute" />
<script type="application/ld+json" class="yoast-schema-graph">{"@context":"https:\/\/schema.org","@graph":[{"@type":"WebPage","@id":"https:\/\/visitfinaleligure.it\/de\/esperienza\/una-giornata-da-paleolitico-laboratori-di-archeologia-sperimentale-maf-2\/","url":"https:\/\/visitfinaleligure.it\/de\/esperienza\/una-giornata-da-paleolitico-laboratori-di-archeologia-sperimentale-maf-2\/","name":"Una giornata da Paleolitico: laboratori di archeologia sperimentale - MAF - Visit Finale Ligure","isPartOf":{"@id":"https:\/\/visitfinaleligure.it\/de\/#website"},"datePublished":"2026-09-01T09:23:00+00:00","description":"„Ein Tag im Paläolithikum“Archaeologisches Museum Finale11.00-12.00 Uhr:&nbsp;Die Kinder stellen mit Steinmühlen und kleinen Mühlen Pigmente aus","breadcrumb":{"@id":"https:\/\/visitfinaleligure.it\/de\/esperienza\/una-giornata-da-paleolitico-laboratori-di-archeologia-sperimentale-maf-2\/#breadcrumb"},"inLanguage":"de","potentialAction":[{"@type":"ReadAction","target":["https:\/\/visitfinaleligure.it\/de\/esperienza\/una-giornata-da-paleolitico-laboratori-di-archeologia-sperimentale-maf-2\/"]}]},{"@type":"BreadcrumbList","@id":"https:\/\/visitfinaleligure.it\/de\/esperienza\/una-giornata-da-paleolitico-laboratori-di-archeologia-sperimentale-maf-2\/#breadcrumb","itemListElement":[{"@type":"ListItem","position":1,"name":"Home","item":"https:\/\/visitfinaleligure.it\/de\/"},{"@type":"ListItem","position":2,"name":"Esperienze","item":"https:\/\/visitfinaleligure.it\/de\/esperienza\/"},{"@type":"ListItem","position":3,"name":"Una giornata da Paleolitico: laboratori di archeologia sperimentale &#8211; MAF"}]},{"@type":"WebSite","@id":"https:\/\/visitfinaleligure.it\/de\/#website","url":"https:\/\/visitfinaleligure.it\/de\/","name":"Visit Finale Ligure","description":"My perfect place","publisher":{"@id":"https:\/\/visitfinaleligure.it\/de\/#organization"},"potentialAction":[{"@type":"SearchAction","target":{"@type":"EntryPoint","urlTemplate":"https:\/\/visitfinaleligure.it\/de\/?s={search_term_string}"},"query-input":{"@type":"PropertyValueSpecification","valueRequired":true,"valueName":"search_term_string"}}],"inLanguage":"de"},{"@type":"Organization","@id":"https:\/\/visitfinaleligure.it\/de\/#organization","name":"Comune di Finale Ligure","url":"https:\/\/visitfinaleligure.it\/de\/","logo":{"@type":"ImageObject","inLanguage":"de","@id":"https:\/\/visitfinaleligure.it\/de\/#\/schema\/logo\/image\/","url":"https:\/\/visitfinaleligure.it\/wp-content\/uploads\/2023\/04\/cropped-finaleligure-verticale-positivo-200x200-1.png","contentUrl":"https:\/\/visitfinaleligure.it\/wp-content\/uploads\/2023\/04\/cropped-finaleligure-verticale-positivo-200x200-1.png","width":512,"height":512,"caption":"Comune di Finale Ligure"},"image":{"@id":"https:\/\/visitfinaleligure.it\/de\/#\/schema\/logo\/image\/"},"sameAs":["https:\/\/www.facebook.com\/VisitFinaleLigure","https:\/\/www.instagram.com\/visitfinale\/","https:\/\/www.youtube.com\/channel\/UCLmoLfNmrAt9mSCll9egttw"]}]}</script>
<!-- / Yoast SEO plugin. -->

„Ein Tag im Paläolithikum“Archaeologisches Museum Finale11.00-12.00 Uhr:&nbsp;Die Kinder stellen mit Steinmühlen und kleinen Mühlen Pigmente aus
