{"id":25037,"date":"2026-09-01T11:23:30","date_gmt":"2026-09-01T09:23:30","guid":{"rendered":"https:\/\/visitfinaleligure.it\/esperienza\/varigotti-un-covo-di-saraceni-la-nostra-liguria-2\/"},"modified":"2026-09-01T11:23:30","modified_gmt":"2026-09-01T09:23:30","slug":"varigotti-un-covo-di-saraceni-la-nostra-liguria-2","status":"publish","type":"esperienza","link":"https:\/\/visitfinaleligure.it\/de\/esperienza\/varigotti-un-covo-di-saraceni-la-nostra-liguria-2\/","title":{"rendered":"Varigotti&#8230; un covo di Saraceni? &#8211; LA NOSTRA LIGURIA"},"content":{"rendered":"<p><b>Varigotti<\/b>, \u00fcberaus geliebt f\u00fcr seine ruhige und authentische Atmosph\u00e4re, ist seit jeher ein beliebter R\u00fcckzugsort f\u00fcr K\u00fcnstler, Schriftsteller und Pers\u00f6nlichkeiten aus der Unterhaltungswelt. Das Dorf erstreckt sich zwischen alten mittelalterlichen Kernen, eingebettet zwischen Olivenb\u00e4umen und dem malerischen sarazenesischen Dorf, mit seinen bunten H\u00e4usern und Terrassend\u00e4chern, die direkt auf das Meer blicken.<\/p>\n<p>Indem man den <b>ersten Abschnitt des Pilgerpfades<\/b> folgt, erreicht man einen der aufregendsten Punkte der ligurischen K\u00fcste: die <b>Aussichtsplattform bei der Kirche San Lorenzo<\/b>. Still und majest\u00e4tisch thront diese Kirche \u00fcber der <b>Bucht der Sarazenen<\/b> von einem Felsenvorsprung und bietet einen atemberaubenden Blick.<br \/>Ihr Bild ruft die Verse der Lyrik <i>\u201eAbende in Ligurien\u201c<\/i> von Vincenzo Cardarelli in Erinnerung, der die Kirchen unseres Landes mit \u201eSchiffen, die kurz vor dem Auslaufen stehen\u201c verglich \u2014 ein poetisches Bild, das die Magie dieses Ortes gut beschreibt.<\/p>\n","protected":false},"featured_media":0,"template":"","meta":[],"tipi_servizi":[],"temi_vacanza":[],"classificazioni":[],"class_list":["post-25037","esperienza","type-esperienza","status-publish","hentry"],"yoast_head":"<!-- This site is optimized with the Yoast SEO plugin v28.3 - https:\/\/yoast.com\/product\/yoast-seo-wordpress\/ -->\n<title>Varigotti... un covo di Saraceni? - LA NOSTRA LIGURIA - Visit Finale Ligure<\/title>\n<meta name=\"description\" content=\"Varigotti, \u00fcberaus geliebt f\u00fcr seine ruhige und authentische Atmosph\u00e4re, ist seit jeher ein beliebter R\u00fcckzugsort f\u00fcr K\u00fcnstler, Schriftsteller und\" \/>\n<meta name=\"robots\" content=\"index, follow, max-snippet:-1, max-image-preview:large, max-video-preview:-1\" \/>\n<link rel=\"canonical\" href=\"https:\/\/visitfinaleligure.it\/de\/esperienza\/varigotti-un-covo-di-saraceni-la-nostra-liguria-2\/\" \/>\n<meta property=\"og:locale\" content=\"de_DE\" \/>\n<meta property=\"og:type\" content=\"article\" \/>\n<meta property=\"og:title\" content=\"Varigotti... un covo di Saraceni? - LA NOSTRA LIGURIA - Visit Finale Ligure\" \/>\n<meta property=\"og:description\" content=\"Varigotti, \u00fcberaus geliebt f\u00fcr seine ruhige und authentische Atmosph\u00e4re, ist seit jeher ein beliebter R\u00fcckzugsort f\u00fcr K\u00fcnstler, Schriftsteller und\" \/>\n<meta property=\"og:url\" content=\"https:\/\/visitfinaleligure.it\/de\/esperienza\/varigotti-un-covo-di-saraceni-la-nostra-liguria-2\/\" \/>\n<meta property=\"og:site_name\" content=\"Visit Finale Ligure\" \/>\n<meta property=\"article:publisher\" content=\"https:\/\/www.facebook.com\/VisitFinaleLigure\" \/>\n<meta property=\"og:image\" content=\"https:\/\/visitfinaleligure.it\/wp-content\/uploads\/2026\/08\/image-735.jpg\" \/>\n\t<meta property=\"og:image:width\" content=\"259\" \/>\n\t<meta property=\"og:image:height\" content=\"194\" \/>\n\t<meta property=\"og:image:type\" content=\"image\/jpeg\" \/>\n<meta name=\"twitter:card\" content=\"summary_large_image\" \/>\n<meta name=\"twitter:label1\" content=\"Gesch\u00e4tzte Lesezeit\" \/>\n\t<meta name=\"twitter:data1\" content=\"1\u00a0Minute\" \/>\n<script type=\"application\/ld+json\" class=\"yoast-schema-graph\">{\"@context\":\"https:\\\/\\\/schema.org\",\"@graph\":[{\"@type\":\"WebPage\",\"@id\":\"https:\\\/\\\/visitfinaleligure.it\\\/de\\\/esperienza\\\/varigotti-un-covo-di-saraceni-la-nostra-liguria-2\\\/\",\"url\":\"https:\\\/\\\/visitfinaleligure.it\\\/de\\\/esperienza\\\/varigotti-un-covo-di-saraceni-la-nostra-liguria-2\\\/\",\"name\":\"Varigotti... un covo di Saraceni? - LA NOSTRA LIGURIA - Visit Finale Ligure\",\"isPartOf\":{\"@id\":\"https:\\\/\\\/visitfinaleligure.it\\\/de\\\/#website\"},\"datePublished\":\"2026-09-01T09:23:30+00:00\",\"description\":\"Varigotti, \u00fcberaus geliebt f\u00fcr seine ruhige und authentische Atmosph\u00e4re, ist seit jeher ein beliebter R\u00fcckzugsort f\u00fcr K\u00fcnstler, Schriftsteller und\",\"breadcrumb\":{\"@id\":\"https:\\\/\\\/visitfinaleligure.it\\\/de\\\/esperienza\\\/varigotti-un-covo-di-saraceni-la-nostra-liguria-2\\\/#breadcrumb\"},\"inLanguage\":\"de\",\"potentialAction\":[{\"@type\":\"ReadAction\",\"target\":[\"https:\\\/\\\/visitfinaleligure.it\\\/de\\\/esperienza\\\/varigotti-un-covo-di-saraceni-la-nostra-liguria-2\\\/\"]}]},{\"@type\":\"BreadcrumbList\",\"@id\":\"https:\\\/\\\/visitfinaleligure.it\\\/de\\\/esperienza\\\/varigotti-un-covo-di-saraceni-la-nostra-liguria-2\\\/#breadcrumb\",\"itemListElement\":[{\"@type\":\"ListItem\",\"position\":1,\"name\":\"Home\",\"item\":\"https:\\\/\\\/visitfinaleligure.it\\\/de\\\/\"},{\"@type\":\"ListItem\",\"position\":2,\"name\":\"Esperienze\",\"item\":\"https:\\\/\\\/visitfinaleligure.it\\\/de\\\/esperienza\\\/\"},{\"@type\":\"ListItem\",\"position\":3,\"name\":\"Varigotti&#8230; un covo di Saraceni? &#8211; LA NOSTRA LIGURIA\"}]},{\"@type\":\"WebSite\",\"@id\":\"https:\\\/\\\/visitfinaleligure.it\\\/de\\\/#website\",\"url\":\"https:\\\/\\\/visitfinaleligure.it\\\/de\\\/\",\"name\":\"Visit Finale Ligure\",\"description\":\"My perfect place\",\"publisher\":{\"@id\":\"https:\\\/\\\/visitfinaleligure.it\\\/de\\\/#organization\"},\"potentialAction\":[{\"@type\":\"SearchAction\",\"target\":{\"@type\":\"EntryPoint\",\"urlTemplate\":\"https:\\\/\\\/visitfinaleligure.it\\\/de\\\/?s={search_term_string}\"},\"query-input\":{\"@type\":\"PropertyValueSpecification\",\"valueRequired\":true,\"valueName\":\"search_term_string\"}}],\"inLanguage\":\"de\"},{\"@type\":\"Organization\",\"@id\":\"https:\\\/\\\/visitfinaleligure.it\\\/de\\\/#organization\",\"name\":\"Comune di Finale Ligure\",\"url\":\"https:\\\/\\\/visitfinaleligure.it\\\/de\\\/\",\"logo\":{\"@type\":\"ImageObject\",\"inLanguage\":\"de\",\"@id\":\"https:\\\/\\\/visitfinaleligure.it\\\/de\\\/#\\\/schema\\\/logo\\\/image\\\/\",\"url\":\"https:\\\/\\\/visitfinaleligure.it\\\/wp-content\\\/uploads\\\/2023\\\/04\\\/cropped-finaleligure-verticale-positivo-200x200-1.png\",\"contentUrl\":\"https:\\\/\\\/visitfinaleligure.it\\\/wp-content\\\/uploads\\\/2023\\\/04\\\/cropped-finaleligure-verticale-positivo-200x200-1.png\",\"width\":512,\"height\":512,\"caption\":\"Comune di Finale Ligure\"},\"image\":{\"@id\":\"https:\\\/\\\/visitfinaleligure.it\\\/de\\\/#\\\/schema\\\/logo\\\/image\\\/\"},\"sameAs\":[\"https:\\\/\\\/www.facebook.com\\\/VisitFinaleLigure\",\"https:\\\/\\\/www.instagram.com\\\/visitfinale\\\/\",\"https:\\\/\\\/www.youtube.com\\\/channel\\\/UCLmoLfNmrAt9mSCll9egttw\"]}]}<\/script>\n<!-- \/ Yoast SEO plugin. -->","yoast_head_json":{"title":"Varigotti... un covo di Saraceni? - LA NOSTRA LIGURIA - Visit Finale Ligure","description":"Varigotti, \u00fcberaus geliebt f\u00fcr seine ruhige und authentische Atmosph\u00e4re, ist seit jeher ein beliebter R\u00fcckzugsort f\u00fcr K\u00fcnstler, Schriftsteller und","robots":{"index":"index","follow":"follow","max-snippet":"max-snippet:-1","max-image-preview":"max-image-preview:large","max-video-preview":"max-video-preview:-1"},"canonical":"https:\/\/visitfinaleligure.it\/de\/esperienza\/varigotti-un-covo-di-saraceni-la-nostra-liguria-2\/","og_locale":"de_DE","og_type":"article","og_title":"Varigotti... un covo di Saraceni? - LA NOSTRA LIGURIA - Visit Finale Ligure","og_description":"Varigotti, \u00fcberaus geliebt f\u00fcr seine ruhige und authentische Atmosph\u00e4re, ist seit jeher ein beliebter R\u00fcckzugsort f\u00fcr K\u00fcnstler, Schriftsteller und","og_url":"https:\/\/visitfinaleligure.it\/de\/esperienza\/varigotti-un-covo-di-saraceni-la-nostra-liguria-2\/","og_site_name":"Visit Finale Ligure","article_publisher":"https:\/\/www.facebook.com\/VisitFinaleLigure","og_image":[{"width":259,"height":194,"url":"https:\/\/visitfinaleligure.it\/wp-content\/uploads\/2026\/08\/image-735.jpg","type":"image\/jpeg"}],"twitter_card":"summary_large_image","twitter_misc":{"Gesch\u00e4tzte Lesezeit":"1\u00a0Minute"},"schema":{"@context":"https:\/\/schema.org","@graph":[{"@type":"WebPage","@id":"https:\/\/visitfinaleligure.it\/de\/esperienza\/varigotti-un-covo-di-saraceni-la-nostra-liguria-2\/","url":"https:\/\/visitfinaleligure.it\/de\/esperienza\/varigotti-un-covo-di-saraceni-la-nostra-liguria-2\/","name":"Varigotti... un covo di Saraceni? - LA NOSTRA LIGURIA - Visit Finale Ligure","isPartOf":{"@id":"https:\/\/visitfinaleligure.it\/de\/#website"},"datePublished":"2026-09-01T09:23:30+00:00","description":"Varigotti, \u00fcberaus geliebt f\u00fcr seine ruhige und authentische Atmosph\u00e4re, ist seit jeher ein beliebter R\u00fcckzugsort f\u00fcr K\u00fcnstler, Schriftsteller und","breadcrumb":{"@id":"https:\/\/visitfinaleligure.it\/de\/esperienza\/varigotti-un-covo-di-saraceni-la-nostra-liguria-2\/#breadcrumb"},"inLanguage":"de","potentialAction":[{"@type":"ReadAction","target":["https:\/\/visitfinaleligure.it\/de\/esperienza\/varigotti-un-covo-di-saraceni-la-nostra-liguria-2\/"]}]},{"@type":"BreadcrumbList","@id":"https:\/\/visitfinaleligure.it\/de\/esperienza\/varigotti-un-covo-di-saraceni-la-nostra-liguria-2\/#breadcrumb","itemListElement":[{"@type":"ListItem","position":1,"name":"Home","item":"https:\/\/visitfinaleligure.it\/de\/"},{"@type":"ListItem","position":2,"name":"Esperienze","item":"https:\/\/visitfinaleligure.it\/de\/esperienza\/"},{"@type":"ListItem","position":3,"name":"Varigotti&#8230; un covo di Saraceni? &#8211; LA NOSTRA LIGURIA"}]},{"@type":"WebSite","@id":"https:\/\/visitfinaleligure.it\/de\/#website","url":"https:\/\/visitfinaleligure.it\/de\/","name":"Visit Finale Ligure","description":"My perfect place","publisher":{"@id":"https:\/\/visitfinaleligure.it\/de\/#organization"},"potentialAction":[{"@type":"SearchAction","target":{"@type":"EntryPoint","urlTemplate":"https:\/\/visitfinaleligure.it\/de\/?s={search_term_string}"},"query-input":{"@type":"PropertyValueSpecification","valueRequired":true,"valueName":"search_term_string"}}],"inLanguage":"de"},{"@type":"Organization","@id":"https:\/\/visitfinaleligure.it\/de\/#organization","name":"Comune di Finale Ligure","url":"https:\/\/visitfinaleligure.it\/de\/","logo":{"@type":"ImageObject","inLanguage":"de","@id":"https:\/\/visitfinaleligure.it\/de\/#\/schema\/logo\/image\/","url":"https:\/\/visitfinaleligure.it\/wp-content\/uploads\/2023\/04\/cropped-finaleligure-verticale-positivo-200x200-1.png","contentUrl":"https:\/\/visitfinaleligure.it\/wp-content\/uploads\/2023\/04\/cropped-finaleligure-verticale-positivo-200x200-1.png","width":512,"height":512,"caption":"Comune di Finale Ligure"},"image":{"@id":"https:\/\/visitfinaleligure.it\/de\/#\/schema\/logo\/image\/"},"sameAs":["https:\/\/www.facebook.com\/VisitFinaleLigure","https:\/\/www.instagram.com\/visitfinale\/","https:\/\/www.youtube.com\/channel\/UCLmoLfNmrAt9mSCll9egttw"]}]}},"_links":{"self":[{"href":"https:\/\/visitfinaleligure.it\/de\/wp-json\/wp\/v2\/esperienza\/25037","targetHints":{"allow":["GET"]}}],"collection":[{"href":"https:\/\/visitfinaleligure.it\/de\/wp-json\/wp\/v2\/esperienza"}],"about":[{"href":"https:\/\/visitfinaleligure.it\/de\/wp-json\/wp\/v2\/types\/esperienza"}],"wp:attachment":[{"href":"https:\/\/visitfinaleligure.it\/de\/wp-json\/wp\/v2\/media?parent=25037"}],"wp:term":[{"taxonomy":"tipi_servizi","embeddable":true,"href":"https:\/\/visitfinaleligure.it\/de\/wp-json\/wp\/v2\/tipi_servizi?post=25037"},{"taxonomy":"temi_vacanza","embeddable":true,"href":"https:\/\/visitfinaleligure.it\/de\/wp-json\/wp\/v2\/temi_vacanza?post=25037"},{"taxonomy":"classificazioni","embeddable":true,"href":"https:\/\/visitfinaleligure.it\/de\/wp-json\/wp\/v2\/classificazioni?post=25037"}],"curies":[{"name":"wp","href":"https:\/\/api.w.org\/{rel}","templated":true}]}}

<p><b>Varigotti</b>, überaus geliebt für seine ruhige und authentische Atmosphäre, ist seit jeher ein beliebter Rückzugsort für Künstler, Schriftsteller und Persönlichkeiten aus der Unterhaltungswelt. Das Dorf erstreckt sich zwischen alten mittelalterlichen Kernen, eingebettet zwischen Olivenbäumen und dem malerischen sarazenesischen Dorf, mit seinen bunten Häusern und Terrassendächern, die direkt auf das Meer blicken.</p>
<p>Indem man den <b>ersten Abschnitt des Pilgerpfades</b> folgt, erreicht man einen der aufregendsten Punkte der ligurischen Küste: die <b>Aussichtsplattform bei der Kirche San Lorenzo</b>. Still und majestätisch thront diese Kirche über der <b>Bucht der Sarazenen</b> von einem Felsenvorsprung und bietet einen atemberaubenden Blick.<br />Ihr Bild ruft die Verse der Lyrik <i>„Abende in Ligurien“</i> von Vincenzo Cardarelli in Erinnerung, der die Kirchen unseres Landes mit „Schiffen, die kurz vor dem Auslaufen stehen“ verglich — ein poetisches Bild, das die Magie dieses Ortes gut beschreibt.</p>

<!-- This site is optimized with the Yoast SEO plugin v28.3 - https://yoast.com/product/yoast-seo-wordpress/ -->
<title>Varigotti... un covo di Saraceni? - LA NOSTRA LIGURIA - Visit Finale Ligure</title>
<meta name="description" content="Varigotti, überaus geliebt für seine ruhige und authentische Atmosphäre, ist seit jeher ein beliebter Rückzugsort für Künstler, Schriftsteller und" />
<meta name="robots" content="index, follow, max-snippet:-1, max-image-preview:large, max-video-preview:-1" />
<link rel="canonical" href="https://visitfinaleligure.it/de/esperienza/varigotti-un-covo-di-saraceni-la-nostra-liguria-2/" />
<meta property="og:locale" content="de_DE" />
<meta property="og:type" content="article" />
<meta property="og:title" content="Varigotti... un covo di Saraceni? - LA NOSTRA LIGURIA - Visit Finale Ligure" />
<meta property="og:description" content="Varigotti, überaus geliebt für seine ruhige und authentische Atmosphäre, ist seit jeher ein beliebter Rückzugsort für Künstler, Schriftsteller und" />
<meta property="og:url" content="https://visitfinaleligure.it/de/esperienza/varigotti-un-covo-di-saraceni-la-nostra-liguria-2/" />
<meta property="og:site_name" content="Visit Finale Ligure" />
<meta property="article:publisher" content="https://www.facebook.com/VisitFinaleLigure" />
<meta property="og:image" content="https://visitfinaleligure.it/wp-content/uploads/2026/08/image-735.jpg" />
	<meta property="og:image:width" content="259" />
	<meta property="og:image:height" content="194" />
	<meta property="og:image:type" content="image/jpeg" />
<meta name="twitter:card" content="summary_large_image" />
<meta name="twitter:label1" content="Geschätzte Lesezeit" />
	<meta name="twitter:data1" content="1 Minute" />
<script type="application/ld+json" class="yoast-schema-graph">{"@context":"https:\/\/schema.org","@graph":[{"@type":"WebPage","@id":"https:\/\/visitfinaleligure.it\/de\/esperienza\/varigotti-un-covo-di-saraceni-la-nostra-liguria-2\/","url":"https:\/\/visitfinaleligure.it\/de\/esperienza\/varigotti-un-covo-di-saraceni-la-nostra-liguria-2\/","name":"Varigotti... un covo di Saraceni? - LA NOSTRA LIGURIA - Visit Finale Ligure","isPartOf":{"@id":"https:\/\/visitfinaleligure.it\/de\/#website"},"datePublished":"2026-09-01T09:23:30+00:00","description":"Varigotti, überaus geliebt für seine ruhige und authentische Atmosphäre, ist seit jeher ein beliebter Rückzugsort für Künstler, Schriftsteller und","breadcrumb":{"@id":"https:\/\/visitfinaleligure.it\/de\/esperienza\/varigotti-un-covo-di-saraceni-la-nostra-liguria-2\/#breadcrumb"},"inLanguage":"de","potentialAction":[{"@type":"ReadAction","target":["https:\/\/visitfinaleligure.it\/de\/esperienza\/varigotti-un-covo-di-saraceni-la-nostra-liguria-2\/"]}]},{"@type":"BreadcrumbList","@id":"https:\/\/visitfinaleligure.it\/de\/esperienza\/varigotti-un-covo-di-saraceni-la-nostra-liguria-2\/#breadcrumb","itemListElement":[{"@type":"ListItem","position":1,"name":"Home","item":"https:\/\/visitfinaleligure.it\/de\/"},{"@type":"ListItem","position":2,"name":"Esperienze","item":"https:\/\/visitfinaleligure.it\/de\/esperienza\/"},{"@type":"ListItem","position":3,"name":"Varigotti&#8230; un covo di Saraceni? &#8211; LA NOSTRA LIGURIA"}]},{"@type":"WebSite","@id":"https:\/\/visitfinaleligure.it\/de\/#website","url":"https:\/\/visitfinaleligure.it\/de\/","name":"Visit Finale Ligure","description":"My perfect place","publisher":{"@id":"https:\/\/visitfinaleligure.it\/de\/#organization"},"potentialAction":[{"@type":"SearchAction","target":{"@type":"EntryPoint","urlTemplate":"https:\/\/visitfinaleligure.it\/de\/?s={search_term_string}"},"query-input":{"@type":"PropertyValueSpecification","valueRequired":true,"valueName":"search_term_string"}}],"inLanguage":"de"},{"@type":"Organization","@id":"https:\/\/visitfinaleligure.it\/de\/#organization","name":"Comune di Finale Ligure","url":"https:\/\/visitfinaleligure.it\/de\/","logo":{"@type":"ImageObject","inLanguage":"de","@id":"https:\/\/visitfinaleligure.it\/de\/#\/schema\/logo\/image\/","url":"https:\/\/visitfinaleligure.it\/wp-content\/uploads\/2023\/04\/cropped-finaleligure-verticale-positivo-200x200-1.png","contentUrl":"https:\/\/visitfinaleligure.it\/wp-content\/uploads\/2023\/04\/cropped-finaleligure-verticale-positivo-200x200-1.png","width":512,"height":512,"caption":"Comune di Finale Ligure"},"image":{"@id":"https:\/\/visitfinaleligure.it\/de\/#\/schema\/logo\/image\/"},"sameAs":["https:\/\/www.facebook.com\/VisitFinaleLigure","https:\/\/www.instagram.com\/visitfinale\/","https:\/\/www.youtube.com\/channel\/UCLmoLfNmrAt9mSCll9egttw"]}]}</script>
<!-- / Yoast SEO plugin. -->

Varigotti, überaus geliebt für seine ruhige und authentische Atmosphäre, ist seit jeher ein beliebter Rückzugsort für Künstler, Schriftsteller und
