{"id":23687,"date":"2026-08-27T11:19:40","date_gmt":"2026-08-27T09:19:40","guid":{"rendered":"https:\/\/visitfinaleligure.it\/evento\/museo-in-musica-sax-quartet-2\/"},"modified":"2026-08-27T11:19:40","modified_gmt":"2026-08-27T09:19:40","slug":"museo-in-musica-sax-quartet-2","status":"publish","type":"evento","link":"https:\/\/visitfinaleligure.it\/de\/evento\/museo-in-musica-sax-quartet-2\/","title":{"rendered":"Museo in musica: sax quartet"},"content":{"rendered":"<h2>Musikmuseum: Streichinstrumente, Fl\u00f6te&nbsp;und Gitarre<\/h2>\n<p><i>in Zusammenarbeit mit: Arch\u00e4ologisches Museum Finale in Zusammenarbeit mit den Musikern des BRG ORCHESTRA der Philharmonie von Finalborgo und dem Sozialbistro &#8220;Nonunomeno&#8221;<\/i><\/p>\n<p><b>Montag, 10. August, 18.30 &#8211; 20.30 Uhr<\/b><\/p>\n<p>Die R\u00e4ume des Museums f\u00fcllen sich mit den Kl\u00e4ngen des Ensembles der BRG ORCHESTRA der Philharmonie von Finalborgo.&nbsp;W\u00e4hrend des Abends wird das BRG&nbsp;Saxophonquartett mit einem musikalischen Repertoire auftreten, das sich \u00fcber verschiedene Genres erstreckt, darunter klassische Musik, Jazz, Ragtime, Filmmusiken und originale Transkriptionen f\u00fcr Saxophonquartett, die von den bekanntesten Musikern des 20. Jahrhunderts erstellt wurden. Das Konzert ist Teil der Feierlichkeiten zum 200-j\u00e4hrigen Bestehen der Philharmonie von Finalborgo. Im Anschluss wird ein kleiner Buffetimbiss vom Sozialbistro &#8220;Nonunomeno&#8221; angeboten.<\/p>\n<p><b><u>Begrenzte Pl\u00e4tze &#8211; Reservierung erforderlich: 019 690020 \/ 351 7306191<\/u><\/b><\/p>\n<p><b><u>Teilnahmegeb\u00fchr: 15,00 pro Person, einheitlicher Tarif.<\/u><\/b><\/p>\n<p><b><u><\/u><\/b>&nbsp;<\/p>\n","protected":false},"featured_media":0,"template":"","meta":[],"localita":[201],"temi_vacanza":[1365,1385],"classificazioni":[1368,1386],"eventi_seriali":[],"servizi":[],"class_list":["post-23687","evento","type-evento","status-publish","hentry","localita-finalborgo","temi_vacanza-cultura","temi_vacanza-mudif","classificazioni-cultura","classificazioni-mudif"],"yoast_head":"<!-- This site is optimized with the Yoast SEO plugin v28.3 - https:\/\/yoast.com\/product\/yoast-seo-wordpress\/ -->\n<title>Museo in musica: sax quartet - Visit Finale Ligure<\/title>\n<meta name=\"description\" content=\"Musikmuseum: Streichinstrumente, Fl\u00f6te&nbsp;und Gitarre in Zusammenarbeit mit: Arch\u00e4ologisches Museum Finale in Zusammenarbeit mit den Musikern des BRG\" \/>\n<meta name=\"robots\" content=\"index, follow, max-snippet:-1, max-image-preview:large, max-video-preview:-1\" \/>\n<link rel=\"canonical\" href=\"https:\/\/visitfinaleligure.it\/de\/evento\/museo-in-musica-sax-quartet-2\/\" \/>\n<meta property=\"og:locale\" content=\"de_DE\" \/>\n<meta property=\"og:type\" content=\"article\" \/>\n<meta property=\"og:title\" content=\"Museo in musica: sax quartet - Visit Finale Ligure\" \/>\n<meta property=\"og:description\" content=\"Musikmuseum: Streichinstrumente, Fl\u00f6te&nbsp;und Gitarre in Zusammenarbeit mit: Arch\u00e4ologisches Museum Finale in Zusammenarbeit mit den Musikern des BRG\" \/>\n<meta property=\"og:url\" content=\"https:\/\/visitfinaleligure.it\/de\/evento\/museo-in-musica-sax-quartet-2\/\" \/>\n<meta property=\"og:site_name\" content=\"Visit Finale Ligure\" \/>\n<meta property=\"article:publisher\" content=\"https:\/\/www.facebook.com\/VisitFinaleLigure\" \/>\n<meta property=\"og:image\" content=\"https:\/\/visitfinaleligure.it\/wp-content\/uploads\/2023\/03\/Capo-caprazoppa-1-1.jpg\" \/>\n\t<meta property=\"og:image:width\" content=\"2500\" \/>\n\t<meta property=\"og:image:height\" content=\"1405\" \/>\n\t<meta property=\"og:image:type\" content=\"image\/jpeg\" \/>\n<meta name=\"twitter:card\" content=\"summary_large_image\" \/>\n<meta name=\"twitter:label1\" content=\"Gesch\u00e4tzte Lesezeit\" \/>\n\t<meta name=\"twitter:data1\" content=\"1\u00a0Minute\" \/>\n<script type=\"application\/ld+json\" class=\"yoast-schema-graph\">{\"@context\":\"https:\\\/\\\/schema.org\",\"@graph\":[{\"@type\":\"WebPage\",\"@id\":\"https:\\\/\\\/visitfinaleligure.it\\\/de\\\/evento\\\/museo-in-musica-sax-quartet-2\\\/\",\"url\":\"https:\\\/\\\/visitfinaleligure.it\\\/de\\\/evento\\\/museo-in-musica-sax-quartet-2\\\/\",\"name\":\"Museo in musica: sax quartet - Visit Finale Ligure\",\"isPartOf\":{\"@id\":\"https:\\\/\\\/visitfinaleligure.it\\\/de\\\/#website\"},\"datePublished\":\"2026-08-27T09:19:40+00:00\",\"description\":\"Musikmuseum: Streichinstrumente, Fl\u00f6te&nbsp;und Gitarre in Zusammenarbeit mit: Arch\u00e4ologisches Museum Finale in Zusammenarbeit mit den Musikern des BRG\",\"breadcrumb\":{\"@id\":\"https:\\\/\\\/visitfinaleligure.it\\\/de\\\/evento\\\/museo-in-musica-sax-quartet-2\\\/#breadcrumb\"},\"inLanguage\":\"de\",\"potentialAction\":[{\"@type\":\"ReadAction\",\"target\":[\"https:\\\/\\\/visitfinaleligure.it\\\/de\\\/evento\\\/museo-in-musica-sax-quartet-2\\\/\"]}]},{\"@type\":\"BreadcrumbList\",\"@id\":\"https:\\\/\\\/visitfinaleligure.it\\\/de\\\/evento\\\/museo-in-musica-sax-quartet-2\\\/#breadcrumb\",\"itemListElement\":[{\"@type\":\"ListItem\",\"position\":1,\"name\":\"Home\",\"item\":\"https:\\\/\\\/visitfinaleligure.it\\\/de\\\/\"},{\"@type\":\"ListItem\",\"position\":2,\"name\":\"Eventi\",\"item\":\"https:\\\/\\\/visitfinaleligure.it\\\/de\\\/evento\\\/\"},{\"@type\":\"ListItem\",\"position\":3,\"name\":\"Museo in musica: sax quartet\"}]},{\"@type\":\"WebSite\",\"@id\":\"https:\\\/\\\/visitfinaleligure.it\\\/de\\\/#website\",\"url\":\"https:\\\/\\\/visitfinaleligure.it\\\/de\\\/\",\"name\":\"Visit Finale Ligure\",\"description\":\"My perfect place\",\"publisher\":{\"@id\":\"https:\\\/\\\/visitfinaleligure.it\\\/de\\\/#organization\"},\"potentialAction\":[{\"@type\":\"SearchAction\",\"target\":{\"@type\":\"EntryPoint\",\"urlTemplate\":\"https:\\\/\\\/visitfinaleligure.it\\\/de\\\/?s={search_term_string}\"},\"query-input\":{\"@type\":\"PropertyValueSpecification\",\"valueRequired\":true,\"valueName\":\"search_term_string\"}}],\"inLanguage\":\"de\"},{\"@type\":\"Organization\",\"@id\":\"https:\\\/\\\/visitfinaleligure.it\\\/de\\\/#organization\",\"name\":\"Comune di Finale Ligure\",\"url\":\"https:\\\/\\\/visitfinaleligure.it\\\/de\\\/\",\"logo\":{\"@type\":\"ImageObject\",\"inLanguage\":\"de\",\"@id\":\"https:\\\/\\\/visitfinaleligure.it\\\/de\\\/#\\\/schema\\\/logo\\\/image\\\/\",\"url\":\"https:\\\/\\\/visitfinaleligure.it\\\/wp-content\\\/uploads\\\/2023\\\/04\\\/cropped-finaleligure-verticale-positivo-200x200-1.png\",\"contentUrl\":\"https:\\\/\\\/visitfinaleligure.it\\\/wp-content\\\/uploads\\\/2023\\\/04\\\/cropped-finaleligure-verticale-positivo-200x200-1.png\",\"width\":512,\"height\":512,\"caption\":\"Comune di Finale Ligure\"},\"image\":{\"@id\":\"https:\\\/\\\/visitfinaleligure.it\\\/de\\\/#\\\/schema\\\/logo\\\/image\\\/\"},\"sameAs\":[\"https:\\\/\\\/www.facebook.com\\\/VisitFinaleLigure\",\"https:\\\/\\\/www.instagram.com\\\/visitfinale\\\/\",\"https:\\\/\\\/www.youtube.com\\\/channel\\\/UCLmoLfNmrAt9mSCll9egttw\"]}]}<\/script>\n<!-- \/ Yoast SEO plugin. -->","yoast_head_json":{"title":"Museo in musica: sax quartet - Visit Finale Ligure","description":"Musikmuseum: Streichinstrumente, Fl\u00f6te&nbsp;und Gitarre in Zusammenarbeit mit: Arch\u00e4ologisches Museum Finale in Zusammenarbeit mit den Musikern des BRG","robots":{"index":"index","follow":"follow","max-snippet":"max-snippet:-1","max-image-preview":"max-image-preview:large","max-video-preview":"max-video-preview:-1"},"canonical":"https:\/\/visitfinaleligure.it\/de\/evento\/museo-in-musica-sax-quartet-2\/","og_locale":"de_DE","og_type":"article","og_title":"Museo in musica: sax quartet - Visit Finale Ligure","og_description":"Musikmuseum: Streichinstrumente, Fl\u00f6te&nbsp;und Gitarre in Zusammenarbeit mit: Arch\u00e4ologisches Museum Finale in Zusammenarbeit mit den Musikern des BRG","og_url":"https:\/\/visitfinaleligure.it\/de\/evento\/museo-in-musica-sax-quartet-2\/","og_site_name":"Visit Finale Ligure","article_publisher":"https:\/\/www.facebook.com\/VisitFinaleLigure","og_image":[{"width":2500,"height":1405,"url":"https:\/\/visitfinaleligure.it\/wp-content\/uploads\/2023\/03\/Capo-caprazoppa-1-1.jpg","type":"image\/jpeg"}],"twitter_card":"summary_large_image","twitter_misc":{"Gesch\u00e4tzte Lesezeit":"1\u00a0Minute"},"schema":{"@context":"https:\/\/schema.org","@graph":[{"@type":"WebPage","@id":"https:\/\/visitfinaleligure.it\/de\/evento\/museo-in-musica-sax-quartet-2\/","url":"https:\/\/visitfinaleligure.it\/de\/evento\/museo-in-musica-sax-quartet-2\/","name":"Museo in musica: sax quartet - Visit Finale Ligure","isPartOf":{"@id":"https:\/\/visitfinaleligure.it\/de\/#website"},"datePublished":"2026-08-27T09:19:40+00:00","description":"Musikmuseum: Streichinstrumente, Fl\u00f6te&nbsp;und Gitarre in Zusammenarbeit mit: Arch\u00e4ologisches Museum Finale in Zusammenarbeit mit den Musikern des BRG","breadcrumb":{"@id":"https:\/\/visitfinaleligure.it\/de\/evento\/museo-in-musica-sax-quartet-2\/#breadcrumb"},"inLanguage":"de","potentialAction":[{"@type":"ReadAction","target":["https:\/\/visitfinaleligure.it\/de\/evento\/museo-in-musica-sax-quartet-2\/"]}]},{"@type":"BreadcrumbList","@id":"https:\/\/visitfinaleligure.it\/de\/evento\/museo-in-musica-sax-quartet-2\/#breadcrumb","itemListElement":[{"@type":"ListItem","position":1,"name":"Home","item":"https:\/\/visitfinaleligure.it\/de\/"},{"@type":"ListItem","position":2,"name":"Eventi","item":"https:\/\/visitfinaleligure.it\/de\/evento\/"},{"@type":"ListItem","position":3,"name":"Museo in musica: sax quartet"}]},{"@type":"WebSite","@id":"https:\/\/visitfinaleligure.it\/de\/#website","url":"https:\/\/visitfinaleligure.it\/de\/","name":"Visit Finale Ligure","description":"My perfect place","publisher":{"@id":"https:\/\/visitfinaleligure.it\/de\/#organization"},"potentialAction":[{"@type":"SearchAction","target":{"@type":"EntryPoint","urlTemplate":"https:\/\/visitfinaleligure.it\/de\/?s={search_term_string}"},"query-input":{"@type":"PropertyValueSpecification","valueRequired":true,"valueName":"search_term_string"}}],"inLanguage":"de"},{"@type":"Organization","@id":"https:\/\/visitfinaleligure.it\/de\/#organization","name":"Comune di Finale Ligure","url":"https:\/\/visitfinaleligure.it\/de\/","logo":{"@type":"ImageObject","inLanguage":"de","@id":"https:\/\/visitfinaleligure.it\/de\/#\/schema\/logo\/image\/","url":"https:\/\/visitfinaleligure.it\/wp-content\/uploads\/2023\/04\/cropped-finaleligure-verticale-positivo-200x200-1.png","contentUrl":"https:\/\/visitfinaleligure.it\/wp-content\/uploads\/2023\/04\/cropped-finaleligure-verticale-positivo-200x200-1.png","width":512,"height":512,"caption":"Comune di Finale Ligure"},"image":{"@id":"https:\/\/visitfinaleligure.it\/de\/#\/schema\/logo\/image\/"},"sameAs":["https:\/\/www.facebook.com\/VisitFinaleLigure","https:\/\/www.instagram.com\/visitfinale\/","https:\/\/www.youtube.com\/channel\/UCLmoLfNmrAt9mSCll9egttw"]}]}},"_links":{"self":[{"href":"https:\/\/visitfinaleligure.it\/de\/wp-json\/wp\/v2\/evento\/23687","targetHints":{"allow":["GET"]}}],"collection":[{"href":"https:\/\/visitfinaleligure.it\/de\/wp-json\/wp\/v2\/evento"}],"about":[{"href":"https:\/\/visitfinaleligure.it\/de\/wp-json\/wp\/v2\/types\/evento"}],"wp:attachment":[{"href":"https:\/\/visitfinaleligure.it\/de\/wp-json\/wp\/v2\/media?parent=23687"}],"wp:term":[{"taxonomy":"localita","embeddable":true,"href":"https:\/\/visitfinaleligure.it\/de\/wp-json\/wp\/v2\/localita?post=23687"},{"taxonomy":"temi_vacanza","embeddable":true,"href":"https:\/\/visitfinaleligure.it\/de\/wp-json\/wp\/v2\/temi_vacanza?post=23687"},{"taxonomy":"classificazioni","embeddable":true,"href":"https:\/\/visitfinaleligure.it\/de\/wp-json\/wp\/v2\/classificazioni?post=23687"},{"taxonomy":"eventi_seriali","embeddable":true,"href":"https:\/\/visitfinaleligure.it\/de\/wp-json\/wp\/v2\/eventi_seriali?post=23687"},{"taxonomy":"servizi","embeddable":true,"href":"https:\/\/visitfinaleligure.it\/de\/wp-json\/wp\/v2\/servizi?post=23687"}],"curies":[{"name":"wp","href":"https:\/\/api.w.org\/{rel}","templated":true}]}}

<h2>Musikmuseum: Streichinstrumente, Flöte&nbsp;und Gitarre</h2>
<p><i>in Zusammenarbeit mit: Archäologisches Museum Finale in Zusammenarbeit mit den Musikern des BRG ORCHESTRA der Philharmonie von Finalborgo und dem Sozialbistro &#8220;Nonunomeno&#8221;</i></p>
<p><b>Montag, 10. August, 18.30 &#8211; 20.30 Uhr</b></p>
<p>Die Räume des Museums füllen sich mit den Klängen des Ensembles der BRG ORCHESTRA der Philharmonie von Finalborgo.&nbsp;Während des Abends wird das BRG&nbsp;Saxophonquartett mit einem musikalischen Repertoire auftreten, das sich über verschiedene Genres erstreckt, darunter klassische Musik, Jazz, Ragtime, Filmmusiken und originale Transkriptionen für Saxophonquartett, die von den bekanntesten Musikern des 20. Jahrhunderts erstellt wurden. Das Konzert ist Teil der Feierlichkeiten zum 200-jährigen Bestehen der Philharmonie von Finalborgo. Im Anschluss wird ein kleiner Buffetimbiss vom Sozialbistro &#8220;Nonunomeno&#8221; angeboten.</p>
<p><b><u>Begrenzte Plätze &#8211; Reservierung erforderlich: 019 690020 / 351 7306191</u></b></p>
<p><b><u>Teilnahmegebühr: 15,00 pro Person, einheitlicher Tarif.</u></b></p>
<p><b><u></u></b>&nbsp;</p>

<!-- This site is optimized with the Yoast SEO plugin v28.3 - https://yoast.com/product/yoast-seo-wordpress/ -->
<title>Museo in musica: sax quartet - Visit Finale Ligure</title>
<meta name="description" content="Musikmuseum: Streichinstrumente, Flöte&nbsp;und Gitarre in Zusammenarbeit mit: Archäologisches Museum Finale in Zusammenarbeit mit den Musikern des BRG" />
<meta name="robots" content="index, follow, max-snippet:-1, max-image-preview:large, max-video-preview:-1" />
<link rel="canonical" href="https://visitfinaleligure.it/de/evento/museo-in-musica-sax-quartet-2/" />
<meta property="og:locale" content="de_DE" />
<meta property="og:type" content="article" />
<meta property="og:title" content="Museo in musica: sax quartet - Visit Finale Ligure" />
<meta property="og:description" content="Musikmuseum: Streichinstrumente, Flöte&nbsp;und Gitarre in Zusammenarbeit mit: Archäologisches Museum Finale in Zusammenarbeit mit den Musikern des BRG" />
<meta property="og:url" content="https://visitfinaleligure.it/de/evento/museo-in-musica-sax-quartet-2/" />
<meta property="og:site_name" content="Visit Finale Ligure" />
<meta property="article:publisher" content="https://www.facebook.com/VisitFinaleLigure" />
<meta property="og:image" content="https://visitfinaleligure.it/wp-content/uploads/2023/03/Capo-caprazoppa-1-1.jpg" />
	<meta property="og:image:width" content="2500" />
	<meta property="og:image:height" content="1405" />
	<meta property="og:image:type" content="image/jpeg" />
<meta name="twitter:card" content="summary_large_image" />
<meta name="twitter:label1" content="Geschätzte Lesezeit" />
	<meta name="twitter:data1" content="1 Minute" />
<script type="application/ld+json" class="yoast-schema-graph">{"@context":"https:\/\/schema.org","@graph":[{"@type":"WebPage","@id":"https:\/\/visitfinaleligure.it\/de\/evento\/museo-in-musica-sax-quartet-2\/","url":"https:\/\/visitfinaleligure.it\/de\/evento\/museo-in-musica-sax-quartet-2\/","name":"Museo in musica: sax quartet - Visit Finale Ligure","isPartOf":{"@id":"https:\/\/visitfinaleligure.it\/de\/#website"},"datePublished":"2026-08-27T09:19:40+00:00","description":"Musikmuseum: Streichinstrumente, Flöte&nbsp;und Gitarre in Zusammenarbeit mit: Archäologisches Museum Finale in Zusammenarbeit mit den Musikern des BRG","breadcrumb":{"@id":"https:\/\/visitfinaleligure.it\/de\/evento\/museo-in-musica-sax-quartet-2\/#breadcrumb"},"inLanguage":"de","potentialAction":[{"@type":"ReadAction","target":["https:\/\/visitfinaleligure.it\/de\/evento\/museo-in-musica-sax-quartet-2\/"]}]},{"@type":"BreadcrumbList","@id":"https:\/\/visitfinaleligure.it\/de\/evento\/museo-in-musica-sax-quartet-2\/#breadcrumb","itemListElement":[{"@type":"ListItem","position":1,"name":"Home","item":"https:\/\/visitfinaleligure.it\/de\/"},{"@type":"ListItem","position":2,"name":"Eventi","item":"https:\/\/visitfinaleligure.it\/de\/evento\/"},{"@type":"ListItem","position":3,"name":"Museo in musica: sax quartet"}]},{"@type":"WebSite","@id":"https:\/\/visitfinaleligure.it\/de\/#website","url":"https:\/\/visitfinaleligure.it\/de\/","name":"Visit Finale Ligure","description":"My perfect place","publisher":{"@id":"https:\/\/visitfinaleligure.it\/de\/#organization"},"potentialAction":[{"@type":"SearchAction","target":{"@type":"EntryPoint","urlTemplate":"https:\/\/visitfinaleligure.it\/de\/?s={search_term_string}"},"query-input":{"@type":"PropertyValueSpecification","valueRequired":true,"valueName":"search_term_string"}}],"inLanguage":"de"},{"@type":"Organization","@id":"https:\/\/visitfinaleligure.it\/de\/#organization","name":"Comune di Finale Ligure","url":"https:\/\/visitfinaleligure.it\/de\/","logo":{"@type":"ImageObject","inLanguage":"de","@id":"https:\/\/visitfinaleligure.it\/de\/#\/schema\/logo\/image\/","url":"https:\/\/visitfinaleligure.it\/wp-content\/uploads\/2023\/04\/cropped-finaleligure-verticale-positivo-200x200-1.png","contentUrl":"https:\/\/visitfinaleligure.it\/wp-content\/uploads\/2023\/04\/cropped-finaleligure-verticale-positivo-200x200-1.png","width":512,"height":512,"caption":"Comune di Finale Ligure"},"image":{"@id":"https:\/\/visitfinaleligure.it\/de\/#\/schema\/logo\/image\/"},"sameAs":["https:\/\/www.facebook.com\/VisitFinaleLigure","https:\/\/www.instagram.com\/visitfinale\/","https:\/\/www.youtube.com\/channel\/UCLmoLfNmrAt9mSCll9egttw"]}]}</script>
<!-- / Yoast SEO plugin. -->

Musikmuseum: Streichinstrumente, Flöte&nbsp;und Gitarre in Zusammenarbeit mit: Archäologisches Museum Finale in Zusammenarbeit mit den Musikern des BRG
