{"id":23715,"date":"2026-08-27T11:19:42","date_gmt":"2026-08-27T09:19:42","guid":{"rendered":"https:\/\/visitfinaleligure.it\/evento\/una-giornata-da-paleolitico-laboratori-di-archeologia-sperimentale-2\/"},"modified":"2026-08-27T11:19:42","modified_gmt":"2026-08-27T09:19:42","slug":"una-giornata-da-paleolitico-laboratori-di-archeologia-sperimentale-2","status":"publish","type":"evento","link":"https:\/\/visitfinaleligure.it\/de\/evento\/una-giornata-da-paleolitico-laboratori-di-archeologia-sperimentale-2\/","title":{"rendered":"Una giornata da Paleolitico: laboratori di archeologia sperimentale"},"content":{"rendered":"<p><b><u><\/u>LaDAS &#8211; Didaktische Laboratorien f\u00fcr Experimentelle Arch\u00e4ologie <br \/><\/b><i>In Zusammenarbeit mit: Museo Archeologico del Finale <\/i><\/p>\n<p><b>\u201eEin Tag im Pal\u00e4olithikum\u201c<\/b><br \/><b>Museo Archeologico del Finale<\/b><\/p>\n<p><b>von 11.00 bis 12.00 Uhr: <\/b>Die Kinder produzieren nach dem Mahlen mit Steinen und Steinm\u00fchlen Pigmente aus nat\u00fcrlichen Erden und reproduzieren Zeichnungen mit Holzkohle an der Wand einer im Labor aufgebauten H\u00f6hle, um sie dann zu kolorieren und sich so in K\u00fcnstler der Vorgeschichte zu verwandeln.<br \/><b>von 17.00 bis 18.00 Uhr (au\u00dfer am 16. Juli):<\/b> Eine faszinierende Reise zu den Urspr\u00fcngen der Musik nimmt die Jugendlichen mit auf eine Entdeckungstour durch urt\u00fcmliche Kl\u00e4nge und zur Herstellung eines \u201eDonners\u201c, einem alten, schamanischen Musikinstrument, das auch heute noch von traditionellen V\u00f6lkern verwendet wird. Am Ende des Workshops nimmt jeder Junge sein eigenes Musikinstrument mit nach Hause.<\/p>\n<p><u>Vorreservierung erforderlich: Tel. 019.690020 \u2013 351.7306191<\/u><\/p>\n","protected":false},"featured_media":0,"template":"","meta":[],"localita":[201],"temi_vacanza":[1365,1385,1372],"classificazioni":[1368,1386,1374],"eventi_seriali":[],"servizi":[1395],"class_list":["post-23715","evento","type-evento","status-publish","hentry","localita-finalborgo","temi_vacanza-cultura","temi_vacanza-mudif","temi_vacanza-relax-lifestyle","classificazioni-cultura","classificazioni-mudif","classificazioni-relax-lifestyle","servizi-animazioni-per-bambini"],"yoast_head":"<!-- This site is optimized with the Yoast SEO plugin v28.3 - https:\/\/yoast.com\/product\/yoast-seo-wordpress\/ -->\n<title>Una giornata da Paleolitico: laboratori di archeologia sperimentale - Visit Finale Ligure<\/title>\n<meta name=\"description\" content=\"LaDAS - Didaktische Laboratorien f\u00fcr Experimentelle Arch\u00e4ologie In Zusammenarbeit mit: Museo Archeologico del Finale \u201eEin Tag im Pal\u00e4olithikum\u201cMuseo\" \/>\n<meta name=\"robots\" content=\"index, follow, max-snippet:-1, max-image-preview:large, max-video-preview:-1\" \/>\n<link rel=\"canonical\" href=\"https:\/\/visitfinaleligure.it\/de\/evento\/una-giornata-da-paleolitico-laboratori-di-archeologia-sperimentale-2\/\" \/>\n<meta property=\"og:locale\" content=\"de_DE\" \/>\n<meta property=\"og:type\" content=\"article\" \/>\n<meta property=\"og:title\" content=\"Una giornata da Paleolitico: laboratori di archeologia sperimentale - Visit Finale Ligure\" \/>\n<meta property=\"og:description\" content=\"LaDAS - Didaktische Laboratorien f\u00fcr Experimentelle Arch\u00e4ologie In Zusammenarbeit mit: Museo Archeologico del Finale \u201eEin Tag im Pal\u00e4olithikum\u201cMuseo\" \/>\n<meta property=\"og:url\" content=\"https:\/\/visitfinaleligure.it\/de\/evento\/una-giornata-da-paleolitico-laboratori-di-archeologia-sperimentale-2\/\" \/>\n<meta property=\"og:site_name\" content=\"Visit Finale Ligure\" \/>\n<meta property=\"article:publisher\" content=\"https:\/\/www.facebook.com\/VisitFinaleLigure\" \/>\n<meta property=\"og:image\" content=\"https:\/\/visitfinaleligure.it\/wp-content\/uploads\/2023\/03\/Capo-caprazoppa-1-1.jpg\" \/>\n\t<meta property=\"og:image:width\" content=\"2500\" \/>\n\t<meta property=\"og:image:height\" content=\"1405\" \/>\n\t<meta property=\"og:image:type\" content=\"image\/jpeg\" \/>\n<meta name=\"twitter:card\" content=\"summary_large_image\" \/>\n<meta name=\"twitter:label1\" content=\"Gesch\u00e4tzte Lesezeit\" \/>\n\t<meta name=\"twitter:data1\" content=\"1\u00a0Minute\" \/>\n<script type=\"application\/ld+json\" class=\"yoast-schema-graph\">{\"@context\":\"https:\\\/\\\/schema.org\",\"@graph\":[{\"@type\":\"WebPage\",\"@id\":\"https:\\\/\\\/visitfinaleligure.it\\\/de\\\/evento\\\/una-giornata-da-paleolitico-laboratori-di-archeologia-sperimentale-2\\\/\",\"url\":\"https:\\\/\\\/visitfinaleligure.it\\\/de\\\/evento\\\/una-giornata-da-paleolitico-laboratori-di-archeologia-sperimentale-2\\\/\",\"name\":\"Una giornata da Paleolitico: laboratori di archeologia sperimentale - Visit Finale Ligure\",\"isPartOf\":{\"@id\":\"https:\\\/\\\/visitfinaleligure.it\\\/de\\\/#website\"},\"datePublished\":\"2026-08-27T09:19:42+00:00\",\"description\":\"LaDAS - Didaktische Laboratorien f\u00fcr Experimentelle Arch\u00e4ologie In Zusammenarbeit mit: Museo Archeologico del Finale \u201eEin Tag im Pal\u00e4olithikum\u201cMuseo\",\"breadcrumb\":{\"@id\":\"https:\\\/\\\/visitfinaleligure.it\\\/de\\\/evento\\\/una-giornata-da-paleolitico-laboratori-di-archeologia-sperimentale-2\\\/#breadcrumb\"},\"inLanguage\":\"de\",\"potentialAction\":[{\"@type\":\"ReadAction\",\"target\":[\"https:\\\/\\\/visitfinaleligure.it\\\/de\\\/evento\\\/una-giornata-da-paleolitico-laboratori-di-archeologia-sperimentale-2\\\/\"]}]},{\"@type\":\"BreadcrumbList\",\"@id\":\"https:\\\/\\\/visitfinaleligure.it\\\/de\\\/evento\\\/una-giornata-da-paleolitico-laboratori-di-archeologia-sperimentale-2\\\/#breadcrumb\",\"itemListElement\":[{\"@type\":\"ListItem\",\"position\":1,\"name\":\"Home\",\"item\":\"https:\\\/\\\/visitfinaleligure.it\\\/de\\\/\"},{\"@type\":\"ListItem\",\"position\":2,\"name\":\"Eventi\",\"item\":\"https:\\\/\\\/visitfinaleligure.it\\\/de\\\/evento\\\/\"},{\"@type\":\"ListItem\",\"position\":3,\"name\":\"Una giornata da Paleolitico: laboratori di archeologia sperimentale\"}]},{\"@type\":\"WebSite\",\"@id\":\"https:\\\/\\\/visitfinaleligure.it\\\/de\\\/#website\",\"url\":\"https:\\\/\\\/visitfinaleligure.it\\\/de\\\/\",\"name\":\"Visit Finale Ligure\",\"description\":\"My perfect place\",\"publisher\":{\"@id\":\"https:\\\/\\\/visitfinaleligure.it\\\/de\\\/#organization\"},\"potentialAction\":[{\"@type\":\"SearchAction\",\"target\":{\"@type\":\"EntryPoint\",\"urlTemplate\":\"https:\\\/\\\/visitfinaleligure.it\\\/de\\\/?s={search_term_string}\"},\"query-input\":{\"@type\":\"PropertyValueSpecification\",\"valueRequired\":true,\"valueName\":\"search_term_string\"}}],\"inLanguage\":\"de\"},{\"@type\":\"Organization\",\"@id\":\"https:\\\/\\\/visitfinaleligure.it\\\/de\\\/#organization\",\"name\":\"Comune di Finale Ligure\",\"url\":\"https:\\\/\\\/visitfinaleligure.it\\\/de\\\/\",\"logo\":{\"@type\":\"ImageObject\",\"inLanguage\":\"de\",\"@id\":\"https:\\\/\\\/visitfinaleligure.it\\\/de\\\/#\\\/schema\\\/logo\\\/image\\\/\",\"url\":\"https:\\\/\\\/visitfinaleligure.it\\\/wp-content\\\/uploads\\\/2023\\\/04\\\/cropped-finaleligure-verticale-positivo-200x200-1.png\",\"contentUrl\":\"https:\\\/\\\/visitfinaleligure.it\\\/wp-content\\\/uploads\\\/2023\\\/04\\\/cropped-finaleligure-verticale-positivo-200x200-1.png\",\"width\":512,\"height\":512,\"caption\":\"Comune di Finale Ligure\"},\"image\":{\"@id\":\"https:\\\/\\\/visitfinaleligure.it\\\/de\\\/#\\\/schema\\\/logo\\\/image\\\/\"},\"sameAs\":[\"https:\\\/\\\/www.facebook.com\\\/VisitFinaleLigure\",\"https:\\\/\\\/www.instagram.com\\\/visitfinale\\\/\",\"https:\\\/\\\/www.youtube.com\\\/channel\\\/UCLmoLfNmrAt9mSCll9egttw\"]}]}<\/script>\n<!-- \/ Yoast SEO plugin. -->","yoast_head_json":{"title":"Una giornata da Paleolitico: laboratori di archeologia sperimentale - Visit Finale Ligure","description":"LaDAS - Didaktische Laboratorien f\u00fcr Experimentelle Arch\u00e4ologie In Zusammenarbeit mit: Museo Archeologico del Finale \u201eEin Tag im Pal\u00e4olithikum\u201cMuseo","robots":{"index":"index","follow":"follow","max-snippet":"max-snippet:-1","max-image-preview":"max-image-preview:large","max-video-preview":"max-video-preview:-1"},"canonical":"https:\/\/visitfinaleligure.it\/de\/evento\/una-giornata-da-paleolitico-laboratori-di-archeologia-sperimentale-2\/","og_locale":"de_DE","og_type":"article","og_title":"Una giornata da Paleolitico: laboratori di archeologia sperimentale - Visit Finale Ligure","og_description":"LaDAS - Didaktische Laboratorien f\u00fcr Experimentelle Arch\u00e4ologie In Zusammenarbeit mit: Museo Archeologico del Finale \u201eEin Tag im Pal\u00e4olithikum\u201cMuseo","og_url":"https:\/\/visitfinaleligure.it\/de\/evento\/una-giornata-da-paleolitico-laboratori-di-archeologia-sperimentale-2\/","og_site_name":"Visit Finale Ligure","article_publisher":"https:\/\/www.facebook.com\/VisitFinaleLigure","og_image":[{"width":2500,"height":1405,"url":"https:\/\/visitfinaleligure.it\/wp-content\/uploads\/2023\/03\/Capo-caprazoppa-1-1.jpg","type":"image\/jpeg"}],"twitter_card":"summary_large_image","twitter_misc":{"Gesch\u00e4tzte Lesezeit":"1\u00a0Minute"},"schema":{"@context":"https:\/\/schema.org","@graph":[{"@type":"WebPage","@id":"https:\/\/visitfinaleligure.it\/de\/evento\/una-giornata-da-paleolitico-laboratori-di-archeologia-sperimentale-2\/","url":"https:\/\/visitfinaleligure.it\/de\/evento\/una-giornata-da-paleolitico-laboratori-di-archeologia-sperimentale-2\/","name":"Una giornata da Paleolitico: laboratori di archeologia sperimentale - Visit Finale Ligure","isPartOf":{"@id":"https:\/\/visitfinaleligure.it\/de\/#website"},"datePublished":"2026-08-27T09:19:42+00:00","description":"LaDAS - Didaktische Laboratorien f\u00fcr Experimentelle Arch\u00e4ologie In Zusammenarbeit mit: Museo Archeologico del Finale \u201eEin Tag im Pal\u00e4olithikum\u201cMuseo","breadcrumb":{"@id":"https:\/\/visitfinaleligure.it\/de\/evento\/una-giornata-da-paleolitico-laboratori-di-archeologia-sperimentale-2\/#breadcrumb"},"inLanguage":"de","potentialAction":[{"@type":"ReadAction","target":["https:\/\/visitfinaleligure.it\/de\/evento\/una-giornata-da-paleolitico-laboratori-di-archeologia-sperimentale-2\/"]}]},{"@type":"BreadcrumbList","@id":"https:\/\/visitfinaleligure.it\/de\/evento\/una-giornata-da-paleolitico-laboratori-di-archeologia-sperimentale-2\/#breadcrumb","itemListElement":[{"@type":"ListItem","position":1,"name":"Home","item":"https:\/\/visitfinaleligure.it\/de\/"},{"@type":"ListItem","position":2,"name":"Eventi","item":"https:\/\/visitfinaleligure.it\/de\/evento\/"},{"@type":"ListItem","position":3,"name":"Una giornata da Paleolitico: laboratori di archeologia sperimentale"}]},{"@type":"WebSite","@id":"https:\/\/visitfinaleligure.it\/de\/#website","url":"https:\/\/visitfinaleligure.it\/de\/","name":"Visit Finale Ligure","description":"My perfect place","publisher":{"@id":"https:\/\/visitfinaleligure.it\/de\/#organization"},"potentialAction":[{"@type":"SearchAction","target":{"@type":"EntryPoint","urlTemplate":"https:\/\/visitfinaleligure.it\/de\/?s={search_term_string}"},"query-input":{"@type":"PropertyValueSpecification","valueRequired":true,"valueName":"search_term_string"}}],"inLanguage":"de"},{"@type":"Organization","@id":"https:\/\/visitfinaleligure.it\/de\/#organization","name":"Comune di Finale Ligure","url":"https:\/\/visitfinaleligure.it\/de\/","logo":{"@type":"ImageObject","inLanguage":"de","@id":"https:\/\/visitfinaleligure.it\/de\/#\/schema\/logo\/image\/","url":"https:\/\/visitfinaleligure.it\/wp-content\/uploads\/2023\/04\/cropped-finaleligure-verticale-positivo-200x200-1.png","contentUrl":"https:\/\/visitfinaleligure.it\/wp-content\/uploads\/2023\/04\/cropped-finaleligure-verticale-positivo-200x200-1.png","width":512,"height":512,"caption":"Comune di Finale Ligure"},"image":{"@id":"https:\/\/visitfinaleligure.it\/de\/#\/schema\/logo\/image\/"},"sameAs":["https:\/\/www.facebook.com\/VisitFinaleLigure","https:\/\/www.instagram.com\/visitfinale\/","https:\/\/www.youtube.com\/channel\/UCLmoLfNmrAt9mSCll9egttw"]}]}},"_links":{"self":[{"href":"https:\/\/visitfinaleligure.it\/de\/wp-json\/wp\/v2\/evento\/23715","targetHints":{"allow":["GET"]}}],"collection":[{"href":"https:\/\/visitfinaleligure.it\/de\/wp-json\/wp\/v2\/evento"}],"about":[{"href":"https:\/\/visitfinaleligure.it\/de\/wp-json\/wp\/v2\/types\/evento"}],"wp:attachment":[{"href":"https:\/\/visitfinaleligure.it\/de\/wp-json\/wp\/v2\/media?parent=23715"}],"wp:term":[{"taxonomy":"localita","embeddable":true,"href":"https:\/\/visitfinaleligure.it\/de\/wp-json\/wp\/v2\/localita?post=23715"},{"taxonomy":"temi_vacanza","embeddable":true,"href":"https:\/\/visitfinaleligure.it\/de\/wp-json\/wp\/v2\/temi_vacanza?post=23715"},{"taxonomy":"classificazioni","embeddable":true,"href":"https:\/\/visitfinaleligure.it\/de\/wp-json\/wp\/v2\/classificazioni?post=23715"},{"taxonomy":"eventi_seriali","embeddable":true,"href":"https:\/\/visitfinaleligure.it\/de\/wp-json\/wp\/v2\/eventi_seriali?post=23715"},{"taxonomy":"servizi","embeddable":true,"href":"https:\/\/visitfinaleligure.it\/de\/wp-json\/wp\/v2\/servizi?post=23715"}],"curies":[{"name":"wp","href":"https:\/\/api.w.org\/{rel}","templated":true}]}}

<p><b><u></u>LaDAS &#8211; Didaktische Laboratorien für Experimentelle Archäologie <br /></b><i>In Zusammenarbeit mit: Museo Archeologico del Finale </i></p>
<p><b>„Ein Tag im Paläolithikum“</b><br /><b>Museo Archeologico del Finale</b></p>
<p><b>von 11.00 bis 12.00 Uhr: </b>Die Kinder produzieren nach dem Mahlen mit Steinen und Steinmühlen Pigmente aus natürlichen Erden und reproduzieren Zeichnungen mit Holzkohle an der Wand einer im Labor aufgebauten Höhle, um sie dann zu kolorieren und sich so in Künstler der Vorgeschichte zu verwandeln.<br /><b>von 17.00 bis 18.00 Uhr (außer am 16. Juli):</b> Eine faszinierende Reise zu den Ursprüngen der Musik nimmt die Jugendlichen mit auf eine Entdeckungstour durch urtümliche Klänge und zur Herstellung eines „Donners“, einem alten, schamanischen Musikinstrument, das auch heute noch von traditionellen Völkern verwendet wird. Am Ende des Workshops nimmt jeder Junge sein eigenes Musikinstrument mit nach Hause.</p>
<p><u>Vorreservierung erforderlich: Tel. 019.690020 – 351.7306191</u></p>

<!-- This site is optimized with the Yoast SEO plugin v28.3 - https://yoast.com/product/yoast-seo-wordpress/ -->
<title>Una giornata da Paleolitico: laboratori di archeologia sperimentale - Visit Finale Ligure</title>
<meta name="description" content="LaDAS - Didaktische Laboratorien für Experimentelle Archäologie In Zusammenarbeit mit: Museo Archeologico del Finale „Ein Tag im Paläolithikum“Museo" />
<meta name="robots" content="index, follow, max-snippet:-1, max-image-preview:large, max-video-preview:-1" />
<link rel="canonical" href="https://visitfinaleligure.it/de/evento/una-giornata-da-paleolitico-laboratori-di-archeologia-sperimentale-2/" />
<meta property="og:locale" content="de_DE" />
<meta property="og:type" content="article" />
<meta property="og:title" content="Una giornata da Paleolitico: laboratori di archeologia sperimentale - Visit Finale Ligure" />
<meta property="og:description" content="LaDAS - Didaktische Laboratorien für Experimentelle Archäologie In Zusammenarbeit mit: Museo Archeologico del Finale „Ein Tag im Paläolithikum“Museo" />
<meta property="og:url" content="https://visitfinaleligure.it/de/evento/una-giornata-da-paleolitico-laboratori-di-archeologia-sperimentale-2/" />
<meta property="og:site_name" content="Visit Finale Ligure" />
<meta property="article:publisher" content="https://www.facebook.com/VisitFinaleLigure" />
<meta property="og:image" content="https://visitfinaleligure.it/wp-content/uploads/2023/03/Capo-caprazoppa-1-1.jpg" />
	<meta property="og:image:width" content="2500" />
	<meta property="og:image:height" content="1405" />
	<meta property="og:image:type" content="image/jpeg" />
<meta name="twitter:card" content="summary_large_image" />
<meta name="twitter:label1" content="Geschätzte Lesezeit" />
	<meta name="twitter:data1" content="1 Minute" />
<script type="application/ld+json" class="yoast-schema-graph">{"@context":"https:\/\/schema.org","@graph":[{"@type":"WebPage","@id":"https:\/\/visitfinaleligure.it\/de\/evento\/una-giornata-da-paleolitico-laboratori-di-archeologia-sperimentale-2\/","url":"https:\/\/visitfinaleligure.it\/de\/evento\/una-giornata-da-paleolitico-laboratori-di-archeologia-sperimentale-2\/","name":"Una giornata da Paleolitico: laboratori di archeologia sperimentale - Visit Finale Ligure","isPartOf":{"@id":"https:\/\/visitfinaleligure.it\/de\/#website"},"datePublished":"2026-08-27T09:19:42+00:00","description":"LaDAS - Didaktische Laboratorien für Experimentelle Archäologie In Zusammenarbeit mit: Museo Archeologico del Finale „Ein Tag im Paläolithikum“Museo","breadcrumb":{"@id":"https:\/\/visitfinaleligure.it\/de\/evento\/una-giornata-da-paleolitico-laboratori-di-archeologia-sperimentale-2\/#breadcrumb"},"inLanguage":"de","potentialAction":[{"@type":"ReadAction","target":["https:\/\/visitfinaleligure.it\/de\/evento\/una-giornata-da-paleolitico-laboratori-di-archeologia-sperimentale-2\/"]}]},{"@type":"BreadcrumbList","@id":"https:\/\/visitfinaleligure.it\/de\/evento\/una-giornata-da-paleolitico-laboratori-di-archeologia-sperimentale-2\/#breadcrumb","itemListElement":[{"@type":"ListItem","position":1,"name":"Home","item":"https:\/\/visitfinaleligure.it\/de\/"},{"@type":"ListItem","position":2,"name":"Eventi","item":"https:\/\/visitfinaleligure.it\/de\/evento\/"},{"@type":"ListItem","position":3,"name":"Una giornata da Paleolitico: laboratori di archeologia sperimentale"}]},{"@type":"WebSite","@id":"https:\/\/visitfinaleligure.it\/de\/#website","url":"https:\/\/visitfinaleligure.it\/de\/","name":"Visit Finale Ligure","description":"My perfect place","publisher":{"@id":"https:\/\/visitfinaleligure.it\/de\/#organization"},"potentialAction":[{"@type":"SearchAction","target":{"@type":"EntryPoint","urlTemplate":"https:\/\/visitfinaleligure.it\/de\/?s={search_term_string}"},"query-input":{"@type":"PropertyValueSpecification","valueRequired":true,"valueName":"search_term_string"}}],"inLanguage":"de"},{"@type":"Organization","@id":"https:\/\/visitfinaleligure.it\/de\/#organization","name":"Comune di Finale Ligure","url":"https:\/\/visitfinaleligure.it\/de\/","logo":{"@type":"ImageObject","inLanguage":"de","@id":"https:\/\/visitfinaleligure.it\/de\/#\/schema\/logo\/image\/","url":"https:\/\/visitfinaleligure.it\/wp-content\/uploads\/2023\/04\/cropped-finaleligure-verticale-positivo-200x200-1.png","contentUrl":"https:\/\/visitfinaleligure.it\/wp-content\/uploads\/2023\/04\/cropped-finaleligure-verticale-positivo-200x200-1.png","width":512,"height":512,"caption":"Comune di Finale Ligure"},"image":{"@id":"https:\/\/visitfinaleligure.it\/de\/#\/schema\/logo\/image\/"},"sameAs":["https:\/\/www.facebook.com\/VisitFinaleLigure","https:\/\/www.instagram.com\/visitfinale\/","https:\/\/www.youtube.com\/channel\/UCLmoLfNmrAt9mSCll9egttw"]}]}</script>
<!-- / Yoast SEO plugin. -->

LaDAS - Didaktische Laboratorien für Experimentelle Archäologie In Zusammenarbeit mit: Museo Archeologico del Finale „Ein Tag im Paläolithikum“Museo
