{"id":23723,"date":"2026-08-27T11:19:42","date_gmt":"2026-08-27T09:19:42","guid":{"rendered":"https:\/\/visitfinaleligure.it\/evento\/una-giornata-da-antico-romano-laboratori-di-archeologia-sperimentale-2\/"},"modified":"2026-08-27T11:19:42","modified_gmt":"2026-08-27T09:19:42","slug":"una-giornata-da-antico-romano-laboratori-di-archeologia-sperimentale-2","status":"publish","type":"evento","link":"https:\/\/visitfinaleligure.it\/de\/evento\/una-giornata-da-antico-romano-laboratori-di-archeologia-sperimentale-2\/","title":{"rendered":"Una giornata da antico Romano: laboratori di archeologia sperimentale"},"content":{"rendered":"<p><b><u><\/u>LaDAS &#8211; Laboratorien f\u00fcr Experimentelle Arch\u00e4ologie <br \/><\/b><i>Veranstaltet von: Museo Archeologico del Finale <\/i><br \/><b>\u201cEin Tag als r\u00f6mischer B\u00fcrger\u201d<br \/><\/b><b>Museo Archeologico del Finale<\/b><\/p>\n<p><b>11.00-12.00 Uhr: <\/b>Wie wird ein Mosaik hergestellt? Und wie versch\u00f6nern die alten R\u00f6mer ihre H\u00e4user und Thermen? Durch die Verwendung von bunten Steinen k\u00f6nnen die Kinder ein kleines Mosaik nach den dekorativen Mustern und den am h\u00e4ufigsten verwendeten Motiven im antiken Rom gestalten. Am Ende der Aktivit\u00e4t nimmt jeder sein eigenes Werk als Erinnerung an das Erlebte mit nach Hause.<\/p>\n<p><b>17.00-18.00 Uhr: <\/b>Die faszinierende Geschichte der D\u00fcfte wird von den Jugendlichen durch eine sensorische Erfahrung erlebt, bei der sie als alte r\u00f6mische Parf\u00fcmeure mit der Auswahl und dem Mischen von \u00d6len, Kr\u00e4utern und Essenzen besch\u00e4ftigt sind, um ihren eigenen pers\u00f6nlichen Duft zu kreieren. Am Ende des Workshops nimmt jeder ein kleines Gef\u00e4\u00df mit seinem eigenen Parf\u00fcm mit nach Hause.<br \/>Aktivit\u00e4t f\u00fcr Kinder ab 8 Jahren.<br \/><u>Reservierung erforderlich: tel. 019.690020 \u2013 351.7306191<\/u><\/p>\n","protected":false},"featured_media":0,"template":"","meta":[],"localita":[201],"temi_vacanza":[1365,1385,1372],"classificazioni":[1368,1386,1374],"eventi_seriali":[],"servizi":[1395],"class_list":["post-23723","evento","type-evento","status-publish","hentry","localita-finalborgo","temi_vacanza-cultura","temi_vacanza-mudif","temi_vacanza-relax-lifestyle","classificazioni-cultura","classificazioni-mudif","classificazioni-relax-lifestyle","servizi-animazioni-per-bambini"],"yoast_head":"<!-- This site is optimized with the Yoast SEO plugin v28.3 - https:\/\/yoast.com\/product\/yoast-seo-wordpress\/ -->\n<title>Una giornata da antico Romano: laboratori di archeologia sperimentale - Visit Finale Ligure<\/title>\n<meta name=\"description\" content=\"LaDAS - Laboratorien f\u00fcr Experimentelle Arch\u00e4ologie Veranstaltet von: Museo Archeologico del Finale \u201cEin Tag als r\u00f6mischer B\u00fcrger\u201dMuseo Archeologico del\" \/>\n<meta name=\"robots\" content=\"index, follow, max-snippet:-1, max-image-preview:large, max-video-preview:-1\" \/>\n<link rel=\"canonical\" href=\"https:\/\/visitfinaleligure.it\/de\/evento\/una-giornata-da-antico-romano-laboratori-di-archeologia-sperimentale-2\/\" \/>\n<meta property=\"og:locale\" content=\"de_DE\" \/>\n<meta property=\"og:type\" content=\"article\" \/>\n<meta property=\"og:title\" content=\"Una giornata da antico Romano: laboratori di archeologia sperimentale - Visit Finale Ligure\" \/>\n<meta property=\"og:description\" content=\"LaDAS - Laboratorien f\u00fcr Experimentelle Arch\u00e4ologie Veranstaltet von: Museo Archeologico del Finale \u201cEin Tag als r\u00f6mischer B\u00fcrger\u201dMuseo Archeologico del\" \/>\n<meta property=\"og:url\" content=\"https:\/\/visitfinaleligure.it\/de\/evento\/una-giornata-da-antico-romano-laboratori-di-archeologia-sperimentale-2\/\" \/>\n<meta property=\"og:site_name\" content=\"Visit Finale Ligure\" \/>\n<meta property=\"article:publisher\" content=\"https:\/\/www.facebook.com\/VisitFinaleLigure\" \/>\n<meta property=\"og:image\" content=\"https:\/\/visitfinaleligure.it\/wp-content\/uploads\/2023\/03\/Capo-caprazoppa-1-1.jpg\" \/>\n\t<meta property=\"og:image:width\" content=\"2500\" \/>\n\t<meta property=\"og:image:height\" content=\"1405\" \/>\n\t<meta property=\"og:image:type\" content=\"image\/jpeg\" \/>\n<meta name=\"twitter:card\" content=\"summary_large_image\" \/>\n<meta name=\"twitter:label1\" content=\"Gesch\u00e4tzte Lesezeit\" \/>\n\t<meta name=\"twitter:data1\" content=\"1\u00a0Minute\" \/>\n<script type=\"application\/ld+json\" class=\"yoast-schema-graph\">{\"@context\":\"https:\\\/\\\/schema.org\",\"@graph\":[{\"@type\":\"WebPage\",\"@id\":\"https:\\\/\\\/visitfinaleligure.it\\\/de\\\/evento\\\/una-giornata-da-antico-romano-laboratori-di-archeologia-sperimentale-2\\\/\",\"url\":\"https:\\\/\\\/visitfinaleligure.it\\\/de\\\/evento\\\/una-giornata-da-antico-romano-laboratori-di-archeologia-sperimentale-2\\\/\",\"name\":\"Una giornata da antico Romano: laboratori di archeologia sperimentale - Visit Finale Ligure\",\"isPartOf\":{\"@id\":\"https:\\\/\\\/visitfinaleligure.it\\\/de\\\/#website\"},\"datePublished\":\"2026-08-27T09:19:42+00:00\",\"description\":\"LaDAS - Laboratorien f\u00fcr Experimentelle Arch\u00e4ologie Veranstaltet von: Museo Archeologico del Finale \u201cEin Tag als r\u00f6mischer B\u00fcrger\u201dMuseo Archeologico del\",\"breadcrumb\":{\"@id\":\"https:\\\/\\\/visitfinaleligure.it\\\/de\\\/evento\\\/una-giornata-da-antico-romano-laboratori-di-archeologia-sperimentale-2\\\/#breadcrumb\"},\"inLanguage\":\"de\",\"potentialAction\":[{\"@type\":\"ReadAction\",\"target\":[\"https:\\\/\\\/visitfinaleligure.it\\\/de\\\/evento\\\/una-giornata-da-antico-romano-laboratori-di-archeologia-sperimentale-2\\\/\"]}]},{\"@type\":\"BreadcrumbList\",\"@id\":\"https:\\\/\\\/visitfinaleligure.it\\\/de\\\/evento\\\/una-giornata-da-antico-romano-laboratori-di-archeologia-sperimentale-2\\\/#breadcrumb\",\"itemListElement\":[{\"@type\":\"ListItem\",\"position\":1,\"name\":\"Home\",\"item\":\"https:\\\/\\\/visitfinaleligure.it\\\/de\\\/\"},{\"@type\":\"ListItem\",\"position\":2,\"name\":\"Eventi\",\"item\":\"https:\\\/\\\/visitfinaleligure.it\\\/de\\\/evento\\\/\"},{\"@type\":\"ListItem\",\"position\":3,\"name\":\"Una giornata da antico Romano: laboratori di archeologia sperimentale\"}]},{\"@type\":\"WebSite\",\"@id\":\"https:\\\/\\\/visitfinaleligure.it\\\/de\\\/#website\",\"url\":\"https:\\\/\\\/visitfinaleligure.it\\\/de\\\/\",\"name\":\"Visit Finale Ligure\",\"description\":\"My perfect place\",\"publisher\":{\"@id\":\"https:\\\/\\\/visitfinaleligure.it\\\/de\\\/#organization\"},\"potentialAction\":[{\"@type\":\"SearchAction\",\"target\":{\"@type\":\"EntryPoint\",\"urlTemplate\":\"https:\\\/\\\/visitfinaleligure.it\\\/de\\\/?s={search_term_string}\"},\"query-input\":{\"@type\":\"PropertyValueSpecification\",\"valueRequired\":true,\"valueName\":\"search_term_string\"}}],\"inLanguage\":\"de\"},{\"@type\":\"Organization\",\"@id\":\"https:\\\/\\\/visitfinaleligure.it\\\/de\\\/#organization\",\"name\":\"Comune di Finale Ligure\",\"url\":\"https:\\\/\\\/visitfinaleligure.it\\\/de\\\/\",\"logo\":{\"@type\":\"ImageObject\",\"inLanguage\":\"de\",\"@id\":\"https:\\\/\\\/visitfinaleligure.it\\\/de\\\/#\\\/schema\\\/logo\\\/image\\\/\",\"url\":\"https:\\\/\\\/visitfinaleligure.it\\\/wp-content\\\/uploads\\\/2023\\\/04\\\/cropped-finaleligure-verticale-positivo-200x200-1.png\",\"contentUrl\":\"https:\\\/\\\/visitfinaleligure.it\\\/wp-content\\\/uploads\\\/2023\\\/04\\\/cropped-finaleligure-verticale-positivo-200x200-1.png\",\"width\":512,\"height\":512,\"caption\":\"Comune di Finale Ligure\"},\"image\":{\"@id\":\"https:\\\/\\\/visitfinaleligure.it\\\/de\\\/#\\\/schema\\\/logo\\\/image\\\/\"},\"sameAs\":[\"https:\\\/\\\/www.facebook.com\\\/VisitFinaleLigure\",\"https:\\\/\\\/www.instagram.com\\\/visitfinale\\\/\",\"https:\\\/\\\/www.youtube.com\\\/channel\\\/UCLmoLfNmrAt9mSCll9egttw\"]}]}<\/script>\n<!-- \/ Yoast SEO plugin. -->","yoast_head_json":{"title":"Una giornata da antico Romano: laboratori di archeologia sperimentale - Visit Finale Ligure","description":"LaDAS - Laboratorien f\u00fcr Experimentelle Arch\u00e4ologie Veranstaltet von: Museo Archeologico del Finale \u201cEin Tag als r\u00f6mischer B\u00fcrger\u201dMuseo Archeologico del","robots":{"index":"index","follow":"follow","max-snippet":"max-snippet:-1","max-image-preview":"max-image-preview:large","max-video-preview":"max-video-preview:-1"},"canonical":"https:\/\/visitfinaleligure.it\/de\/evento\/una-giornata-da-antico-romano-laboratori-di-archeologia-sperimentale-2\/","og_locale":"de_DE","og_type":"article","og_title":"Una giornata da antico Romano: laboratori di archeologia sperimentale - Visit Finale Ligure","og_description":"LaDAS - Laboratorien f\u00fcr Experimentelle Arch\u00e4ologie Veranstaltet von: Museo Archeologico del Finale \u201cEin Tag als r\u00f6mischer B\u00fcrger\u201dMuseo Archeologico del","og_url":"https:\/\/visitfinaleligure.it\/de\/evento\/una-giornata-da-antico-romano-laboratori-di-archeologia-sperimentale-2\/","og_site_name":"Visit Finale Ligure","article_publisher":"https:\/\/www.facebook.com\/VisitFinaleLigure","og_image":[{"width":2500,"height":1405,"url":"https:\/\/visitfinaleligure.it\/wp-content\/uploads\/2023\/03\/Capo-caprazoppa-1-1.jpg","type":"image\/jpeg"}],"twitter_card":"summary_large_image","twitter_misc":{"Gesch\u00e4tzte Lesezeit":"1\u00a0Minute"},"schema":{"@context":"https:\/\/schema.org","@graph":[{"@type":"WebPage","@id":"https:\/\/visitfinaleligure.it\/de\/evento\/una-giornata-da-antico-romano-laboratori-di-archeologia-sperimentale-2\/","url":"https:\/\/visitfinaleligure.it\/de\/evento\/una-giornata-da-antico-romano-laboratori-di-archeologia-sperimentale-2\/","name":"Una giornata da antico Romano: laboratori di archeologia sperimentale - Visit Finale Ligure","isPartOf":{"@id":"https:\/\/visitfinaleligure.it\/de\/#website"},"datePublished":"2026-08-27T09:19:42+00:00","description":"LaDAS - Laboratorien f\u00fcr Experimentelle Arch\u00e4ologie Veranstaltet von: Museo Archeologico del Finale \u201cEin Tag als r\u00f6mischer B\u00fcrger\u201dMuseo Archeologico del","breadcrumb":{"@id":"https:\/\/visitfinaleligure.it\/de\/evento\/una-giornata-da-antico-romano-laboratori-di-archeologia-sperimentale-2\/#breadcrumb"},"inLanguage":"de","potentialAction":[{"@type":"ReadAction","target":["https:\/\/visitfinaleligure.it\/de\/evento\/una-giornata-da-antico-romano-laboratori-di-archeologia-sperimentale-2\/"]}]},{"@type":"BreadcrumbList","@id":"https:\/\/visitfinaleligure.it\/de\/evento\/una-giornata-da-antico-romano-laboratori-di-archeologia-sperimentale-2\/#breadcrumb","itemListElement":[{"@type":"ListItem","position":1,"name":"Home","item":"https:\/\/visitfinaleligure.it\/de\/"},{"@type":"ListItem","position":2,"name":"Eventi","item":"https:\/\/visitfinaleligure.it\/de\/evento\/"},{"@type":"ListItem","position":3,"name":"Una giornata da antico Romano: laboratori di archeologia sperimentale"}]},{"@type":"WebSite","@id":"https:\/\/visitfinaleligure.it\/de\/#website","url":"https:\/\/visitfinaleligure.it\/de\/","name":"Visit Finale Ligure","description":"My perfect place","publisher":{"@id":"https:\/\/visitfinaleligure.it\/de\/#organization"},"potentialAction":[{"@type":"SearchAction","target":{"@type":"EntryPoint","urlTemplate":"https:\/\/visitfinaleligure.it\/de\/?s={search_term_string}"},"query-input":{"@type":"PropertyValueSpecification","valueRequired":true,"valueName":"search_term_string"}}],"inLanguage":"de"},{"@type":"Organization","@id":"https:\/\/visitfinaleligure.it\/de\/#organization","name":"Comune di Finale Ligure","url":"https:\/\/visitfinaleligure.it\/de\/","logo":{"@type":"ImageObject","inLanguage":"de","@id":"https:\/\/visitfinaleligure.it\/de\/#\/schema\/logo\/image\/","url":"https:\/\/visitfinaleligure.it\/wp-content\/uploads\/2023\/04\/cropped-finaleligure-verticale-positivo-200x200-1.png","contentUrl":"https:\/\/visitfinaleligure.it\/wp-content\/uploads\/2023\/04\/cropped-finaleligure-verticale-positivo-200x200-1.png","width":512,"height":512,"caption":"Comune di Finale Ligure"},"image":{"@id":"https:\/\/visitfinaleligure.it\/de\/#\/schema\/logo\/image\/"},"sameAs":["https:\/\/www.facebook.com\/VisitFinaleLigure","https:\/\/www.instagram.com\/visitfinale\/","https:\/\/www.youtube.com\/channel\/UCLmoLfNmrAt9mSCll9egttw"]}]}},"_links":{"self":[{"href":"https:\/\/visitfinaleligure.it\/de\/wp-json\/wp\/v2\/evento\/23723","targetHints":{"allow":["GET"]}}],"collection":[{"href":"https:\/\/visitfinaleligure.it\/de\/wp-json\/wp\/v2\/evento"}],"about":[{"href":"https:\/\/visitfinaleligure.it\/de\/wp-json\/wp\/v2\/types\/evento"}],"wp:attachment":[{"href":"https:\/\/visitfinaleligure.it\/de\/wp-json\/wp\/v2\/media?parent=23723"}],"wp:term":[{"taxonomy":"localita","embeddable":true,"href":"https:\/\/visitfinaleligure.it\/de\/wp-json\/wp\/v2\/localita?post=23723"},{"taxonomy":"temi_vacanza","embeddable":true,"href":"https:\/\/visitfinaleligure.it\/de\/wp-json\/wp\/v2\/temi_vacanza?post=23723"},{"taxonomy":"classificazioni","embeddable":true,"href":"https:\/\/visitfinaleligure.it\/de\/wp-json\/wp\/v2\/classificazioni?post=23723"},{"taxonomy":"eventi_seriali","embeddable":true,"href":"https:\/\/visitfinaleligure.it\/de\/wp-json\/wp\/v2\/eventi_seriali?post=23723"},{"taxonomy":"servizi","embeddable":true,"href":"https:\/\/visitfinaleligure.it\/de\/wp-json\/wp\/v2\/servizi?post=23723"}],"curies":[{"name":"wp","href":"https:\/\/api.w.org\/{rel}","templated":true}]}}

<p><b><u></u>LaDAS &#8211; Laboratorien für Experimentelle Archäologie <br /></b><i>Veranstaltet von: Museo Archeologico del Finale </i><br /><b>“Ein Tag als römischer Bürger”<br /></b><b>Museo Archeologico del Finale</b></p>
<p><b>11.00-12.00 Uhr: </b>Wie wird ein Mosaik hergestellt? Und wie verschönern die alten Römer ihre Häuser und Thermen? Durch die Verwendung von bunten Steinen können die Kinder ein kleines Mosaik nach den dekorativen Mustern und den am häufigsten verwendeten Motiven im antiken Rom gestalten. Am Ende der Aktivität nimmt jeder sein eigenes Werk als Erinnerung an das Erlebte mit nach Hause.</p>
<p><b>17.00-18.00 Uhr: </b>Die faszinierende Geschichte der Düfte wird von den Jugendlichen durch eine sensorische Erfahrung erlebt, bei der sie als alte römische Parfümeure mit der Auswahl und dem Mischen von Ölen, Kräutern und Essenzen beschäftigt sind, um ihren eigenen persönlichen Duft zu kreieren. Am Ende des Workshops nimmt jeder ein kleines Gefäß mit seinem eigenen Parfüm mit nach Hause.<br />Aktivität für Kinder ab 8 Jahren.<br /><u>Reservierung erforderlich: tel. 019.690020 – 351.7306191</u></p>

<!-- This site is optimized with the Yoast SEO plugin v28.3 - https://yoast.com/product/yoast-seo-wordpress/ -->
<title>Una giornata da antico Romano: laboratori di archeologia sperimentale - Visit Finale Ligure</title>
<meta name="description" content="LaDAS - Laboratorien für Experimentelle Archäologie Veranstaltet von: Museo Archeologico del Finale “Ein Tag als römischer Bürger”Museo Archeologico del" />
<meta name="robots" content="index, follow, max-snippet:-1, max-image-preview:large, max-video-preview:-1" />
<link rel="canonical" href="https://visitfinaleligure.it/de/evento/una-giornata-da-antico-romano-laboratori-di-archeologia-sperimentale-2/" />
<meta property="og:locale" content="de_DE" />
<meta property="og:type" content="article" />
<meta property="og:title" content="Una giornata da antico Romano: laboratori di archeologia sperimentale - Visit Finale Ligure" />
<meta property="og:description" content="LaDAS - Laboratorien für Experimentelle Archäologie Veranstaltet von: Museo Archeologico del Finale “Ein Tag als römischer Bürger”Museo Archeologico del" />
<meta property="og:url" content="https://visitfinaleligure.it/de/evento/una-giornata-da-antico-romano-laboratori-di-archeologia-sperimentale-2/" />
<meta property="og:site_name" content="Visit Finale Ligure" />
<meta property="article:publisher" content="https://www.facebook.com/VisitFinaleLigure" />
<meta property="og:image" content="https://visitfinaleligure.it/wp-content/uploads/2023/03/Capo-caprazoppa-1-1.jpg" />
	<meta property="og:image:width" content="2500" />
	<meta property="og:image:height" content="1405" />
	<meta property="og:image:type" content="image/jpeg" />
<meta name="twitter:card" content="summary_large_image" />
<meta name="twitter:label1" content="Geschätzte Lesezeit" />
	<meta name="twitter:data1" content="1 Minute" />
<script type="application/ld+json" class="yoast-schema-graph">{"@context":"https:\/\/schema.org","@graph":[{"@type":"WebPage","@id":"https:\/\/visitfinaleligure.it\/de\/evento\/una-giornata-da-antico-romano-laboratori-di-archeologia-sperimentale-2\/","url":"https:\/\/visitfinaleligure.it\/de\/evento\/una-giornata-da-antico-romano-laboratori-di-archeologia-sperimentale-2\/","name":"Una giornata da antico Romano: laboratori di archeologia sperimentale - Visit Finale Ligure","isPartOf":{"@id":"https:\/\/visitfinaleligure.it\/de\/#website"},"datePublished":"2026-08-27T09:19:42+00:00","description":"LaDAS - Laboratorien für Experimentelle Archäologie Veranstaltet von: Museo Archeologico del Finale “Ein Tag als römischer Bürger”Museo Archeologico del","breadcrumb":{"@id":"https:\/\/visitfinaleligure.it\/de\/evento\/una-giornata-da-antico-romano-laboratori-di-archeologia-sperimentale-2\/#breadcrumb"},"inLanguage":"de","potentialAction":[{"@type":"ReadAction","target":["https:\/\/visitfinaleligure.it\/de\/evento\/una-giornata-da-antico-romano-laboratori-di-archeologia-sperimentale-2\/"]}]},{"@type":"BreadcrumbList","@id":"https:\/\/visitfinaleligure.it\/de\/evento\/una-giornata-da-antico-romano-laboratori-di-archeologia-sperimentale-2\/#breadcrumb","itemListElement":[{"@type":"ListItem","position":1,"name":"Home","item":"https:\/\/visitfinaleligure.it\/de\/"},{"@type":"ListItem","position":2,"name":"Eventi","item":"https:\/\/visitfinaleligure.it\/de\/evento\/"},{"@type":"ListItem","position":3,"name":"Una giornata da antico Romano: laboratori di archeologia sperimentale"}]},{"@type":"WebSite","@id":"https:\/\/visitfinaleligure.it\/de\/#website","url":"https:\/\/visitfinaleligure.it\/de\/","name":"Visit Finale Ligure","description":"My perfect place","publisher":{"@id":"https:\/\/visitfinaleligure.it\/de\/#organization"},"potentialAction":[{"@type":"SearchAction","target":{"@type":"EntryPoint","urlTemplate":"https:\/\/visitfinaleligure.it\/de\/?s={search_term_string}"},"query-input":{"@type":"PropertyValueSpecification","valueRequired":true,"valueName":"search_term_string"}}],"inLanguage":"de"},{"@type":"Organization","@id":"https:\/\/visitfinaleligure.it\/de\/#organization","name":"Comune di Finale Ligure","url":"https:\/\/visitfinaleligure.it\/de\/","logo":{"@type":"ImageObject","inLanguage":"de","@id":"https:\/\/visitfinaleligure.it\/de\/#\/schema\/logo\/image\/","url":"https:\/\/visitfinaleligure.it\/wp-content\/uploads\/2023\/04\/cropped-finaleligure-verticale-positivo-200x200-1.png","contentUrl":"https:\/\/visitfinaleligure.it\/wp-content\/uploads\/2023\/04\/cropped-finaleligure-verticale-positivo-200x200-1.png","width":512,"height":512,"caption":"Comune di Finale Ligure"},"image":{"@id":"https:\/\/visitfinaleligure.it\/de\/#\/schema\/logo\/image\/"},"sameAs":["https:\/\/www.facebook.com\/VisitFinaleLigure","https:\/\/www.instagram.com\/visitfinale\/","https:\/\/www.youtube.com\/channel\/UCLmoLfNmrAt9mSCll9egttw"]}]}</script>
<!-- / Yoast SEO plugin. -->

LaDAS - Laboratorien für Experimentelle Archäologie Veranstaltet von: Museo Archeologico del Finale “Ein Tag als römischer Bürger”Museo Archeologico del
