{"id":23759,"date":"2026-08-27T11:19:44","date_gmt":"2026-08-27T09:19:44","guid":{"rendered":"https:\/\/visitfinaleligure.it\/evento\/viaggio-nel-medioevo-2\/"},"modified":"2026-08-27T11:19:44","modified_gmt":"2026-08-27T09:19:44","slug":"viaggio-nel-medioevo-2","status":"publish","type":"evento","link":"https:\/\/visitfinaleligure.it\/de\/evento\/viaggio-nel-medioevo-2\/","title":{"rendered":"Viaggio nel Medioevo"},"content":{"rendered":"<p><i>Vom 20. bis 23. August 2026<\/i>, wird Finalborgo in der Zeit zur\u00fcckreisen, genau ins Jahr 1452, zur Zeit des Markgrafentums von Giovanni I. del Carretto, um die R\u00fcckeroberung seiner Mauern unter dem Belagerung der Republik Genua zu feiern.<\/p>\n<p>&nbsp;<br \/>F\u00fcr diejenigen, die bereits unsere <i>\u201cReise\u201d<\/i> begonnen haben, ist es leicht, sich zu erinnern, wor\u00fcber wir sprechen:<br \/>Flaggen in den Stra\u00dfen des Dorfes, alte Schilder, D\u00fcfte, Geschm\u00e4cker und Musik; Werkst\u00e4tten und Lager; Damen, Ritter und Gaukler;<br \/>Schwertspiele, Feuer und verschiedene Sprachen, die in einem Tanz verschmelzen, und Farben werden; das L\u00e4cheln und Staunen auf den Gesichtern der Kinder, die Erwachsenen, die wieder zu Kindern werden!<\/p>\n<p><i>W\u00e4hrend dieser vier Tage, von 18 bis 24 Uhr, kann man somit Auff\u00fchrungen aller Art erleben und in die mittelalterliche Epoche eintauchen!<\/i><\/p>\n<p>Jeden Abend:<\/p>\n<ul>\n<li><b>Mittelalterliches Abendessen<\/b> in den Kl\u00f6stern von Santa Caterina<\/li>\n<\/ul>\n<p>Einzigartige Auff\u00fchrungen:<\/p>\n<ul>\n<li><b>Duell der Schwertk\u00e4mpfer<\/b> \u2013 Samstagabend<\/li>\n<li><b>Schlacht im Fluss<\/b> \u2013 Sonntagabend<\/li>\n<\/ul>\n<p>&nbsp;<\/p>\n<p>&nbsp;<\/p>\n<p>&nbsp;<\/p>\n","protected":false},"featured_media":0,"template":"","meta":[],"localita":[201],"temi_vacanza":[1365,1405,1372],"classificazioni":[1368,1406,1374],"eventi_seriali":[],"servizi":[1407],"class_list":["post-23759","evento","type-evento","status-publish","hentry","localita-finalborgo","temi_vacanza-cultura","temi_vacanza-gusto","temi_vacanza-relax-lifestyle","classificazioni-cultura","classificazioni-gusto","classificazioni-relax-lifestyle","servizi-festa-cittadina-paese"],"yoast_head":"<!-- This site is optimized with the Yoast SEO plugin v28.3 - https:\/\/yoast.com\/product\/yoast-seo-wordpress\/ -->\n<title>Viaggio nel Medioevo - Visit Finale Ligure<\/title>\n<meta name=\"description\" content=\"Vom 20. bis 23. August 2026, wird Finalborgo in der Zeit zur\u00fcckreisen, genau ins Jahr 1452, zur Zeit des Markgrafentums von Giovanni I. del Carretto, um\" \/>\n<meta name=\"robots\" content=\"index, follow, max-snippet:-1, max-image-preview:large, max-video-preview:-1\" \/>\n<link rel=\"canonical\" href=\"https:\/\/visitfinaleligure.it\/de\/evento\/viaggio-nel-medioevo-2\/\" \/>\n<meta property=\"og:locale\" content=\"de_DE\" \/>\n<meta property=\"og:type\" content=\"article\" \/>\n<meta property=\"og:title\" content=\"Viaggio nel Medioevo - Visit Finale Ligure\" \/>\n<meta property=\"og:description\" content=\"Vom 20. bis 23. August 2026, wird Finalborgo in der Zeit zur\u00fcckreisen, genau ins Jahr 1452, zur Zeit des Markgrafentums von Giovanni I. del Carretto, um\" \/>\n<meta property=\"og:url\" content=\"https:\/\/visitfinaleligure.it\/de\/evento\/viaggio-nel-medioevo-2\/\" \/>\n<meta property=\"og:site_name\" content=\"Visit Finale Ligure\" \/>\n<meta property=\"article:publisher\" content=\"https:\/\/www.facebook.com\/VisitFinaleLigure\" \/>\n<meta property=\"og:image\" content=\"https:\/\/visitfinaleligure.it\/wp-content\/uploads\/2023\/03\/Capo-caprazoppa-1-1.jpg\" \/>\n\t<meta property=\"og:image:width\" content=\"2500\" \/>\n\t<meta property=\"og:image:height\" content=\"1405\" \/>\n\t<meta property=\"og:image:type\" content=\"image\/jpeg\" \/>\n<meta name=\"twitter:card\" content=\"summary_large_image\" \/>\n<meta name=\"twitter:label1\" content=\"Gesch\u00e4tzte Lesezeit\" \/>\n\t<meta name=\"twitter:data1\" content=\"1\u00a0Minute\" \/>\n<script type=\"application\/ld+json\" class=\"yoast-schema-graph\">{\"@context\":\"https:\\\/\\\/schema.org\",\"@graph\":[{\"@type\":\"WebPage\",\"@id\":\"https:\\\/\\\/visitfinaleligure.it\\\/de\\\/evento\\\/viaggio-nel-medioevo-2\\\/\",\"url\":\"https:\\\/\\\/visitfinaleligure.it\\\/de\\\/evento\\\/viaggio-nel-medioevo-2\\\/\",\"name\":\"Viaggio nel Medioevo - Visit Finale Ligure\",\"isPartOf\":{\"@id\":\"https:\\\/\\\/visitfinaleligure.it\\\/de\\\/#website\"},\"datePublished\":\"2026-08-27T09:19:44+00:00\",\"description\":\"Vom 20. bis 23. August 2026, wird Finalborgo in der Zeit zur\u00fcckreisen, genau ins Jahr 1452, zur Zeit des Markgrafentums von Giovanni I. del Carretto, um\",\"breadcrumb\":{\"@id\":\"https:\\\/\\\/visitfinaleligure.it\\\/de\\\/evento\\\/viaggio-nel-medioevo-2\\\/#breadcrumb\"},\"inLanguage\":\"de\",\"potentialAction\":[{\"@type\":\"ReadAction\",\"target\":[\"https:\\\/\\\/visitfinaleligure.it\\\/de\\\/evento\\\/viaggio-nel-medioevo-2\\\/\"]}]},{\"@type\":\"BreadcrumbList\",\"@id\":\"https:\\\/\\\/visitfinaleligure.it\\\/de\\\/evento\\\/viaggio-nel-medioevo-2\\\/#breadcrumb\",\"itemListElement\":[{\"@type\":\"ListItem\",\"position\":1,\"name\":\"Home\",\"item\":\"https:\\\/\\\/visitfinaleligure.it\\\/de\\\/\"},{\"@type\":\"ListItem\",\"position\":2,\"name\":\"Eventi\",\"item\":\"https:\\\/\\\/visitfinaleligure.it\\\/de\\\/evento\\\/\"},{\"@type\":\"ListItem\",\"position\":3,\"name\":\"Viaggio nel Medioevo\"}]},{\"@type\":\"WebSite\",\"@id\":\"https:\\\/\\\/visitfinaleligure.it\\\/de\\\/#website\",\"url\":\"https:\\\/\\\/visitfinaleligure.it\\\/de\\\/\",\"name\":\"Visit Finale Ligure\",\"description\":\"My perfect place\",\"publisher\":{\"@id\":\"https:\\\/\\\/visitfinaleligure.it\\\/de\\\/#organization\"},\"potentialAction\":[{\"@type\":\"SearchAction\",\"target\":{\"@type\":\"EntryPoint\",\"urlTemplate\":\"https:\\\/\\\/visitfinaleligure.it\\\/de\\\/?s={search_term_string}\"},\"query-input\":{\"@type\":\"PropertyValueSpecification\",\"valueRequired\":true,\"valueName\":\"search_term_string\"}}],\"inLanguage\":\"de\"},{\"@type\":\"Organization\",\"@id\":\"https:\\\/\\\/visitfinaleligure.it\\\/de\\\/#organization\",\"name\":\"Comune di Finale Ligure\",\"url\":\"https:\\\/\\\/visitfinaleligure.it\\\/de\\\/\",\"logo\":{\"@type\":\"ImageObject\",\"inLanguage\":\"de\",\"@id\":\"https:\\\/\\\/visitfinaleligure.it\\\/de\\\/#\\\/schema\\\/logo\\\/image\\\/\",\"url\":\"https:\\\/\\\/visitfinaleligure.it\\\/wp-content\\\/uploads\\\/2023\\\/04\\\/cropped-finaleligure-verticale-positivo-200x200-1.png\",\"contentUrl\":\"https:\\\/\\\/visitfinaleligure.it\\\/wp-content\\\/uploads\\\/2023\\\/04\\\/cropped-finaleligure-verticale-positivo-200x200-1.png\",\"width\":512,\"height\":512,\"caption\":\"Comune di Finale Ligure\"},\"image\":{\"@id\":\"https:\\\/\\\/visitfinaleligure.it\\\/de\\\/#\\\/schema\\\/logo\\\/image\\\/\"},\"sameAs\":[\"https:\\\/\\\/www.facebook.com\\\/VisitFinaleLigure\",\"https:\\\/\\\/www.instagram.com\\\/visitfinale\\\/\",\"https:\\\/\\\/www.youtube.com\\\/channel\\\/UCLmoLfNmrAt9mSCll9egttw\"]}]}<\/script>\n<!-- \/ Yoast SEO plugin. -->","yoast_head_json":{"title":"Viaggio nel Medioevo - Visit Finale Ligure","description":"Vom 20. bis 23. August 2026, wird Finalborgo in der Zeit zur\u00fcckreisen, genau ins Jahr 1452, zur Zeit des Markgrafentums von Giovanni I. del Carretto, um","robots":{"index":"index","follow":"follow","max-snippet":"max-snippet:-1","max-image-preview":"max-image-preview:large","max-video-preview":"max-video-preview:-1"},"canonical":"https:\/\/visitfinaleligure.it\/de\/evento\/viaggio-nel-medioevo-2\/","og_locale":"de_DE","og_type":"article","og_title":"Viaggio nel Medioevo - Visit Finale Ligure","og_description":"Vom 20. bis 23. August 2026, wird Finalborgo in der Zeit zur\u00fcckreisen, genau ins Jahr 1452, zur Zeit des Markgrafentums von Giovanni I. del Carretto, um","og_url":"https:\/\/visitfinaleligure.it\/de\/evento\/viaggio-nel-medioevo-2\/","og_site_name":"Visit Finale Ligure","article_publisher":"https:\/\/www.facebook.com\/VisitFinaleLigure","og_image":[{"width":2500,"height":1405,"url":"https:\/\/visitfinaleligure.it\/wp-content\/uploads\/2023\/03\/Capo-caprazoppa-1-1.jpg","type":"image\/jpeg"}],"twitter_card":"summary_large_image","twitter_misc":{"Gesch\u00e4tzte Lesezeit":"1\u00a0Minute"},"schema":{"@context":"https:\/\/schema.org","@graph":[{"@type":"WebPage","@id":"https:\/\/visitfinaleligure.it\/de\/evento\/viaggio-nel-medioevo-2\/","url":"https:\/\/visitfinaleligure.it\/de\/evento\/viaggio-nel-medioevo-2\/","name":"Viaggio nel Medioevo - Visit Finale Ligure","isPartOf":{"@id":"https:\/\/visitfinaleligure.it\/de\/#website"},"datePublished":"2026-08-27T09:19:44+00:00","description":"Vom 20. bis 23. August 2026, wird Finalborgo in der Zeit zur\u00fcckreisen, genau ins Jahr 1452, zur Zeit des Markgrafentums von Giovanni I. del Carretto, um","breadcrumb":{"@id":"https:\/\/visitfinaleligure.it\/de\/evento\/viaggio-nel-medioevo-2\/#breadcrumb"},"inLanguage":"de","potentialAction":[{"@type":"ReadAction","target":["https:\/\/visitfinaleligure.it\/de\/evento\/viaggio-nel-medioevo-2\/"]}]},{"@type":"BreadcrumbList","@id":"https:\/\/visitfinaleligure.it\/de\/evento\/viaggio-nel-medioevo-2\/#breadcrumb","itemListElement":[{"@type":"ListItem","position":1,"name":"Home","item":"https:\/\/visitfinaleligure.it\/de\/"},{"@type":"ListItem","position":2,"name":"Eventi","item":"https:\/\/visitfinaleligure.it\/de\/evento\/"},{"@type":"ListItem","position":3,"name":"Viaggio nel Medioevo"}]},{"@type":"WebSite","@id":"https:\/\/visitfinaleligure.it\/de\/#website","url":"https:\/\/visitfinaleligure.it\/de\/","name":"Visit Finale Ligure","description":"My perfect place","publisher":{"@id":"https:\/\/visitfinaleligure.it\/de\/#organization"},"potentialAction":[{"@type":"SearchAction","target":{"@type":"EntryPoint","urlTemplate":"https:\/\/visitfinaleligure.it\/de\/?s={search_term_string}"},"query-input":{"@type":"PropertyValueSpecification","valueRequired":true,"valueName":"search_term_string"}}],"inLanguage":"de"},{"@type":"Organization","@id":"https:\/\/visitfinaleligure.it\/de\/#organization","name":"Comune di Finale Ligure","url":"https:\/\/visitfinaleligure.it\/de\/","logo":{"@type":"ImageObject","inLanguage":"de","@id":"https:\/\/visitfinaleligure.it\/de\/#\/schema\/logo\/image\/","url":"https:\/\/visitfinaleligure.it\/wp-content\/uploads\/2023\/04\/cropped-finaleligure-verticale-positivo-200x200-1.png","contentUrl":"https:\/\/visitfinaleligure.it\/wp-content\/uploads\/2023\/04\/cropped-finaleligure-verticale-positivo-200x200-1.png","width":512,"height":512,"caption":"Comune di Finale Ligure"},"image":{"@id":"https:\/\/visitfinaleligure.it\/de\/#\/schema\/logo\/image\/"},"sameAs":["https:\/\/www.facebook.com\/VisitFinaleLigure","https:\/\/www.instagram.com\/visitfinale\/","https:\/\/www.youtube.com\/channel\/UCLmoLfNmrAt9mSCll9egttw"]}]}},"_links":{"self":[{"href":"https:\/\/visitfinaleligure.it\/de\/wp-json\/wp\/v2\/evento\/23759","targetHints":{"allow":["GET"]}}],"collection":[{"href":"https:\/\/visitfinaleligure.it\/de\/wp-json\/wp\/v2\/evento"}],"about":[{"href":"https:\/\/visitfinaleligure.it\/de\/wp-json\/wp\/v2\/types\/evento"}],"wp:attachment":[{"href":"https:\/\/visitfinaleligure.it\/de\/wp-json\/wp\/v2\/media?parent=23759"}],"wp:term":[{"taxonomy":"localita","embeddable":true,"href":"https:\/\/visitfinaleligure.it\/de\/wp-json\/wp\/v2\/localita?post=23759"},{"taxonomy":"temi_vacanza","embeddable":true,"href":"https:\/\/visitfinaleligure.it\/de\/wp-json\/wp\/v2\/temi_vacanza?post=23759"},{"taxonomy":"classificazioni","embeddable":true,"href":"https:\/\/visitfinaleligure.it\/de\/wp-json\/wp\/v2\/classificazioni?post=23759"},{"taxonomy":"eventi_seriali","embeddable":true,"href":"https:\/\/visitfinaleligure.it\/de\/wp-json\/wp\/v2\/eventi_seriali?post=23759"},{"taxonomy":"servizi","embeddable":true,"href":"https:\/\/visitfinaleligure.it\/de\/wp-json\/wp\/v2\/servizi?post=23759"}],"curies":[{"name":"wp","href":"https:\/\/api.w.org\/{rel}","templated":true}]}}

<p><i>Vom 20. bis 23. August 2026</i>, wird Finalborgo in der Zeit zurückreisen, genau ins Jahr 1452, zur Zeit des Markgrafentums von Giovanni I. del Carretto, um die Rückeroberung seiner Mauern unter dem Belagerung der Republik Genua zu feiern.</p>
<p>&nbsp;<br />Für diejenigen, die bereits unsere <i>“Reise”</i> begonnen haben, ist es leicht, sich zu erinnern, worüber wir sprechen:<br />Flaggen in den Straßen des Dorfes, alte Schilder, Düfte, Geschmäcker und Musik; Werkstätten und Lager; Damen, Ritter und Gaukler;<br />Schwertspiele, Feuer und verschiedene Sprachen, die in einem Tanz verschmelzen, und Farben werden; das Lächeln und Staunen auf den Gesichtern der Kinder, die Erwachsenen, die wieder zu Kindern werden!</p>
<p><i>Während dieser vier Tage, von 18 bis 24 Uhr, kann man somit Aufführungen aller Art erleben und in die mittelalterliche Epoche eintauchen!</i></p>
<p>Jeden Abend:</p>
<ul>
<li><b>Mittelalterliches Abendessen</b> in den Klöstern von Santa Caterina</li>
</ul>
<p>Einzigartige Aufführungen:</p>
<ul>
<li><b>Duell der Schwertkämpfer</b> – Samstagabend</li>
<li><b>Schlacht im Fluss</b> – Sonntagabend</li>
</ul>
<p>&nbsp;</p>
<p>&nbsp;</p>
<p>&nbsp;</p>

<!-- This site is optimized with the Yoast SEO plugin v28.3 - https://yoast.com/product/yoast-seo-wordpress/ -->
<title>Viaggio nel Medioevo - Visit Finale Ligure</title>
<meta name="description" content="Vom 20. bis 23. August 2026, wird Finalborgo in der Zeit zurückreisen, genau ins Jahr 1452, zur Zeit des Markgrafentums von Giovanni I. del Carretto, um" />
<meta name="robots" content="index, follow, max-snippet:-1, max-image-preview:large, max-video-preview:-1" />
<link rel="canonical" href="https://visitfinaleligure.it/de/evento/viaggio-nel-medioevo-2/" />
<meta property="og:locale" content="de_DE" />
<meta property="og:type" content="article" />
<meta property="og:title" content="Viaggio nel Medioevo - Visit Finale Ligure" />
<meta property="og:description" content="Vom 20. bis 23. August 2026, wird Finalborgo in der Zeit zurückreisen, genau ins Jahr 1452, zur Zeit des Markgrafentums von Giovanni I. del Carretto, um" />
<meta property="og:url" content="https://visitfinaleligure.it/de/evento/viaggio-nel-medioevo-2/" />
<meta property="og:site_name" content="Visit Finale Ligure" />
<meta property="article:publisher" content="https://www.facebook.com/VisitFinaleLigure" />
<meta property="og:image" content="https://visitfinaleligure.it/wp-content/uploads/2023/03/Capo-caprazoppa-1-1.jpg" />
	<meta property="og:image:width" content="2500" />
	<meta property="og:image:height" content="1405" />
	<meta property="og:image:type" content="image/jpeg" />
<meta name="twitter:card" content="summary_large_image" />
<meta name="twitter:label1" content="Geschätzte Lesezeit" />
	<meta name="twitter:data1" content="1 Minute" />
<script type="application/ld+json" class="yoast-schema-graph">{"@context":"https:\/\/schema.org","@graph":[{"@type":"WebPage","@id":"https:\/\/visitfinaleligure.it\/de\/evento\/viaggio-nel-medioevo-2\/","url":"https:\/\/visitfinaleligure.it\/de\/evento\/viaggio-nel-medioevo-2\/","name":"Viaggio nel Medioevo - Visit Finale Ligure","isPartOf":{"@id":"https:\/\/visitfinaleligure.it\/de\/#website"},"datePublished":"2026-08-27T09:19:44+00:00","description":"Vom 20. bis 23. August 2026, wird Finalborgo in der Zeit zurückreisen, genau ins Jahr 1452, zur Zeit des Markgrafentums von Giovanni I. del Carretto, um","breadcrumb":{"@id":"https:\/\/visitfinaleligure.it\/de\/evento\/viaggio-nel-medioevo-2\/#breadcrumb"},"inLanguage":"de","potentialAction":[{"@type":"ReadAction","target":["https:\/\/visitfinaleligure.it\/de\/evento\/viaggio-nel-medioevo-2\/"]}]},{"@type":"BreadcrumbList","@id":"https:\/\/visitfinaleligure.it\/de\/evento\/viaggio-nel-medioevo-2\/#breadcrumb","itemListElement":[{"@type":"ListItem","position":1,"name":"Home","item":"https:\/\/visitfinaleligure.it\/de\/"},{"@type":"ListItem","position":2,"name":"Eventi","item":"https:\/\/visitfinaleligure.it\/de\/evento\/"},{"@type":"ListItem","position":3,"name":"Viaggio nel Medioevo"}]},{"@type":"WebSite","@id":"https:\/\/visitfinaleligure.it\/de\/#website","url":"https:\/\/visitfinaleligure.it\/de\/","name":"Visit Finale Ligure","description":"My perfect place","publisher":{"@id":"https:\/\/visitfinaleligure.it\/de\/#organization"},"potentialAction":[{"@type":"SearchAction","target":{"@type":"EntryPoint","urlTemplate":"https:\/\/visitfinaleligure.it\/de\/?s={search_term_string}"},"query-input":{"@type":"PropertyValueSpecification","valueRequired":true,"valueName":"search_term_string"}}],"inLanguage":"de"},{"@type":"Organization","@id":"https:\/\/visitfinaleligure.it\/de\/#organization","name":"Comune di Finale Ligure","url":"https:\/\/visitfinaleligure.it\/de\/","logo":{"@type":"ImageObject","inLanguage":"de","@id":"https:\/\/visitfinaleligure.it\/de\/#\/schema\/logo\/image\/","url":"https:\/\/visitfinaleligure.it\/wp-content\/uploads\/2023\/04\/cropped-finaleligure-verticale-positivo-200x200-1.png","contentUrl":"https:\/\/visitfinaleligure.it\/wp-content\/uploads\/2023\/04\/cropped-finaleligure-verticale-positivo-200x200-1.png","width":512,"height":512,"caption":"Comune di Finale Ligure"},"image":{"@id":"https:\/\/visitfinaleligure.it\/de\/#\/schema\/logo\/image\/"},"sameAs":["https:\/\/www.facebook.com\/VisitFinaleLigure","https:\/\/www.instagram.com\/visitfinale\/","https:\/\/www.youtube.com\/channel\/UCLmoLfNmrAt9mSCll9egttw"]}]}</script>
<!-- / Yoast SEO plugin. -->

Vom 20. bis 23. August 2026, wird Finalborgo in der Zeit zurückreisen, genau ins Jahr 1452, zur Zeit des Markgrafentums von Giovanni I. del Carretto, um
