{"id":23791,"date":"2026-08-27T11:19:45","date_gmt":"2026-08-27T09:19:45","guid":{"rendered":"https:\/\/visitfinaleligure.it\/evento\/finale-summer-festival-mario-tozzi-2\/"},"modified":"2026-08-27T11:19:45","modified_gmt":"2026-08-27T09:19:45","slug":"finale-summer-festival-mario-tozzi-2","status":"publish","type":"evento","link":"https:\/\/visitfinaleligure.it\/de\/evento\/finale-summer-festival-mario-tozzi-2\/","title":{"rendered":"FINALE SUMMER FESTIVAL: Mario Tozzi"},"content":{"rendered":"<p>Mario Tozzi, promovierter Geologe an der Universit\u00e4t La Sapienza, Doktor der Wissenschaften und leitender Forscher beim Nationalen Forschungsrat, ist f\u00fcr die \u00d6ffentlichkeitsarbeit der Italienischen Vereinigung der Geowissenschaften verantwortlich. <br \/>Seit 2006 leitet er den Nationalpark Archipel Toskanischer Inseln. <br \/>Als Wissenschaftskommunikator hat er zahlreiche Radio- und Fernsehprogramme moderiert, darunter Gaia, der Planet, der lebt, seit 2007 Terzo pianeta und seit 2009, zusammen mit dem Trio Medusa, die Wissenschaftssendung Gaia Scienza beim Fernsehsender LA7. Er hat \u00fcber 50 wissenschaftliche Publikationen in italienischen und internationalen Fachzeitschriften sowie zahlreiche B\u00fccher zu verschiedenen Themen ver\u00f6ffentlicht.<\/p>\n","protected":false},"featured_media":0,"template":"","meta":[],"localita":[222],"temi_vacanza":[1365,1366],"classificazioni":[1368,1367],"eventi_seriali":[],"servizi":[1410],"class_list":["post-23791","evento","type-evento","status-publish","hentry","localita-finale-ligure","temi_vacanza-cultura","temi_vacanza-liveexplore","classificazioni-cultura","classificazioni-liveexplore","servizi-incontro-culturale"],"yoast_head":"<!-- This site is optimized with the Yoast SEO plugin v28.3 - https:\/\/yoast.com\/product\/yoast-seo-wordpress\/ -->\n<title>FINALE SUMMER FESTIVAL: Mario Tozzi - Visit Finale Ligure<\/title>\n<meta name=\"description\" content=\"Mario Tozzi, promovierter Geologe an der Universit\u00e4t La Sapienza, Doktor der Wissenschaften und leitender Forscher beim Nationalen Forschungsrat, ist f\u00fcr\" \/>\n<meta name=\"robots\" content=\"index, follow, max-snippet:-1, max-image-preview:large, max-video-preview:-1\" \/>\n<link rel=\"canonical\" href=\"https:\/\/visitfinaleligure.it\/de\/evento\/finale-summer-festival-mario-tozzi-2\/\" \/>\n<meta property=\"og:locale\" content=\"de_DE\" \/>\n<meta property=\"og:type\" content=\"article\" \/>\n<meta property=\"og:title\" content=\"FINALE SUMMER FESTIVAL: Mario Tozzi - Visit Finale Ligure\" \/>\n<meta property=\"og:description\" content=\"Mario Tozzi, promovierter Geologe an der Universit\u00e4t La Sapienza, Doktor der Wissenschaften und leitender Forscher beim Nationalen Forschungsrat, ist f\u00fcr\" \/>\n<meta property=\"og:url\" content=\"https:\/\/visitfinaleligure.it\/de\/evento\/finale-summer-festival-mario-tozzi-2\/\" \/>\n<meta property=\"og:site_name\" content=\"Visit Finale Ligure\" \/>\n<meta property=\"article:publisher\" content=\"https:\/\/www.facebook.com\/VisitFinaleLigure\" \/>\n<meta property=\"og:image\" content=\"https:\/\/visitfinaleligure.it\/wp-content\/uploads\/2023\/03\/Capo-caprazoppa-1-1.jpg\" \/>\n\t<meta property=\"og:image:width\" content=\"2500\" \/>\n\t<meta property=\"og:image:height\" content=\"1405\" \/>\n\t<meta property=\"og:image:type\" content=\"image\/jpeg\" \/>\n<meta name=\"twitter:card\" content=\"summary_large_image\" \/>\n<script type=\"application\/ld+json\" class=\"yoast-schema-graph\">{\"@context\":\"https:\\\/\\\/schema.org\",\"@graph\":[{\"@type\":\"WebPage\",\"@id\":\"https:\\\/\\\/visitfinaleligure.it\\\/de\\\/evento\\\/finale-summer-festival-mario-tozzi-2\\\/\",\"url\":\"https:\\\/\\\/visitfinaleligure.it\\\/de\\\/evento\\\/finale-summer-festival-mario-tozzi-2\\\/\",\"name\":\"FINALE SUMMER FESTIVAL: Mario Tozzi - Visit Finale Ligure\",\"isPartOf\":{\"@id\":\"https:\\\/\\\/visitfinaleligure.it\\\/de\\\/#website\"},\"datePublished\":\"2026-08-27T09:19:45+00:00\",\"description\":\"Mario Tozzi, promovierter Geologe an der Universit\u00e4t La Sapienza, Doktor der Wissenschaften und leitender Forscher beim Nationalen Forschungsrat, ist f\u00fcr\",\"breadcrumb\":{\"@id\":\"https:\\\/\\\/visitfinaleligure.it\\\/de\\\/evento\\\/finale-summer-festival-mario-tozzi-2\\\/#breadcrumb\"},\"inLanguage\":\"de\",\"potentialAction\":[{\"@type\":\"ReadAction\",\"target\":[\"https:\\\/\\\/visitfinaleligure.it\\\/de\\\/evento\\\/finale-summer-festival-mario-tozzi-2\\\/\"]}]},{\"@type\":\"BreadcrumbList\",\"@id\":\"https:\\\/\\\/visitfinaleligure.it\\\/de\\\/evento\\\/finale-summer-festival-mario-tozzi-2\\\/#breadcrumb\",\"itemListElement\":[{\"@type\":\"ListItem\",\"position\":1,\"name\":\"Home\",\"item\":\"https:\\\/\\\/visitfinaleligure.it\\\/de\\\/\"},{\"@type\":\"ListItem\",\"position\":2,\"name\":\"Eventi\",\"item\":\"https:\\\/\\\/visitfinaleligure.it\\\/de\\\/evento\\\/\"},{\"@type\":\"ListItem\",\"position\":3,\"name\":\"FINALE SUMMER FESTIVAL: Mario Tozzi\"}]},{\"@type\":\"WebSite\",\"@id\":\"https:\\\/\\\/visitfinaleligure.it\\\/de\\\/#website\",\"url\":\"https:\\\/\\\/visitfinaleligure.it\\\/de\\\/\",\"name\":\"Visit Finale Ligure\",\"description\":\"My perfect place\",\"publisher\":{\"@id\":\"https:\\\/\\\/visitfinaleligure.it\\\/de\\\/#organization\"},\"potentialAction\":[{\"@type\":\"SearchAction\",\"target\":{\"@type\":\"EntryPoint\",\"urlTemplate\":\"https:\\\/\\\/visitfinaleligure.it\\\/de\\\/?s={search_term_string}\"},\"query-input\":{\"@type\":\"PropertyValueSpecification\",\"valueRequired\":true,\"valueName\":\"search_term_string\"}}],\"inLanguage\":\"de\"},{\"@type\":\"Organization\",\"@id\":\"https:\\\/\\\/visitfinaleligure.it\\\/de\\\/#organization\",\"name\":\"Comune di Finale Ligure\",\"url\":\"https:\\\/\\\/visitfinaleligure.it\\\/de\\\/\",\"logo\":{\"@type\":\"ImageObject\",\"inLanguage\":\"de\",\"@id\":\"https:\\\/\\\/visitfinaleligure.it\\\/de\\\/#\\\/schema\\\/logo\\\/image\\\/\",\"url\":\"https:\\\/\\\/visitfinaleligure.it\\\/wp-content\\\/uploads\\\/2023\\\/04\\\/cropped-finaleligure-verticale-positivo-200x200-1.png\",\"contentUrl\":\"https:\\\/\\\/visitfinaleligure.it\\\/wp-content\\\/uploads\\\/2023\\\/04\\\/cropped-finaleligure-verticale-positivo-200x200-1.png\",\"width\":512,\"height\":512,\"caption\":\"Comune di Finale Ligure\"},\"image\":{\"@id\":\"https:\\\/\\\/visitfinaleligure.it\\\/de\\\/#\\\/schema\\\/logo\\\/image\\\/\"},\"sameAs\":[\"https:\\\/\\\/www.facebook.com\\\/VisitFinaleLigure\",\"https:\\\/\\\/www.instagram.com\\\/visitfinale\\\/\",\"https:\\\/\\\/www.youtube.com\\\/channel\\\/UCLmoLfNmrAt9mSCll9egttw\"]}]}<\/script>\n<!-- \/ Yoast SEO plugin. -->","yoast_head_json":{"title":"FINALE SUMMER FESTIVAL: Mario Tozzi - Visit Finale Ligure","description":"Mario Tozzi, promovierter Geologe an der Universit\u00e4t La Sapienza, Doktor der Wissenschaften und leitender Forscher beim Nationalen Forschungsrat, ist f\u00fcr","robots":{"index":"index","follow":"follow","max-snippet":"max-snippet:-1","max-image-preview":"max-image-preview:large","max-video-preview":"max-video-preview:-1"},"canonical":"https:\/\/visitfinaleligure.it\/de\/evento\/finale-summer-festival-mario-tozzi-2\/","og_locale":"de_DE","og_type":"article","og_title":"FINALE SUMMER FESTIVAL: Mario Tozzi - Visit Finale Ligure","og_description":"Mario Tozzi, promovierter Geologe an der Universit\u00e4t La Sapienza, Doktor der Wissenschaften und leitender Forscher beim Nationalen Forschungsrat, ist f\u00fcr","og_url":"https:\/\/visitfinaleligure.it\/de\/evento\/finale-summer-festival-mario-tozzi-2\/","og_site_name":"Visit Finale Ligure","article_publisher":"https:\/\/www.facebook.com\/VisitFinaleLigure","og_image":[{"width":2500,"height":1405,"url":"https:\/\/visitfinaleligure.it\/wp-content\/uploads\/2023\/03\/Capo-caprazoppa-1-1.jpg","type":"image\/jpeg"}],"twitter_card":"summary_large_image","schema":{"@context":"https:\/\/schema.org","@graph":[{"@type":"WebPage","@id":"https:\/\/visitfinaleligure.it\/de\/evento\/finale-summer-festival-mario-tozzi-2\/","url":"https:\/\/visitfinaleligure.it\/de\/evento\/finale-summer-festival-mario-tozzi-2\/","name":"FINALE SUMMER FESTIVAL: Mario Tozzi - Visit Finale Ligure","isPartOf":{"@id":"https:\/\/visitfinaleligure.it\/de\/#website"},"datePublished":"2026-08-27T09:19:45+00:00","description":"Mario Tozzi, promovierter Geologe an der Universit\u00e4t La Sapienza, Doktor der Wissenschaften und leitender Forscher beim Nationalen Forschungsrat, ist f\u00fcr","breadcrumb":{"@id":"https:\/\/visitfinaleligure.it\/de\/evento\/finale-summer-festival-mario-tozzi-2\/#breadcrumb"},"inLanguage":"de","potentialAction":[{"@type":"ReadAction","target":["https:\/\/visitfinaleligure.it\/de\/evento\/finale-summer-festival-mario-tozzi-2\/"]}]},{"@type":"BreadcrumbList","@id":"https:\/\/visitfinaleligure.it\/de\/evento\/finale-summer-festival-mario-tozzi-2\/#breadcrumb","itemListElement":[{"@type":"ListItem","position":1,"name":"Home","item":"https:\/\/visitfinaleligure.it\/de\/"},{"@type":"ListItem","position":2,"name":"Eventi","item":"https:\/\/visitfinaleligure.it\/de\/evento\/"},{"@type":"ListItem","position":3,"name":"FINALE SUMMER FESTIVAL: Mario Tozzi"}]},{"@type":"WebSite","@id":"https:\/\/visitfinaleligure.it\/de\/#website","url":"https:\/\/visitfinaleligure.it\/de\/","name":"Visit Finale Ligure","description":"My perfect place","publisher":{"@id":"https:\/\/visitfinaleligure.it\/de\/#organization"},"potentialAction":[{"@type":"SearchAction","target":{"@type":"EntryPoint","urlTemplate":"https:\/\/visitfinaleligure.it\/de\/?s={search_term_string}"},"query-input":{"@type":"PropertyValueSpecification","valueRequired":true,"valueName":"search_term_string"}}],"inLanguage":"de"},{"@type":"Organization","@id":"https:\/\/visitfinaleligure.it\/de\/#organization","name":"Comune di Finale Ligure","url":"https:\/\/visitfinaleligure.it\/de\/","logo":{"@type":"ImageObject","inLanguage":"de","@id":"https:\/\/visitfinaleligure.it\/de\/#\/schema\/logo\/image\/","url":"https:\/\/visitfinaleligure.it\/wp-content\/uploads\/2023\/04\/cropped-finaleligure-verticale-positivo-200x200-1.png","contentUrl":"https:\/\/visitfinaleligure.it\/wp-content\/uploads\/2023\/04\/cropped-finaleligure-verticale-positivo-200x200-1.png","width":512,"height":512,"caption":"Comune di Finale Ligure"},"image":{"@id":"https:\/\/visitfinaleligure.it\/de\/#\/schema\/logo\/image\/"},"sameAs":["https:\/\/www.facebook.com\/VisitFinaleLigure","https:\/\/www.instagram.com\/visitfinale\/","https:\/\/www.youtube.com\/channel\/UCLmoLfNmrAt9mSCll9egttw"]}]}},"_links":{"self":[{"href":"https:\/\/visitfinaleligure.it\/de\/wp-json\/wp\/v2\/evento\/23791","targetHints":{"allow":["GET"]}}],"collection":[{"href":"https:\/\/visitfinaleligure.it\/de\/wp-json\/wp\/v2\/evento"}],"about":[{"href":"https:\/\/visitfinaleligure.it\/de\/wp-json\/wp\/v2\/types\/evento"}],"wp:attachment":[{"href":"https:\/\/visitfinaleligure.it\/de\/wp-json\/wp\/v2\/media?parent=23791"}],"wp:term":[{"taxonomy":"localita","embeddable":true,"href":"https:\/\/visitfinaleligure.it\/de\/wp-json\/wp\/v2\/localita?post=23791"},{"taxonomy":"temi_vacanza","embeddable":true,"href":"https:\/\/visitfinaleligure.it\/de\/wp-json\/wp\/v2\/temi_vacanza?post=23791"},{"taxonomy":"classificazioni","embeddable":true,"href":"https:\/\/visitfinaleligure.it\/de\/wp-json\/wp\/v2\/classificazioni?post=23791"},{"taxonomy":"eventi_seriali","embeddable":true,"href":"https:\/\/visitfinaleligure.it\/de\/wp-json\/wp\/v2\/eventi_seriali?post=23791"},{"taxonomy":"servizi","embeddable":true,"href":"https:\/\/visitfinaleligure.it\/de\/wp-json\/wp\/v2\/servizi?post=23791"}],"curies":[{"name":"wp","href":"https:\/\/api.w.org\/{rel}","templated":true}]}}

<p>Mario Tozzi, promovierter Geologe an der Universität La Sapienza, Doktor der Wissenschaften und leitender Forscher beim Nationalen Forschungsrat, ist für die Öffentlichkeitsarbeit der Italienischen Vereinigung der Geowissenschaften verantwortlich. <br />Seit 2006 leitet er den Nationalpark Archipel Toskanischer Inseln. <br />Als Wissenschaftskommunikator hat er zahlreiche Radio- und Fernsehprogramme moderiert, darunter Gaia, der Planet, der lebt, seit 2007 Terzo pianeta und seit 2009, zusammen mit dem Trio Medusa, die Wissenschaftssendung Gaia Scienza beim Fernsehsender LA7. Er hat über 50 wissenschaftliche Publikationen in italienischen und internationalen Fachzeitschriften sowie zahlreiche Bücher zu verschiedenen Themen veröffentlicht.</p>

<!-- This site is optimized with the Yoast SEO plugin v28.3 - https://yoast.com/product/yoast-seo-wordpress/ -->
<title>FINALE SUMMER FESTIVAL: Mario Tozzi - Visit Finale Ligure</title>
<meta name="description" content="Mario Tozzi, promovierter Geologe an der Universität La Sapienza, Doktor der Wissenschaften und leitender Forscher beim Nationalen Forschungsrat, ist für" />
<meta name="robots" content="index, follow, max-snippet:-1, max-image-preview:large, max-video-preview:-1" />
<link rel="canonical" href="https://visitfinaleligure.it/de/evento/finale-summer-festival-mario-tozzi-2/" />
<meta property="og:locale" content="de_DE" />
<meta property="og:type" content="article" />
<meta property="og:title" content="FINALE SUMMER FESTIVAL: Mario Tozzi - Visit Finale Ligure" />
<meta property="og:description" content="Mario Tozzi, promovierter Geologe an der Universität La Sapienza, Doktor der Wissenschaften und leitender Forscher beim Nationalen Forschungsrat, ist für" />
<meta property="og:url" content="https://visitfinaleligure.it/de/evento/finale-summer-festival-mario-tozzi-2/" />
<meta property="og:site_name" content="Visit Finale Ligure" />
<meta property="article:publisher" content="https://www.facebook.com/VisitFinaleLigure" />
<meta property="og:image" content="https://visitfinaleligure.it/wp-content/uploads/2023/03/Capo-caprazoppa-1-1.jpg" />
	<meta property="og:image:width" content="2500" />
	<meta property="og:image:height" content="1405" />
	<meta property="og:image:type" content="image/jpeg" />
<meta name="twitter:card" content="summary_large_image" />
<script type="application/ld+json" class="yoast-schema-graph">{"@context":"https:\/\/schema.org","@graph":[{"@type":"WebPage","@id":"https:\/\/visitfinaleligure.it\/de\/evento\/finale-summer-festival-mario-tozzi-2\/","url":"https:\/\/visitfinaleligure.it\/de\/evento\/finale-summer-festival-mario-tozzi-2\/","name":"FINALE SUMMER FESTIVAL: Mario Tozzi - Visit Finale Ligure","isPartOf":{"@id":"https:\/\/visitfinaleligure.it\/de\/#website"},"datePublished":"2026-08-27T09:19:45+00:00","description":"Mario Tozzi, promovierter Geologe an der Universität La Sapienza, Doktor der Wissenschaften und leitender Forscher beim Nationalen Forschungsrat, ist für","breadcrumb":{"@id":"https:\/\/visitfinaleligure.it\/de\/evento\/finale-summer-festival-mario-tozzi-2\/#breadcrumb"},"inLanguage":"de","potentialAction":[{"@type":"ReadAction","target":["https:\/\/visitfinaleligure.it\/de\/evento\/finale-summer-festival-mario-tozzi-2\/"]}]},{"@type":"BreadcrumbList","@id":"https:\/\/visitfinaleligure.it\/de\/evento\/finale-summer-festival-mario-tozzi-2\/#breadcrumb","itemListElement":[{"@type":"ListItem","position":1,"name":"Home","item":"https:\/\/visitfinaleligure.it\/de\/"},{"@type":"ListItem","position":2,"name":"Eventi","item":"https:\/\/visitfinaleligure.it\/de\/evento\/"},{"@type":"ListItem","position":3,"name":"FINALE SUMMER FESTIVAL: Mario Tozzi"}]},{"@type":"WebSite","@id":"https:\/\/visitfinaleligure.it\/de\/#website","url":"https:\/\/visitfinaleligure.it\/de\/","name":"Visit Finale Ligure","description":"My perfect place","publisher":{"@id":"https:\/\/visitfinaleligure.it\/de\/#organization"},"potentialAction":[{"@type":"SearchAction","target":{"@type":"EntryPoint","urlTemplate":"https:\/\/visitfinaleligure.it\/de\/?s={search_term_string}"},"query-input":{"@type":"PropertyValueSpecification","valueRequired":true,"valueName":"search_term_string"}}],"inLanguage":"de"},{"@type":"Organization","@id":"https:\/\/visitfinaleligure.it\/de\/#organization","name":"Comune di Finale Ligure","url":"https:\/\/visitfinaleligure.it\/de\/","logo":{"@type":"ImageObject","inLanguage":"de","@id":"https:\/\/visitfinaleligure.it\/de\/#\/schema\/logo\/image\/","url":"https:\/\/visitfinaleligure.it\/wp-content\/uploads\/2023\/04\/cropped-finaleligure-verticale-positivo-200x200-1.png","contentUrl":"https:\/\/visitfinaleligure.it\/wp-content\/uploads\/2023\/04\/cropped-finaleligure-verticale-positivo-200x200-1.png","width":512,"height":512,"caption":"Comune di Finale Ligure"},"image":{"@id":"https:\/\/visitfinaleligure.it\/de\/#\/schema\/logo\/image\/"},"sameAs":["https:\/\/www.facebook.com\/VisitFinaleLigure","https:\/\/www.instagram.com\/visitfinale\/","https:\/\/www.youtube.com\/channel\/UCLmoLfNmrAt9mSCll9egttw"]}]}</script>
<!-- / Yoast SEO plugin. -->

Mario Tozzi, promovierter Geologe an der Universität La Sapienza, Doktor der Wissenschaften und leitender Forscher beim Nationalen Forschungsrat, ist für
