{"id":23811,"date":"2026-08-27T11:19:46","date_gmt":"2026-08-27T09:19:46","guid":{"rendered":"https:\/\/visitfinaleligure.it\/evento\/lassu-dove-non-si-vedeva-il-cielo-visite-guidate-al-carcere-di-santa-caterina-2\/"},"modified":"2026-08-27T11:19:46","modified_gmt":"2026-08-27T09:19:46","slug":"lassu-dove-non-si-vedeva-il-cielo-visite-guidate-al-carcere-di-santa-caterina-2","status":"publish","type":"evento","link":"https:\/\/visitfinaleligure.it\/de\/evento\/lassu-dove-non-si-vedeva-il-cielo-visite-guidate-al-carcere-di-santa-caterina-2\/","title":{"rendered":"Lass\u00f9 dove non si vedeva il cielo: visite guidate al carcere di Santa Caterina"},"content":{"rendered":"<p>La visita guidata al campanile medievale della chiesa di Santa Caterina in Finalborgo, con l&#8217;annesso convento trasformato in penitenziario nel 1864, consente di effettuare una salita esperienziale nel passato tra anguste e buie celle di rigore. Dopo essersi immersi nella dura atmosfera di un carcere ottocentesco \u00ec, si raggiunge infine la sommit\u00e0 della torre da dove \u00e8 possibile ammirare dall&#8217;alto Finalborgo e il circostante paesaggio del Finale.<\/p>\n<p><b><u>Prenotazione obbligatoria: 019 690020 \/ 351 7306191<\/u><\/b><\/p>\n<p><b><u><\/u><\/b>&nbsp;<\/p>\n","protected":false},"featured_media":0,"template":"","meta":[],"localita":[201],"temi_vacanza":[1365,1366,1385],"classificazioni":[1368,1367,1386],"eventi_seriali":[],"servizi":[1383],"class_list":["post-23811","evento","type-evento","status-publish","hentry","localita-finalborgo","temi_vacanza-cultura","temi_vacanza-liveexplore","temi_vacanza-mudif","classificazioni-cultura","classificazioni-liveexplore","classificazioni-mudif","servizi-visita-guidata"],"yoast_head":"<!-- This site is optimized with the Yoast SEO plugin v28.3 - https:\/\/yoast.com\/product\/yoast-seo-wordpress\/ -->\n<title>Lass\u00f9 dove non si vedeva il cielo: visite guidate al carcere di Santa Caterina - Visit Finale Ligure<\/title>\n<meta name=\"description\" content=\"La visita guidata al campanile medievale della chiesa di Santa Caterina in Finalborgo, con l&#039;annesso convento trasformato in penitenziario nel 1864,\" \/>\n<meta name=\"robots\" content=\"index, follow, max-snippet:-1, max-image-preview:large, max-video-preview:-1\" \/>\n<link rel=\"canonical\" href=\"https:\/\/visitfinaleligure.it\/de\/evento\/lassu-dove-non-si-vedeva-il-cielo-visite-guidate-al-carcere-di-santa-caterina-2\/\" \/>\n<meta property=\"og:locale\" content=\"de_DE\" \/>\n<meta property=\"og:type\" content=\"article\" \/>\n<meta property=\"og:title\" content=\"Lass\u00f9 dove non si vedeva il cielo: visite guidate al carcere di Santa Caterina - Visit Finale Ligure\" \/>\n<meta property=\"og:description\" content=\"La visita guidata al campanile medievale della chiesa di Santa Caterina in Finalborgo, con l&#039;annesso convento trasformato in penitenziario nel 1864,\" \/>\n<meta property=\"og:url\" content=\"https:\/\/visitfinaleligure.it\/de\/evento\/lassu-dove-non-si-vedeva-il-cielo-visite-guidate-al-carcere-di-santa-caterina-2\/\" \/>\n<meta property=\"og:site_name\" content=\"Visit Finale Ligure\" \/>\n<meta property=\"article:publisher\" content=\"https:\/\/www.facebook.com\/VisitFinaleLigure\" \/>\n<meta property=\"og:image\" content=\"https:\/\/visitfinaleligure.it\/wp-content\/uploads\/2023\/03\/Capo-caprazoppa-1-1.jpg\" \/>\n\t<meta property=\"og:image:width\" content=\"2500\" \/>\n\t<meta property=\"og:image:height\" content=\"1405\" \/>\n\t<meta property=\"og:image:type\" content=\"image\/jpeg\" \/>\n<meta name=\"twitter:card\" content=\"summary_large_image\" \/>\n<script type=\"application\/ld+json\" class=\"yoast-schema-graph\">{\"@context\":\"https:\\\/\\\/schema.org\",\"@graph\":[{\"@type\":\"WebPage\",\"@id\":\"https:\\\/\\\/visitfinaleligure.it\\\/de\\\/evento\\\/lassu-dove-non-si-vedeva-il-cielo-visite-guidate-al-carcere-di-santa-caterina-2\\\/\",\"url\":\"https:\\\/\\\/visitfinaleligure.it\\\/de\\\/evento\\\/lassu-dove-non-si-vedeva-il-cielo-visite-guidate-al-carcere-di-santa-caterina-2\\\/\",\"name\":\"Lass\u00f9 dove non si vedeva il cielo: visite guidate al carcere di Santa Caterina - Visit Finale Ligure\",\"isPartOf\":{\"@id\":\"https:\\\/\\\/visitfinaleligure.it\\\/de\\\/#website\"},\"datePublished\":\"2026-08-27T09:19:46+00:00\",\"description\":\"La visita guidata al campanile medievale della chiesa di Santa Caterina in Finalborgo, con l'annesso convento trasformato in penitenziario nel 1864,\",\"breadcrumb\":{\"@id\":\"https:\\\/\\\/visitfinaleligure.it\\\/de\\\/evento\\\/lassu-dove-non-si-vedeva-il-cielo-visite-guidate-al-carcere-di-santa-caterina-2\\\/#breadcrumb\"},\"inLanguage\":\"de\",\"potentialAction\":[{\"@type\":\"ReadAction\",\"target\":[\"https:\\\/\\\/visitfinaleligure.it\\\/de\\\/evento\\\/lassu-dove-non-si-vedeva-il-cielo-visite-guidate-al-carcere-di-santa-caterina-2\\\/\"]}]},{\"@type\":\"BreadcrumbList\",\"@id\":\"https:\\\/\\\/visitfinaleligure.it\\\/de\\\/evento\\\/lassu-dove-non-si-vedeva-il-cielo-visite-guidate-al-carcere-di-santa-caterina-2\\\/#breadcrumb\",\"itemListElement\":[{\"@type\":\"ListItem\",\"position\":1,\"name\":\"Home\",\"item\":\"https:\\\/\\\/visitfinaleligure.it\\\/de\\\/\"},{\"@type\":\"ListItem\",\"position\":2,\"name\":\"Eventi\",\"item\":\"https:\\\/\\\/visitfinaleligure.it\\\/de\\\/evento\\\/\"},{\"@type\":\"ListItem\",\"position\":3,\"name\":\"Lass\u00f9 dove non si vedeva il cielo: visite guidate al carcere di Santa Caterina\"}]},{\"@type\":\"WebSite\",\"@id\":\"https:\\\/\\\/visitfinaleligure.it\\\/de\\\/#website\",\"url\":\"https:\\\/\\\/visitfinaleligure.it\\\/de\\\/\",\"name\":\"Visit Finale Ligure\",\"description\":\"My perfect place\",\"publisher\":{\"@id\":\"https:\\\/\\\/visitfinaleligure.it\\\/de\\\/#organization\"},\"potentialAction\":[{\"@type\":\"SearchAction\",\"target\":{\"@type\":\"EntryPoint\",\"urlTemplate\":\"https:\\\/\\\/visitfinaleligure.it\\\/de\\\/?s={search_term_string}\"},\"query-input\":{\"@type\":\"PropertyValueSpecification\",\"valueRequired\":true,\"valueName\":\"search_term_string\"}}],\"inLanguage\":\"de\"},{\"@type\":\"Organization\",\"@id\":\"https:\\\/\\\/visitfinaleligure.it\\\/de\\\/#organization\",\"name\":\"Comune di Finale Ligure\",\"url\":\"https:\\\/\\\/visitfinaleligure.it\\\/de\\\/\",\"logo\":{\"@type\":\"ImageObject\",\"inLanguage\":\"de\",\"@id\":\"https:\\\/\\\/visitfinaleligure.it\\\/de\\\/#\\\/schema\\\/logo\\\/image\\\/\",\"url\":\"https:\\\/\\\/visitfinaleligure.it\\\/wp-content\\\/uploads\\\/2023\\\/04\\\/cropped-finaleligure-verticale-positivo-200x200-1.png\",\"contentUrl\":\"https:\\\/\\\/visitfinaleligure.it\\\/wp-content\\\/uploads\\\/2023\\\/04\\\/cropped-finaleligure-verticale-positivo-200x200-1.png\",\"width\":512,\"height\":512,\"caption\":\"Comune di Finale Ligure\"},\"image\":{\"@id\":\"https:\\\/\\\/visitfinaleligure.it\\\/de\\\/#\\\/schema\\\/logo\\\/image\\\/\"},\"sameAs\":[\"https:\\\/\\\/www.facebook.com\\\/VisitFinaleLigure\",\"https:\\\/\\\/www.instagram.com\\\/visitfinale\\\/\",\"https:\\\/\\\/www.youtube.com\\\/channel\\\/UCLmoLfNmrAt9mSCll9egttw\"]}]}<\/script>\n<!-- \/ Yoast SEO plugin. -->","yoast_head_json":{"title":"Lass\u00f9 dove non si vedeva il cielo: visite guidate al carcere di Santa Caterina - Visit Finale Ligure","description":"La visita guidata al campanile medievale della chiesa di Santa Caterina in Finalborgo, con l'annesso convento trasformato in penitenziario nel 1864,","robots":{"index":"index","follow":"follow","max-snippet":"max-snippet:-1","max-image-preview":"max-image-preview:large","max-video-preview":"max-video-preview:-1"},"canonical":"https:\/\/visitfinaleligure.it\/de\/evento\/lassu-dove-non-si-vedeva-il-cielo-visite-guidate-al-carcere-di-santa-caterina-2\/","og_locale":"de_DE","og_type":"article","og_title":"Lass\u00f9 dove non si vedeva il cielo: visite guidate al carcere di Santa Caterina - Visit Finale Ligure","og_description":"La visita guidata al campanile medievale della chiesa di Santa Caterina in Finalborgo, con l'annesso convento trasformato in penitenziario nel 1864,","og_url":"https:\/\/visitfinaleligure.it\/de\/evento\/lassu-dove-non-si-vedeva-il-cielo-visite-guidate-al-carcere-di-santa-caterina-2\/","og_site_name":"Visit Finale Ligure","article_publisher":"https:\/\/www.facebook.com\/VisitFinaleLigure","og_image":[{"width":2500,"height":1405,"url":"https:\/\/visitfinaleligure.it\/wp-content\/uploads\/2023\/03\/Capo-caprazoppa-1-1.jpg","type":"image\/jpeg"}],"twitter_card":"summary_large_image","schema":{"@context":"https:\/\/schema.org","@graph":[{"@type":"WebPage","@id":"https:\/\/visitfinaleligure.it\/de\/evento\/lassu-dove-non-si-vedeva-il-cielo-visite-guidate-al-carcere-di-santa-caterina-2\/","url":"https:\/\/visitfinaleligure.it\/de\/evento\/lassu-dove-non-si-vedeva-il-cielo-visite-guidate-al-carcere-di-santa-caterina-2\/","name":"Lass\u00f9 dove non si vedeva il cielo: visite guidate al carcere di Santa Caterina - Visit Finale Ligure","isPartOf":{"@id":"https:\/\/visitfinaleligure.it\/de\/#website"},"datePublished":"2026-08-27T09:19:46+00:00","description":"La visita guidata al campanile medievale della chiesa di Santa Caterina in Finalborgo, con l'annesso convento trasformato in penitenziario nel 1864,","breadcrumb":{"@id":"https:\/\/visitfinaleligure.it\/de\/evento\/lassu-dove-non-si-vedeva-il-cielo-visite-guidate-al-carcere-di-santa-caterina-2\/#breadcrumb"},"inLanguage":"de","potentialAction":[{"@type":"ReadAction","target":["https:\/\/visitfinaleligure.it\/de\/evento\/lassu-dove-non-si-vedeva-il-cielo-visite-guidate-al-carcere-di-santa-caterina-2\/"]}]},{"@type":"BreadcrumbList","@id":"https:\/\/visitfinaleligure.it\/de\/evento\/lassu-dove-non-si-vedeva-il-cielo-visite-guidate-al-carcere-di-santa-caterina-2\/#breadcrumb","itemListElement":[{"@type":"ListItem","position":1,"name":"Home","item":"https:\/\/visitfinaleligure.it\/de\/"},{"@type":"ListItem","position":2,"name":"Eventi","item":"https:\/\/visitfinaleligure.it\/de\/evento\/"},{"@type":"ListItem","position":3,"name":"Lass\u00f9 dove non si vedeva il cielo: visite guidate al carcere di Santa Caterina"}]},{"@type":"WebSite","@id":"https:\/\/visitfinaleligure.it\/de\/#website","url":"https:\/\/visitfinaleligure.it\/de\/","name":"Visit Finale Ligure","description":"My perfect place","publisher":{"@id":"https:\/\/visitfinaleligure.it\/de\/#organization"},"potentialAction":[{"@type":"SearchAction","target":{"@type":"EntryPoint","urlTemplate":"https:\/\/visitfinaleligure.it\/de\/?s={search_term_string}"},"query-input":{"@type":"PropertyValueSpecification","valueRequired":true,"valueName":"search_term_string"}}],"inLanguage":"de"},{"@type":"Organization","@id":"https:\/\/visitfinaleligure.it\/de\/#organization","name":"Comune di Finale Ligure","url":"https:\/\/visitfinaleligure.it\/de\/","logo":{"@type":"ImageObject","inLanguage":"de","@id":"https:\/\/visitfinaleligure.it\/de\/#\/schema\/logo\/image\/","url":"https:\/\/visitfinaleligure.it\/wp-content\/uploads\/2023\/04\/cropped-finaleligure-verticale-positivo-200x200-1.png","contentUrl":"https:\/\/visitfinaleligure.it\/wp-content\/uploads\/2023\/04\/cropped-finaleligure-verticale-positivo-200x200-1.png","width":512,"height":512,"caption":"Comune di Finale Ligure"},"image":{"@id":"https:\/\/visitfinaleligure.it\/de\/#\/schema\/logo\/image\/"},"sameAs":["https:\/\/www.facebook.com\/VisitFinaleLigure","https:\/\/www.instagram.com\/visitfinale\/","https:\/\/www.youtube.com\/channel\/UCLmoLfNmrAt9mSCll9egttw"]}]}},"_links":{"self":[{"href":"https:\/\/visitfinaleligure.it\/de\/wp-json\/wp\/v2\/evento\/23811","targetHints":{"allow":["GET"]}}],"collection":[{"href":"https:\/\/visitfinaleligure.it\/de\/wp-json\/wp\/v2\/evento"}],"about":[{"href":"https:\/\/visitfinaleligure.it\/de\/wp-json\/wp\/v2\/types\/evento"}],"wp:attachment":[{"href":"https:\/\/visitfinaleligure.it\/de\/wp-json\/wp\/v2\/media?parent=23811"}],"wp:term":[{"taxonomy":"localita","embeddable":true,"href":"https:\/\/visitfinaleligure.it\/de\/wp-json\/wp\/v2\/localita?post=23811"},{"taxonomy":"temi_vacanza","embeddable":true,"href":"https:\/\/visitfinaleligure.it\/de\/wp-json\/wp\/v2\/temi_vacanza?post=23811"},{"taxonomy":"classificazioni","embeddable":true,"href":"https:\/\/visitfinaleligure.it\/de\/wp-json\/wp\/v2\/classificazioni?post=23811"},{"taxonomy":"eventi_seriali","embeddable":true,"href":"https:\/\/visitfinaleligure.it\/de\/wp-json\/wp\/v2\/eventi_seriali?post=23811"},{"taxonomy":"servizi","embeddable":true,"href":"https:\/\/visitfinaleligure.it\/de\/wp-json\/wp\/v2\/servizi?post=23811"}],"curies":[{"name":"wp","href":"https:\/\/api.w.org\/{rel}","templated":true}]}}

Lassù dove non si vedeva il cielo: visite guidate al carcere di Santa Caterina

<p>La visita guidata al campanile medievale della chiesa di Santa Caterina in Finalborgo, con l&#8217;annesso convento trasformato in penitenziario nel 1864, consente di effettuare una salita esperienziale nel passato tra anguste e buie celle di rigore. Dopo essersi immersi nella dura atmosfera di un carcere ottocentesco ì, si raggiunge infine la sommità della torre da dove è possibile ammirare dall&#8217;alto Finalborgo e il circostante paesaggio del Finale.</p>
<p><b><u>Prenotazione obbligatoria: 019 690020 / 351 7306191</u></b></p>
<p><b><u></u></b>&nbsp;</p>

<!-- This site is optimized with the Yoast SEO plugin v28.3 - https://yoast.com/product/yoast-seo-wordpress/ -->
<title>Lassù dove non si vedeva il cielo: visite guidate al carcere di Santa Caterina - Visit Finale Ligure</title>
<meta name="description" content="La visita guidata al campanile medievale della chiesa di Santa Caterina in Finalborgo, con l&#039;annesso convento trasformato in penitenziario nel 1864," />
<meta name="robots" content="index, follow, max-snippet:-1, max-image-preview:large, max-video-preview:-1" />
<link rel="canonical" href="https://visitfinaleligure.it/de/evento/lassu-dove-non-si-vedeva-il-cielo-visite-guidate-al-carcere-di-santa-caterina-2/" />
<meta property="og:locale" content="de_DE" />
<meta property="og:type" content="article" />
<meta property="og:title" content="Lassù dove non si vedeva il cielo: visite guidate al carcere di Santa Caterina - Visit Finale Ligure" />
<meta property="og:description" content="La visita guidata al campanile medievale della chiesa di Santa Caterina in Finalborgo, con l&#039;annesso convento trasformato in penitenziario nel 1864," />
<meta property="og:url" content="https://visitfinaleligure.it/de/evento/lassu-dove-non-si-vedeva-il-cielo-visite-guidate-al-carcere-di-santa-caterina-2/" />
<meta property="og:site_name" content="Visit Finale Ligure" />
<meta property="article:publisher" content="https://www.facebook.com/VisitFinaleLigure" />
<meta property="og:image" content="https://visitfinaleligure.it/wp-content/uploads/2023/03/Capo-caprazoppa-1-1.jpg" />
	<meta property="og:image:width" content="2500" />
	<meta property="og:image:height" content="1405" />
	<meta property="og:image:type" content="image/jpeg" />
<meta name="twitter:card" content="summary_large_image" />
<script type="application/ld+json" class="yoast-schema-graph">{"@context":"https:\/\/schema.org","@graph":[{"@type":"WebPage","@id":"https:\/\/visitfinaleligure.it\/de\/evento\/lassu-dove-non-si-vedeva-il-cielo-visite-guidate-al-carcere-di-santa-caterina-2\/","url":"https:\/\/visitfinaleligure.it\/de\/evento\/lassu-dove-non-si-vedeva-il-cielo-visite-guidate-al-carcere-di-santa-caterina-2\/","name":"Lassù dove non si vedeva il cielo: visite guidate al carcere di Santa Caterina - Visit Finale Ligure","isPartOf":{"@id":"https:\/\/visitfinaleligure.it\/de\/#website"},"datePublished":"2026-08-27T09:19:46+00:00","description":"La visita guidata al campanile medievale della chiesa di Santa Caterina in Finalborgo, con l'annesso convento trasformato in penitenziario nel 1864,","breadcrumb":{"@id":"https:\/\/visitfinaleligure.it\/de\/evento\/lassu-dove-non-si-vedeva-il-cielo-visite-guidate-al-carcere-di-santa-caterina-2\/#breadcrumb"},"inLanguage":"de","potentialAction":[{"@type":"ReadAction","target":["https:\/\/visitfinaleligure.it\/de\/evento\/lassu-dove-non-si-vedeva-il-cielo-visite-guidate-al-carcere-di-santa-caterina-2\/"]}]},{"@type":"BreadcrumbList","@id":"https:\/\/visitfinaleligure.it\/de\/evento\/lassu-dove-non-si-vedeva-il-cielo-visite-guidate-al-carcere-di-santa-caterina-2\/#breadcrumb","itemListElement":[{"@type":"ListItem","position":1,"name":"Home","item":"https:\/\/visitfinaleligure.it\/de\/"},{"@type":"ListItem","position":2,"name":"Eventi","item":"https:\/\/visitfinaleligure.it\/de\/evento\/"},{"@type":"ListItem","position":3,"name":"Lassù dove non si vedeva il cielo: visite guidate al carcere di Santa Caterina"}]},{"@type":"WebSite","@id":"https:\/\/visitfinaleligure.it\/de\/#website","url":"https:\/\/visitfinaleligure.it\/de\/","name":"Visit Finale Ligure","description":"My perfect place","publisher":{"@id":"https:\/\/visitfinaleligure.it\/de\/#organization"},"potentialAction":[{"@type":"SearchAction","target":{"@type":"EntryPoint","urlTemplate":"https:\/\/visitfinaleligure.it\/de\/?s={search_term_string}"},"query-input":{"@type":"PropertyValueSpecification","valueRequired":true,"valueName":"search_term_string"}}],"inLanguage":"de"},{"@type":"Organization","@id":"https:\/\/visitfinaleligure.it\/de\/#organization","name":"Comune di Finale Ligure","url":"https:\/\/visitfinaleligure.it\/de\/","logo":{"@type":"ImageObject","inLanguage":"de","@id":"https:\/\/visitfinaleligure.it\/de\/#\/schema\/logo\/image\/","url":"https:\/\/visitfinaleligure.it\/wp-content\/uploads\/2023\/04\/cropped-finaleligure-verticale-positivo-200x200-1.png","contentUrl":"https:\/\/visitfinaleligure.it\/wp-content\/uploads\/2023\/04\/cropped-finaleligure-verticale-positivo-200x200-1.png","width":512,"height":512,"caption":"Comune di Finale Ligure"},"image":{"@id":"https:\/\/visitfinaleligure.it\/de\/#\/schema\/logo\/image\/"},"sameAs":["https:\/\/www.facebook.com\/VisitFinaleLigure","https:\/\/www.instagram.com\/visitfinale\/","https:\/\/www.youtube.com\/channel\/UCLmoLfNmrAt9mSCll9egttw"]}]}</script>
<!-- / Yoast SEO plugin. -->

Lassù dove non si vedeva il cielo: visite guidate al carcere di Santa Caterina - Visit Finale Ligure
