{"id":23855,"date":"2026-08-27T11:19:49","date_gmt":"2026-08-27T09:19:49","guid":{"rendered":"https:\/\/visitfinaleligure.it\/evento\/aperinenne-in-fortezza-2\/"},"modified":"2026-08-27T11:19:49","modified_gmt":"2026-08-27T09:19:49","slug":"aperinenne-in-fortezza-2","status":"publish","type":"evento","link":"https:\/\/visitfinaleligure.it\/de\/evento\/aperinenne-in-fortezza-2\/","title":{"rendered":"AperiNenne in Fortezza"},"content":{"rendered":"<p>Aperitif und Projektionen von Archivmaterialien, die Nenne Sanguineti Poggi gewidmet sind. Eine goldene Gelegenheit, eine grenzenlose K\u00fcnstlerin und ein Museum abseits der Klischees zu entdecken.<\/p>\n<p><i>Deborah Sanguineti<\/i>, die Enkelin von Nenne, ist eigens aus den USA angereist f\u00fcr dieses Ereignis, bei dem wir gemeinsam an eine besondere Frau und eine K\u00fcnstlerin erinnern, die das italienische Modernismus in der Welt gepr\u00e4gt hat.<\/p>\n<p>Im Jahr 2024 wurde ein Werk von Nenne Sanguineti Poggi ausgew\u00e4hlt und auf der <i>Internationale Biennale f\u00fcr Kunst in Venedig<\/i> ausgestellt.<br \/>Nach den Ausstellungen in New York und Philadelphia, Mailand, Genua, Mantua, Savona kehrt Nenne in ihr Finale zur\u00fcck, wo sie den letzten Teil ihres Lebens verbracht hat, in einem neuen Museum, das wir im April 2026 zu er\u00f6ffnen das Vergn\u00fcgen hatten, dank der Unterst\u00fctzung von &nbsp;Vincenzo Sanguineti und NSP Art USA und Italien, Franco Parisi, Luciana Bertorelli, der Fondazione De Mari, der Gemeinde Finale Ligure und B\u00fcrgermeister Angelo Berlangieri.&nbsp;<\/p>\n<p>Gesch\u00e4tzt von Vittorio Sgarbi, der ihr einen wichtigen kritischen Beitrag beim Kongress in Mailand 2019 gewidmet hat, ist Nenne eine bedeutende Frauenfigur, die es wert ist, erinnert, kennengelernt und gew\u00fcrdigt zu werden f\u00fcr die Internationalit\u00e4t ihrer Kunst.<\/p>\n<p>Wir erwarten dich am Donnerstag, den 6. August zu einer Feier am Meer auf den Terrassen der Festung zu ihrem Gedenken mit Deborah, vielen Freunden und all jenen, die das NSP MUSEUM entdecken m\u00f6chten.<\/p>\n","protected":false},"featured_media":0,"template":"","meta":[],"localita":[222],"temi_vacanza":[1396,1365,1371,1366],"classificazioni":[1397,1368,1373,1367],"eventi_seriali":[],"servizi":[1418],"class_list":["post-23855","evento","type-evento","status-publish","hentry","localita-finale-ligure","temi_vacanza-castelfranco","temi_vacanza-cultura","temi_vacanza-estate","temi_vacanza-liveexplore","classificazioni-castelfranco","classificazioni-cultura","classificazioni-estate","classificazioni-liveexplore","servizi-esposizionae-temporanea"],"yoast_head":"<!-- This site is optimized with the Yoast SEO plugin v28.3 - https:\/\/yoast.com\/product\/yoast-seo-wordpress\/ -->\n<title>AperiNenne in Fortezza - Visit Finale Ligure<\/title>\n<meta name=\"description\" content=\"Aperitif und Projektionen von Archivmaterialien, die Nenne Sanguineti Poggi gewidmet sind. Eine goldene Gelegenheit, eine grenzenlose K\u00fcnstlerin und ein\" \/>\n<meta name=\"robots\" content=\"index, follow, max-snippet:-1, max-image-preview:large, max-video-preview:-1\" \/>\n<link rel=\"canonical\" href=\"https:\/\/visitfinaleligure.it\/de\/evento\/aperinenne-in-fortezza-2\/\" \/>\n<meta property=\"og:locale\" content=\"de_DE\" \/>\n<meta property=\"og:type\" content=\"article\" \/>\n<meta property=\"og:title\" content=\"AperiNenne in Fortezza - Visit Finale Ligure\" \/>\n<meta property=\"og:description\" content=\"Aperitif und Projektionen von Archivmaterialien, die Nenne Sanguineti Poggi gewidmet sind. Eine goldene Gelegenheit, eine grenzenlose K\u00fcnstlerin und ein\" \/>\n<meta property=\"og:url\" content=\"https:\/\/visitfinaleligure.it\/de\/evento\/aperinenne-in-fortezza-2\/\" \/>\n<meta property=\"og:site_name\" content=\"Visit Finale Ligure\" \/>\n<meta property=\"article:publisher\" content=\"https:\/\/www.facebook.com\/VisitFinaleLigure\" \/>\n<meta property=\"og:image\" content=\"https:\/\/visitfinaleligure.it\/wp-content\/uploads\/2023\/03\/Capo-caprazoppa-1-1.jpg\" \/>\n\t<meta property=\"og:image:width\" content=\"2500\" \/>\n\t<meta property=\"og:image:height\" content=\"1405\" \/>\n\t<meta property=\"og:image:type\" content=\"image\/jpeg\" \/>\n<meta name=\"twitter:card\" content=\"summary_large_image\" \/>\n<meta name=\"twitter:label1\" content=\"Gesch\u00e4tzte Lesezeit\" \/>\n\t<meta name=\"twitter:data1\" content=\"1\u00a0Minute\" \/>\n<script type=\"application\/ld+json\" class=\"yoast-schema-graph\">{\"@context\":\"https:\\\/\\\/schema.org\",\"@graph\":[{\"@type\":\"WebPage\",\"@id\":\"https:\\\/\\\/visitfinaleligure.it\\\/de\\\/evento\\\/aperinenne-in-fortezza-2\\\/\",\"url\":\"https:\\\/\\\/visitfinaleligure.it\\\/de\\\/evento\\\/aperinenne-in-fortezza-2\\\/\",\"name\":\"AperiNenne in Fortezza - Visit Finale Ligure\",\"isPartOf\":{\"@id\":\"https:\\\/\\\/visitfinaleligure.it\\\/de\\\/#website\"},\"datePublished\":\"2026-08-27T09:19:49+00:00\",\"description\":\"Aperitif und Projektionen von Archivmaterialien, die Nenne Sanguineti Poggi gewidmet sind. Eine goldene Gelegenheit, eine grenzenlose K\u00fcnstlerin und ein\",\"breadcrumb\":{\"@id\":\"https:\\\/\\\/visitfinaleligure.it\\\/de\\\/evento\\\/aperinenne-in-fortezza-2\\\/#breadcrumb\"},\"inLanguage\":\"de\",\"potentialAction\":[{\"@type\":\"ReadAction\",\"target\":[\"https:\\\/\\\/visitfinaleligure.it\\\/de\\\/evento\\\/aperinenne-in-fortezza-2\\\/\"]}]},{\"@type\":\"BreadcrumbList\",\"@id\":\"https:\\\/\\\/visitfinaleligure.it\\\/de\\\/evento\\\/aperinenne-in-fortezza-2\\\/#breadcrumb\",\"itemListElement\":[{\"@type\":\"ListItem\",\"position\":1,\"name\":\"Home\",\"item\":\"https:\\\/\\\/visitfinaleligure.it\\\/de\\\/\"},{\"@type\":\"ListItem\",\"position\":2,\"name\":\"Eventi\",\"item\":\"https:\\\/\\\/visitfinaleligure.it\\\/de\\\/evento\\\/\"},{\"@type\":\"ListItem\",\"position\":3,\"name\":\"AperiNenne in Fortezza\"}]},{\"@type\":\"WebSite\",\"@id\":\"https:\\\/\\\/visitfinaleligure.it\\\/de\\\/#website\",\"url\":\"https:\\\/\\\/visitfinaleligure.it\\\/de\\\/\",\"name\":\"Visit Finale Ligure\",\"description\":\"My perfect place\",\"publisher\":{\"@id\":\"https:\\\/\\\/visitfinaleligure.it\\\/de\\\/#organization\"},\"potentialAction\":[{\"@type\":\"SearchAction\",\"target\":{\"@type\":\"EntryPoint\",\"urlTemplate\":\"https:\\\/\\\/visitfinaleligure.it\\\/de\\\/?s={search_term_string}\"},\"query-input\":{\"@type\":\"PropertyValueSpecification\",\"valueRequired\":true,\"valueName\":\"search_term_string\"}}],\"inLanguage\":\"de\"},{\"@type\":\"Organization\",\"@id\":\"https:\\\/\\\/visitfinaleligure.it\\\/de\\\/#organization\",\"name\":\"Comune di Finale Ligure\",\"url\":\"https:\\\/\\\/visitfinaleligure.it\\\/de\\\/\",\"logo\":{\"@type\":\"ImageObject\",\"inLanguage\":\"de\",\"@id\":\"https:\\\/\\\/visitfinaleligure.it\\\/de\\\/#\\\/schema\\\/logo\\\/image\\\/\",\"url\":\"https:\\\/\\\/visitfinaleligure.it\\\/wp-content\\\/uploads\\\/2023\\\/04\\\/cropped-finaleligure-verticale-positivo-200x200-1.png\",\"contentUrl\":\"https:\\\/\\\/visitfinaleligure.it\\\/wp-content\\\/uploads\\\/2023\\\/04\\\/cropped-finaleligure-verticale-positivo-200x200-1.png\",\"width\":512,\"height\":512,\"caption\":\"Comune di Finale Ligure\"},\"image\":{\"@id\":\"https:\\\/\\\/visitfinaleligure.it\\\/de\\\/#\\\/schema\\\/logo\\\/image\\\/\"},\"sameAs\":[\"https:\\\/\\\/www.facebook.com\\\/VisitFinaleLigure\",\"https:\\\/\\\/www.instagram.com\\\/visitfinale\\\/\",\"https:\\\/\\\/www.youtube.com\\\/channel\\\/UCLmoLfNmrAt9mSCll9egttw\"]}]}<\/script>\n<!-- \/ Yoast SEO plugin. -->","yoast_head_json":{"title":"AperiNenne in Fortezza - Visit Finale Ligure","description":"Aperitif und Projektionen von Archivmaterialien, die Nenne Sanguineti Poggi gewidmet sind. Eine goldene Gelegenheit, eine grenzenlose K\u00fcnstlerin und ein","robots":{"index":"index","follow":"follow","max-snippet":"max-snippet:-1","max-image-preview":"max-image-preview:large","max-video-preview":"max-video-preview:-1"},"canonical":"https:\/\/visitfinaleligure.it\/de\/evento\/aperinenne-in-fortezza-2\/","og_locale":"de_DE","og_type":"article","og_title":"AperiNenne in Fortezza - Visit Finale Ligure","og_description":"Aperitif und Projektionen von Archivmaterialien, die Nenne Sanguineti Poggi gewidmet sind. Eine goldene Gelegenheit, eine grenzenlose K\u00fcnstlerin und ein","og_url":"https:\/\/visitfinaleligure.it\/de\/evento\/aperinenne-in-fortezza-2\/","og_site_name":"Visit Finale Ligure","article_publisher":"https:\/\/www.facebook.com\/VisitFinaleLigure","og_image":[{"width":2500,"height":1405,"url":"https:\/\/visitfinaleligure.it\/wp-content\/uploads\/2023\/03\/Capo-caprazoppa-1-1.jpg","type":"image\/jpeg"}],"twitter_card":"summary_large_image","twitter_misc":{"Gesch\u00e4tzte Lesezeit":"1\u00a0Minute"},"schema":{"@context":"https:\/\/schema.org","@graph":[{"@type":"WebPage","@id":"https:\/\/visitfinaleligure.it\/de\/evento\/aperinenne-in-fortezza-2\/","url":"https:\/\/visitfinaleligure.it\/de\/evento\/aperinenne-in-fortezza-2\/","name":"AperiNenne in Fortezza - Visit Finale Ligure","isPartOf":{"@id":"https:\/\/visitfinaleligure.it\/de\/#website"},"datePublished":"2026-08-27T09:19:49+00:00","description":"Aperitif und Projektionen von Archivmaterialien, die Nenne Sanguineti Poggi gewidmet sind. Eine goldene Gelegenheit, eine grenzenlose K\u00fcnstlerin und ein","breadcrumb":{"@id":"https:\/\/visitfinaleligure.it\/de\/evento\/aperinenne-in-fortezza-2\/#breadcrumb"},"inLanguage":"de","potentialAction":[{"@type":"ReadAction","target":["https:\/\/visitfinaleligure.it\/de\/evento\/aperinenne-in-fortezza-2\/"]}]},{"@type":"BreadcrumbList","@id":"https:\/\/visitfinaleligure.it\/de\/evento\/aperinenne-in-fortezza-2\/#breadcrumb","itemListElement":[{"@type":"ListItem","position":1,"name":"Home","item":"https:\/\/visitfinaleligure.it\/de\/"},{"@type":"ListItem","position":2,"name":"Eventi","item":"https:\/\/visitfinaleligure.it\/de\/evento\/"},{"@type":"ListItem","position":3,"name":"AperiNenne in Fortezza"}]},{"@type":"WebSite","@id":"https:\/\/visitfinaleligure.it\/de\/#website","url":"https:\/\/visitfinaleligure.it\/de\/","name":"Visit Finale Ligure","description":"My perfect place","publisher":{"@id":"https:\/\/visitfinaleligure.it\/de\/#organization"},"potentialAction":[{"@type":"SearchAction","target":{"@type":"EntryPoint","urlTemplate":"https:\/\/visitfinaleligure.it\/de\/?s={search_term_string}"},"query-input":{"@type":"PropertyValueSpecification","valueRequired":true,"valueName":"search_term_string"}}],"inLanguage":"de"},{"@type":"Organization","@id":"https:\/\/visitfinaleligure.it\/de\/#organization","name":"Comune di Finale Ligure","url":"https:\/\/visitfinaleligure.it\/de\/","logo":{"@type":"ImageObject","inLanguage":"de","@id":"https:\/\/visitfinaleligure.it\/de\/#\/schema\/logo\/image\/","url":"https:\/\/visitfinaleligure.it\/wp-content\/uploads\/2023\/04\/cropped-finaleligure-verticale-positivo-200x200-1.png","contentUrl":"https:\/\/visitfinaleligure.it\/wp-content\/uploads\/2023\/04\/cropped-finaleligure-verticale-positivo-200x200-1.png","width":512,"height":512,"caption":"Comune di Finale Ligure"},"image":{"@id":"https:\/\/visitfinaleligure.it\/de\/#\/schema\/logo\/image\/"},"sameAs":["https:\/\/www.facebook.com\/VisitFinaleLigure","https:\/\/www.instagram.com\/visitfinale\/","https:\/\/www.youtube.com\/channel\/UCLmoLfNmrAt9mSCll9egttw"]}]}},"_links":{"self":[{"href":"https:\/\/visitfinaleligure.it\/de\/wp-json\/wp\/v2\/evento\/23855","targetHints":{"allow":["GET"]}}],"collection":[{"href":"https:\/\/visitfinaleligure.it\/de\/wp-json\/wp\/v2\/evento"}],"about":[{"href":"https:\/\/visitfinaleligure.it\/de\/wp-json\/wp\/v2\/types\/evento"}],"wp:attachment":[{"href":"https:\/\/visitfinaleligure.it\/de\/wp-json\/wp\/v2\/media?parent=23855"}],"wp:term":[{"taxonomy":"localita","embeddable":true,"href":"https:\/\/visitfinaleligure.it\/de\/wp-json\/wp\/v2\/localita?post=23855"},{"taxonomy":"temi_vacanza","embeddable":true,"href":"https:\/\/visitfinaleligure.it\/de\/wp-json\/wp\/v2\/temi_vacanza?post=23855"},{"taxonomy":"classificazioni","embeddable":true,"href":"https:\/\/visitfinaleligure.it\/de\/wp-json\/wp\/v2\/classificazioni?post=23855"},{"taxonomy":"eventi_seriali","embeddable":true,"href":"https:\/\/visitfinaleligure.it\/de\/wp-json\/wp\/v2\/eventi_seriali?post=23855"},{"taxonomy":"servizi","embeddable":true,"href":"https:\/\/visitfinaleligure.it\/de\/wp-json\/wp\/v2\/servizi?post=23855"}],"curies":[{"name":"wp","href":"https:\/\/api.w.org\/{rel}","templated":true}]}}

<p>Aperitif und Projektionen von Archivmaterialien, die Nenne Sanguineti Poggi gewidmet sind. Eine goldene Gelegenheit, eine grenzenlose Künstlerin und ein Museum abseits der Klischees zu entdecken.</p>
<p><i>Deborah Sanguineti</i>, die Enkelin von Nenne, ist eigens aus den USA angereist für dieses Ereignis, bei dem wir gemeinsam an eine besondere Frau und eine Künstlerin erinnern, die das italienische Modernismus in der Welt geprägt hat.</p>
<p>Im Jahr 2024 wurde ein Werk von Nenne Sanguineti Poggi ausgewählt und auf der <i>Internationale Biennale für Kunst in Venedig</i> ausgestellt.<br />Nach den Ausstellungen in New York und Philadelphia, Mailand, Genua, Mantua, Savona kehrt Nenne in ihr Finale zurück, wo sie den letzten Teil ihres Lebens verbracht hat, in einem neuen Museum, das wir im April 2026 zu eröffnen das Vergnügen hatten, dank der Unterstützung von &nbsp;Vincenzo Sanguineti und NSP Art USA und Italien, Franco Parisi, Luciana Bertorelli, der Fondazione De Mari, der Gemeinde Finale Ligure und Bürgermeister Angelo Berlangieri.&nbsp;</p>
<p>Geschätzt von Vittorio Sgarbi, der ihr einen wichtigen kritischen Beitrag beim Kongress in Mailand 2019 gewidmet hat, ist Nenne eine bedeutende Frauenfigur, die es wert ist, erinnert, kennengelernt und gewürdigt zu werden für die Internationalität ihrer Kunst.</p>
<p>Wir erwarten dich am Donnerstag, den 6. August zu einer Feier am Meer auf den Terrassen der Festung zu ihrem Gedenken mit Deborah, vielen Freunden und all jenen, die das NSP MUSEUM entdecken möchten.</p>

<!-- This site is optimized with the Yoast SEO plugin v28.3 - https://yoast.com/product/yoast-seo-wordpress/ -->
<title>AperiNenne in Fortezza - Visit Finale Ligure</title>
<meta name="description" content="Aperitif und Projektionen von Archivmaterialien, die Nenne Sanguineti Poggi gewidmet sind. Eine goldene Gelegenheit, eine grenzenlose Künstlerin und ein" />
<meta name="robots" content="index, follow, max-snippet:-1, max-image-preview:large, max-video-preview:-1" />
<link rel="canonical" href="https://visitfinaleligure.it/de/evento/aperinenne-in-fortezza-2/" />
<meta property="og:locale" content="de_DE" />
<meta property="og:type" content="article" />
<meta property="og:title" content="AperiNenne in Fortezza - Visit Finale Ligure" />
<meta property="og:description" content="Aperitif und Projektionen von Archivmaterialien, die Nenne Sanguineti Poggi gewidmet sind. Eine goldene Gelegenheit, eine grenzenlose Künstlerin und ein" />
<meta property="og:url" content="https://visitfinaleligure.it/de/evento/aperinenne-in-fortezza-2/" />
<meta property="og:site_name" content="Visit Finale Ligure" />
<meta property="article:publisher" content="https://www.facebook.com/VisitFinaleLigure" />
<meta property="og:image" content="https://visitfinaleligure.it/wp-content/uploads/2023/03/Capo-caprazoppa-1-1.jpg" />
	<meta property="og:image:width" content="2500" />
	<meta property="og:image:height" content="1405" />
	<meta property="og:image:type" content="image/jpeg" />
<meta name="twitter:card" content="summary_large_image" />
<meta name="twitter:label1" content="Geschätzte Lesezeit" />
	<meta name="twitter:data1" content="1 Minute" />
<script type="application/ld+json" class="yoast-schema-graph">{"@context":"https:\/\/schema.org","@graph":[{"@type":"WebPage","@id":"https:\/\/visitfinaleligure.it\/de\/evento\/aperinenne-in-fortezza-2\/","url":"https:\/\/visitfinaleligure.it\/de\/evento\/aperinenne-in-fortezza-2\/","name":"AperiNenne in Fortezza - Visit Finale Ligure","isPartOf":{"@id":"https:\/\/visitfinaleligure.it\/de\/#website"},"datePublished":"2026-08-27T09:19:49+00:00","description":"Aperitif und Projektionen von Archivmaterialien, die Nenne Sanguineti Poggi gewidmet sind. Eine goldene Gelegenheit, eine grenzenlose Künstlerin und ein","breadcrumb":{"@id":"https:\/\/visitfinaleligure.it\/de\/evento\/aperinenne-in-fortezza-2\/#breadcrumb"},"inLanguage":"de","potentialAction":[{"@type":"ReadAction","target":["https:\/\/visitfinaleligure.it\/de\/evento\/aperinenne-in-fortezza-2\/"]}]},{"@type":"BreadcrumbList","@id":"https:\/\/visitfinaleligure.it\/de\/evento\/aperinenne-in-fortezza-2\/#breadcrumb","itemListElement":[{"@type":"ListItem","position":1,"name":"Home","item":"https:\/\/visitfinaleligure.it\/de\/"},{"@type":"ListItem","position":2,"name":"Eventi","item":"https:\/\/visitfinaleligure.it\/de\/evento\/"},{"@type":"ListItem","position":3,"name":"AperiNenne in Fortezza"}]},{"@type":"WebSite","@id":"https:\/\/visitfinaleligure.it\/de\/#website","url":"https:\/\/visitfinaleligure.it\/de\/","name":"Visit Finale Ligure","description":"My perfect place","publisher":{"@id":"https:\/\/visitfinaleligure.it\/de\/#organization"},"potentialAction":[{"@type":"SearchAction","target":{"@type":"EntryPoint","urlTemplate":"https:\/\/visitfinaleligure.it\/de\/?s={search_term_string}"},"query-input":{"@type":"PropertyValueSpecification","valueRequired":true,"valueName":"search_term_string"}}],"inLanguage":"de"},{"@type":"Organization","@id":"https:\/\/visitfinaleligure.it\/de\/#organization","name":"Comune di Finale Ligure","url":"https:\/\/visitfinaleligure.it\/de\/","logo":{"@type":"ImageObject","inLanguage":"de","@id":"https:\/\/visitfinaleligure.it\/de\/#\/schema\/logo\/image\/","url":"https:\/\/visitfinaleligure.it\/wp-content\/uploads\/2023\/04\/cropped-finaleligure-verticale-positivo-200x200-1.png","contentUrl":"https:\/\/visitfinaleligure.it\/wp-content\/uploads\/2023\/04\/cropped-finaleligure-verticale-positivo-200x200-1.png","width":512,"height":512,"caption":"Comune di Finale Ligure"},"image":{"@id":"https:\/\/visitfinaleligure.it\/de\/#\/schema\/logo\/image\/"},"sameAs":["https:\/\/www.facebook.com\/VisitFinaleLigure","https:\/\/www.instagram.com\/visitfinale\/","https:\/\/www.youtube.com\/channel\/UCLmoLfNmrAt9mSCll9egttw"]}]}</script>
<!-- / Yoast SEO plugin. -->

Aperitif und Projektionen von Archivmaterialien, die Nenne Sanguineti Poggi gewidmet sind. Eine goldene Gelegenheit, eine grenzenlose Künstlerin und ein
