{"id":23867,"date":"2026-08-27T11:19:49","date_gmt":"2026-08-27T09:19:49","guid":{"rendered":"https:\/\/visitfinaleligure.it\/evento\/finale-summer-festival-di-marco-show-2\/"},"modified":"2026-08-27T11:19:49","modified_gmt":"2026-08-27T09:19:49","slug":"finale-summer-festival-di-marco-show-2","status":"publish","type":"evento","link":"https:\/\/visitfinaleligure.it\/de\/evento\/finale-summer-festival-di-marco-show-2\/","title":{"rendered":"FINALE SUMMER FESTIVAL: Di Marco Show"},"content":{"rendered":"<p>Ein Recital, in dem die Musik nicht nur Protagonist ist, sondern zu einem wahren roten Faden wird: st\u00fcrmisch, \u00fcberw\u00e4ltigend, f\u00e4hig, Lachen, Emotionen und Charaktere mit sich zu rei\u00dfen. Ein kontinuierlicher Fluss, der Erinnerungen hervorruft, unsere Arten zu sein widerspiegelt und uns \u2013 mit Leichtigkeit und Ironie \u2013 vor die kleinen Fehler und die \u201eIdiotien\u201c des Alltags stellt, die uns alle verbinden. <br \/>Von den unwiderstehlichen Parodien ber\u00fchmter St\u00fccke, von Battisti bis zu den jungen Trapern, \u00fcber das musikalische Erz\u00e4hlen unserer Ticks und Widerspr\u00fcche, bis hin zu den Ohrw\u00fcrmern, die, wie das Wort selbst schon andeutet, uns wirklich qu\u00e4len. <br \/>Ein Blick auf Genua und Mailand fehlt ebenfalls nicht, Symbole eines ewigen Vergleichs: mit den St\u00e4dten, mit anderen, aber vor allem mit uns selbst.<\/p>\n","protected":false},"featured_media":0,"template":"","meta":[],"localita":[222],"temi_vacanza":[1365,1366],"classificazioni":[1368,1367],"eventi_seriali":[],"servizi":[1420],"class_list":["post-23867","evento","type-evento","status-publish","hentry","localita-finale-ligure","temi_vacanza-cultura","temi_vacanza-liveexplore","classificazioni-cultura","classificazioni-liveexplore","servizi-one-man-show"],"yoast_head":"<!-- This site is optimized with the Yoast SEO plugin v28.3 - https:\/\/yoast.com\/product\/yoast-seo-wordpress\/ -->\n<title>FINALE SUMMER FESTIVAL: Di Marco Show - Visit Finale Ligure<\/title>\n<meta name=\"description\" content=\"Ein Recital, in dem die Musik nicht nur Protagonist ist, sondern zu einem wahren roten Faden wird: st\u00fcrmisch, \u00fcberw\u00e4ltigend, f\u00e4hig, Lachen, Emotionen und\" \/>\n<meta name=\"robots\" content=\"index, follow, max-snippet:-1, max-image-preview:large, max-video-preview:-1\" \/>\n<link rel=\"canonical\" href=\"https:\/\/visitfinaleligure.it\/de\/evento\/finale-summer-festival-di-marco-show-2\/\" \/>\n<meta property=\"og:locale\" content=\"de_DE\" \/>\n<meta property=\"og:type\" content=\"article\" \/>\n<meta property=\"og:title\" content=\"FINALE SUMMER FESTIVAL: Di Marco Show - Visit Finale Ligure\" \/>\n<meta property=\"og:description\" content=\"Ein Recital, in dem die Musik nicht nur Protagonist ist, sondern zu einem wahren roten Faden wird: st\u00fcrmisch, \u00fcberw\u00e4ltigend, f\u00e4hig, Lachen, Emotionen und\" \/>\n<meta property=\"og:url\" content=\"https:\/\/visitfinaleligure.it\/de\/evento\/finale-summer-festival-di-marco-show-2\/\" \/>\n<meta property=\"og:site_name\" content=\"Visit Finale Ligure\" \/>\n<meta property=\"article:publisher\" content=\"https:\/\/www.facebook.com\/VisitFinaleLigure\" \/>\n<meta property=\"og:image\" content=\"https:\/\/visitfinaleligure.it\/wp-content\/uploads\/2023\/03\/Capo-caprazoppa-1-1.jpg\" \/>\n\t<meta property=\"og:image:width\" content=\"2500\" \/>\n\t<meta property=\"og:image:height\" content=\"1405\" \/>\n\t<meta property=\"og:image:type\" content=\"image\/jpeg\" \/>\n<meta name=\"twitter:card\" content=\"summary_large_image\" \/>\n<meta name=\"twitter:label1\" content=\"Gesch\u00e4tzte Lesezeit\" \/>\n\t<meta name=\"twitter:data1\" content=\"1\u00a0Minute\" \/>\n<script type=\"application\/ld+json\" class=\"yoast-schema-graph\">{\"@context\":\"https:\\\/\\\/schema.org\",\"@graph\":[{\"@type\":\"WebPage\",\"@id\":\"https:\\\/\\\/visitfinaleligure.it\\\/de\\\/evento\\\/finale-summer-festival-di-marco-show-2\\\/\",\"url\":\"https:\\\/\\\/visitfinaleligure.it\\\/de\\\/evento\\\/finale-summer-festival-di-marco-show-2\\\/\",\"name\":\"FINALE SUMMER FESTIVAL: Di Marco Show - Visit Finale Ligure\",\"isPartOf\":{\"@id\":\"https:\\\/\\\/visitfinaleligure.it\\\/de\\\/#website\"},\"datePublished\":\"2026-08-27T09:19:49+00:00\",\"description\":\"Ein Recital, in dem die Musik nicht nur Protagonist ist, sondern zu einem wahren roten Faden wird: st\u00fcrmisch, \u00fcberw\u00e4ltigend, f\u00e4hig, Lachen, Emotionen und\",\"breadcrumb\":{\"@id\":\"https:\\\/\\\/visitfinaleligure.it\\\/de\\\/evento\\\/finale-summer-festival-di-marco-show-2\\\/#breadcrumb\"},\"inLanguage\":\"de\",\"potentialAction\":[{\"@type\":\"ReadAction\",\"target\":[\"https:\\\/\\\/visitfinaleligure.it\\\/de\\\/evento\\\/finale-summer-festival-di-marco-show-2\\\/\"]}]},{\"@type\":\"BreadcrumbList\",\"@id\":\"https:\\\/\\\/visitfinaleligure.it\\\/de\\\/evento\\\/finale-summer-festival-di-marco-show-2\\\/#breadcrumb\",\"itemListElement\":[{\"@type\":\"ListItem\",\"position\":1,\"name\":\"Home\",\"item\":\"https:\\\/\\\/visitfinaleligure.it\\\/de\\\/\"},{\"@type\":\"ListItem\",\"position\":2,\"name\":\"Eventi\",\"item\":\"https:\\\/\\\/visitfinaleligure.it\\\/de\\\/evento\\\/\"},{\"@type\":\"ListItem\",\"position\":3,\"name\":\"FINALE SUMMER FESTIVAL: Di Marco Show\"}]},{\"@type\":\"WebSite\",\"@id\":\"https:\\\/\\\/visitfinaleligure.it\\\/de\\\/#website\",\"url\":\"https:\\\/\\\/visitfinaleligure.it\\\/de\\\/\",\"name\":\"Visit Finale Ligure\",\"description\":\"My perfect place\",\"publisher\":{\"@id\":\"https:\\\/\\\/visitfinaleligure.it\\\/de\\\/#organization\"},\"potentialAction\":[{\"@type\":\"SearchAction\",\"target\":{\"@type\":\"EntryPoint\",\"urlTemplate\":\"https:\\\/\\\/visitfinaleligure.it\\\/de\\\/?s={search_term_string}\"},\"query-input\":{\"@type\":\"PropertyValueSpecification\",\"valueRequired\":true,\"valueName\":\"search_term_string\"}}],\"inLanguage\":\"de\"},{\"@type\":\"Organization\",\"@id\":\"https:\\\/\\\/visitfinaleligure.it\\\/de\\\/#organization\",\"name\":\"Comune di Finale Ligure\",\"url\":\"https:\\\/\\\/visitfinaleligure.it\\\/de\\\/\",\"logo\":{\"@type\":\"ImageObject\",\"inLanguage\":\"de\",\"@id\":\"https:\\\/\\\/visitfinaleligure.it\\\/de\\\/#\\\/schema\\\/logo\\\/image\\\/\",\"url\":\"https:\\\/\\\/visitfinaleligure.it\\\/wp-content\\\/uploads\\\/2023\\\/04\\\/cropped-finaleligure-verticale-positivo-200x200-1.png\",\"contentUrl\":\"https:\\\/\\\/visitfinaleligure.it\\\/wp-content\\\/uploads\\\/2023\\\/04\\\/cropped-finaleligure-verticale-positivo-200x200-1.png\",\"width\":512,\"height\":512,\"caption\":\"Comune di Finale Ligure\"},\"image\":{\"@id\":\"https:\\\/\\\/visitfinaleligure.it\\\/de\\\/#\\\/schema\\\/logo\\\/image\\\/\"},\"sameAs\":[\"https:\\\/\\\/www.facebook.com\\\/VisitFinaleLigure\",\"https:\\\/\\\/www.instagram.com\\\/visitfinale\\\/\",\"https:\\\/\\\/www.youtube.com\\\/channel\\\/UCLmoLfNmrAt9mSCll9egttw\"]}]}<\/script>\n<!-- \/ Yoast SEO plugin. -->","yoast_head_json":{"title":"FINALE SUMMER FESTIVAL: Di Marco Show - Visit Finale Ligure","description":"Ein Recital, in dem die Musik nicht nur Protagonist ist, sondern zu einem wahren roten Faden wird: st\u00fcrmisch, \u00fcberw\u00e4ltigend, f\u00e4hig, Lachen, Emotionen und","robots":{"index":"index","follow":"follow","max-snippet":"max-snippet:-1","max-image-preview":"max-image-preview:large","max-video-preview":"max-video-preview:-1"},"canonical":"https:\/\/visitfinaleligure.it\/de\/evento\/finale-summer-festival-di-marco-show-2\/","og_locale":"de_DE","og_type":"article","og_title":"FINALE SUMMER FESTIVAL: Di Marco Show - Visit Finale Ligure","og_description":"Ein Recital, in dem die Musik nicht nur Protagonist ist, sondern zu einem wahren roten Faden wird: st\u00fcrmisch, \u00fcberw\u00e4ltigend, f\u00e4hig, Lachen, Emotionen und","og_url":"https:\/\/visitfinaleligure.it\/de\/evento\/finale-summer-festival-di-marco-show-2\/","og_site_name":"Visit Finale Ligure","article_publisher":"https:\/\/www.facebook.com\/VisitFinaleLigure","og_image":[{"width":2500,"height":1405,"url":"https:\/\/visitfinaleligure.it\/wp-content\/uploads\/2023\/03\/Capo-caprazoppa-1-1.jpg","type":"image\/jpeg"}],"twitter_card":"summary_large_image","twitter_misc":{"Gesch\u00e4tzte Lesezeit":"1\u00a0Minute"},"schema":{"@context":"https:\/\/schema.org","@graph":[{"@type":"WebPage","@id":"https:\/\/visitfinaleligure.it\/de\/evento\/finale-summer-festival-di-marco-show-2\/","url":"https:\/\/visitfinaleligure.it\/de\/evento\/finale-summer-festival-di-marco-show-2\/","name":"FINALE SUMMER FESTIVAL: Di Marco Show - Visit Finale Ligure","isPartOf":{"@id":"https:\/\/visitfinaleligure.it\/de\/#website"},"datePublished":"2026-08-27T09:19:49+00:00","description":"Ein Recital, in dem die Musik nicht nur Protagonist ist, sondern zu einem wahren roten Faden wird: st\u00fcrmisch, \u00fcberw\u00e4ltigend, f\u00e4hig, Lachen, Emotionen und","breadcrumb":{"@id":"https:\/\/visitfinaleligure.it\/de\/evento\/finale-summer-festival-di-marco-show-2\/#breadcrumb"},"inLanguage":"de","potentialAction":[{"@type":"ReadAction","target":["https:\/\/visitfinaleligure.it\/de\/evento\/finale-summer-festival-di-marco-show-2\/"]}]},{"@type":"BreadcrumbList","@id":"https:\/\/visitfinaleligure.it\/de\/evento\/finale-summer-festival-di-marco-show-2\/#breadcrumb","itemListElement":[{"@type":"ListItem","position":1,"name":"Home","item":"https:\/\/visitfinaleligure.it\/de\/"},{"@type":"ListItem","position":2,"name":"Eventi","item":"https:\/\/visitfinaleligure.it\/de\/evento\/"},{"@type":"ListItem","position":3,"name":"FINALE SUMMER FESTIVAL: Di Marco Show"}]},{"@type":"WebSite","@id":"https:\/\/visitfinaleligure.it\/de\/#website","url":"https:\/\/visitfinaleligure.it\/de\/","name":"Visit Finale Ligure","description":"My perfect place","publisher":{"@id":"https:\/\/visitfinaleligure.it\/de\/#organization"},"potentialAction":[{"@type":"SearchAction","target":{"@type":"EntryPoint","urlTemplate":"https:\/\/visitfinaleligure.it\/de\/?s={search_term_string}"},"query-input":{"@type":"PropertyValueSpecification","valueRequired":true,"valueName":"search_term_string"}}],"inLanguage":"de"},{"@type":"Organization","@id":"https:\/\/visitfinaleligure.it\/de\/#organization","name":"Comune di Finale Ligure","url":"https:\/\/visitfinaleligure.it\/de\/","logo":{"@type":"ImageObject","inLanguage":"de","@id":"https:\/\/visitfinaleligure.it\/de\/#\/schema\/logo\/image\/","url":"https:\/\/visitfinaleligure.it\/wp-content\/uploads\/2023\/04\/cropped-finaleligure-verticale-positivo-200x200-1.png","contentUrl":"https:\/\/visitfinaleligure.it\/wp-content\/uploads\/2023\/04\/cropped-finaleligure-verticale-positivo-200x200-1.png","width":512,"height":512,"caption":"Comune di Finale Ligure"},"image":{"@id":"https:\/\/visitfinaleligure.it\/de\/#\/schema\/logo\/image\/"},"sameAs":["https:\/\/www.facebook.com\/VisitFinaleLigure","https:\/\/www.instagram.com\/visitfinale\/","https:\/\/www.youtube.com\/channel\/UCLmoLfNmrAt9mSCll9egttw"]}]}},"_links":{"self":[{"href":"https:\/\/visitfinaleligure.it\/de\/wp-json\/wp\/v2\/evento\/23867","targetHints":{"allow":["GET"]}}],"collection":[{"href":"https:\/\/visitfinaleligure.it\/de\/wp-json\/wp\/v2\/evento"}],"about":[{"href":"https:\/\/visitfinaleligure.it\/de\/wp-json\/wp\/v2\/types\/evento"}],"wp:attachment":[{"href":"https:\/\/visitfinaleligure.it\/de\/wp-json\/wp\/v2\/media?parent=23867"}],"wp:term":[{"taxonomy":"localita","embeddable":true,"href":"https:\/\/visitfinaleligure.it\/de\/wp-json\/wp\/v2\/localita?post=23867"},{"taxonomy":"temi_vacanza","embeddable":true,"href":"https:\/\/visitfinaleligure.it\/de\/wp-json\/wp\/v2\/temi_vacanza?post=23867"},{"taxonomy":"classificazioni","embeddable":true,"href":"https:\/\/visitfinaleligure.it\/de\/wp-json\/wp\/v2\/classificazioni?post=23867"},{"taxonomy":"eventi_seriali","embeddable":true,"href":"https:\/\/visitfinaleligure.it\/de\/wp-json\/wp\/v2\/eventi_seriali?post=23867"},{"taxonomy":"servizi","embeddable":true,"href":"https:\/\/visitfinaleligure.it\/de\/wp-json\/wp\/v2\/servizi?post=23867"}],"curies":[{"name":"wp","href":"https:\/\/api.w.org\/{rel}","templated":true}]}}

<p>Ein Recital, in dem die Musik nicht nur Protagonist ist, sondern zu einem wahren roten Faden wird: stürmisch, überwältigend, fähig, Lachen, Emotionen und Charaktere mit sich zu reißen. Ein kontinuierlicher Fluss, der Erinnerungen hervorruft, unsere Arten zu sein widerspiegelt und uns – mit Leichtigkeit und Ironie – vor die kleinen Fehler und die „Idiotien“ des Alltags stellt, die uns alle verbinden. <br />Von den unwiderstehlichen Parodien berühmter Stücke, von Battisti bis zu den jungen Trapern, über das musikalische Erzählen unserer Ticks und Widersprüche, bis hin zu den Ohrwürmern, die, wie das Wort selbst schon andeutet, uns wirklich quälen. <br />Ein Blick auf Genua und Mailand fehlt ebenfalls nicht, Symbole eines ewigen Vergleichs: mit den Städten, mit anderen, aber vor allem mit uns selbst.</p>

<!-- This site is optimized with the Yoast SEO plugin v28.3 - https://yoast.com/product/yoast-seo-wordpress/ -->
<title>FINALE SUMMER FESTIVAL: Di Marco Show - Visit Finale Ligure</title>
<meta name="description" content="Ein Recital, in dem die Musik nicht nur Protagonist ist, sondern zu einem wahren roten Faden wird: stürmisch, überwältigend, fähig, Lachen, Emotionen und" />
<meta name="robots" content="index, follow, max-snippet:-1, max-image-preview:large, max-video-preview:-1" />
<link rel="canonical" href="https://visitfinaleligure.it/de/evento/finale-summer-festival-di-marco-show-2/" />
<meta property="og:locale" content="de_DE" />
<meta property="og:type" content="article" />
<meta property="og:title" content="FINALE SUMMER FESTIVAL: Di Marco Show - Visit Finale Ligure" />
<meta property="og:description" content="Ein Recital, in dem die Musik nicht nur Protagonist ist, sondern zu einem wahren roten Faden wird: stürmisch, überwältigend, fähig, Lachen, Emotionen und" />
<meta property="og:url" content="https://visitfinaleligure.it/de/evento/finale-summer-festival-di-marco-show-2/" />
<meta property="og:site_name" content="Visit Finale Ligure" />
<meta property="article:publisher" content="https://www.facebook.com/VisitFinaleLigure" />
<meta property="og:image" content="https://visitfinaleligure.it/wp-content/uploads/2023/03/Capo-caprazoppa-1-1.jpg" />
	<meta property="og:image:width" content="2500" />
	<meta property="og:image:height" content="1405" />
	<meta property="og:image:type" content="image/jpeg" />
<meta name="twitter:card" content="summary_large_image" />
<meta name="twitter:label1" content="Geschätzte Lesezeit" />
	<meta name="twitter:data1" content="1 Minute" />
<script type="application/ld+json" class="yoast-schema-graph">{"@context":"https:\/\/schema.org","@graph":[{"@type":"WebPage","@id":"https:\/\/visitfinaleligure.it\/de\/evento\/finale-summer-festival-di-marco-show-2\/","url":"https:\/\/visitfinaleligure.it\/de\/evento\/finale-summer-festival-di-marco-show-2\/","name":"FINALE SUMMER FESTIVAL: Di Marco Show - Visit Finale Ligure","isPartOf":{"@id":"https:\/\/visitfinaleligure.it\/de\/#website"},"datePublished":"2026-08-27T09:19:49+00:00","description":"Ein Recital, in dem die Musik nicht nur Protagonist ist, sondern zu einem wahren roten Faden wird: stürmisch, überwältigend, fähig, Lachen, Emotionen und","breadcrumb":{"@id":"https:\/\/visitfinaleligure.it\/de\/evento\/finale-summer-festival-di-marco-show-2\/#breadcrumb"},"inLanguage":"de","potentialAction":[{"@type":"ReadAction","target":["https:\/\/visitfinaleligure.it\/de\/evento\/finale-summer-festival-di-marco-show-2\/"]}]},{"@type":"BreadcrumbList","@id":"https:\/\/visitfinaleligure.it\/de\/evento\/finale-summer-festival-di-marco-show-2\/#breadcrumb","itemListElement":[{"@type":"ListItem","position":1,"name":"Home","item":"https:\/\/visitfinaleligure.it\/de\/"},{"@type":"ListItem","position":2,"name":"Eventi","item":"https:\/\/visitfinaleligure.it\/de\/evento\/"},{"@type":"ListItem","position":3,"name":"FINALE SUMMER FESTIVAL: Di Marco Show"}]},{"@type":"WebSite","@id":"https:\/\/visitfinaleligure.it\/de\/#website","url":"https:\/\/visitfinaleligure.it\/de\/","name":"Visit Finale Ligure","description":"My perfect place","publisher":{"@id":"https:\/\/visitfinaleligure.it\/de\/#organization"},"potentialAction":[{"@type":"SearchAction","target":{"@type":"EntryPoint","urlTemplate":"https:\/\/visitfinaleligure.it\/de\/?s={search_term_string}"},"query-input":{"@type":"PropertyValueSpecification","valueRequired":true,"valueName":"search_term_string"}}],"inLanguage":"de"},{"@type":"Organization","@id":"https:\/\/visitfinaleligure.it\/de\/#organization","name":"Comune di Finale Ligure","url":"https:\/\/visitfinaleligure.it\/de\/","logo":{"@type":"ImageObject","inLanguage":"de","@id":"https:\/\/visitfinaleligure.it\/de\/#\/schema\/logo\/image\/","url":"https:\/\/visitfinaleligure.it\/wp-content\/uploads\/2023\/04\/cropped-finaleligure-verticale-positivo-200x200-1.png","contentUrl":"https:\/\/visitfinaleligure.it\/wp-content\/uploads\/2023\/04\/cropped-finaleligure-verticale-positivo-200x200-1.png","width":512,"height":512,"caption":"Comune di Finale Ligure"},"image":{"@id":"https:\/\/visitfinaleligure.it\/de\/#\/schema\/logo\/image\/"},"sameAs":["https:\/\/www.facebook.com\/VisitFinaleLigure","https:\/\/www.instagram.com\/visitfinale\/","https:\/\/www.youtube.com\/channel\/UCLmoLfNmrAt9mSCll9egttw"]}]}</script>
<!-- / Yoast SEO plugin. -->

Ein Recital, in dem die Musik nicht nur Protagonist ist, sondern zu einem wahren roten Faden wird: stürmisch, überwältigend, fähig, Lachen, Emotionen und
