{"id":23887,"date":"2026-08-27T11:19:50","date_gmt":"2026-08-27T09:19:50","guid":{"rendered":"https:\/\/visitfinaleligure.it\/evento\/incontri-con-larte-del-finale-mura-e-porte-di-finalborgo-2\/"},"modified":"2026-08-27T11:19:50","modified_gmt":"2026-08-27T09:19:50","slug":"incontri-con-larte-del-finale-mura-e-porte-di-finalborgo-2","status":"publish","type":"evento","link":"https:\/\/visitfinaleligure.it\/de\/evento\/incontri-con-larte-del-finale-mura-e-porte-di-finalborgo-2\/","title":{"rendered":"Incontri con&#8230;l&#8217;arte del Finale: mura e porte di Finalborgo"},"content":{"rendered":"<h2>&#8220;Ein wunderbares Diffuses Museum: Begegnungen mit Kunst, Arch\u00e4ologie und der Landschaft von Finale&#8221;<\/h2>\n<p>Die Veranstaltung wird organisiert von: Diffuses Museum von Finale; F\u00fchrungen durchgef\u00fchrt von Giovanni Murialdo und dem Personal des MAF<\/p>\n<p>Finalborgo, das mittelalterliche Burgus Finarii, bewahrt fast vollst\u00e4ndig die urspr\u00fcngliche mittelalterliche Stadtmauer und ihre Tore, die auf den Wiederaufbau des Ortes durch Giovanni I Del Carretto im Jahr 1452 zur\u00fcckzuf\u00fchren sind und trotz der im Laufe der Zeit erlittenen Ver\u00e4nderungen weiterhin lesbar sind. Es wird die Gelegenheit sein, gemeinsam Porta Carretta, Porta Testa und Porta Romana (oder des M\u00fchlens) zu analysieren.<\/p>\n<p><b>Reservierung erforderlich: 019 690020 &#8211; 351 7306191<\/b><\/p>\n","protected":false},"featured_media":0,"template":"","meta":[],"localita":[201],"temi_vacanza":[1425,1385,1424,1426],"classificazioni":[1428,1386,1429,1427],"eventi_seriali":[],"servizi":[1431,1432,1430,1383],"class_list":["post-23887","evento","type-evento","status-publish","hentry","localita-finalborgo","temi_vacanza-family","temi_vacanza-mudif","temi_vacanza-slow","temi_vacanza-storia-arte-e-cultura","classificazioni-family","classificazioni-mudif","classificazioni-slow","classificazioni-storia-arte-e-cultura","servizi-architettura","servizi-arte","servizi-culture-storia","servizi-visita-guidata"],"yoast_head":"<!-- This site is optimized with the Yoast SEO plugin v28.3 - https:\/\/yoast.com\/product\/yoast-seo-wordpress\/ -->\n<title>Incontri con...l&#039;arte del Finale: mura e porte di Finalborgo - Visit Finale Ligure<\/title>\n<meta name=\"description\" content=\"&quot;Ein wunderbares Diffuses Museum: Begegnungen mit Kunst, Arch\u00e4ologie und der Landschaft von Finale&quot; Die Veranstaltung wird organisiert von: Diffuses\" \/>\n<meta name=\"robots\" content=\"index, follow, max-snippet:-1, max-image-preview:large, max-video-preview:-1\" \/>\n<link rel=\"canonical\" href=\"https:\/\/visitfinaleligure.it\/de\/evento\/incontri-con-larte-del-finale-mura-e-porte-di-finalborgo-2\/\" \/>\n<meta property=\"og:locale\" content=\"de_DE\" \/>\n<meta property=\"og:type\" content=\"article\" \/>\n<meta property=\"og:title\" content=\"Incontri con...l&#039;arte del Finale: mura e porte di Finalborgo - Visit Finale Ligure\" \/>\n<meta property=\"og:description\" content=\"&quot;Ein wunderbares Diffuses Museum: Begegnungen mit Kunst, Arch\u00e4ologie und der Landschaft von Finale&quot; Die Veranstaltung wird organisiert von: Diffuses\" \/>\n<meta property=\"og:url\" content=\"https:\/\/visitfinaleligure.it\/de\/evento\/incontri-con-larte-del-finale-mura-e-porte-di-finalborgo-2\/\" \/>\n<meta property=\"og:site_name\" content=\"Visit Finale Ligure\" \/>\n<meta property=\"article:publisher\" content=\"https:\/\/www.facebook.com\/VisitFinaleLigure\" \/>\n<meta property=\"og:image\" content=\"https:\/\/visitfinaleligure.it\/wp-content\/uploads\/2023\/03\/Capo-caprazoppa-1-1.jpg\" \/>\n\t<meta property=\"og:image:width\" content=\"2500\" \/>\n\t<meta property=\"og:image:height\" content=\"1405\" \/>\n\t<meta property=\"og:image:type\" content=\"image\/jpeg\" \/>\n<meta name=\"twitter:card\" content=\"summary_large_image\" \/>\n<meta name=\"twitter:label1\" content=\"Gesch\u00e4tzte Lesezeit\" \/>\n\t<meta name=\"twitter:data1\" content=\"1\u00a0Minute\" \/>\n<script type=\"application\/ld+json\" class=\"yoast-schema-graph\">{\"@context\":\"https:\\\/\\\/schema.org\",\"@graph\":[{\"@type\":\"WebPage\",\"@id\":\"https:\\\/\\\/visitfinaleligure.it\\\/de\\\/evento\\\/incontri-con-larte-del-finale-mura-e-porte-di-finalborgo-2\\\/\",\"url\":\"https:\\\/\\\/visitfinaleligure.it\\\/de\\\/evento\\\/incontri-con-larte-del-finale-mura-e-porte-di-finalborgo-2\\\/\",\"name\":\"Incontri con...l'arte del Finale: mura e porte di Finalborgo - Visit Finale Ligure\",\"isPartOf\":{\"@id\":\"https:\\\/\\\/visitfinaleligure.it\\\/de\\\/#website\"},\"datePublished\":\"2026-08-27T09:19:50+00:00\",\"description\":\"\\\"Ein wunderbares Diffuses Museum: Begegnungen mit Kunst, Arch\u00e4ologie und der Landschaft von Finale\\\" Die Veranstaltung wird organisiert von: Diffuses\",\"breadcrumb\":{\"@id\":\"https:\\\/\\\/visitfinaleligure.it\\\/de\\\/evento\\\/incontri-con-larte-del-finale-mura-e-porte-di-finalborgo-2\\\/#breadcrumb\"},\"inLanguage\":\"de\",\"potentialAction\":[{\"@type\":\"ReadAction\",\"target\":[\"https:\\\/\\\/visitfinaleligure.it\\\/de\\\/evento\\\/incontri-con-larte-del-finale-mura-e-porte-di-finalborgo-2\\\/\"]}]},{\"@type\":\"BreadcrumbList\",\"@id\":\"https:\\\/\\\/visitfinaleligure.it\\\/de\\\/evento\\\/incontri-con-larte-del-finale-mura-e-porte-di-finalborgo-2\\\/#breadcrumb\",\"itemListElement\":[{\"@type\":\"ListItem\",\"position\":1,\"name\":\"Home\",\"item\":\"https:\\\/\\\/visitfinaleligure.it\\\/de\\\/\"},{\"@type\":\"ListItem\",\"position\":2,\"name\":\"Eventi\",\"item\":\"https:\\\/\\\/visitfinaleligure.it\\\/de\\\/evento\\\/\"},{\"@type\":\"ListItem\",\"position\":3,\"name\":\"Incontri con&#8230;l&#8217;arte del Finale: mura e porte di Finalborgo\"}]},{\"@type\":\"WebSite\",\"@id\":\"https:\\\/\\\/visitfinaleligure.it\\\/de\\\/#website\",\"url\":\"https:\\\/\\\/visitfinaleligure.it\\\/de\\\/\",\"name\":\"Visit Finale Ligure\",\"description\":\"My perfect place\",\"publisher\":{\"@id\":\"https:\\\/\\\/visitfinaleligure.it\\\/de\\\/#organization\"},\"potentialAction\":[{\"@type\":\"SearchAction\",\"target\":{\"@type\":\"EntryPoint\",\"urlTemplate\":\"https:\\\/\\\/visitfinaleligure.it\\\/de\\\/?s={search_term_string}\"},\"query-input\":{\"@type\":\"PropertyValueSpecification\",\"valueRequired\":true,\"valueName\":\"search_term_string\"}}],\"inLanguage\":\"de\"},{\"@type\":\"Organization\",\"@id\":\"https:\\\/\\\/visitfinaleligure.it\\\/de\\\/#organization\",\"name\":\"Comune di Finale Ligure\",\"url\":\"https:\\\/\\\/visitfinaleligure.it\\\/de\\\/\",\"logo\":{\"@type\":\"ImageObject\",\"inLanguage\":\"de\",\"@id\":\"https:\\\/\\\/visitfinaleligure.it\\\/de\\\/#\\\/schema\\\/logo\\\/image\\\/\",\"url\":\"https:\\\/\\\/visitfinaleligure.it\\\/wp-content\\\/uploads\\\/2023\\\/04\\\/cropped-finaleligure-verticale-positivo-200x200-1.png\",\"contentUrl\":\"https:\\\/\\\/visitfinaleligure.it\\\/wp-content\\\/uploads\\\/2023\\\/04\\\/cropped-finaleligure-verticale-positivo-200x200-1.png\",\"width\":512,\"height\":512,\"caption\":\"Comune di Finale Ligure\"},\"image\":{\"@id\":\"https:\\\/\\\/visitfinaleligure.it\\\/de\\\/#\\\/schema\\\/logo\\\/image\\\/\"},\"sameAs\":[\"https:\\\/\\\/www.facebook.com\\\/VisitFinaleLigure\",\"https:\\\/\\\/www.instagram.com\\\/visitfinale\\\/\",\"https:\\\/\\\/www.youtube.com\\\/channel\\\/UCLmoLfNmrAt9mSCll9egttw\"]}]}<\/script>\n<!-- \/ Yoast SEO plugin. -->","yoast_head_json":{"title":"Incontri con...l'arte del Finale: mura e porte di Finalborgo - Visit Finale Ligure","description":"\"Ein wunderbares Diffuses Museum: Begegnungen mit Kunst, Arch\u00e4ologie und der Landschaft von Finale\" Die Veranstaltung wird organisiert von: Diffuses","robots":{"index":"index","follow":"follow","max-snippet":"max-snippet:-1","max-image-preview":"max-image-preview:large","max-video-preview":"max-video-preview:-1"},"canonical":"https:\/\/visitfinaleligure.it\/de\/evento\/incontri-con-larte-del-finale-mura-e-porte-di-finalborgo-2\/","og_locale":"de_DE","og_type":"article","og_title":"Incontri con...l'arte del Finale: mura e porte di Finalborgo - Visit Finale Ligure","og_description":"\"Ein wunderbares Diffuses Museum: Begegnungen mit Kunst, Arch\u00e4ologie und der Landschaft von Finale\" Die Veranstaltung wird organisiert von: Diffuses","og_url":"https:\/\/visitfinaleligure.it\/de\/evento\/incontri-con-larte-del-finale-mura-e-porte-di-finalborgo-2\/","og_site_name":"Visit Finale Ligure","article_publisher":"https:\/\/www.facebook.com\/VisitFinaleLigure","og_image":[{"width":2500,"height":1405,"url":"https:\/\/visitfinaleligure.it\/wp-content\/uploads\/2023\/03\/Capo-caprazoppa-1-1.jpg","type":"image\/jpeg"}],"twitter_card":"summary_large_image","twitter_misc":{"Gesch\u00e4tzte Lesezeit":"1\u00a0Minute"},"schema":{"@context":"https:\/\/schema.org","@graph":[{"@type":"WebPage","@id":"https:\/\/visitfinaleligure.it\/de\/evento\/incontri-con-larte-del-finale-mura-e-porte-di-finalborgo-2\/","url":"https:\/\/visitfinaleligure.it\/de\/evento\/incontri-con-larte-del-finale-mura-e-porte-di-finalborgo-2\/","name":"Incontri con...l'arte del Finale: mura e porte di Finalborgo - Visit Finale Ligure","isPartOf":{"@id":"https:\/\/visitfinaleligure.it\/de\/#website"},"datePublished":"2026-08-27T09:19:50+00:00","description":"\"Ein wunderbares Diffuses Museum: Begegnungen mit Kunst, Arch\u00e4ologie und der Landschaft von Finale\" Die Veranstaltung wird organisiert von: Diffuses","breadcrumb":{"@id":"https:\/\/visitfinaleligure.it\/de\/evento\/incontri-con-larte-del-finale-mura-e-porte-di-finalborgo-2\/#breadcrumb"},"inLanguage":"de","potentialAction":[{"@type":"ReadAction","target":["https:\/\/visitfinaleligure.it\/de\/evento\/incontri-con-larte-del-finale-mura-e-porte-di-finalborgo-2\/"]}]},{"@type":"BreadcrumbList","@id":"https:\/\/visitfinaleligure.it\/de\/evento\/incontri-con-larte-del-finale-mura-e-porte-di-finalborgo-2\/#breadcrumb","itemListElement":[{"@type":"ListItem","position":1,"name":"Home","item":"https:\/\/visitfinaleligure.it\/de\/"},{"@type":"ListItem","position":2,"name":"Eventi","item":"https:\/\/visitfinaleligure.it\/de\/evento\/"},{"@type":"ListItem","position":3,"name":"Incontri con&#8230;l&#8217;arte del Finale: mura e porte di Finalborgo"}]},{"@type":"WebSite","@id":"https:\/\/visitfinaleligure.it\/de\/#website","url":"https:\/\/visitfinaleligure.it\/de\/","name":"Visit Finale Ligure","description":"My perfect place","publisher":{"@id":"https:\/\/visitfinaleligure.it\/de\/#organization"},"potentialAction":[{"@type":"SearchAction","target":{"@type":"EntryPoint","urlTemplate":"https:\/\/visitfinaleligure.it\/de\/?s={search_term_string}"},"query-input":{"@type":"PropertyValueSpecification","valueRequired":true,"valueName":"search_term_string"}}],"inLanguage":"de"},{"@type":"Organization","@id":"https:\/\/visitfinaleligure.it\/de\/#organization","name":"Comune di Finale Ligure","url":"https:\/\/visitfinaleligure.it\/de\/","logo":{"@type":"ImageObject","inLanguage":"de","@id":"https:\/\/visitfinaleligure.it\/de\/#\/schema\/logo\/image\/","url":"https:\/\/visitfinaleligure.it\/wp-content\/uploads\/2023\/04\/cropped-finaleligure-verticale-positivo-200x200-1.png","contentUrl":"https:\/\/visitfinaleligure.it\/wp-content\/uploads\/2023\/04\/cropped-finaleligure-verticale-positivo-200x200-1.png","width":512,"height":512,"caption":"Comune di Finale Ligure"},"image":{"@id":"https:\/\/visitfinaleligure.it\/de\/#\/schema\/logo\/image\/"},"sameAs":["https:\/\/www.facebook.com\/VisitFinaleLigure","https:\/\/www.instagram.com\/visitfinale\/","https:\/\/www.youtube.com\/channel\/UCLmoLfNmrAt9mSCll9egttw"]}]}},"_links":{"self":[{"href":"https:\/\/visitfinaleligure.it\/de\/wp-json\/wp\/v2\/evento\/23887","targetHints":{"allow":["GET"]}}],"collection":[{"href":"https:\/\/visitfinaleligure.it\/de\/wp-json\/wp\/v2\/evento"}],"about":[{"href":"https:\/\/visitfinaleligure.it\/de\/wp-json\/wp\/v2\/types\/evento"}],"wp:attachment":[{"href":"https:\/\/visitfinaleligure.it\/de\/wp-json\/wp\/v2\/media?parent=23887"}],"wp:term":[{"taxonomy":"localita","embeddable":true,"href":"https:\/\/visitfinaleligure.it\/de\/wp-json\/wp\/v2\/localita?post=23887"},{"taxonomy":"temi_vacanza","embeddable":true,"href":"https:\/\/visitfinaleligure.it\/de\/wp-json\/wp\/v2\/temi_vacanza?post=23887"},{"taxonomy":"classificazioni","embeddable":true,"href":"https:\/\/visitfinaleligure.it\/de\/wp-json\/wp\/v2\/classificazioni?post=23887"},{"taxonomy":"eventi_seriali","embeddable":true,"href":"https:\/\/visitfinaleligure.it\/de\/wp-json\/wp\/v2\/eventi_seriali?post=23887"},{"taxonomy":"servizi","embeddable":true,"href":"https:\/\/visitfinaleligure.it\/de\/wp-json\/wp\/v2\/servizi?post=23887"}],"curies":[{"name":"wp","href":"https:\/\/api.w.org\/{rel}","templated":true}]}}

<h2>&#8220;Ein wunderbares Diffuses Museum: Begegnungen mit Kunst, Archäologie und der Landschaft von Finale&#8221;</h2>
<p>Die Veranstaltung wird organisiert von: Diffuses Museum von Finale; Führungen durchgeführt von Giovanni Murialdo und dem Personal des MAF</p>
<p>Finalborgo, das mittelalterliche Burgus Finarii, bewahrt fast vollständig die ursprüngliche mittelalterliche Stadtmauer und ihre Tore, die auf den Wiederaufbau des Ortes durch Giovanni I Del Carretto im Jahr 1452 zurückzuführen sind und trotz der im Laufe der Zeit erlittenen Veränderungen weiterhin lesbar sind. Es wird die Gelegenheit sein, gemeinsam Porta Carretta, Porta Testa und Porta Romana (oder des Mühlens) zu analysieren.</p>
<p><b>Reservierung erforderlich: 019 690020 &#8211; 351 7306191</b></p>

<!-- This site is optimized with the Yoast SEO plugin v28.3 - https://yoast.com/product/yoast-seo-wordpress/ -->
<title>Incontri con...l&#039;arte del Finale: mura e porte di Finalborgo - Visit Finale Ligure</title>
<meta name="description" content="&quot;Ein wunderbares Diffuses Museum: Begegnungen mit Kunst, Archäologie und der Landschaft von Finale&quot; Die Veranstaltung wird organisiert von: Diffuses" />
<meta name="robots" content="index, follow, max-snippet:-1, max-image-preview:large, max-video-preview:-1" />
<link rel="canonical" href="https://visitfinaleligure.it/de/evento/incontri-con-larte-del-finale-mura-e-porte-di-finalborgo-2/" />
<meta property="og:locale" content="de_DE" />
<meta property="og:type" content="article" />
<meta property="og:title" content="Incontri con...l&#039;arte del Finale: mura e porte di Finalborgo - Visit Finale Ligure" />
<meta property="og:description" content="&quot;Ein wunderbares Diffuses Museum: Begegnungen mit Kunst, Archäologie und der Landschaft von Finale&quot; Die Veranstaltung wird organisiert von: Diffuses" />
<meta property="og:url" content="https://visitfinaleligure.it/de/evento/incontri-con-larte-del-finale-mura-e-porte-di-finalborgo-2/" />
<meta property="og:site_name" content="Visit Finale Ligure" />
<meta property="article:publisher" content="https://www.facebook.com/VisitFinaleLigure" />
<meta property="og:image" content="https://visitfinaleligure.it/wp-content/uploads/2023/03/Capo-caprazoppa-1-1.jpg" />
	<meta property="og:image:width" content="2500" />
	<meta property="og:image:height" content="1405" />
	<meta property="og:image:type" content="image/jpeg" />
<meta name="twitter:card" content="summary_large_image" />
<meta name="twitter:label1" content="Geschätzte Lesezeit" />
	<meta name="twitter:data1" content="1 Minute" />
<script type="application/ld+json" class="yoast-schema-graph">{"@context":"https:\/\/schema.org","@graph":[{"@type":"WebPage","@id":"https:\/\/visitfinaleligure.it\/de\/evento\/incontri-con-larte-del-finale-mura-e-porte-di-finalborgo-2\/","url":"https:\/\/visitfinaleligure.it\/de\/evento\/incontri-con-larte-del-finale-mura-e-porte-di-finalborgo-2\/","name":"Incontri con...l'arte del Finale: mura e porte di Finalborgo - Visit Finale Ligure","isPartOf":{"@id":"https:\/\/visitfinaleligure.it\/de\/#website"},"datePublished":"2026-08-27T09:19:50+00:00","description":"\"Ein wunderbares Diffuses Museum: Begegnungen mit Kunst, Archäologie und der Landschaft von Finale\" Die Veranstaltung wird organisiert von: Diffuses","breadcrumb":{"@id":"https:\/\/visitfinaleligure.it\/de\/evento\/incontri-con-larte-del-finale-mura-e-porte-di-finalborgo-2\/#breadcrumb"},"inLanguage":"de","potentialAction":[{"@type":"ReadAction","target":["https:\/\/visitfinaleligure.it\/de\/evento\/incontri-con-larte-del-finale-mura-e-porte-di-finalborgo-2\/"]}]},{"@type":"BreadcrumbList","@id":"https:\/\/visitfinaleligure.it\/de\/evento\/incontri-con-larte-del-finale-mura-e-porte-di-finalborgo-2\/#breadcrumb","itemListElement":[{"@type":"ListItem","position":1,"name":"Home","item":"https:\/\/visitfinaleligure.it\/de\/"},{"@type":"ListItem","position":2,"name":"Eventi","item":"https:\/\/visitfinaleligure.it\/de\/evento\/"},{"@type":"ListItem","position":3,"name":"Incontri con&#8230;l&#8217;arte del Finale: mura e porte di Finalborgo"}]},{"@type":"WebSite","@id":"https:\/\/visitfinaleligure.it\/de\/#website","url":"https:\/\/visitfinaleligure.it\/de\/","name":"Visit Finale Ligure","description":"My perfect place","publisher":{"@id":"https:\/\/visitfinaleligure.it\/de\/#organization"},"potentialAction":[{"@type":"SearchAction","target":{"@type":"EntryPoint","urlTemplate":"https:\/\/visitfinaleligure.it\/de\/?s={search_term_string}"},"query-input":{"@type":"PropertyValueSpecification","valueRequired":true,"valueName":"search_term_string"}}],"inLanguage":"de"},{"@type":"Organization","@id":"https:\/\/visitfinaleligure.it\/de\/#organization","name":"Comune di Finale Ligure","url":"https:\/\/visitfinaleligure.it\/de\/","logo":{"@type":"ImageObject","inLanguage":"de","@id":"https:\/\/visitfinaleligure.it\/de\/#\/schema\/logo\/image\/","url":"https:\/\/visitfinaleligure.it\/wp-content\/uploads\/2023\/04\/cropped-finaleligure-verticale-positivo-200x200-1.png","contentUrl":"https:\/\/visitfinaleligure.it\/wp-content\/uploads\/2023\/04\/cropped-finaleligure-verticale-positivo-200x200-1.png","width":512,"height":512,"caption":"Comune di Finale Ligure"},"image":{"@id":"https:\/\/visitfinaleligure.it\/de\/#\/schema\/logo\/image\/"},"sameAs":["https:\/\/www.facebook.com\/VisitFinaleLigure","https:\/\/www.instagram.com\/visitfinale\/","https:\/\/www.youtube.com\/channel\/UCLmoLfNmrAt9mSCll9egttw"]}]}</script>
<!-- / Yoast SEO plugin. -->

"Ein wunderbares Diffuses Museum: Begegnungen mit Kunst, Archäologie und der Landschaft von Finale" Die Veranstaltung wird organisiert von: Diffuses
