{"id":24104,"date":"2026-08-27T11:20:00","date_gmt":"2026-08-27T09:20:00","guid":{"rendered":"https:\/\/visitfinaleligure.it\/evento\/aperitivo-con-larcheologia-alla-scoperta-degli-affreschi-2\/"},"modified":"2026-08-27T11:20:00","modified_gmt":"2026-08-27T09:20:00","slug":"aperitivo-con-larcheologia-alla-scoperta-degli-affreschi-2","status":"publish","type":"evento","link":"https:\/\/visitfinaleligure.it\/de\/evento\/aperitivo-con-larcheologia-alla-scoperta-degli-affreschi-2\/","title":{"rendered":"Aperitivo con l&#8217;archeologia: alla scoperta degli affreschi"},"content":{"rendered":"<h2>Aperitif mit der Arch\u00e4ologie: Entdeckung der Fresken<\/h2>\n<p><i>in Zusammenarbeit mit: Museo Archeologico del Finale und Bistrot sociale &#8220;Nonunomeno&#8221;<\/i><\/p>\n<p><b>Samstag, 29. August, 18.30-20.30 Uhr<\/b><\/p>\n<p>Ein Abend, der dem Mittelalter gewidmet ist, um die Fresken der Cappella Oliveri in der Kirche von Santa Caterina in Finalborgo zu entdecken und sich in einem Workshop f\u00fcr experimentelle Arch\u00e4ologie an der Erstellung eines Freskost\u00fccks zu versuchen. Es folgt ein kleines Buffet, das vom Bistrot sociale &#8220;Nonunomeno&#8221; organisiert wird.<\/p>\n<p><b><u>Begrenzte Pl\u00e4tze &#8211; Voranmeldung erforderlich: tel. 019 690020 &#8211; 351 7306191<\/u><\/b><\/p>\n<p><b>Teilnahmegeb\u00fchr: 15,00 Euro pro Person (einheitlicher Tarif).<\/b><\/p>\n<p><b>Aktivit\u00e4t nur f\u00fcr Erwachsene und Kinder\/Jugendliche \u00fcber 12 Jahren.<\/b><\/p>\n","protected":false},"featured_media":0,"template":"","meta":[],"localita":[201],"temi_vacanza":[1365,1385],"classificazioni":[1368,1386],"eventi_seriali":[],"servizi":[],"class_list":["post-24104","evento","type-evento","status-publish","hentry","localita-finalborgo","temi_vacanza-cultura","temi_vacanza-mudif","classificazioni-cultura","classificazioni-mudif"],"yoast_head":"<!-- This site is optimized with the Yoast SEO plugin v28.3 - https:\/\/yoast.com\/product\/yoast-seo-wordpress\/ -->\n<title>Aperitivo con l&#039;archeologia: alla scoperta degli affreschi - Visit Finale Ligure<\/title>\n<meta name=\"description\" content=\"Aperitif mit der Arch\u00e4ologie: Entdeckung der Fresken in Zusammenarbeit mit: Museo Archeologico del Finale und Bistrot sociale &quot;Nonunomeno&quot; Samstag, 29.\" \/>\n<meta name=\"robots\" content=\"index, follow, max-snippet:-1, max-image-preview:large, max-video-preview:-1\" \/>\n<link rel=\"canonical\" href=\"https:\/\/visitfinaleligure.it\/de\/evento\/aperitivo-con-larcheologia-alla-scoperta-degli-affreschi-2\/\" \/>\n<meta property=\"og:locale\" content=\"de_DE\" \/>\n<meta property=\"og:type\" content=\"article\" \/>\n<meta property=\"og:title\" content=\"Aperitivo con l&#039;archeologia: alla scoperta degli affreschi - Visit Finale Ligure\" \/>\n<meta property=\"og:description\" content=\"Aperitif mit der Arch\u00e4ologie: Entdeckung der Fresken in Zusammenarbeit mit: Museo Archeologico del Finale und Bistrot sociale &quot;Nonunomeno&quot; Samstag, 29.\" \/>\n<meta property=\"og:url\" content=\"https:\/\/visitfinaleligure.it\/de\/evento\/aperitivo-con-larcheologia-alla-scoperta-degli-affreschi-2\/\" \/>\n<meta property=\"og:site_name\" content=\"Visit Finale Ligure\" \/>\n<meta property=\"article:publisher\" content=\"https:\/\/www.facebook.com\/VisitFinaleLigure\" \/>\n<meta property=\"og:image\" content=\"https:\/\/visitfinaleligure.it\/wp-content\/uploads\/2023\/03\/Capo-caprazoppa-1-1.jpg\" \/>\n\t<meta property=\"og:image:width\" content=\"2500\" \/>\n\t<meta property=\"og:image:height\" content=\"1405\" \/>\n\t<meta property=\"og:image:type\" content=\"image\/jpeg\" \/>\n<meta name=\"twitter:card\" content=\"summary_large_image\" \/>\n<meta name=\"twitter:label1\" content=\"Gesch\u00e4tzte Lesezeit\" \/>\n\t<meta name=\"twitter:data1\" content=\"1\u00a0Minute\" \/>\n<script type=\"application\/ld+json\" class=\"yoast-schema-graph\">{\"@context\":\"https:\\\/\\\/schema.org\",\"@graph\":[{\"@type\":\"WebPage\",\"@id\":\"https:\\\/\\\/visitfinaleligure.it\\\/de\\\/evento\\\/aperitivo-con-larcheologia-alla-scoperta-degli-affreschi-2\\\/\",\"url\":\"https:\\\/\\\/visitfinaleligure.it\\\/de\\\/evento\\\/aperitivo-con-larcheologia-alla-scoperta-degli-affreschi-2\\\/\",\"name\":\"Aperitivo con l'archeologia: alla scoperta degli affreschi - Visit Finale Ligure\",\"isPartOf\":{\"@id\":\"https:\\\/\\\/visitfinaleligure.it\\\/de\\\/#website\"},\"datePublished\":\"2026-08-27T09:20:00+00:00\",\"description\":\"Aperitif mit der Arch\u00e4ologie: Entdeckung der Fresken in Zusammenarbeit mit: Museo Archeologico del Finale und Bistrot sociale \\\"Nonunomeno\\\" Samstag, 29.\",\"breadcrumb\":{\"@id\":\"https:\\\/\\\/visitfinaleligure.it\\\/de\\\/evento\\\/aperitivo-con-larcheologia-alla-scoperta-degli-affreschi-2\\\/#breadcrumb\"},\"inLanguage\":\"de\",\"potentialAction\":[{\"@type\":\"ReadAction\",\"target\":[\"https:\\\/\\\/visitfinaleligure.it\\\/de\\\/evento\\\/aperitivo-con-larcheologia-alla-scoperta-degli-affreschi-2\\\/\"]}]},{\"@type\":\"BreadcrumbList\",\"@id\":\"https:\\\/\\\/visitfinaleligure.it\\\/de\\\/evento\\\/aperitivo-con-larcheologia-alla-scoperta-degli-affreschi-2\\\/#breadcrumb\",\"itemListElement\":[{\"@type\":\"ListItem\",\"position\":1,\"name\":\"Home\",\"item\":\"https:\\\/\\\/visitfinaleligure.it\\\/de\\\/\"},{\"@type\":\"ListItem\",\"position\":2,\"name\":\"Eventi\",\"item\":\"https:\\\/\\\/visitfinaleligure.it\\\/de\\\/evento\\\/\"},{\"@type\":\"ListItem\",\"position\":3,\"name\":\"Aperitivo con l&#8217;archeologia: alla scoperta degli affreschi\"}]},{\"@type\":\"WebSite\",\"@id\":\"https:\\\/\\\/visitfinaleligure.it\\\/de\\\/#website\",\"url\":\"https:\\\/\\\/visitfinaleligure.it\\\/de\\\/\",\"name\":\"Visit Finale Ligure\",\"description\":\"My perfect place\",\"publisher\":{\"@id\":\"https:\\\/\\\/visitfinaleligure.it\\\/de\\\/#organization\"},\"potentialAction\":[{\"@type\":\"SearchAction\",\"target\":{\"@type\":\"EntryPoint\",\"urlTemplate\":\"https:\\\/\\\/visitfinaleligure.it\\\/de\\\/?s={search_term_string}\"},\"query-input\":{\"@type\":\"PropertyValueSpecification\",\"valueRequired\":true,\"valueName\":\"search_term_string\"}}],\"inLanguage\":\"de\"},{\"@type\":\"Organization\",\"@id\":\"https:\\\/\\\/visitfinaleligure.it\\\/de\\\/#organization\",\"name\":\"Comune di Finale Ligure\",\"url\":\"https:\\\/\\\/visitfinaleligure.it\\\/de\\\/\",\"logo\":{\"@type\":\"ImageObject\",\"inLanguage\":\"de\",\"@id\":\"https:\\\/\\\/visitfinaleligure.it\\\/de\\\/#\\\/schema\\\/logo\\\/image\\\/\",\"url\":\"https:\\\/\\\/visitfinaleligure.it\\\/wp-content\\\/uploads\\\/2023\\\/04\\\/cropped-finaleligure-verticale-positivo-200x200-1.png\",\"contentUrl\":\"https:\\\/\\\/visitfinaleligure.it\\\/wp-content\\\/uploads\\\/2023\\\/04\\\/cropped-finaleligure-verticale-positivo-200x200-1.png\",\"width\":512,\"height\":512,\"caption\":\"Comune di Finale Ligure\"},\"image\":{\"@id\":\"https:\\\/\\\/visitfinaleligure.it\\\/de\\\/#\\\/schema\\\/logo\\\/image\\\/\"},\"sameAs\":[\"https:\\\/\\\/www.facebook.com\\\/VisitFinaleLigure\",\"https:\\\/\\\/www.instagram.com\\\/visitfinale\\\/\",\"https:\\\/\\\/www.youtube.com\\\/channel\\\/UCLmoLfNmrAt9mSCll9egttw\"]}]}<\/script>\n<!-- \/ Yoast SEO plugin. -->","yoast_head_json":{"title":"Aperitivo con l'archeologia: alla scoperta degli affreschi - Visit Finale Ligure","description":"Aperitif mit der Arch\u00e4ologie: Entdeckung der Fresken in Zusammenarbeit mit: Museo Archeologico del Finale und Bistrot sociale \"Nonunomeno\" Samstag, 29.","robots":{"index":"index","follow":"follow","max-snippet":"max-snippet:-1","max-image-preview":"max-image-preview:large","max-video-preview":"max-video-preview:-1"},"canonical":"https:\/\/visitfinaleligure.it\/de\/evento\/aperitivo-con-larcheologia-alla-scoperta-degli-affreschi-2\/","og_locale":"de_DE","og_type":"article","og_title":"Aperitivo con l'archeologia: alla scoperta degli affreschi - Visit Finale Ligure","og_description":"Aperitif mit der Arch\u00e4ologie: Entdeckung der Fresken in Zusammenarbeit mit: Museo Archeologico del Finale und Bistrot sociale \"Nonunomeno\" Samstag, 29.","og_url":"https:\/\/visitfinaleligure.it\/de\/evento\/aperitivo-con-larcheologia-alla-scoperta-degli-affreschi-2\/","og_site_name":"Visit Finale Ligure","article_publisher":"https:\/\/www.facebook.com\/VisitFinaleLigure","og_image":[{"width":2500,"height":1405,"url":"https:\/\/visitfinaleligure.it\/wp-content\/uploads\/2023\/03\/Capo-caprazoppa-1-1.jpg","type":"image\/jpeg"}],"twitter_card":"summary_large_image","twitter_misc":{"Gesch\u00e4tzte Lesezeit":"1\u00a0Minute"},"schema":{"@context":"https:\/\/schema.org","@graph":[{"@type":"WebPage","@id":"https:\/\/visitfinaleligure.it\/de\/evento\/aperitivo-con-larcheologia-alla-scoperta-degli-affreschi-2\/","url":"https:\/\/visitfinaleligure.it\/de\/evento\/aperitivo-con-larcheologia-alla-scoperta-degli-affreschi-2\/","name":"Aperitivo con l'archeologia: alla scoperta degli affreschi - Visit Finale Ligure","isPartOf":{"@id":"https:\/\/visitfinaleligure.it\/de\/#website"},"datePublished":"2026-08-27T09:20:00+00:00","description":"Aperitif mit der Arch\u00e4ologie: Entdeckung der Fresken in Zusammenarbeit mit: Museo Archeologico del Finale und Bistrot sociale \"Nonunomeno\" Samstag, 29.","breadcrumb":{"@id":"https:\/\/visitfinaleligure.it\/de\/evento\/aperitivo-con-larcheologia-alla-scoperta-degli-affreschi-2\/#breadcrumb"},"inLanguage":"de","potentialAction":[{"@type":"ReadAction","target":["https:\/\/visitfinaleligure.it\/de\/evento\/aperitivo-con-larcheologia-alla-scoperta-degli-affreschi-2\/"]}]},{"@type":"BreadcrumbList","@id":"https:\/\/visitfinaleligure.it\/de\/evento\/aperitivo-con-larcheologia-alla-scoperta-degli-affreschi-2\/#breadcrumb","itemListElement":[{"@type":"ListItem","position":1,"name":"Home","item":"https:\/\/visitfinaleligure.it\/de\/"},{"@type":"ListItem","position":2,"name":"Eventi","item":"https:\/\/visitfinaleligure.it\/de\/evento\/"},{"@type":"ListItem","position":3,"name":"Aperitivo con l&#8217;archeologia: alla scoperta degli affreschi"}]},{"@type":"WebSite","@id":"https:\/\/visitfinaleligure.it\/de\/#website","url":"https:\/\/visitfinaleligure.it\/de\/","name":"Visit Finale Ligure","description":"My perfect place","publisher":{"@id":"https:\/\/visitfinaleligure.it\/de\/#organization"},"potentialAction":[{"@type":"SearchAction","target":{"@type":"EntryPoint","urlTemplate":"https:\/\/visitfinaleligure.it\/de\/?s={search_term_string}"},"query-input":{"@type":"PropertyValueSpecification","valueRequired":true,"valueName":"search_term_string"}}],"inLanguage":"de"},{"@type":"Organization","@id":"https:\/\/visitfinaleligure.it\/de\/#organization","name":"Comune di Finale Ligure","url":"https:\/\/visitfinaleligure.it\/de\/","logo":{"@type":"ImageObject","inLanguage":"de","@id":"https:\/\/visitfinaleligure.it\/de\/#\/schema\/logo\/image\/","url":"https:\/\/visitfinaleligure.it\/wp-content\/uploads\/2023\/04\/cropped-finaleligure-verticale-positivo-200x200-1.png","contentUrl":"https:\/\/visitfinaleligure.it\/wp-content\/uploads\/2023\/04\/cropped-finaleligure-verticale-positivo-200x200-1.png","width":512,"height":512,"caption":"Comune di Finale Ligure"},"image":{"@id":"https:\/\/visitfinaleligure.it\/de\/#\/schema\/logo\/image\/"},"sameAs":["https:\/\/www.facebook.com\/VisitFinaleLigure","https:\/\/www.instagram.com\/visitfinale\/","https:\/\/www.youtube.com\/channel\/UCLmoLfNmrAt9mSCll9egttw"]}]}},"_links":{"self":[{"href":"https:\/\/visitfinaleligure.it\/de\/wp-json\/wp\/v2\/evento\/24104","targetHints":{"allow":["GET"]}}],"collection":[{"href":"https:\/\/visitfinaleligure.it\/de\/wp-json\/wp\/v2\/evento"}],"about":[{"href":"https:\/\/visitfinaleligure.it\/de\/wp-json\/wp\/v2\/types\/evento"}],"wp:attachment":[{"href":"https:\/\/visitfinaleligure.it\/de\/wp-json\/wp\/v2\/media?parent=24104"}],"wp:term":[{"taxonomy":"localita","embeddable":true,"href":"https:\/\/visitfinaleligure.it\/de\/wp-json\/wp\/v2\/localita?post=24104"},{"taxonomy":"temi_vacanza","embeddable":true,"href":"https:\/\/visitfinaleligure.it\/de\/wp-json\/wp\/v2\/temi_vacanza?post=24104"},{"taxonomy":"classificazioni","embeddable":true,"href":"https:\/\/visitfinaleligure.it\/de\/wp-json\/wp\/v2\/classificazioni?post=24104"},{"taxonomy":"eventi_seriali","embeddable":true,"href":"https:\/\/visitfinaleligure.it\/de\/wp-json\/wp\/v2\/eventi_seriali?post=24104"},{"taxonomy":"servizi","embeddable":true,"href":"https:\/\/visitfinaleligure.it\/de\/wp-json\/wp\/v2\/servizi?post=24104"}],"curies":[{"name":"wp","href":"https:\/\/api.w.org\/{rel}","templated":true}]}}

<h2>Aperitif mit der Archäologie: Entdeckung der Fresken</h2>
<p><i>in Zusammenarbeit mit: Museo Archeologico del Finale und Bistrot sociale &#8220;Nonunomeno&#8221;</i></p>
<p><b>Samstag, 29. August, 18.30-20.30 Uhr</b></p>
<p>Ein Abend, der dem Mittelalter gewidmet ist, um die Fresken der Cappella Oliveri in der Kirche von Santa Caterina in Finalborgo zu entdecken und sich in einem Workshop für experimentelle Archäologie an der Erstellung eines Freskostücks zu versuchen. Es folgt ein kleines Buffet, das vom Bistrot sociale &#8220;Nonunomeno&#8221; organisiert wird.</p>
<p><b><u>Begrenzte Plätze &#8211; Voranmeldung erforderlich: tel. 019 690020 &#8211; 351 7306191</u></b></p>
<p><b>Teilnahmegebühr: 15,00 Euro pro Person (einheitlicher Tarif).</b></p>
<p><b>Aktivität nur für Erwachsene und Kinder/Jugendliche über 12 Jahren.</b></p>

<!-- This site is optimized with the Yoast SEO plugin v28.3 - https://yoast.com/product/yoast-seo-wordpress/ -->
<title>Aperitivo con l&#039;archeologia: alla scoperta degli affreschi - Visit Finale Ligure</title>
<meta name="description" content="Aperitif mit der Archäologie: Entdeckung der Fresken in Zusammenarbeit mit: Museo Archeologico del Finale und Bistrot sociale &quot;Nonunomeno&quot; Samstag, 29." />
<meta name="robots" content="index, follow, max-snippet:-1, max-image-preview:large, max-video-preview:-1" />
<link rel="canonical" href="https://visitfinaleligure.it/de/evento/aperitivo-con-larcheologia-alla-scoperta-degli-affreschi-2/" />
<meta property="og:locale" content="de_DE" />
<meta property="og:type" content="article" />
<meta property="og:title" content="Aperitivo con l&#039;archeologia: alla scoperta degli affreschi - Visit Finale Ligure" />
<meta property="og:description" content="Aperitif mit der Archäologie: Entdeckung der Fresken in Zusammenarbeit mit: Museo Archeologico del Finale und Bistrot sociale &quot;Nonunomeno&quot; Samstag, 29." />
<meta property="og:url" content="https://visitfinaleligure.it/de/evento/aperitivo-con-larcheologia-alla-scoperta-degli-affreschi-2/" />
<meta property="og:site_name" content="Visit Finale Ligure" />
<meta property="article:publisher" content="https://www.facebook.com/VisitFinaleLigure" />
<meta property="og:image" content="https://visitfinaleligure.it/wp-content/uploads/2023/03/Capo-caprazoppa-1-1.jpg" />
	<meta property="og:image:width" content="2500" />
	<meta property="og:image:height" content="1405" />
	<meta property="og:image:type" content="image/jpeg" />
<meta name="twitter:card" content="summary_large_image" />
<meta name="twitter:label1" content="Geschätzte Lesezeit" />
	<meta name="twitter:data1" content="1 Minute" />
<script type="application/ld+json" class="yoast-schema-graph">{"@context":"https:\/\/schema.org","@graph":[{"@type":"WebPage","@id":"https:\/\/visitfinaleligure.it\/de\/evento\/aperitivo-con-larcheologia-alla-scoperta-degli-affreschi-2\/","url":"https:\/\/visitfinaleligure.it\/de\/evento\/aperitivo-con-larcheologia-alla-scoperta-degli-affreschi-2\/","name":"Aperitivo con l'archeologia: alla scoperta degli affreschi - Visit Finale Ligure","isPartOf":{"@id":"https:\/\/visitfinaleligure.it\/de\/#website"},"datePublished":"2026-08-27T09:20:00+00:00","description":"Aperitif mit der Archäologie: Entdeckung der Fresken in Zusammenarbeit mit: Museo Archeologico del Finale und Bistrot sociale \"Nonunomeno\" Samstag, 29.","breadcrumb":{"@id":"https:\/\/visitfinaleligure.it\/de\/evento\/aperitivo-con-larcheologia-alla-scoperta-degli-affreschi-2\/#breadcrumb"},"inLanguage":"de","potentialAction":[{"@type":"ReadAction","target":["https:\/\/visitfinaleligure.it\/de\/evento\/aperitivo-con-larcheologia-alla-scoperta-degli-affreschi-2\/"]}]},{"@type":"BreadcrumbList","@id":"https:\/\/visitfinaleligure.it\/de\/evento\/aperitivo-con-larcheologia-alla-scoperta-degli-affreschi-2\/#breadcrumb","itemListElement":[{"@type":"ListItem","position":1,"name":"Home","item":"https:\/\/visitfinaleligure.it\/de\/"},{"@type":"ListItem","position":2,"name":"Eventi","item":"https:\/\/visitfinaleligure.it\/de\/evento\/"},{"@type":"ListItem","position":3,"name":"Aperitivo con l&#8217;archeologia: alla scoperta degli affreschi"}]},{"@type":"WebSite","@id":"https:\/\/visitfinaleligure.it\/de\/#website","url":"https:\/\/visitfinaleligure.it\/de\/","name":"Visit Finale Ligure","description":"My perfect place","publisher":{"@id":"https:\/\/visitfinaleligure.it\/de\/#organization"},"potentialAction":[{"@type":"SearchAction","target":{"@type":"EntryPoint","urlTemplate":"https:\/\/visitfinaleligure.it\/de\/?s={search_term_string}"},"query-input":{"@type":"PropertyValueSpecification","valueRequired":true,"valueName":"search_term_string"}}],"inLanguage":"de"},{"@type":"Organization","@id":"https:\/\/visitfinaleligure.it\/de\/#organization","name":"Comune di Finale Ligure","url":"https:\/\/visitfinaleligure.it\/de\/","logo":{"@type":"ImageObject","inLanguage":"de","@id":"https:\/\/visitfinaleligure.it\/de\/#\/schema\/logo\/image\/","url":"https:\/\/visitfinaleligure.it\/wp-content\/uploads\/2023\/04\/cropped-finaleligure-verticale-positivo-200x200-1.png","contentUrl":"https:\/\/visitfinaleligure.it\/wp-content\/uploads\/2023\/04\/cropped-finaleligure-verticale-positivo-200x200-1.png","width":512,"height":512,"caption":"Comune di Finale Ligure"},"image":{"@id":"https:\/\/visitfinaleligure.it\/de\/#\/schema\/logo\/image\/"},"sameAs":["https:\/\/www.facebook.com\/VisitFinaleLigure","https:\/\/www.instagram.com\/visitfinale\/","https:\/\/www.youtube.com\/channel\/UCLmoLfNmrAt9mSCll9egttw"]}]}</script>
<!-- / Yoast SEO plugin. -->

Aperitif mit der Archäologie: Entdeckung der Fresken in Zusammenarbeit mit: Museo Archeologico del Finale und Bistrot sociale "Nonunomeno" Samstag, 29.
