{"id":24108,"date":"2026-08-27T11:20:01","date_gmt":"2026-08-27T09:20:01","guid":{"rendered":"https:\/\/visitfinaleligure.it\/evento\/finale-summer-festival-i-patagarri-2\/"},"modified":"2026-08-27T11:20:01","modified_gmt":"2026-08-27T09:20:01","slug":"finale-summer-festival-i-patagarri-2","status":"publish","type":"evento","link":"https:\/\/visitfinaleligure.it\/de\/evento\/finale-summer-festival-i-patagarri-2\/","title":{"rendered":"FINALE SUMMER FESTIVAL: I Patagarri"},"content":{"rendered":"<p>Die Mail\u00e4nder Band, mit ihrem fr\u00f6hlichen und mitrei\u00dfenden Gipsy Jazz, schafft einen Kontrast zwischen dem Wunsch, dem Alltag zu entkommen, und der H\u00e4rte des Lebens, die man in Angriff nimmt, um seinen musikalischen Traum zu verfolgen.<\/p>\n","protected":false},"featured_media":0,"template":"","meta":[],"localita":[222],"temi_vacanza":[1365,1366],"classificazioni":[1368,1367],"eventi_seriali":[],"servizi":[1389],"class_list":["post-24108","evento","type-evento","status-publish","hentry","localita-finale-ligure","temi_vacanza-cultura","temi_vacanza-liveexplore","classificazioni-cultura","classificazioni-liveexplore","servizi-concerto"],"yoast_head":"<!-- This site is optimized with the Yoast SEO plugin v28.3 - https:\/\/yoast.com\/product\/yoast-seo-wordpress\/ -->\n<title>FINALE SUMMER FESTIVAL: I Patagarri - Visit Finale Ligure<\/title>\n<meta name=\"description\" content=\"Die Mail\u00e4nder Band, mit ihrem fr\u00f6hlichen und mitrei\u00dfenden Gipsy Jazz, schafft einen Kontrast zwischen dem Wunsch, dem Alltag zu entkommen, und der H\u00e4rte\" \/>\n<meta name=\"robots\" content=\"index, follow, max-snippet:-1, max-image-preview:large, max-video-preview:-1\" \/>\n<link rel=\"canonical\" href=\"https:\/\/visitfinaleligure.it\/de\/evento\/finale-summer-festival-i-patagarri-2\/\" \/>\n<meta property=\"og:locale\" content=\"de_DE\" \/>\n<meta property=\"og:type\" content=\"article\" \/>\n<meta property=\"og:title\" content=\"FINALE SUMMER FESTIVAL: I Patagarri - Visit Finale Ligure\" \/>\n<meta property=\"og:description\" content=\"Die Mail\u00e4nder Band, mit ihrem fr\u00f6hlichen und mitrei\u00dfenden Gipsy Jazz, schafft einen Kontrast zwischen dem Wunsch, dem Alltag zu entkommen, und der H\u00e4rte\" \/>\n<meta property=\"og:url\" content=\"https:\/\/visitfinaleligure.it\/de\/evento\/finale-summer-festival-i-patagarri-2\/\" \/>\n<meta property=\"og:site_name\" content=\"Visit Finale Ligure\" \/>\n<meta property=\"article:publisher\" content=\"https:\/\/www.facebook.com\/VisitFinaleLigure\" \/>\n<meta property=\"og:image\" content=\"https:\/\/visitfinaleligure.it\/wp-content\/uploads\/2023\/03\/Capo-caprazoppa-1-1.jpg\" \/>\n\t<meta property=\"og:image:width\" content=\"2500\" \/>\n\t<meta property=\"og:image:height\" content=\"1405\" \/>\n\t<meta property=\"og:image:type\" content=\"image\/jpeg\" \/>\n<meta name=\"twitter:card\" content=\"summary_large_image\" \/>\n<script type=\"application\/ld+json\" class=\"yoast-schema-graph\">{\"@context\":\"https:\\\/\\\/schema.org\",\"@graph\":[{\"@type\":\"WebPage\",\"@id\":\"https:\\\/\\\/visitfinaleligure.it\\\/de\\\/evento\\\/finale-summer-festival-i-patagarri-2\\\/\",\"url\":\"https:\\\/\\\/visitfinaleligure.it\\\/de\\\/evento\\\/finale-summer-festival-i-patagarri-2\\\/\",\"name\":\"FINALE SUMMER FESTIVAL: I Patagarri - Visit Finale Ligure\",\"isPartOf\":{\"@id\":\"https:\\\/\\\/visitfinaleligure.it\\\/de\\\/#website\"},\"datePublished\":\"2026-08-27T09:20:01+00:00\",\"description\":\"Die Mail\u00e4nder Band, mit ihrem fr\u00f6hlichen und mitrei\u00dfenden Gipsy Jazz, schafft einen Kontrast zwischen dem Wunsch, dem Alltag zu entkommen, und der H\u00e4rte\",\"breadcrumb\":{\"@id\":\"https:\\\/\\\/visitfinaleligure.it\\\/de\\\/evento\\\/finale-summer-festival-i-patagarri-2\\\/#breadcrumb\"},\"inLanguage\":\"de\",\"potentialAction\":[{\"@type\":\"ReadAction\",\"target\":[\"https:\\\/\\\/visitfinaleligure.it\\\/de\\\/evento\\\/finale-summer-festival-i-patagarri-2\\\/\"]}]},{\"@type\":\"BreadcrumbList\",\"@id\":\"https:\\\/\\\/visitfinaleligure.it\\\/de\\\/evento\\\/finale-summer-festival-i-patagarri-2\\\/#breadcrumb\",\"itemListElement\":[{\"@type\":\"ListItem\",\"position\":1,\"name\":\"Home\",\"item\":\"https:\\\/\\\/visitfinaleligure.it\\\/de\\\/\"},{\"@type\":\"ListItem\",\"position\":2,\"name\":\"Eventi\",\"item\":\"https:\\\/\\\/visitfinaleligure.it\\\/de\\\/evento\\\/\"},{\"@type\":\"ListItem\",\"position\":3,\"name\":\"FINALE SUMMER FESTIVAL: I Patagarri\"}]},{\"@type\":\"WebSite\",\"@id\":\"https:\\\/\\\/visitfinaleligure.it\\\/de\\\/#website\",\"url\":\"https:\\\/\\\/visitfinaleligure.it\\\/de\\\/\",\"name\":\"Visit Finale Ligure\",\"description\":\"My perfect place\",\"publisher\":{\"@id\":\"https:\\\/\\\/visitfinaleligure.it\\\/de\\\/#organization\"},\"potentialAction\":[{\"@type\":\"SearchAction\",\"target\":{\"@type\":\"EntryPoint\",\"urlTemplate\":\"https:\\\/\\\/visitfinaleligure.it\\\/de\\\/?s={search_term_string}\"},\"query-input\":{\"@type\":\"PropertyValueSpecification\",\"valueRequired\":true,\"valueName\":\"search_term_string\"}}],\"inLanguage\":\"de\"},{\"@type\":\"Organization\",\"@id\":\"https:\\\/\\\/visitfinaleligure.it\\\/de\\\/#organization\",\"name\":\"Comune di Finale Ligure\",\"url\":\"https:\\\/\\\/visitfinaleligure.it\\\/de\\\/\",\"logo\":{\"@type\":\"ImageObject\",\"inLanguage\":\"de\",\"@id\":\"https:\\\/\\\/visitfinaleligure.it\\\/de\\\/#\\\/schema\\\/logo\\\/image\\\/\",\"url\":\"https:\\\/\\\/visitfinaleligure.it\\\/wp-content\\\/uploads\\\/2023\\\/04\\\/cropped-finaleligure-verticale-positivo-200x200-1.png\",\"contentUrl\":\"https:\\\/\\\/visitfinaleligure.it\\\/wp-content\\\/uploads\\\/2023\\\/04\\\/cropped-finaleligure-verticale-positivo-200x200-1.png\",\"width\":512,\"height\":512,\"caption\":\"Comune di Finale Ligure\"},\"image\":{\"@id\":\"https:\\\/\\\/visitfinaleligure.it\\\/de\\\/#\\\/schema\\\/logo\\\/image\\\/\"},\"sameAs\":[\"https:\\\/\\\/www.facebook.com\\\/VisitFinaleLigure\",\"https:\\\/\\\/www.instagram.com\\\/visitfinale\\\/\",\"https:\\\/\\\/www.youtube.com\\\/channel\\\/UCLmoLfNmrAt9mSCll9egttw\"]}]}<\/script>\n<!-- \/ Yoast SEO plugin. -->","yoast_head_json":{"title":"FINALE SUMMER FESTIVAL: I Patagarri - Visit Finale Ligure","description":"Die Mail\u00e4nder Band, mit ihrem fr\u00f6hlichen und mitrei\u00dfenden Gipsy Jazz, schafft einen Kontrast zwischen dem Wunsch, dem Alltag zu entkommen, und der H\u00e4rte","robots":{"index":"index","follow":"follow","max-snippet":"max-snippet:-1","max-image-preview":"max-image-preview:large","max-video-preview":"max-video-preview:-1"},"canonical":"https:\/\/visitfinaleligure.it\/de\/evento\/finale-summer-festival-i-patagarri-2\/","og_locale":"de_DE","og_type":"article","og_title":"FINALE SUMMER FESTIVAL: I Patagarri - Visit Finale Ligure","og_description":"Die Mail\u00e4nder Band, mit ihrem fr\u00f6hlichen und mitrei\u00dfenden Gipsy Jazz, schafft einen Kontrast zwischen dem Wunsch, dem Alltag zu entkommen, und der H\u00e4rte","og_url":"https:\/\/visitfinaleligure.it\/de\/evento\/finale-summer-festival-i-patagarri-2\/","og_site_name":"Visit Finale Ligure","article_publisher":"https:\/\/www.facebook.com\/VisitFinaleLigure","og_image":[{"width":2500,"height":1405,"url":"https:\/\/visitfinaleligure.it\/wp-content\/uploads\/2023\/03\/Capo-caprazoppa-1-1.jpg","type":"image\/jpeg"}],"twitter_card":"summary_large_image","schema":{"@context":"https:\/\/schema.org","@graph":[{"@type":"WebPage","@id":"https:\/\/visitfinaleligure.it\/de\/evento\/finale-summer-festival-i-patagarri-2\/","url":"https:\/\/visitfinaleligure.it\/de\/evento\/finale-summer-festival-i-patagarri-2\/","name":"FINALE SUMMER FESTIVAL: I Patagarri - Visit Finale Ligure","isPartOf":{"@id":"https:\/\/visitfinaleligure.it\/de\/#website"},"datePublished":"2026-08-27T09:20:01+00:00","description":"Die Mail\u00e4nder Band, mit ihrem fr\u00f6hlichen und mitrei\u00dfenden Gipsy Jazz, schafft einen Kontrast zwischen dem Wunsch, dem Alltag zu entkommen, und der H\u00e4rte","breadcrumb":{"@id":"https:\/\/visitfinaleligure.it\/de\/evento\/finale-summer-festival-i-patagarri-2\/#breadcrumb"},"inLanguage":"de","potentialAction":[{"@type":"ReadAction","target":["https:\/\/visitfinaleligure.it\/de\/evento\/finale-summer-festival-i-patagarri-2\/"]}]},{"@type":"BreadcrumbList","@id":"https:\/\/visitfinaleligure.it\/de\/evento\/finale-summer-festival-i-patagarri-2\/#breadcrumb","itemListElement":[{"@type":"ListItem","position":1,"name":"Home","item":"https:\/\/visitfinaleligure.it\/de\/"},{"@type":"ListItem","position":2,"name":"Eventi","item":"https:\/\/visitfinaleligure.it\/de\/evento\/"},{"@type":"ListItem","position":3,"name":"FINALE SUMMER FESTIVAL: I Patagarri"}]},{"@type":"WebSite","@id":"https:\/\/visitfinaleligure.it\/de\/#website","url":"https:\/\/visitfinaleligure.it\/de\/","name":"Visit Finale Ligure","description":"My perfect place","publisher":{"@id":"https:\/\/visitfinaleligure.it\/de\/#organization"},"potentialAction":[{"@type":"SearchAction","target":{"@type":"EntryPoint","urlTemplate":"https:\/\/visitfinaleligure.it\/de\/?s={search_term_string}"},"query-input":{"@type":"PropertyValueSpecification","valueRequired":true,"valueName":"search_term_string"}}],"inLanguage":"de"},{"@type":"Organization","@id":"https:\/\/visitfinaleligure.it\/de\/#organization","name":"Comune di Finale Ligure","url":"https:\/\/visitfinaleligure.it\/de\/","logo":{"@type":"ImageObject","inLanguage":"de","@id":"https:\/\/visitfinaleligure.it\/de\/#\/schema\/logo\/image\/","url":"https:\/\/visitfinaleligure.it\/wp-content\/uploads\/2023\/04\/cropped-finaleligure-verticale-positivo-200x200-1.png","contentUrl":"https:\/\/visitfinaleligure.it\/wp-content\/uploads\/2023\/04\/cropped-finaleligure-verticale-positivo-200x200-1.png","width":512,"height":512,"caption":"Comune di Finale Ligure"},"image":{"@id":"https:\/\/visitfinaleligure.it\/de\/#\/schema\/logo\/image\/"},"sameAs":["https:\/\/www.facebook.com\/VisitFinaleLigure","https:\/\/www.instagram.com\/visitfinale\/","https:\/\/www.youtube.com\/channel\/UCLmoLfNmrAt9mSCll9egttw"]}]}},"_links":{"self":[{"href":"https:\/\/visitfinaleligure.it\/de\/wp-json\/wp\/v2\/evento\/24108","targetHints":{"allow":["GET"]}}],"collection":[{"href":"https:\/\/visitfinaleligure.it\/de\/wp-json\/wp\/v2\/evento"}],"about":[{"href":"https:\/\/visitfinaleligure.it\/de\/wp-json\/wp\/v2\/types\/evento"}],"wp:attachment":[{"href":"https:\/\/visitfinaleligure.it\/de\/wp-json\/wp\/v2\/media?parent=24108"}],"wp:term":[{"taxonomy":"localita","embeddable":true,"href":"https:\/\/visitfinaleligure.it\/de\/wp-json\/wp\/v2\/localita?post=24108"},{"taxonomy":"temi_vacanza","embeddable":true,"href":"https:\/\/visitfinaleligure.it\/de\/wp-json\/wp\/v2\/temi_vacanza?post=24108"},{"taxonomy":"classificazioni","embeddable":true,"href":"https:\/\/visitfinaleligure.it\/de\/wp-json\/wp\/v2\/classificazioni?post=24108"},{"taxonomy":"eventi_seriali","embeddable":true,"href":"https:\/\/visitfinaleligure.it\/de\/wp-json\/wp\/v2\/eventi_seriali?post=24108"},{"taxonomy":"servizi","embeddable":true,"href":"https:\/\/visitfinaleligure.it\/de\/wp-json\/wp\/v2\/servizi?post=24108"}],"curies":[{"name":"wp","href":"https:\/\/api.w.org\/{rel}","templated":true}]}}

<p>Die Mailänder Band, mit ihrem fröhlichen und mitreißenden Gipsy Jazz, schafft einen Kontrast zwischen dem Wunsch, dem Alltag zu entkommen, und der Härte des Lebens, die man in Angriff nimmt, um seinen musikalischen Traum zu verfolgen.</p>

<!-- This site is optimized with the Yoast SEO plugin v28.3 - https://yoast.com/product/yoast-seo-wordpress/ -->
<title>FINALE SUMMER FESTIVAL: I Patagarri - Visit Finale Ligure</title>
<meta name="description" content="Die Mailänder Band, mit ihrem fröhlichen und mitreißenden Gipsy Jazz, schafft einen Kontrast zwischen dem Wunsch, dem Alltag zu entkommen, und der Härte" />
<meta name="robots" content="index, follow, max-snippet:-1, max-image-preview:large, max-video-preview:-1" />
<link rel="canonical" href="https://visitfinaleligure.it/de/evento/finale-summer-festival-i-patagarri-2/" />
<meta property="og:locale" content="de_DE" />
<meta property="og:type" content="article" />
<meta property="og:title" content="FINALE SUMMER FESTIVAL: I Patagarri - Visit Finale Ligure" />
<meta property="og:description" content="Die Mailänder Band, mit ihrem fröhlichen und mitreißenden Gipsy Jazz, schafft einen Kontrast zwischen dem Wunsch, dem Alltag zu entkommen, und der Härte" />
<meta property="og:url" content="https://visitfinaleligure.it/de/evento/finale-summer-festival-i-patagarri-2/" />
<meta property="og:site_name" content="Visit Finale Ligure" />
<meta property="article:publisher" content="https://www.facebook.com/VisitFinaleLigure" />
<meta property="og:image" content="https://visitfinaleligure.it/wp-content/uploads/2023/03/Capo-caprazoppa-1-1.jpg" />
	<meta property="og:image:width" content="2500" />
	<meta property="og:image:height" content="1405" />
	<meta property="og:image:type" content="image/jpeg" />
<meta name="twitter:card" content="summary_large_image" />
<script type="application/ld+json" class="yoast-schema-graph">{"@context":"https:\/\/schema.org","@graph":[{"@type":"WebPage","@id":"https:\/\/visitfinaleligure.it\/de\/evento\/finale-summer-festival-i-patagarri-2\/","url":"https:\/\/visitfinaleligure.it\/de\/evento\/finale-summer-festival-i-patagarri-2\/","name":"FINALE SUMMER FESTIVAL: I Patagarri - Visit Finale Ligure","isPartOf":{"@id":"https:\/\/visitfinaleligure.it\/de\/#website"},"datePublished":"2026-08-27T09:20:01+00:00","description":"Die Mailänder Band, mit ihrem fröhlichen und mitreißenden Gipsy Jazz, schafft einen Kontrast zwischen dem Wunsch, dem Alltag zu entkommen, und der Härte","breadcrumb":{"@id":"https:\/\/visitfinaleligure.it\/de\/evento\/finale-summer-festival-i-patagarri-2\/#breadcrumb"},"inLanguage":"de","potentialAction":[{"@type":"ReadAction","target":["https:\/\/visitfinaleligure.it\/de\/evento\/finale-summer-festival-i-patagarri-2\/"]}]},{"@type":"BreadcrumbList","@id":"https:\/\/visitfinaleligure.it\/de\/evento\/finale-summer-festival-i-patagarri-2\/#breadcrumb","itemListElement":[{"@type":"ListItem","position":1,"name":"Home","item":"https:\/\/visitfinaleligure.it\/de\/"},{"@type":"ListItem","position":2,"name":"Eventi","item":"https:\/\/visitfinaleligure.it\/de\/evento\/"},{"@type":"ListItem","position":3,"name":"FINALE SUMMER FESTIVAL: I Patagarri"}]},{"@type":"WebSite","@id":"https:\/\/visitfinaleligure.it\/de\/#website","url":"https:\/\/visitfinaleligure.it\/de\/","name":"Visit Finale Ligure","description":"My perfect place","publisher":{"@id":"https:\/\/visitfinaleligure.it\/de\/#organization"},"potentialAction":[{"@type":"SearchAction","target":{"@type":"EntryPoint","urlTemplate":"https:\/\/visitfinaleligure.it\/de\/?s={search_term_string}"},"query-input":{"@type":"PropertyValueSpecification","valueRequired":true,"valueName":"search_term_string"}}],"inLanguage":"de"},{"@type":"Organization","@id":"https:\/\/visitfinaleligure.it\/de\/#organization","name":"Comune di Finale Ligure","url":"https:\/\/visitfinaleligure.it\/de\/","logo":{"@type":"ImageObject","inLanguage":"de","@id":"https:\/\/visitfinaleligure.it\/de\/#\/schema\/logo\/image\/","url":"https:\/\/visitfinaleligure.it\/wp-content\/uploads\/2023\/04\/cropped-finaleligure-verticale-positivo-200x200-1.png","contentUrl":"https:\/\/visitfinaleligure.it\/wp-content\/uploads\/2023\/04\/cropped-finaleligure-verticale-positivo-200x200-1.png","width":512,"height":512,"caption":"Comune di Finale Ligure"},"image":{"@id":"https:\/\/visitfinaleligure.it\/de\/#\/schema\/logo\/image\/"},"sameAs":["https:\/\/www.facebook.com\/VisitFinaleLigure","https:\/\/www.instagram.com\/visitfinale\/","https:\/\/www.youtube.com\/channel\/UCLmoLfNmrAt9mSCll9egttw"]}]}</script>
<!-- / Yoast SEO plugin. -->

Die Mailänder Band, mit ihrem fröhlichen und mitreißenden Gipsy Jazz, schafft einen Kontrast zwischen dem Wunsch, dem Alltag zu entkommen, und der Härte
