{"id":24169,"date":"2026-08-27T11:20:05","date_gmt":"2026-08-27T09:20:05","guid":{"rendered":"https:\/\/visitfinaleligure.it\/evento\/animali-selvatici-nel-finalese-3\/"},"modified":"2026-08-27T11:20:05","modified_gmt":"2026-08-27T09:20:05","slug":"animali-selvatici-nel-finalese-3","status":"publish","type":"evento","link":"https:\/\/visitfinaleligure.it\/de\/evento\/animali-selvatici-nel-finalese-3\/","title":{"rendered":"Animali selvatici nel finalese"},"content":{"rendered":"<p>Im Auftrag des Vereins Celesia<\/p>\n<p>Vorf\u00fchrung des Dokumentarfilms&nbsp;<i>\u201cWildtiere im Finale\u201d<\/i> von Antonio Narice<\/p>\n<p>Die Aufnahmen, die v\u00f6llig neu sind, beziehen sich auf den Zeitraum Juli 2025 \u2013 Juni 2026. In diesem Jahr sind, neben wundervollen Videos des sich in unseren W\u00e4ldern etablierten europ\u00e4ischen Iltis, insbesondere die Tag- und Nachtgreifv\u00f6gel im Fokus. In diesem Zusammenhang wurde ein au\u00dfergew\u00f6hnliches Video hinzugef\u00fcgt, das im laufenden Monat Juli aufgenommen wurde, als der Dokumentarfilm bereits in Vorbereitung war. Darin wird die au\u00dfergew\u00f6hnliche Pr\u00e4senz majesty des k\u00f6niglichen Adlers im unmittelbaren Hinterland von Finale festgehalten. Der Vogel, der wahrscheinlich auf der Durchreise war, ruht sich kurz auf einem Felsvorsprung aus und zeigt dabei seine ganze Sch\u00f6nheit.<\/p>\n","protected":false},"featured_media":0,"template":"","meta":[],"localita":[201],"temi_vacanza":[1365,1372],"classificazioni":[1368,1374],"eventi_seriali":[],"servizi":[1446],"class_list":["post-24169","evento","type-evento","status-publish","hentry","localita-finalborgo","temi_vacanza-cultura","temi_vacanza-relax-lifestyle","classificazioni-cultura","classificazioni-relax-lifestyle","servizi-proiezione-documentario"],"yoast_head":"<!-- This site is optimized with the Yoast SEO plugin v28.3 - https:\/\/yoast.com\/product\/yoast-seo-wordpress\/ -->\n<title>Animali selvatici nel finalese - Visit Finale Ligure<\/title>\n<meta name=\"description\" content=\"Im Auftrag des Vereins Celesia Vorf\u00fchrung des Dokumentarfilms&nbsp;\u201cWildtiere im Finale\u201d von Antonio Narice Die Aufnahmen, die v\u00f6llig neu sind, beziehen\" \/>\n<meta name=\"robots\" content=\"index, follow, max-snippet:-1, max-image-preview:large, max-video-preview:-1\" \/>\n<link rel=\"canonical\" href=\"https:\/\/visitfinaleligure.it\/de\/evento\/animali-selvatici-nel-finalese-3\/\" \/>\n<meta property=\"og:locale\" content=\"de_DE\" \/>\n<meta property=\"og:type\" content=\"article\" \/>\n<meta property=\"og:title\" content=\"Animali selvatici nel finalese - Visit Finale Ligure\" \/>\n<meta property=\"og:description\" content=\"Im Auftrag des Vereins Celesia Vorf\u00fchrung des Dokumentarfilms&nbsp;\u201cWildtiere im Finale\u201d von Antonio Narice Die Aufnahmen, die v\u00f6llig neu sind, beziehen\" \/>\n<meta property=\"og:url\" content=\"https:\/\/visitfinaleligure.it\/de\/evento\/animali-selvatici-nel-finalese-3\/\" \/>\n<meta property=\"og:site_name\" content=\"Visit Finale Ligure\" \/>\n<meta property=\"article:publisher\" content=\"https:\/\/www.facebook.com\/VisitFinaleLigure\" \/>\n<meta property=\"og:image\" content=\"https:\/\/visitfinaleligure.it\/wp-content\/uploads\/2023\/03\/Capo-caprazoppa-1-1.jpg\" \/>\n\t<meta property=\"og:image:width\" content=\"2500\" \/>\n\t<meta property=\"og:image:height\" content=\"1405\" \/>\n\t<meta property=\"og:image:type\" content=\"image\/jpeg\" \/>\n<meta name=\"twitter:card\" content=\"summary_large_image\" \/>\n<meta name=\"twitter:label1\" content=\"Gesch\u00e4tzte Lesezeit\" \/>\n\t<meta name=\"twitter:data1\" content=\"1\u00a0Minute\" \/>\n<script type=\"application\/ld+json\" class=\"yoast-schema-graph\">{\"@context\":\"https:\\\/\\\/schema.org\",\"@graph\":[{\"@type\":\"WebPage\",\"@id\":\"https:\\\/\\\/visitfinaleligure.it\\\/de\\\/evento\\\/animali-selvatici-nel-finalese-3\\\/\",\"url\":\"https:\\\/\\\/visitfinaleligure.it\\\/de\\\/evento\\\/animali-selvatici-nel-finalese-3\\\/\",\"name\":\"Animali selvatici nel finalese - Visit Finale Ligure\",\"isPartOf\":{\"@id\":\"https:\\\/\\\/visitfinaleligure.it\\\/de\\\/#website\"},\"datePublished\":\"2026-08-27T09:20:05+00:00\",\"description\":\"Im Auftrag des Vereins Celesia Vorf\u00fchrung des Dokumentarfilms&nbsp;\u201cWildtiere im Finale\u201d von Antonio Narice Die Aufnahmen, die v\u00f6llig neu sind, beziehen\",\"breadcrumb\":{\"@id\":\"https:\\\/\\\/visitfinaleligure.it\\\/de\\\/evento\\\/animali-selvatici-nel-finalese-3\\\/#breadcrumb\"},\"inLanguage\":\"de\",\"potentialAction\":[{\"@type\":\"ReadAction\",\"target\":[\"https:\\\/\\\/visitfinaleligure.it\\\/de\\\/evento\\\/animali-selvatici-nel-finalese-3\\\/\"]}]},{\"@type\":\"BreadcrumbList\",\"@id\":\"https:\\\/\\\/visitfinaleligure.it\\\/de\\\/evento\\\/animali-selvatici-nel-finalese-3\\\/#breadcrumb\",\"itemListElement\":[{\"@type\":\"ListItem\",\"position\":1,\"name\":\"Home\",\"item\":\"https:\\\/\\\/visitfinaleligure.it\\\/de\\\/\"},{\"@type\":\"ListItem\",\"position\":2,\"name\":\"Eventi\",\"item\":\"https:\\\/\\\/visitfinaleligure.it\\\/de\\\/evento\\\/\"},{\"@type\":\"ListItem\",\"position\":3,\"name\":\"Animali selvatici nel finalese\"}]},{\"@type\":\"WebSite\",\"@id\":\"https:\\\/\\\/visitfinaleligure.it\\\/de\\\/#website\",\"url\":\"https:\\\/\\\/visitfinaleligure.it\\\/de\\\/\",\"name\":\"Visit Finale Ligure\",\"description\":\"My perfect place\",\"publisher\":{\"@id\":\"https:\\\/\\\/visitfinaleligure.it\\\/de\\\/#organization\"},\"potentialAction\":[{\"@type\":\"SearchAction\",\"target\":{\"@type\":\"EntryPoint\",\"urlTemplate\":\"https:\\\/\\\/visitfinaleligure.it\\\/de\\\/?s={search_term_string}\"},\"query-input\":{\"@type\":\"PropertyValueSpecification\",\"valueRequired\":true,\"valueName\":\"search_term_string\"}}],\"inLanguage\":\"de\"},{\"@type\":\"Organization\",\"@id\":\"https:\\\/\\\/visitfinaleligure.it\\\/de\\\/#organization\",\"name\":\"Comune di Finale Ligure\",\"url\":\"https:\\\/\\\/visitfinaleligure.it\\\/de\\\/\",\"logo\":{\"@type\":\"ImageObject\",\"inLanguage\":\"de\",\"@id\":\"https:\\\/\\\/visitfinaleligure.it\\\/de\\\/#\\\/schema\\\/logo\\\/image\\\/\",\"url\":\"https:\\\/\\\/visitfinaleligure.it\\\/wp-content\\\/uploads\\\/2023\\\/04\\\/cropped-finaleligure-verticale-positivo-200x200-1.png\",\"contentUrl\":\"https:\\\/\\\/visitfinaleligure.it\\\/wp-content\\\/uploads\\\/2023\\\/04\\\/cropped-finaleligure-verticale-positivo-200x200-1.png\",\"width\":512,\"height\":512,\"caption\":\"Comune di Finale Ligure\"},\"image\":{\"@id\":\"https:\\\/\\\/visitfinaleligure.it\\\/de\\\/#\\\/schema\\\/logo\\\/image\\\/\"},\"sameAs\":[\"https:\\\/\\\/www.facebook.com\\\/VisitFinaleLigure\",\"https:\\\/\\\/www.instagram.com\\\/visitfinale\\\/\",\"https:\\\/\\\/www.youtube.com\\\/channel\\\/UCLmoLfNmrAt9mSCll9egttw\"]}]}<\/script>\n<!-- \/ Yoast SEO plugin. -->","yoast_head_json":{"title":"Animali selvatici nel finalese - Visit Finale Ligure","description":"Im Auftrag des Vereins Celesia Vorf\u00fchrung des Dokumentarfilms&nbsp;\u201cWildtiere im Finale\u201d von Antonio Narice Die Aufnahmen, die v\u00f6llig neu sind, beziehen","robots":{"index":"index","follow":"follow","max-snippet":"max-snippet:-1","max-image-preview":"max-image-preview:large","max-video-preview":"max-video-preview:-1"},"canonical":"https:\/\/visitfinaleligure.it\/de\/evento\/animali-selvatici-nel-finalese-3\/","og_locale":"de_DE","og_type":"article","og_title":"Animali selvatici nel finalese - Visit Finale Ligure","og_description":"Im Auftrag des Vereins Celesia Vorf\u00fchrung des Dokumentarfilms&nbsp;\u201cWildtiere im Finale\u201d von Antonio Narice Die Aufnahmen, die v\u00f6llig neu sind, beziehen","og_url":"https:\/\/visitfinaleligure.it\/de\/evento\/animali-selvatici-nel-finalese-3\/","og_site_name":"Visit Finale Ligure","article_publisher":"https:\/\/www.facebook.com\/VisitFinaleLigure","og_image":[{"width":2500,"height":1405,"url":"https:\/\/visitfinaleligure.it\/wp-content\/uploads\/2023\/03\/Capo-caprazoppa-1-1.jpg","type":"image\/jpeg"}],"twitter_card":"summary_large_image","twitter_misc":{"Gesch\u00e4tzte Lesezeit":"1\u00a0Minute"},"schema":{"@context":"https:\/\/schema.org","@graph":[{"@type":"WebPage","@id":"https:\/\/visitfinaleligure.it\/de\/evento\/animali-selvatici-nel-finalese-3\/","url":"https:\/\/visitfinaleligure.it\/de\/evento\/animali-selvatici-nel-finalese-3\/","name":"Animali selvatici nel finalese - Visit Finale Ligure","isPartOf":{"@id":"https:\/\/visitfinaleligure.it\/de\/#website"},"datePublished":"2026-08-27T09:20:05+00:00","description":"Im Auftrag des Vereins Celesia Vorf\u00fchrung des Dokumentarfilms&nbsp;\u201cWildtiere im Finale\u201d von Antonio Narice Die Aufnahmen, die v\u00f6llig neu sind, beziehen","breadcrumb":{"@id":"https:\/\/visitfinaleligure.it\/de\/evento\/animali-selvatici-nel-finalese-3\/#breadcrumb"},"inLanguage":"de","potentialAction":[{"@type":"ReadAction","target":["https:\/\/visitfinaleligure.it\/de\/evento\/animali-selvatici-nel-finalese-3\/"]}]},{"@type":"BreadcrumbList","@id":"https:\/\/visitfinaleligure.it\/de\/evento\/animali-selvatici-nel-finalese-3\/#breadcrumb","itemListElement":[{"@type":"ListItem","position":1,"name":"Home","item":"https:\/\/visitfinaleligure.it\/de\/"},{"@type":"ListItem","position":2,"name":"Eventi","item":"https:\/\/visitfinaleligure.it\/de\/evento\/"},{"@type":"ListItem","position":3,"name":"Animali selvatici nel finalese"}]},{"@type":"WebSite","@id":"https:\/\/visitfinaleligure.it\/de\/#website","url":"https:\/\/visitfinaleligure.it\/de\/","name":"Visit Finale Ligure","description":"My perfect place","publisher":{"@id":"https:\/\/visitfinaleligure.it\/de\/#organization"},"potentialAction":[{"@type":"SearchAction","target":{"@type":"EntryPoint","urlTemplate":"https:\/\/visitfinaleligure.it\/de\/?s={search_term_string}"},"query-input":{"@type":"PropertyValueSpecification","valueRequired":true,"valueName":"search_term_string"}}],"inLanguage":"de"},{"@type":"Organization","@id":"https:\/\/visitfinaleligure.it\/de\/#organization","name":"Comune di Finale Ligure","url":"https:\/\/visitfinaleligure.it\/de\/","logo":{"@type":"ImageObject","inLanguage":"de","@id":"https:\/\/visitfinaleligure.it\/de\/#\/schema\/logo\/image\/","url":"https:\/\/visitfinaleligure.it\/wp-content\/uploads\/2023\/04\/cropped-finaleligure-verticale-positivo-200x200-1.png","contentUrl":"https:\/\/visitfinaleligure.it\/wp-content\/uploads\/2023\/04\/cropped-finaleligure-verticale-positivo-200x200-1.png","width":512,"height":512,"caption":"Comune di Finale Ligure"},"image":{"@id":"https:\/\/visitfinaleligure.it\/de\/#\/schema\/logo\/image\/"},"sameAs":["https:\/\/www.facebook.com\/VisitFinaleLigure","https:\/\/www.instagram.com\/visitfinale\/","https:\/\/www.youtube.com\/channel\/UCLmoLfNmrAt9mSCll9egttw"]}]}},"_links":{"self":[{"href":"https:\/\/visitfinaleligure.it\/de\/wp-json\/wp\/v2\/evento\/24169","targetHints":{"allow":["GET"]}}],"collection":[{"href":"https:\/\/visitfinaleligure.it\/de\/wp-json\/wp\/v2\/evento"}],"about":[{"href":"https:\/\/visitfinaleligure.it\/de\/wp-json\/wp\/v2\/types\/evento"}],"wp:attachment":[{"href":"https:\/\/visitfinaleligure.it\/de\/wp-json\/wp\/v2\/media?parent=24169"}],"wp:term":[{"taxonomy":"localita","embeddable":true,"href":"https:\/\/visitfinaleligure.it\/de\/wp-json\/wp\/v2\/localita?post=24169"},{"taxonomy":"temi_vacanza","embeddable":true,"href":"https:\/\/visitfinaleligure.it\/de\/wp-json\/wp\/v2\/temi_vacanza?post=24169"},{"taxonomy":"classificazioni","embeddable":true,"href":"https:\/\/visitfinaleligure.it\/de\/wp-json\/wp\/v2\/classificazioni?post=24169"},{"taxonomy":"eventi_seriali","embeddable":true,"href":"https:\/\/visitfinaleligure.it\/de\/wp-json\/wp\/v2\/eventi_seriali?post=24169"},{"taxonomy":"servizi","embeddable":true,"href":"https:\/\/visitfinaleligure.it\/de\/wp-json\/wp\/v2\/servizi?post=24169"}],"curies":[{"name":"wp","href":"https:\/\/api.w.org\/{rel}","templated":true}]}}

<p>Im Auftrag des Vereins Celesia</p>
<p>Vorführung des Dokumentarfilms&nbsp;<i>“Wildtiere im Finale”</i> von Antonio Narice</p>
<p>Die Aufnahmen, die völlig neu sind, beziehen sich auf den Zeitraum Juli 2025 – Juni 2026. In diesem Jahr sind, neben wundervollen Videos des sich in unseren Wäldern etablierten europäischen Iltis, insbesondere die Tag- und Nachtgreifvögel im Fokus. In diesem Zusammenhang wurde ein außergewöhnliches Video hinzugefügt, das im laufenden Monat Juli aufgenommen wurde, als der Dokumentarfilm bereits in Vorbereitung war. Darin wird die außergewöhnliche Präsenz majesty des königlichen Adlers im unmittelbaren Hinterland von Finale festgehalten. Der Vogel, der wahrscheinlich auf der Durchreise war, ruht sich kurz auf einem Felsvorsprung aus und zeigt dabei seine ganze Schönheit.</p>

<!-- This site is optimized with the Yoast SEO plugin v28.3 - https://yoast.com/product/yoast-seo-wordpress/ -->
<title>Animali selvatici nel finalese - Visit Finale Ligure</title>
<meta name="description" content="Im Auftrag des Vereins Celesia Vorführung des Dokumentarfilms&nbsp;“Wildtiere im Finale” von Antonio Narice Die Aufnahmen, die völlig neu sind, beziehen" />
<meta name="robots" content="index, follow, max-snippet:-1, max-image-preview:large, max-video-preview:-1" />
<link rel="canonical" href="https://visitfinaleligure.it/de/evento/animali-selvatici-nel-finalese-3/" />
<meta property="og:locale" content="de_DE" />
<meta property="og:type" content="article" />
<meta property="og:title" content="Animali selvatici nel finalese - Visit Finale Ligure" />
<meta property="og:description" content="Im Auftrag des Vereins Celesia Vorführung des Dokumentarfilms&nbsp;“Wildtiere im Finale” von Antonio Narice Die Aufnahmen, die völlig neu sind, beziehen" />
<meta property="og:url" content="https://visitfinaleligure.it/de/evento/animali-selvatici-nel-finalese-3/" />
<meta property="og:site_name" content="Visit Finale Ligure" />
<meta property="article:publisher" content="https://www.facebook.com/VisitFinaleLigure" />
<meta property="og:image" content="https://visitfinaleligure.it/wp-content/uploads/2023/03/Capo-caprazoppa-1-1.jpg" />
	<meta property="og:image:width" content="2500" />
	<meta property="og:image:height" content="1405" />
	<meta property="og:image:type" content="image/jpeg" />
<meta name="twitter:card" content="summary_large_image" />
<meta name="twitter:label1" content="Geschätzte Lesezeit" />
	<meta name="twitter:data1" content="1 Minute" />
<script type="application/ld+json" class="yoast-schema-graph">{"@context":"https:\/\/schema.org","@graph":[{"@type":"WebPage","@id":"https:\/\/visitfinaleligure.it\/de\/evento\/animali-selvatici-nel-finalese-3\/","url":"https:\/\/visitfinaleligure.it\/de\/evento\/animali-selvatici-nel-finalese-3\/","name":"Animali selvatici nel finalese - Visit Finale Ligure","isPartOf":{"@id":"https:\/\/visitfinaleligure.it\/de\/#website"},"datePublished":"2026-08-27T09:20:05+00:00","description":"Im Auftrag des Vereins Celesia Vorführung des Dokumentarfilms&nbsp;“Wildtiere im Finale” von Antonio Narice Die Aufnahmen, die völlig neu sind, beziehen","breadcrumb":{"@id":"https:\/\/visitfinaleligure.it\/de\/evento\/animali-selvatici-nel-finalese-3\/#breadcrumb"},"inLanguage":"de","potentialAction":[{"@type":"ReadAction","target":["https:\/\/visitfinaleligure.it\/de\/evento\/animali-selvatici-nel-finalese-3\/"]}]},{"@type":"BreadcrumbList","@id":"https:\/\/visitfinaleligure.it\/de\/evento\/animali-selvatici-nel-finalese-3\/#breadcrumb","itemListElement":[{"@type":"ListItem","position":1,"name":"Home","item":"https:\/\/visitfinaleligure.it\/de\/"},{"@type":"ListItem","position":2,"name":"Eventi","item":"https:\/\/visitfinaleligure.it\/de\/evento\/"},{"@type":"ListItem","position":3,"name":"Animali selvatici nel finalese"}]},{"@type":"WebSite","@id":"https:\/\/visitfinaleligure.it\/de\/#website","url":"https:\/\/visitfinaleligure.it\/de\/","name":"Visit Finale Ligure","description":"My perfect place","publisher":{"@id":"https:\/\/visitfinaleligure.it\/de\/#organization"},"potentialAction":[{"@type":"SearchAction","target":{"@type":"EntryPoint","urlTemplate":"https:\/\/visitfinaleligure.it\/de\/?s={search_term_string}"},"query-input":{"@type":"PropertyValueSpecification","valueRequired":true,"valueName":"search_term_string"}}],"inLanguage":"de"},{"@type":"Organization","@id":"https:\/\/visitfinaleligure.it\/de\/#organization","name":"Comune di Finale Ligure","url":"https:\/\/visitfinaleligure.it\/de\/","logo":{"@type":"ImageObject","inLanguage":"de","@id":"https:\/\/visitfinaleligure.it\/de\/#\/schema\/logo\/image\/","url":"https:\/\/visitfinaleligure.it\/wp-content\/uploads\/2023\/04\/cropped-finaleligure-verticale-positivo-200x200-1.png","contentUrl":"https:\/\/visitfinaleligure.it\/wp-content\/uploads\/2023\/04\/cropped-finaleligure-verticale-positivo-200x200-1.png","width":512,"height":512,"caption":"Comune di Finale Ligure"},"image":{"@id":"https:\/\/visitfinaleligure.it\/de\/#\/schema\/logo\/image\/"},"sameAs":["https:\/\/www.facebook.com\/VisitFinaleLigure","https:\/\/www.instagram.com\/visitfinale\/","https:\/\/www.youtube.com\/channel\/UCLmoLfNmrAt9mSCll9egttw"]}]}</script>
<!-- / Yoast SEO plugin. -->

Im Auftrag des Vereins Celesia Vorführung des Dokumentarfilms&nbsp;“Wildtiere im Finale” von Antonio Narice Die Aufnahmen, die völlig neu sind, beziehen
