{"id":27592,"date":"2026-08-28T11:52:06","date_gmt":"2026-08-28T09:52:06","guid":{"rendered":"https:\/\/visitfinaleligure.it\/evento\/oltre-pinocchio-2\/"},"modified":"2026-08-28T11:52:06","modified_gmt":"2026-08-28T09:52:06","slug":"oltre-pinocchio-2","status":"publish","type":"evento","link":"https:\/\/visitfinaleligure.it\/de\/evento\/oltre-pinocchio-2\/","title":{"rendered":"Oltre Pinocchio"},"content":{"rendered":"<p>Kehrt zur\u00fcck auf die B\u00fchne&nbsp;<b>Jenseits von Pinocchio<\/b>, die Auff\u00fchrung, die von den Kindern des Theaterlabors von&nbsp;<b>Baba Jaga Arte e Spettacolo APS<\/b> realisiert wurde.<\/p>\n<p>Frei inspiriert von der Welt von Collodi,&nbsp;<i>Jenseits von Pinocchio<\/i>&nbsp;durchquert eine Welt, die uns vertraut erscheint, um zu entdecken, was passieren kann, wenn die Geschichte einen unerwarteten Weg einschl\u00e4gt.<\/p>\n<p>Ohne ihren Protagonisten sind die verbliebenen Charaktere auf der B\u00fchne gezwungen, sich alleine zu behaupten:&nbsp;<b>die Regeln \u00e4ndern sich, die Begegnungen verwandeln sich und das bekannte M\u00e4rchen macht Platz f\u00fcr etwas Neues<\/b>.<\/p>\n<p>Zwischen Theater, Vorstellungskraft und einem Hauch von Magie entsteht so eine Reise \u00fcber die Geschichte, die wir alle erinnern, wo selbst die Abwesenheit von jemandem der Beginn eines Abenteuers werden kann.<\/p>\n<p>&nbsp;<\/p>\n<p>&nbsp;<\/p>\n","protected":false},"featured_media":0,"template":"","meta":[],"localita":[201],"temi_vacanza":[1365,1372],"classificazioni":[1368,1374],"eventi_seriali":[],"servizi":[1434],"class_list":["post-27592","evento","type-evento","status-publish","hentry","localita-finalborgo","temi_vacanza-cultura","temi_vacanza-relax-lifestyle","classificazioni-cultura","classificazioni-relax-lifestyle","servizi-opera-teatrale"],"yoast_head":"<!-- This site is optimized with the Yoast SEO plugin v28.3 - https:\/\/yoast.com\/product\/yoast-seo-wordpress\/ -->\n<title>Oltre Pinocchio - Visit Finale Ligure<\/title>\n<meta name=\"description\" content=\"Kehrt zur\u00fcck auf die B\u00fchne&nbsp;Jenseits von Pinocchio, die Auff\u00fchrung, die von den Kindern des Theaterlabors von&nbsp;Baba Jaga Arte e Spettacolo APS\" \/>\n<meta name=\"robots\" content=\"index, follow, max-snippet:-1, max-image-preview:large, max-video-preview:-1\" \/>\n<link rel=\"canonical\" href=\"https:\/\/visitfinaleligure.it\/de\/evento\/oltre-pinocchio-2\/\" \/>\n<meta property=\"og:locale\" content=\"de_DE\" \/>\n<meta property=\"og:type\" content=\"article\" \/>\n<meta property=\"og:title\" content=\"Oltre Pinocchio - Visit Finale Ligure\" \/>\n<meta property=\"og:description\" content=\"Kehrt zur\u00fcck auf die B\u00fchne&nbsp;Jenseits von Pinocchio, die Auff\u00fchrung, die von den Kindern des Theaterlabors von&nbsp;Baba Jaga Arte e Spettacolo APS\" \/>\n<meta property=\"og:url\" content=\"https:\/\/visitfinaleligure.it\/de\/evento\/oltre-pinocchio-2\/\" \/>\n<meta property=\"og:site_name\" content=\"Visit Finale Ligure\" \/>\n<meta property=\"article:publisher\" content=\"https:\/\/www.facebook.com\/VisitFinaleLigure\" \/>\n<meta property=\"og:image\" content=\"https:\/\/visitfinaleligure.it\/wp-content\/uploads\/2023\/03\/Capo-caprazoppa-1-1.jpg\" \/>\n\t<meta property=\"og:image:width\" content=\"2500\" \/>\n\t<meta property=\"og:image:height\" content=\"1405\" \/>\n\t<meta property=\"og:image:type\" content=\"image\/jpeg\" \/>\n<meta name=\"twitter:card\" content=\"summary_large_image\" \/>\n<meta name=\"twitter:label1\" content=\"Gesch\u00e4tzte Lesezeit\" \/>\n\t<meta name=\"twitter:data1\" content=\"1\u00a0Minute\" \/>\n<script type=\"application\/ld+json\" class=\"yoast-schema-graph\">{\"@context\":\"https:\\\/\\\/schema.org\",\"@graph\":[{\"@type\":\"WebPage\",\"@id\":\"https:\\\/\\\/visitfinaleligure.it\\\/de\\\/evento\\\/oltre-pinocchio-2\\\/\",\"url\":\"https:\\\/\\\/visitfinaleligure.it\\\/de\\\/evento\\\/oltre-pinocchio-2\\\/\",\"name\":\"Oltre Pinocchio - Visit Finale Ligure\",\"isPartOf\":{\"@id\":\"https:\\\/\\\/visitfinaleligure.it\\\/de\\\/#website\"},\"datePublished\":\"2026-08-28T09:52:06+00:00\",\"description\":\"Kehrt zur\u00fcck auf die B\u00fchne&nbsp;Jenseits von Pinocchio, die Auff\u00fchrung, die von den Kindern des Theaterlabors von&nbsp;Baba Jaga Arte e Spettacolo APS\",\"breadcrumb\":{\"@id\":\"https:\\\/\\\/visitfinaleligure.it\\\/de\\\/evento\\\/oltre-pinocchio-2\\\/#breadcrumb\"},\"inLanguage\":\"de\",\"potentialAction\":[{\"@type\":\"ReadAction\",\"target\":[\"https:\\\/\\\/visitfinaleligure.it\\\/de\\\/evento\\\/oltre-pinocchio-2\\\/\"]}]},{\"@type\":\"BreadcrumbList\",\"@id\":\"https:\\\/\\\/visitfinaleligure.it\\\/de\\\/evento\\\/oltre-pinocchio-2\\\/#breadcrumb\",\"itemListElement\":[{\"@type\":\"ListItem\",\"position\":1,\"name\":\"Home\",\"item\":\"https:\\\/\\\/visitfinaleligure.it\\\/de\\\/\"},{\"@type\":\"ListItem\",\"position\":2,\"name\":\"Eventi\",\"item\":\"https:\\\/\\\/visitfinaleligure.it\\\/de\\\/evento\\\/\"},{\"@type\":\"ListItem\",\"position\":3,\"name\":\"Oltre Pinocchio\"}]},{\"@type\":\"WebSite\",\"@id\":\"https:\\\/\\\/visitfinaleligure.it\\\/de\\\/#website\",\"url\":\"https:\\\/\\\/visitfinaleligure.it\\\/de\\\/\",\"name\":\"Visit Finale Ligure\",\"description\":\"My perfect place\",\"publisher\":{\"@id\":\"https:\\\/\\\/visitfinaleligure.it\\\/de\\\/#organization\"},\"potentialAction\":[{\"@type\":\"SearchAction\",\"target\":{\"@type\":\"EntryPoint\",\"urlTemplate\":\"https:\\\/\\\/visitfinaleligure.it\\\/de\\\/?s={search_term_string}\"},\"query-input\":{\"@type\":\"PropertyValueSpecification\",\"valueRequired\":true,\"valueName\":\"search_term_string\"}}],\"inLanguage\":\"de\"},{\"@type\":\"Organization\",\"@id\":\"https:\\\/\\\/visitfinaleligure.it\\\/de\\\/#organization\",\"name\":\"Comune di Finale Ligure\",\"url\":\"https:\\\/\\\/visitfinaleligure.it\\\/de\\\/\",\"logo\":{\"@type\":\"ImageObject\",\"inLanguage\":\"de\",\"@id\":\"https:\\\/\\\/visitfinaleligure.it\\\/de\\\/#\\\/schema\\\/logo\\\/image\\\/\",\"url\":\"https:\\\/\\\/visitfinaleligure.it\\\/wp-content\\\/uploads\\\/2023\\\/04\\\/cropped-finaleligure-verticale-positivo-200x200-1.png\",\"contentUrl\":\"https:\\\/\\\/visitfinaleligure.it\\\/wp-content\\\/uploads\\\/2023\\\/04\\\/cropped-finaleligure-verticale-positivo-200x200-1.png\",\"width\":512,\"height\":512,\"caption\":\"Comune di Finale Ligure\"},\"image\":{\"@id\":\"https:\\\/\\\/visitfinaleligure.it\\\/de\\\/#\\\/schema\\\/logo\\\/image\\\/\"},\"sameAs\":[\"https:\\\/\\\/www.facebook.com\\\/VisitFinaleLigure\",\"https:\\\/\\\/www.instagram.com\\\/visitfinale\\\/\",\"https:\\\/\\\/www.youtube.com\\\/channel\\\/UCLmoLfNmrAt9mSCll9egttw\"]}]}<\/script>\n<!-- \/ Yoast SEO plugin. -->","yoast_head_json":{"title":"Oltre Pinocchio - Visit Finale Ligure","description":"Kehrt zur\u00fcck auf die B\u00fchne&nbsp;Jenseits von Pinocchio, die Auff\u00fchrung, die von den Kindern des Theaterlabors von&nbsp;Baba Jaga Arte e Spettacolo APS","robots":{"index":"index","follow":"follow","max-snippet":"max-snippet:-1","max-image-preview":"max-image-preview:large","max-video-preview":"max-video-preview:-1"},"canonical":"https:\/\/visitfinaleligure.it\/de\/evento\/oltre-pinocchio-2\/","og_locale":"de_DE","og_type":"article","og_title":"Oltre Pinocchio - Visit Finale Ligure","og_description":"Kehrt zur\u00fcck auf die B\u00fchne&nbsp;Jenseits von Pinocchio, die Auff\u00fchrung, die von den Kindern des Theaterlabors von&nbsp;Baba Jaga Arte e Spettacolo APS","og_url":"https:\/\/visitfinaleligure.it\/de\/evento\/oltre-pinocchio-2\/","og_site_name":"Visit Finale Ligure","article_publisher":"https:\/\/www.facebook.com\/VisitFinaleLigure","og_image":[{"width":2500,"height":1405,"url":"https:\/\/visitfinaleligure.it\/wp-content\/uploads\/2023\/03\/Capo-caprazoppa-1-1.jpg","type":"image\/jpeg"}],"twitter_card":"summary_large_image","twitter_misc":{"Gesch\u00e4tzte Lesezeit":"1\u00a0Minute"},"schema":{"@context":"https:\/\/schema.org","@graph":[{"@type":"WebPage","@id":"https:\/\/visitfinaleligure.it\/de\/evento\/oltre-pinocchio-2\/","url":"https:\/\/visitfinaleligure.it\/de\/evento\/oltre-pinocchio-2\/","name":"Oltre Pinocchio - Visit Finale Ligure","isPartOf":{"@id":"https:\/\/visitfinaleligure.it\/de\/#website"},"datePublished":"2026-08-28T09:52:06+00:00","description":"Kehrt zur\u00fcck auf die B\u00fchne&nbsp;Jenseits von Pinocchio, die Auff\u00fchrung, die von den Kindern des Theaterlabors von&nbsp;Baba Jaga Arte e Spettacolo APS","breadcrumb":{"@id":"https:\/\/visitfinaleligure.it\/de\/evento\/oltre-pinocchio-2\/#breadcrumb"},"inLanguage":"de","potentialAction":[{"@type":"ReadAction","target":["https:\/\/visitfinaleligure.it\/de\/evento\/oltre-pinocchio-2\/"]}]},{"@type":"BreadcrumbList","@id":"https:\/\/visitfinaleligure.it\/de\/evento\/oltre-pinocchio-2\/#breadcrumb","itemListElement":[{"@type":"ListItem","position":1,"name":"Home","item":"https:\/\/visitfinaleligure.it\/de\/"},{"@type":"ListItem","position":2,"name":"Eventi","item":"https:\/\/visitfinaleligure.it\/de\/evento\/"},{"@type":"ListItem","position":3,"name":"Oltre Pinocchio"}]},{"@type":"WebSite","@id":"https:\/\/visitfinaleligure.it\/de\/#website","url":"https:\/\/visitfinaleligure.it\/de\/","name":"Visit Finale Ligure","description":"My perfect place","publisher":{"@id":"https:\/\/visitfinaleligure.it\/de\/#organization"},"potentialAction":[{"@type":"SearchAction","target":{"@type":"EntryPoint","urlTemplate":"https:\/\/visitfinaleligure.it\/de\/?s={search_term_string}"},"query-input":{"@type":"PropertyValueSpecification","valueRequired":true,"valueName":"search_term_string"}}],"inLanguage":"de"},{"@type":"Organization","@id":"https:\/\/visitfinaleligure.it\/de\/#organization","name":"Comune di Finale Ligure","url":"https:\/\/visitfinaleligure.it\/de\/","logo":{"@type":"ImageObject","inLanguage":"de","@id":"https:\/\/visitfinaleligure.it\/de\/#\/schema\/logo\/image\/","url":"https:\/\/visitfinaleligure.it\/wp-content\/uploads\/2023\/04\/cropped-finaleligure-verticale-positivo-200x200-1.png","contentUrl":"https:\/\/visitfinaleligure.it\/wp-content\/uploads\/2023\/04\/cropped-finaleligure-verticale-positivo-200x200-1.png","width":512,"height":512,"caption":"Comune di Finale Ligure"},"image":{"@id":"https:\/\/visitfinaleligure.it\/de\/#\/schema\/logo\/image\/"},"sameAs":["https:\/\/www.facebook.com\/VisitFinaleLigure","https:\/\/www.instagram.com\/visitfinale\/","https:\/\/www.youtube.com\/channel\/UCLmoLfNmrAt9mSCll9egttw"]}]}},"_links":{"self":[{"href":"https:\/\/visitfinaleligure.it\/de\/wp-json\/wp\/v2\/evento\/27592","targetHints":{"allow":["GET"]}}],"collection":[{"href":"https:\/\/visitfinaleligure.it\/de\/wp-json\/wp\/v2\/evento"}],"about":[{"href":"https:\/\/visitfinaleligure.it\/de\/wp-json\/wp\/v2\/types\/evento"}],"wp:attachment":[{"href":"https:\/\/visitfinaleligure.it\/de\/wp-json\/wp\/v2\/media?parent=27592"}],"wp:term":[{"taxonomy":"localita","embeddable":true,"href":"https:\/\/visitfinaleligure.it\/de\/wp-json\/wp\/v2\/localita?post=27592"},{"taxonomy":"temi_vacanza","embeddable":true,"href":"https:\/\/visitfinaleligure.it\/de\/wp-json\/wp\/v2\/temi_vacanza?post=27592"},{"taxonomy":"classificazioni","embeddable":true,"href":"https:\/\/visitfinaleligure.it\/de\/wp-json\/wp\/v2\/classificazioni?post=27592"},{"taxonomy":"eventi_seriali","embeddable":true,"href":"https:\/\/visitfinaleligure.it\/de\/wp-json\/wp\/v2\/eventi_seriali?post=27592"},{"taxonomy":"servizi","embeddable":true,"href":"https:\/\/visitfinaleligure.it\/de\/wp-json\/wp\/v2\/servizi?post=27592"}],"curies":[{"name":"wp","href":"https:\/\/api.w.org\/{rel}","templated":true}]}}

<p>Kehrt zurück auf die Bühne&nbsp;<b>Jenseits von Pinocchio</b>, die Aufführung, die von den Kindern des Theaterlabors von&nbsp;<b>Baba Jaga Arte e Spettacolo APS</b> realisiert wurde.</p>
<p>Frei inspiriert von der Welt von Collodi,&nbsp;<i>Jenseits von Pinocchio</i>&nbsp;durchquert eine Welt, die uns vertraut erscheint, um zu entdecken, was passieren kann, wenn die Geschichte einen unerwarteten Weg einschlägt.</p>
<p>Ohne ihren Protagonisten sind die verbliebenen Charaktere auf der Bühne gezwungen, sich alleine zu behaupten:&nbsp;<b>die Regeln ändern sich, die Begegnungen verwandeln sich und das bekannte Märchen macht Platz für etwas Neues</b>.</p>
<p>Zwischen Theater, Vorstellungskraft und einem Hauch von Magie entsteht so eine Reise über die Geschichte, die wir alle erinnern, wo selbst die Abwesenheit von jemandem der Beginn eines Abenteuers werden kann.</p>
<p>&nbsp;</p>
<p>&nbsp;</p>

<!-- This site is optimized with the Yoast SEO plugin v28.3 - https://yoast.com/product/yoast-seo-wordpress/ -->
<title>Oltre Pinocchio - Visit Finale Ligure</title>
<meta name="description" content="Kehrt zurück auf die Bühne&nbsp;Jenseits von Pinocchio, die Aufführung, die von den Kindern des Theaterlabors von&nbsp;Baba Jaga Arte e Spettacolo APS" />
<meta name="robots" content="index, follow, max-snippet:-1, max-image-preview:large, max-video-preview:-1" />
<link rel="canonical" href="https://visitfinaleligure.it/de/evento/oltre-pinocchio-2/" />
<meta property="og:locale" content="de_DE" />
<meta property="og:type" content="article" />
<meta property="og:title" content="Oltre Pinocchio - Visit Finale Ligure" />
<meta property="og:description" content="Kehrt zurück auf die Bühne&nbsp;Jenseits von Pinocchio, die Aufführung, die von den Kindern des Theaterlabors von&nbsp;Baba Jaga Arte e Spettacolo APS" />
<meta property="og:url" content="https://visitfinaleligure.it/de/evento/oltre-pinocchio-2/" />
<meta property="og:site_name" content="Visit Finale Ligure" />
<meta property="article:publisher" content="https://www.facebook.com/VisitFinaleLigure" />
<meta property="og:image" content="https://visitfinaleligure.it/wp-content/uploads/2023/03/Capo-caprazoppa-1-1.jpg" />
	<meta property="og:image:width" content="2500" />
	<meta property="og:image:height" content="1405" />
	<meta property="og:image:type" content="image/jpeg" />
<meta name="twitter:card" content="summary_large_image" />
<meta name="twitter:label1" content="Geschätzte Lesezeit" />
	<meta name="twitter:data1" content="1 Minute" />
<script type="application/ld+json" class="yoast-schema-graph">{"@context":"https:\/\/schema.org","@graph":[{"@type":"WebPage","@id":"https:\/\/visitfinaleligure.it\/de\/evento\/oltre-pinocchio-2\/","url":"https:\/\/visitfinaleligure.it\/de\/evento\/oltre-pinocchio-2\/","name":"Oltre Pinocchio - Visit Finale Ligure","isPartOf":{"@id":"https:\/\/visitfinaleligure.it\/de\/#website"},"datePublished":"2026-08-28T09:52:06+00:00","description":"Kehrt zurück auf die Bühne&nbsp;Jenseits von Pinocchio, die Aufführung, die von den Kindern des Theaterlabors von&nbsp;Baba Jaga Arte e Spettacolo APS","breadcrumb":{"@id":"https:\/\/visitfinaleligure.it\/de\/evento\/oltre-pinocchio-2\/#breadcrumb"},"inLanguage":"de","potentialAction":[{"@type":"ReadAction","target":["https:\/\/visitfinaleligure.it\/de\/evento\/oltre-pinocchio-2\/"]}]},{"@type":"BreadcrumbList","@id":"https:\/\/visitfinaleligure.it\/de\/evento\/oltre-pinocchio-2\/#breadcrumb","itemListElement":[{"@type":"ListItem","position":1,"name":"Home","item":"https:\/\/visitfinaleligure.it\/de\/"},{"@type":"ListItem","position":2,"name":"Eventi","item":"https:\/\/visitfinaleligure.it\/de\/evento\/"},{"@type":"ListItem","position":3,"name":"Oltre Pinocchio"}]},{"@type":"WebSite","@id":"https:\/\/visitfinaleligure.it\/de\/#website","url":"https:\/\/visitfinaleligure.it\/de\/","name":"Visit Finale Ligure","description":"My perfect place","publisher":{"@id":"https:\/\/visitfinaleligure.it\/de\/#organization"},"potentialAction":[{"@type":"SearchAction","target":{"@type":"EntryPoint","urlTemplate":"https:\/\/visitfinaleligure.it\/de\/?s={search_term_string}"},"query-input":{"@type":"PropertyValueSpecification","valueRequired":true,"valueName":"search_term_string"}}],"inLanguage":"de"},{"@type":"Organization","@id":"https:\/\/visitfinaleligure.it\/de\/#organization","name":"Comune di Finale Ligure","url":"https:\/\/visitfinaleligure.it\/de\/","logo":{"@type":"ImageObject","inLanguage":"de","@id":"https:\/\/visitfinaleligure.it\/de\/#\/schema\/logo\/image\/","url":"https:\/\/visitfinaleligure.it\/wp-content\/uploads\/2023\/04\/cropped-finaleligure-verticale-positivo-200x200-1.png","contentUrl":"https:\/\/visitfinaleligure.it\/wp-content\/uploads\/2023\/04\/cropped-finaleligure-verticale-positivo-200x200-1.png","width":512,"height":512,"caption":"Comune di Finale Ligure"},"image":{"@id":"https:\/\/visitfinaleligure.it\/de\/#\/schema\/logo\/image\/"},"sameAs":["https:\/\/www.facebook.com\/VisitFinaleLigure","https:\/\/www.instagram.com\/visitfinale\/","https:\/\/www.youtube.com\/channel\/UCLmoLfNmrAt9mSCll9egttw"]}]}</script>
<!-- / Yoast SEO plugin. -->

Kehrt zurück auf die Bühne&nbsp;Jenseits von Pinocchio, die Aufführung, die von den Kindern des Theaterlabors von&nbsp;Baba Jaga Arte e Spettacolo APS
