{"id":24173,"date":"2026-09-01T11:22:29","date_gmt":"2026-09-01T09:22:29","guid":{"rendered":"https:\/\/visitfinaleligure.it\/servizio-addizionale\/salto-nel-blu-2\/"},"modified":"2026-09-01T11:22:29","modified_gmt":"2026-09-01T09:22:29","slug":"salto-nel-blu-2","status":"publish","type":"servizio-addizionale","link":"https:\/\/visitfinaleligure.it\/de\/servizio-addizionale\/salto-nel-blu-2\/","title":{"rendered":"Salto nel blu"},"content":{"rendered":"<p>Scopri il mare del finalese con gli occhi di un biologo marino.\u00a0<\/p>\n<p>Immergiti nelle meraviglie del mar ligure con Salto nel Blu, il progetto nato dalla collaborazione tra i biologi marini di RSTA scrl e la Lega navale Italiana &#8211; Sezione Finale Ligure.\u00a0<\/p>\n<p>Lo snorkeling \u00e8 un\u2019attivit\u00e0 semplice e accessibile a tutti, che permette di eplorare il mondo sottomarino rimanendo in superficie, con maschera e boccaglio. Un\u2019esperienza rilassante e sorprendente per entrare in contatto diretto con il mare, scoprire habitat ricchi di vita e osservare da vicino la vita che si nasconde appena sotto la superficie.\u00a0<\/p>\n<p>Ad accompagnarti ci sono biologi marini che sono anche istruttori di snorkeling e divulgatori scientifici, con esperienza sul campo tra ricerca e conservazione. Durante l\u2019escursione non sarai solo uno spettatore, ma parte di un racconto del mare: ti guideremo tra suggestive formazioni di beachrock ed ecosistemi costieri unici, condividendo curiosit\u00e0, osservazioni scientifiche e l\u2019importanza della tutela di questo fragile ambiente.\u00a0<\/p>\n<p>Non hai mai fatto snorkeling? Nessun problema! Le attivit\u00e0 si svolgono in acque calme e poco profonde, dove si tocca quasi sempre. \u00c8 sufficiente saper nuotare e avere curiosit\u00e0 e voglia di esplorare. Tutta l\u2019attrezzatura \u00e8 fornita dallo staff: maschera, boccaglio, pinne e mutino corto.\u00a0<\/p>\n<p>Le escursioni si svolgono in alcune dei luoghi pi\u00f9 suggestivi della Riviera di Ponente, tra cui la spiaggia della Cremasca (porto di Finale Ligure), la Baia dei Saraceni (Varigotti) e Pietra Ligure.\u00a0<\/p>\n<p>Per chi vuole vivere il mare da una prospettiva ancora pi\u00f9 affascinante, sono disponibili anche le escursioni di snorkeling notturno, un\u2019occasione unica per scoprire la vita marina che si attiva dopo il tramonto e scoprire un mondo completamente diverso.\u00a0<\/p>\n<p>Completano l\u2019offerta le uscite speciali all\u2019Orto di Nemo, il primo giardino subacqueo al mondo, e tour in kayak e snorkeling, ideali per raggiungere calette nascoste e angoli di costa difficilmente accessibili da terra.\u00a0<\/p>\n<p>Un\u2019esperienza pensata per adulti e bambini dagli 8 anni in su, per chi ama il mare, la natura e la voglia di scoperta.<\/p>\n","protected":false},"featured_media":0,"template":"","meta":[],"localita":[222],"criteri":[],"class_list":["post-24173","servizio-addizionale","type-servizio-addizionale","status-publish","hentry","localita-finale-ligure"],"yoast_head":"<!-- This site is optimized with the Yoast SEO plugin v28.3 - https:\/\/yoast.com\/product\/yoast-seo-wordpress\/ -->\n<title>Salto nel blu - Visit Finale Ligure<\/title>\n<meta name=\"description\" content=\"Scopri il mare del finalese con gli occhi di un biologo marino.\u00a0 Immergiti nelle meraviglie del mar ligure con Salto nel Blu, il progetto nato dalla\" \/>\n<meta name=\"robots\" content=\"index, follow, max-snippet:-1, max-image-preview:large, max-video-preview:-1\" \/>\n<link rel=\"canonical\" href=\"https:\/\/visitfinaleligure.it\/de\/servizio-addizionale\/salto-nel-blu-2\/\" \/>\n<meta property=\"og:locale\" content=\"de_DE\" \/>\n<meta property=\"og:type\" content=\"article\" \/>\n<meta property=\"og:title\" content=\"Salto nel blu - Visit Finale Ligure\" \/>\n<meta property=\"og:description\" content=\"Scopri il mare del finalese con gli occhi di un biologo marino.\u00a0 Immergiti nelle meraviglie del mar ligure con Salto nel Blu, il progetto nato dalla\" \/>\n<meta property=\"og:url\" content=\"https:\/\/visitfinaleligure.it\/de\/servizio-addizionale\/salto-nel-blu-2\/\" \/>\n<meta property=\"og:site_name\" content=\"Visit Finale Ligure\" \/>\n<meta property=\"article:publisher\" content=\"https:\/\/www.facebook.com\/VisitFinaleLigure\" \/>\n<meta property=\"og:image\" content=\"https:\/\/visitfinaleligure.it\/wp-content\/uploads\/2026\/08\/image-184.jpg\" \/>\n\t<meta property=\"og:image:width\" content=\"1493\" \/>\n\t<meta property=\"og:image:height\" content=\"849\" \/>\n\t<meta property=\"og:image:type\" content=\"image\/jpeg\" \/>\n<meta name=\"twitter:card\" content=\"summary_large_image\" \/>\n<meta name=\"twitter:label1\" content=\"Gesch\u00e4tzte Lesezeit\" \/>\n\t<meta name=\"twitter:data1\" content=\"2\u00a0Minuten\" \/>\n<script type=\"application\/ld+json\" class=\"yoast-schema-graph\">{\"@context\":\"https:\\\/\\\/schema.org\",\"@graph\":[{\"@type\":\"WebPage\",\"@id\":\"https:\\\/\\\/visitfinaleligure.it\\\/de\\\/servizio-addizionale\\\/salto-nel-blu-2\\\/\",\"url\":\"https:\\\/\\\/visitfinaleligure.it\\\/de\\\/servizio-addizionale\\\/salto-nel-blu-2\\\/\",\"name\":\"Salto nel blu - Visit Finale Ligure\",\"isPartOf\":{\"@id\":\"https:\\\/\\\/visitfinaleligure.it\\\/de\\\/#website\"},\"datePublished\":\"2026-09-01T09:22:29+00:00\",\"description\":\"Scopri il mare del finalese con gli occhi di un biologo marino.\u00a0 Immergiti nelle meraviglie del mar ligure con Salto nel Blu, il progetto nato dalla\",\"breadcrumb\":{\"@id\":\"https:\\\/\\\/visitfinaleligure.it\\\/de\\\/servizio-addizionale\\\/salto-nel-blu-2\\\/#breadcrumb\"},\"inLanguage\":\"de\",\"potentialAction\":[{\"@type\":\"ReadAction\",\"target\":[\"https:\\\/\\\/visitfinaleligure.it\\\/de\\\/servizio-addizionale\\\/salto-nel-blu-2\\\/\"]}]},{\"@type\":\"BreadcrumbList\",\"@id\":\"https:\\\/\\\/visitfinaleligure.it\\\/de\\\/servizio-addizionale\\\/salto-nel-blu-2\\\/#breadcrumb\",\"itemListElement\":[{\"@type\":\"ListItem\",\"position\":1,\"name\":\"Home\",\"item\":\"https:\\\/\\\/visitfinaleligure.it\\\/de\\\/\"},{\"@type\":\"ListItem\",\"position\":2,\"name\":\"Servizi Addizionali\",\"item\":\"https:\\\/\\\/visitfinaleligure.it\\\/de\\\/servizio-addizionale\\\/\"},{\"@type\":\"ListItem\",\"position\":3,\"name\":\"Salto nel blu\"}]},{\"@type\":\"WebSite\",\"@id\":\"https:\\\/\\\/visitfinaleligure.it\\\/de\\\/#website\",\"url\":\"https:\\\/\\\/visitfinaleligure.it\\\/de\\\/\",\"name\":\"Visit Finale Ligure\",\"description\":\"My perfect place\",\"publisher\":{\"@id\":\"https:\\\/\\\/visitfinaleligure.it\\\/de\\\/#organization\"},\"potentialAction\":[{\"@type\":\"SearchAction\",\"target\":{\"@type\":\"EntryPoint\",\"urlTemplate\":\"https:\\\/\\\/visitfinaleligure.it\\\/de\\\/?s={search_term_string}\"},\"query-input\":{\"@type\":\"PropertyValueSpecification\",\"valueRequired\":true,\"valueName\":\"search_term_string\"}}],\"inLanguage\":\"de\"},{\"@type\":\"Organization\",\"@id\":\"https:\\\/\\\/visitfinaleligure.it\\\/de\\\/#organization\",\"name\":\"Comune di Finale Ligure\",\"url\":\"https:\\\/\\\/visitfinaleligure.it\\\/de\\\/\",\"logo\":{\"@type\":\"ImageObject\",\"inLanguage\":\"de\",\"@id\":\"https:\\\/\\\/visitfinaleligure.it\\\/de\\\/#\\\/schema\\\/logo\\\/image\\\/\",\"url\":\"https:\\\/\\\/visitfinaleligure.it\\\/wp-content\\\/uploads\\\/2023\\\/04\\\/cropped-finaleligure-verticale-positivo-200x200-1.png\",\"contentUrl\":\"https:\\\/\\\/visitfinaleligure.it\\\/wp-content\\\/uploads\\\/2023\\\/04\\\/cropped-finaleligure-verticale-positivo-200x200-1.png\",\"width\":512,\"height\":512,\"caption\":\"Comune di Finale Ligure\"},\"image\":{\"@id\":\"https:\\\/\\\/visitfinaleligure.it\\\/de\\\/#\\\/schema\\\/logo\\\/image\\\/\"},\"sameAs\":[\"https:\\\/\\\/www.facebook.com\\\/VisitFinaleLigure\",\"https:\\\/\\\/www.instagram.com\\\/visitfinale\\\/\",\"https:\\\/\\\/www.youtube.com\\\/channel\\\/UCLmoLfNmrAt9mSCll9egttw\"]}]}<\/script>\n<!-- \/ Yoast SEO plugin. -->","yoast_head_json":{"title":"Salto nel blu - Visit Finale Ligure","description":"Scopri il mare del finalese con gli occhi di un biologo marino.\u00a0 Immergiti nelle meraviglie del mar ligure con Salto nel Blu, il progetto nato dalla","robots":{"index":"index","follow":"follow","max-snippet":"max-snippet:-1","max-image-preview":"max-image-preview:large","max-video-preview":"max-video-preview:-1"},"canonical":"https:\/\/visitfinaleligure.it\/de\/servizio-addizionale\/salto-nel-blu-2\/","og_locale":"de_DE","og_type":"article","og_title":"Salto nel blu - Visit Finale Ligure","og_description":"Scopri il mare del finalese con gli occhi di un biologo marino.\u00a0 Immergiti nelle meraviglie del mar ligure con Salto nel Blu, il progetto nato dalla","og_url":"https:\/\/visitfinaleligure.it\/de\/servizio-addizionale\/salto-nel-blu-2\/","og_site_name":"Visit Finale Ligure","article_publisher":"https:\/\/www.facebook.com\/VisitFinaleLigure","og_image":[{"width":1493,"height":849,"url":"https:\/\/visitfinaleligure.it\/wp-content\/uploads\/2026\/08\/image-184.jpg","type":"image\/jpeg"}],"twitter_card":"summary_large_image","twitter_misc":{"Gesch\u00e4tzte Lesezeit":"2\u00a0Minuten"},"schema":{"@context":"https:\/\/schema.org","@graph":[{"@type":"WebPage","@id":"https:\/\/visitfinaleligure.it\/de\/servizio-addizionale\/salto-nel-blu-2\/","url":"https:\/\/visitfinaleligure.it\/de\/servizio-addizionale\/salto-nel-blu-2\/","name":"Salto nel blu - Visit Finale Ligure","isPartOf":{"@id":"https:\/\/visitfinaleligure.it\/de\/#website"},"datePublished":"2026-09-01T09:22:29+00:00","description":"Scopri il mare del finalese con gli occhi di un biologo marino.\u00a0 Immergiti nelle meraviglie del mar ligure con Salto nel Blu, il progetto nato dalla","breadcrumb":{"@id":"https:\/\/visitfinaleligure.it\/de\/servizio-addizionale\/salto-nel-blu-2\/#breadcrumb"},"inLanguage":"de","potentialAction":[{"@type":"ReadAction","target":["https:\/\/visitfinaleligure.it\/de\/servizio-addizionale\/salto-nel-blu-2\/"]}]},{"@type":"BreadcrumbList","@id":"https:\/\/visitfinaleligure.it\/de\/servizio-addizionale\/salto-nel-blu-2\/#breadcrumb","itemListElement":[{"@type":"ListItem","position":1,"name":"Home","item":"https:\/\/visitfinaleligure.it\/de\/"},{"@type":"ListItem","position":2,"name":"Servizi Addizionali","item":"https:\/\/visitfinaleligure.it\/de\/servizio-addizionale\/"},{"@type":"ListItem","position":3,"name":"Salto nel blu"}]},{"@type":"WebSite","@id":"https:\/\/visitfinaleligure.it\/de\/#website","url":"https:\/\/visitfinaleligure.it\/de\/","name":"Visit Finale Ligure","description":"My perfect place","publisher":{"@id":"https:\/\/visitfinaleligure.it\/de\/#organization"},"potentialAction":[{"@type":"SearchAction","target":{"@type":"EntryPoint","urlTemplate":"https:\/\/visitfinaleligure.it\/de\/?s={search_term_string}"},"query-input":{"@type":"PropertyValueSpecification","valueRequired":true,"valueName":"search_term_string"}}],"inLanguage":"de"},{"@type":"Organization","@id":"https:\/\/visitfinaleligure.it\/de\/#organization","name":"Comune di Finale Ligure","url":"https:\/\/visitfinaleligure.it\/de\/","logo":{"@type":"ImageObject","inLanguage":"de","@id":"https:\/\/visitfinaleligure.it\/de\/#\/schema\/logo\/image\/","url":"https:\/\/visitfinaleligure.it\/wp-content\/uploads\/2023\/04\/cropped-finaleligure-verticale-positivo-200x200-1.png","contentUrl":"https:\/\/visitfinaleligure.it\/wp-content\/uploads\/2023\/04\/cropped-finaleligure-verticale-positivo-200x200-1.png","width":512,"height":512,"caption":"Comune di Finale Ligure"},"image":{"@id":"https:\/\/visitfinaleligure.it\/de\/#\/schema\/logo\/image\/"},"sameAs":["https:\/\/www.facebook.com\/VisitFinaleLigure","https:\/\/www.instagram.com\/visitfinale\/","https:\/\/www.youtube.com\/channel\/UCLmoLfNmrAt9mSCll9egttw"]}]}},"_links":{"self":[{"href":"https:\/\/visitfinaleligure.it\/de\/wp-json\/wp\/v2\/servizio-addizionale\/24173","targetHints":{"allow":["GET"]}}],"collection":[{"href":"https:\/\/visitfinaleligure.it\/de\/wp-json\/wp\/v2\/servizio-addizionale"}],"about":[{"href":"https:\/\/visitfinaleligure.it\/de\/wp-json\/wp\/v2\/types\/servizio-addizionale"}],"wp:attachment":[{"href":"https:\/\/visitfinaleligure.it\/de\/wp-json\/wp\/v2\/media?parent=24173"}],"wp:term":[{"taxonomy":"localita","embeddable":true,"href":"https:\/\/visitfinaleligure.it\/de\/wp-json\/wp\/v2\/localita?post=24173"},{"taxonomy":"criteri","embeddable":true,"href":"https:\/\/visitfinaleligure.it\/de\/wp-json\/wp\/v2\/criteri?post=24173"}],"curies":[{"name":"wp","href":"https:\/\/api.w.org\/{rel}","templated":true}]}}

<p>Scopri il mare del finalese con gli occhi di un biologo marino. </p>
<p>Immergiti nelle meraviglie del mar ligure con Salto nel Blu, il progetto nato dalla collaborazione tra i biologi marini di RSTA scrl e la Lega navale Italiana &#8211; Sezione Finale Ligure. </p>
<p>Lo snorkeling è un’attività semplice e accessibile a tutti, che permette di eplorare il mondo sottomarino rimanendo in superficie, con maschera e boccaglio. Un’esperienza rilassante e sorprendente per entrare in contatto diretto con il mare, scoprire habitat ricchi di vita e osservare da vicino la vita che si nasconde appena sotto la superficie. </p>
<p>Ad accompagnarti ci sono biologi marini che sono anche istruttori di snorkeling e divulgatori scientifici, con esperienza sul campo tra ricerca e conservazione. Durante l’escursione non sarai solo uno spettatore, ma parte di un racconto del mare: ti guideremo tra suggestive formazioni di beachrock ed ecosistemi costieri unici, condividendo curiosità, osservazioni scientifiche e l’importanza della tutela di questo fragile ambiente. </p>
<p>Non hai mai fatto snorkeling? Nessun problema! Le attività si svolgono in acque calme e poco profonde, dove si tocca quasi sempre. È sufficiente saper nuotare e avere curiosità e voglia di esplorare. Tutta l’attrezzatura è fornita dallo staff: maschera, boccaglio, pinne e mutino corto. </p>
<p>Le escursioni si svolgono in alcune dei luoghi più suggestivi della Riviera di Ponente, tra cui la spiaggia della Cremasca (porto di Finale Ligure), la Baia dei Saraceni (Varigotti) e Pietra Ligure. </p>
<p>Per chi vuole vivere il mare da una prospettiva ancora più affascinante, sono disponibili anche le escursioni di snorkeling notturno, un’occasione unica per scoprire la vita marina che si attiva dopo il tramonto e scoprire un mondo completamente diverso. </p>
<p>Completano l’offerta le uscite speciali all’Orto di Nemo, il primo giardino subacqueo al mondo, e tour in kayak e snorkeling, ideali per raggiungere calette nascoste e angoli di costa difficilmente accessibili da terra. </p>
<p>Un’esperienza pensata per adulti e bambini dagli 8 anni in su, per chi ama il mare, la natura e la voglia di scoperta.</p>

<!-- This site is optimized with the Yoast SEO plugin v28.3 - https://yoast.com/product/yoast-seo-wordpress/ -->
<title>Salto nel blu - Visit Finale Ligure</title>
<meta name="description" content="Scopri il mare del finalese con gli occhi di un biologo marino.  Immergiti nelle meraviglie del mar ligure con Salto nel Blu, il progetto nato dalla" />
<meta name="robots" content="index, follow, max-snippet:-1, max-image-preview:large, max-video-preview:-1" />
<link rel="canonical" href="https://visitfinaleligure.it/de/servizio-addizionale/salto-nel-blu-2/" />
<meta property="og:locale" content="de_DE" />
<meta property="og:type" content="article" />
<meta property="og:title" content="Salto nel blu - Visit Finale Ligure" />
<meta property="og:description" content="Scopri il mare del finalese con gli occhi di un biologo marino.  Immergiti nelle meraviglie del mar ligure con Salto nel Blu, il progetto nato dalla" />
<meta property="og:url" content="https://visitfinaleligure.it/de/servizio-addizionale/salto-nel-blu-2/" />
<meta property="og:site_name" content="Visit Finale Ligure" />
<meta property="article:publisher" content="https://www.facebook.com/VisitFinaleLigure" />
<meta property="og:image" content="https://visitfinaleligure.it/wp-content/uploads/2026/08/image-184.jpg" />
	<meta property="og:image:width" content="1493" />
	<meta property="og:image:height" content="849" />
	<meta property="og:image:type" content="image/jpeg" />
<meta name="twitter:card" content="summary_large_image" />
<meta name="twitter:label1" content="Geschätzte Lesezeit" />
	<meta name="twitter:data1" content="2 Minuten" />
<script type="application/ld+json" class="yoast-schema-graph">{"@context":"https:\/\/schema.org","@graph":[{"@type":"WebPage","@id":"https:\/\/visitfinaleligure.it\/de\/servizio-addizionale\/salto-nel-blu-2\/","url":"https:\/\/visitfinaleligure.it\/de\/servizio-addizionale\/salto-nel-blu-2\/","name":"Salto nel blu - Visit Finale Ligure","isPartOf":{"@id":"https:\/\/visitfinaleligure.it\/de\/#website"},"datePublished":"2026-09-01T09:22:29+00:00","description":"Scopri il mare del finalese con gli occhi di un biologo marino.  Immergiti nelle meraviglie del mar ligure con Salto nel Blu, il progetto nato dalla","breadcrumb":{"@id":"https:\/\/visitfinaleligure.it\/de\/servizio-addizionale\/salto-nel-blu-2\/#breadcrumb"},"inLanguage":"de","potentialAction":[{"@type":"ReadAction","target":["https:\/\/visitfinaleligure.it\/de\/servizio-addizionale\/salto-nel-blu-2\/"]}]},{"@type":"BreadcrumbList","@id":"https:\/\/visitfinaleligure.it\/de\/servizio-addizionale\/salto-nel-blu-2\/#breadcrumb","itemListElement":[{"@type":"ListItem","position":1,"name":"Home","item":"https:\/\/visitfinaleligure.it\/de\/"},{"@type":"ListItem","position":2,"name":"Servizi Addizionali","item":"https:\/\/visitfinaleligure.it\/de\/servizio-addizionale\/"},{"@type":"ListItem","position":3,"name":"Salto nel blu"}]},{"@type":"WebSite","@id":"https:\/\/visitfinaleligure.it\/de\/#website","url":"https:\/\/visitfinaleligure.it\/de\/","name":"Visit Finale Ligure","description":"My perfect place","publisher":{"@id":"https:\/\/visitfinaleligure.it\/de\/#organization"},"potentialAction":[{"@type":"SearchAction","target":{"@type":"EntryPoint","urlTemplate":"https:\/\/visitfinaleligure.it\/de\/?s={search_term_string}"},"query-input":{"@type":"PropertyValueSpecification","valueRequired":true,"valueName":"search_term_string"}}],"inLanguage":"de"},{"@type":"Organization","@id":"https:\/\/visitfinaleligure.it\/de\/#organization","name":"Comune di Finale Ligure","url":"https:\/\/visitfinaleligure.it\/de\/","logo":{"@type":"ImageObject","inLanguage":"de","@id":"https:\/\/visitfinaleligure.it\/de\/#\/schema\/logo\/image\/","url":"https:\/\/visitfinaleligure.it\/wp-content\/uploads\/2023\/04\/cropped-finaleligure-verticale-positivo-200x200-1.png","contentUrl":"https:\/\/visitfinaleligure.it\/wp-content\/uploads\/2023\/04\/cropped-finaleligure-verticale-positivo-200x200-1.png","width":512,"height":512,"caption":"Comune di Finale Ligure"},"image":{"@id":"https:\/\/visitfinaleligure.it\/de\/#\/schema\/logo\/image\/"},"sameAs":["https:\/\/www.facebook.com\/VisitFinaleLigure","https:\/\/www.instagram.com\/visitfinale\/","https:\/\/www.youtube.com\/channel\/UCLmoLfNmrAt9mSCll9egttw"]}]}</script>
<!-- / Yoast SEO plugin. -->
