{"id":23480,"date":"2026-08-27T11:07:53","date_gmt":"2026-08-27T09:07:53","guid":{"rendered":"https:\/\/visitfinaleligure.it\/struttura\/camera-con-giardino-2\/"},"modified":"2026-08-27T11:07:53","modified_gmt":"2026-08-27T09:07:53","slug":"camera-con-giardino-2","status":"publish","type":"struttura","link":"https:\/\/visitfinaleligure.it\/de\/struttura\/camera-con-giardino-2\/","title":{"rendered":"Camera con giardino"},"content":{"rendered":"<p>Stell dir vor, du wachst in einem ruhigen Zimmer auf, umgeben von der Stille eines Wohnviertels und dem Duft der Blumen, die aus dem Garten kommen. Du bist in Finale Ligure, nur wenige Minuten vom Meer entfernt, aber weit weg vom Trubel, eingetaucht in den Frieden eines einladenden und lichtdurchfluteten Hauses.<\/p>\n<p>Das Zimmer befindet sich in einer gepflegten Wohnung, die darauf ausgelegt ist, einen entspannenden Aufenthalt f\u00fcr zwei Personen zu bieten. Die R\u00e4ume sind gro\u00dfz\u00fcgig und geschmackvoll einfach und funktional eingerichtet. Du findest ein bequemes Doppelbett, einen Dreht\u00fcren-Schrank zum ordentlichen Verstauen deiner pers\u00f6nlichen Effekte und zwei Sessel, die perfekt zum Lesen oder Entspannen sind. Das eigene Bad ist innen im Zimmer, modern und sauber.<\/p>\n<p>Das Haus ist vollst\u00e4ndig mit kostenlosem WLAN ausgestattet und bietet auch Gemeinschaftsr\u00e4ume mit viel Pers\u00f6nlichkeit. Den G\u00e4sten steht ein gro\u00dfz\u00fcgiges Wohnzimmer zur Verf\u00fcgung, das perfekt ist, um sich nach einem Tag am Meer oder Ausfl\u00fcgen zu entspannen.<\/p>\n<p>Aber das wahre Juwel des Hauses ist sein gro\u00dfer privater Garten von 100 m\u00b2. Eine gr\u00fcne Oase, gepflegt und voller Leben, mit schattenspendenden B\u00e4umen, bl\u00fchenden Blumenbeeten, Sonnenschirm und Liegen. Es ist der ideale Ort, um ein Buch im Freien zu lesen, in Ruhe Sonne zu tanken oder ein Fr\u00fchst\u00fcck am Morgen inmitten der Natur zu genie\u00dfen.<\/p>\n<p>Wenn du mit dem Fahrrad ankommst, kannst du es sicher im eingez\u00e4unten Garten abstellen. Wenn du mit dem Auto reist, gibt es die M\u00f6glichkeit, kostenlos am Stra\u00dfenrand zu parken, oder auf Anfrage kannst du einen privaten Parkplatz (geeignet f\u00fcr kleine Autos) nutzen.<\/p>\n<p>In wenigen Minuten kannst du das historische Dorf Finalborgo erreichen, ein mittelalterliches Juwel voller Denkmaler, typischer Gesch\u00e4fte, Restaurants, Bars, einer Apotheke und einer Bibliothek. Es ist auch der Ausgangspunkt f\u00fcr Wanderliebhaber, mit panoramischen Wegen und Klippen, die von Kletterern aus der ganzen Welt frequentiert werden.<\/p>\n","protected":false},"featured_media":0,"template":"","meta":[],"categoria":[1010,1009],"classificazione":[1164],"localita":[222],"gruppomarketing":[],"stella":[],"criteri":[972,994,992,997,928,1190,1099,908,1001,1098,1132,929,1170,986,1204,1168,1083,942,984,915,944,975,1066,948,941,916,1029,1006,1104,918,1208,1215,906,1214,953,1217,1051,1045,951,1213,969,1145,955,903,1216,947,924,926],"class_list":["post-23480","struttura","type-struttura","status-publish","hentry","categoria-affittacamere","categoria-bed-breakfast","classificazione-2-soli","localita-finale-ligure","criteri-accessibile-disabili","criteri-accessibile-sedie-a-rotelle","criteri-adatto-a-famiglie","criteri-adatto-per-bambini","criteri-animali-domestici-ammessi","criteri-animali-presenti-tutto-lanno","criteri-area-non-fumatori","criteri-ascensore","criteri-bambini","criteri-bed-breakfast","criteri-biblioteca","criteri-bonifico","criteri-caffe","criteri-centro-storico","criteri-colazione-a-richiesta","criteri-colazione-arricchita","criteri-colazione-continentale","criteri-colazione-internazionale","criteri-colazione-italiana","criteri-contanti","criteri-culla","criteri-deposito-bici","criteri-dieta-senza-glutine","criteri-famiglie","criteri-francese","criteri-frigorifero-per-ospiti","criteri-giardino-comune","criteri-giovani","criteri-informazioni-sui-dintorni","criteri-inglese","criteri-internet-email-accessibile","criteri-internet-veloce","criteri-italiano","criteri-lettore-dvd","criteri-non-fumatori","criteri-ombrelloni","criteri-parco-bici","criteri-persone-in-sedia-a-rotelle","criteri-senior","criteri-servizio-stampante","criteri-si-accettano-carte-di-credito","criteri-si-accettano-soggiorni-brevi","criteri-single","criteri-uso-internet-gratuito","criteri-videoregistratore","criteri-wifi","criteri-wifi-gratuito","criteri-zona-tranquilla"],"yoast_head":"<!-- This site is optimized with the Yoast SEO plugin v28.3 - https:\/\/yoast.com\/product\/yoast-seo-wordpress\/ -->\n<title>Camera con giardino - Visit Finale Ligure<\/title>\n<meta name=\"description\" content=\"Stell dir vor, du wachst in einem ruhigen Zimmer auf, umgeben von der Stille eines Wohnviertels und dem Duft der Blumen, die aus dem Garten kommen. Du\" \/>\n<meta name=\"robots\" content=\"index, follow, max-snippet:-1, max-image-preview:large, max-video-preview:-1\" \/>\n<link rel=\"canonical\" href=\"https:\/\/visitfinaleligure.it\/de\/struttura\/camera-con-giardino-2\/\" \/>\n<meta property=\"og:locale\" content=\"de_DE\" \/>\n<meta property=\"og:type\" content=\"article\" \/>\n<meta property=\"og:title\" content=\"Camera con giardino - Visit Finale Ligure\" \/>\n<meta property=\"og:description\" content=\"Stell dir vor, du wachst in einem ruhigen Zimmer auf, umgeben von der Stille eines Wohnviertels und dem Duft der Blumen, die aus dem Garten kommen. Du\" \/>\n<meta property=\"og:url\" content=\"https:\/\/visitfinaleligure.it\/de\/struttura\/camera-con-giardino-2\/\" \/>\n<meta property=\"og:site_name\" content=\"Visit Finale Ligure\" \/>\n<meta property=\"article:publisher\" content=\"https:\/\/www.facebook.com\/VisitFinaleLigure\" \/>\n<meta property=\"og:image\" content=\"https:\/\/visitfinaleligure.it\/wp-content\/uploads\/2023\/03\/Capo-caprazoppa-1-1.jpg\" \/>\n\t<meta property=\"og:image:width\" content=\"2500\" \/>\n\t<meta property=\"og:image:height\" content=\"1405\" \/>\n\t<meta property=\"og:image:type\" content=\"image\/jpeg\" \/>\n<meta name=\"twitter:card\" content=\"summary_large_image\" \/>\n<meta name=\"twitter:label1\" content=\"Gesch\u00e4tzte Lesezeit\" \/>\n\t<meta name=\"twitter:data1\" content=\"2\u00a0Minuten\" \/>\n<script type=\"application\/ld+json\" class=\"yoast-schema-graph\">{\"@context\":\"https:\\\/\\\/schema.org\",\"@graph\":[{\"@type\":\"WebPage\",\"@id\":\"https:\\\/\\\/visitfinaleligure.it\\\/de\\\/struttura\\\/camera-con-giardino-2\\\/\",\"url\":\"https:\\\/\\\/visitfinaleligure.it\\\/de\\\/struttura\\\/camera-con-giardino-2\\\/\",\"name\":\"Camera con giardino - Visit Finale Ligure\",\"isPartOf\":{\"@id\":\"https:\\\/\\\/visitfinaleligure.it\\\/de\\\/#website\"},\"datePublished\":\"2026-08-27T09:07:53+00:00\",\"description\":\"Stell dir vor, du wachst in einem ruhigen Zimmer auf, umgeben von der Stille eines Wohnviertels und dem Duft der Blumen, die aus dem Garten kommen. Du\",\"breadcrumb\":{\"@id\":\"https:\\\/\\\/visitfinaleligure.it\\\/de\\\/struttura\\\/camera-con-giardino-2\\\/#breadcrumb\"},\"inLanguage\":\"de\",\"potentialAction\":[{\"@type\":\"ReadAction\",\"target\":[\"https:\\\/\\\/visitfinaleligure.it\\\/de\\\/struttura\\\/camera-con-giardino-2\\\/\"]}]},{\"@type\":\"BreadcrumbList\",\"@id\":\"https:\\\/\\\/visitfinaleligure.it\\\/de\\\/struttura\\\/camera-con-giardino-2\\\/#breadcrumb\",\"itemListElement\":[{\"@type\":\"ListItem\",\"position\":1,\"name\":\"Home\",\"item\":\"https:\\\/\\\/visitfinaleligure.it\\\/de\\\/\"},{\"@type\":\"ListItem\",\"position\":2,\"name\":\"Strutture\",\"item\":\"https:\\\/\\\/visitfinaleligure.it\\\/de\\\/struttura\\\/\"},{\"@type\":\"ListItem\",\"position\":3,\"name\":\"Camera con giardino\"}]},{\"@type\":\"WebSite\",\"@id\":\"https:\\\/\\\/visitfinaleligure.it\\\/de\\\/#website\",\"url\":\"https:\\\/\\\/visitfinaleligure.it\\\/de\\\/\",\"name\":\"Visit Finale Ligure\",\"description\":\"My perfect place\",\"publisher\":{\"@id\":\"https:\\\/\\\/visitfinaleligure.it\\\/de\\\/#organization\"},\"potentialAction\":[{\"@type\":\"SearchAction\",\"target\":{\"@type\":\"EntryPoint\",\"urlTemplate\":\"https:\\\/\\\/visitfinaleligure.it\\\/de\\\/?s={search_term_string}\"},\"query-input\":{\"@type\":\"PropertyValueSpecification\",\"valueRequired\":true,\"valueName\":\"search_term_string\"}}],\"inLanguage\":\"de\"},{\"@type\":\"Organization\",\"@id\":\"https:\\\/\\\/visitfinaleligure.it\\\/de\\\/#organization\",\"name\":\"Comune di Finale Ligure\",\"url\":\"https:\\\/\\\/visitfinaleligure.it\\\/de\\\/\",\"logo\":{\"@type\":\"ImageObject\",\"inLanguage\":\"de\",\"@id\":\"https:\\\/\\\/visitfinaleligure.it\\\/de\\\/#\\\/schema\\\/logo\\\/image\\\/\",\"url\":\"https:\\\/\\\/visitfinaleligure.it\\\/wp-content\\\/uploads\\\/2023\\\/04\\\/cropped-finaleligure-verticale-positivo-200x200-1.png\",\"contentUrl\":\"https:\\\/\\\/visitfinaleligure.it\\\/wp-content\\\/uploads\\\/2023\\\/04\\\/cropped-finaleligure-verticale-positivo-200x200-1.png\",\"width\":512,\"height\":512,\"caption\":\"Comune di Finale Ligure\"},\"image\":{\"@id\":\"https:\\\/\\\/visitfinaleligure.it\\\/de\\\/#\\\/schema\\\/logo\\\/image\\\/\"},\"sameAs\":[\"https:\\\/\\\/www.facebook.com\\\/VisitFinaleLigure\",\"https:\\\/\\\/www.instagram.com\\\/visitfinale\\\/\",\"https:\\\/\\\/www.youtube.com\\\/channel\\\/UCLmoLfNmrAt9mSCll9egttw\"]}]}<\/script>\n<!-- \/ Yoast SEO plugin. -->","yoast_head_json":{"title":"Camera con giardino - Visit Finale Ligure","description":"Stell dir vor, du wachst in einem ruhigen Zimmer auf, umgeben von der Stille eines Wohnviertels und dem Duft der Blumen, die aus dem Garten kommen. Du","robots":{"index":"index","follow":"follow","max-snippet":"max-snippet:-1","max-image-preview":"max-image-preview:large","max-video-preview":"max-video-preview:-1"},"canonical":"https:\/\/visitfinaleligure.it\/de\/struttura\/camera-con-giardino-2\/","og_locale":"de_DE","og_type":"article","og_title":"Camera con giardino - Visit Finale Ligure","og_description":"Stell dir vor, du wachst in einem ruhigen Zimmer auf, umgeben von der Stille eines Wohnviertels und dem Duft der Blumen, die aus dem Garten kommen. Du","og_url":"https:\/\/visitfinaleligure.it\/de\/struttura\/camera-con-giardino-2\/","og_site_name":"Visit Finale Ligure","article_publisher":"https:\/\/www.facebook.com\/VisitFinaleLigure","og_image":[{"width":2500,"height":1405,"url":"https:\/\/visitfinaleligure.it\/wp-content\/uploads\/2023\/03\/Capo-caprazoppa-1-1.jpg","type":"image\/jpeg"}],"twitter_card":"summary_large_image","twitter_misc":{"Gesch\u00e4tzte Lesezeit":"2\u00a0Minuten"},"schema":{"@context":"https:\/\/schema.org","@graph":[{"@type":"WebPage","@id":"https:\/\/visitfinaleligure.it\/de\/struttura\/camera-con-giardino-2\/","url":"https:\/\/visitfinaleligure.it\/de\/struttura\/camera-con-giardino-2\/","name":"Camera con giardino - Visit Finale Ligure","isPartOf":{"@id":"https:\/\/visitfinaleligure.it\/de\/#website"},"datePublished":"2026-08-27T09:07:53+00:00","description":"Stell dir vor, du wachst in einem ruhigen Zimmer auf, umgeben von der Stille eines Wohnviertels und dem Duft der Blumen, die aus dem Garten kommen. Du","breadcrumb":{"@id":"https:\/\/visitfinaleligure.it\/de\/struttura\/camera-con-giardino-2\/#breadcrumb"},"inLanguage":"de","potentialAction":[{"@type":"ReadAction","target":["https:\/\/visitfinaleligure.it\/de\/struttura\/camera-con-giardino-2\/"]}]},{"@type":"BreadcrumbList","@id":"https:\/\/visitfinaleligure.it\/de\/struttura\/camera-con-giardino-2\/#breadcrumb","itemListElement":[{"@type":"ListItem","position":1,"name":"Home","item":"https:\/\/visitfinaleligure.it\/de\/"},{"@type":"ListItem","position":2,"name":"Strutture","item":"https:\/\/visitfinaleligure.it\/de\/struttura\/"},{"@type":"ListItem","position":3,"name":"Camera con giardino"}]},{"@type":"WebSite","@id":"https:\/\/visitfinaleligure.it\/de\/#website","url":"https:\/\/visitfinaleligure.it\/de\/","name":"Visit Finale Ligure","description":"My perfect place","publisher":{"@id":"https:\/\/visitfinaleligure.it\/de\/#organization"},"potentialAction":[{"@type":"SearchAction","target":{"@type":"EntryPoint","urlTemplate":"https:\/\/visitfinaleligure.it\/de\/?s={search_term_string}"},"query-input":{"@type":"PropertyValueSpecification","valueRequired":true,"valueName":"search_term_string"}}],"inLanguage":"de"},{"@type":"Organization","@id":"https:\/\/visitfinaleligure.it\/de\/#organization","name":"Comune di Finale Ligure","url":"https:\/\/visitfinaleligure.it\/de\/","logo":{"@type":"ImageObject","inLanguage":"de","@id":"https:\/\/visitfinaleligure.it\/de\/#\/schema\/logo\/image\/","url":"https:\/\/visitfinaleligure.it\/wp-content\/uploads\/2023\/04\/cropped-finaleligure-verticale-positivo-200x200-1.png","contentUrl":"https:\/\/visitfinaleligure.it\/wp-content\/uploads\/2023\/04\/cropped-finaleligure-verticale-positivo-200x200-1.png","width":512,"height":512,"caption":"Comune di Finale Ligure"},"image":{"@id":"https:\/\/visitfinaleligure.it\/de\/#\/schema\/logo\/image\/"},"sameAs":["https:\/\/www.facebook.com\/VisitFinaleLigure","https:\/\/www.instagram.com\/visitfinale\/","https:\/\/www.youtube.com\/channel\/UCLmoLfNmrAt9mSCll9egttw"]}]}},"_links":{"self":[{"href":"https:\/\/visitfinaleligure.it\/de\/wp-json\/wp\/v2\/struttura\/23480","targetHints":{"allow":["GET"]}}],"collection":[{"href":"https:\/\/visitfinaleligure.it\/de\/wp-json\/wp\/v2\/struttura"}],"about":[{"href":"https:\/\/visitfinaleligure.it\/de\/wp-json\/wp\/v2\/types\/struttura"}],"wp:attachment":[{"href":"https:\/\/visitfinaleligure.it\/de\/wp-json\/wp\/v2\/media?parent=23480"}],"wp:term":[{"taxonomy":"categoria","embeddable":true,"href":"https:\/\/visitfinaleligure.it\/de\/wp-json\/wp\/v2\/categoria?post=23480"},{"taxonomy":"classificazione","embeddable":true,"href":"https:\/\/visitfinaleligure.it\/de\/wp-json\/wp\/v2\/classificazione?post=23480"},{"taxonomy":"localita","embeddable":true,"href":"https:\/\/visitfinaleligure.it\/de\/wp-json\/wp\/v2\/localita?post=23480"},{"taxonomy":"gruppomarketing","embeddable":true,"href":"https:\/\/visitfinaleligure.it\/de\/wp-json\/wp\/v2\/gruppomarketing?post=23480"},{"taxonomy":"stella","embeddable":true,"href":"https:\/\/visitfinaleligure.it\/de\/wp-json\/wp\/v2\/stella?post=23480"},{"taxonomy":"criteri","embeddable":true,"href":"https:\/\/visitfinaleligure.it\/de\/wp-json\/wp\/v2\/criteri?post=23480"}],"curies":[{"name":"wp","href":"https:\/\/api.w.org\/{rel}","templated":true}]}}

<p>Stell dir vor, du wachst in einem ruhigen Zimmer auf, umgeben von der Stille eines Wohnviertels und dem Duft der Blumen, die aus dem Garten kommen. Du bist in Finale Ligure, nur wenige Minuten vom Meer entfernt, aber weit weg vom Trubel, eingetaucht in den Frieden eines einladenden und lichtdurchfluteten Hauses.</p>
<p>Das Zimmer befindet sich in einer gepflegten Wohnung, die darauf ausgelegt ist, einen entspannenden Aufenthalt für zwei Personen zu bieten. Die Räume sind großzügig und geschmackvoll einfach und funktional eingerichtet. Du findest ein bequemes Doppelbett, einen Drehtüren-Schrank zum ordentlichen Verstauen deiner persönlichen Effekte und zwei Sessel, die perfekt zum Lesen oder Entspannen sind. Das eigene Bad ist innen im Zimmer, modern und sauber.</p>
<p>Das Haus ist vollständig mit kostenlosem WLAN ausgestattet und bietet auch Gemeinschaftsräume mit viel Persönlichkeit. Den Gästen steht ein großzügiges Wohnzimmer zur Verfügung, das perfekt ist, um sich nach einem Tag am Meer oder Ausflügen zu entspannen.</p>
<p>Aber das wahre Juwel des Hauses ist sein großer privater Garten von 100 m². Eine grüne Oase, gepflegt und voller Leben, mit schattenspendenden Bäumen, blühenden Blumenbeeten, Sonnenschirm und Liegen. Es ist der ideale Ort, um ein Buch im Freien zu lesen, in Ruhe Sonne zu tanken oder ein Frühstück am Morgen inmitten der Natur zu genießen.</p>
<p>Wenn du mit dem Fahrrad ankommst, kannst du es sicher im eingezäunten Garten abstellen. Wenn du mit dem Auto reist, gibt es die Möglichkeit, kostenlos am Straßenrand zu parken, oder auf Anfrage kannst du einen privaten Parkplatz (geeignet für kleine Autos) nutzen.</p>
<p>In wenigen Minuten kannst du das historische Dorf Finalborgo erreichen, ein mittelalterliches Juwel voller Denkmaler, typischer Geschäfte, Restaurants, Bars, einer Apotheke und einer Bibliothek. Es ist auch der Ausgangspunkt für Wanderliebhaber, mit panoramischen Wegen und Klippen, die von Kletterern aus der ganzen Welt frequentiert werden.</p>

<!-- This site is optimized with the Yoast SEO plugin v28.3 - https://yoast.com/product/yoast-seo-wordpress/ -->
<title>Camera con giardino - Visit Finale Ligure</title>
<meta name="description" content="Stell dir vor, du wachst in einem ruhigen Zimmer auf, umgeben von der Stille eines Wohnviertels und dem Duft der Blumen, die aus dem Garten kommen. Du" />
<meta name="robots" content="index, follow, max-snippet:-1, max-image-preview:large, max-video-preview:-1" />
<link rel="canonical" href="https://visitfinaleligure.it/de/struttura/camera-con-giardino-2/" />
<meta property="og:locale" content="de_DE" />
<meta property="og:type" content="article" />
<meta property="og:title" content="Camera con giardino - Visit Finale Ligure" />
<meta property="og:description" content="Stell dir vor, du wachst in einem ruhigen Zimmer auf, umgeben von der Stille eines Wohnviertels und dem Duft der Blumen, die aus dem Garten kommen. Du" />
<meta property="og:url" content="https://visitfinaleligure.it/de/struttura/camera-con-giardino-2/" />
<meta property="og:site_name" content="Visit Finale Ligure" />
<meta property="article:publisher" content="https://www.facebook.com/VisitFinaleLigure" />
<meta property="og:image" content="https://visitfinaleligure.it/wp-content/uploads/2023/03/Capo-caprazoppa-1-1.jpg" />
	<meta property="og:image:width" content="2500" />
	<meta property="og:image:height" content="1405" />
	<meta property="og:image:type" content="image/jpeg" />
<meta name="twitter:card" content="summary_large_image" />
<meta name="twitter:label1" content="Geschätzte Lesezeit" />
	<meta name="twitter:data1" content="2 Minuten" />
<script type="application/ld+json" class="yoast-schema-graph">{"@context":"https:\/\/schema.org","@graph":[{"@type":"WebPage","@id":"https:\/\/visitfinaleligure.it\/de\/struttura\/camera-con-giardino-2\/","url":"https:\/\/visitfinaleligure.it\/de\/struttura\/camera-con-giardino-2\/","name":"Camera con giardino - Visit Finale Ligure","isPartOf":{"@id":"https:\/\/visitfinaleligure.it\/de\/#website"},"datePublished":"2026-08-27T09:07:53+00:00","description":"Stell dir vor, du wachst in einem ruhigen Zimmer auf, umgeben von der Stille eines Wohnviertels und dem Duft der Blumen, die aus dem Garten kommen. Du","breadcrumb":{"@id":"https:\/\/visitfinaleligure.it\/de\/struttura\/camera-con-giardino-2\/#breadcrumb"},"inLanguage":"de","potentialAction":[{"@type":"ReadAction","target":["https:\/\/visitfinaleligure.it\/de\/struttura\/camera-con-giardino-2\/"]}]},{"@type":"BreadcrumbList","@id":"https:\/\/visitfinaleligure.it\/de\/struttura\/camera-con-giardino-2\/#breadcrumb","itemListElement":[{"@type":"ListItem","position":1,"name":"Home","item":"https:\/\/visitfinaleligure.it\/de\/"},{"@type":"ListItem","position":2,"name":"Strutture","item":"https:\/\/visitfinaleligure.it\/de\/struttura\/"},{"@type":"ListItem","position":3,"name":"Camera con giardino"}]},{"@type":"WebSite","@id":"https:\/\/visitfinaleligure.it\/de\/#website","url":"https:\/\/visitfinaleligure.it\/de\/","name":"Visit Finale Ligure","description":"My perfect place","publisher":{"@id":"https:\/\/visitfinaleligure.it\/de\/#organization"},"potentialAction":[{"@type":"SearchAction","target":{"@type":"EntryPoint","urlTemplate":"https:\/\/visitfinaleligure.it\/de\/?s={search_term_string}"},"query-input":{"@type":"PropertyValueSpecification","valueRequired":true,"valueName":"search_term_string"}}],"inLanguage":"de"},{"@type":"Organization","@id":"https:\/\/visitfinaleligure.it\/de\/#organization","name":"Comune di Finale Ligure","url":"https:\/\/visitfinaleligure.it\/de\/","logo":{"@type":"ImageObject","inLanguage":"de","@id":"https:\/\/visitfinaleligure.it\/de\/#\/schema\/logo\/image\/","url":"https:\/\/visitfinaleligure.it\/wp-content\/uploads\/2023\/04\/cropped-finaleligure-verticale-positivo-200x200-1.png","contentUrl":"https:\/\/visitfinaleligure.it\/wp-content\/uploads\/2023\/04\/cropped-finaleligure-verticale-positivo-200x200-1.png","width":512,"height":512,"caption":"Comune di Finale Ligure"},"image":{"@id":"https:\/\/visitfinaleligure.it\/de\/#\/schema\/logo\/image\/"},"sameAs":["https:\/\/www.facebook.com\/VisitFinaleLigure","https:\/\/www.instagram.com\/visitfinale\/","https:\/\/www.youtube.com\/channel\/UCLmoLfNmrAt9mSCll9egttw"]}]}</script>
<!-- / Yoast SEO plugin. -->
