{"id":23484,"date":"2026-08-27T11:07:54","date_gmt":"2026-08-27T09:07:54","guid":{"rendered":"https:\/\/visitfinaleligure.it\/struttura\/hotel-al-capo-2\/"},"modified":"2026-08-27T11:07:54","modified_gmt":"2026-08-27T09:07:54","slug":"hotel-al-capo-2","status":"publish","type":"struttura","link":"https:\/\/visitfinaleligure.it\/de\/struttura\/hotel-al-capo-2\/","title":{"rendered":"Hotel al Capo"},"content":{"rendered":"<p>Seit 1957 hei\u00dft das Hotel Al Capo seine G\u00e4ste mit einem authentischen L\u00e4cheln und einer Gastfreundschaft, die nach Zuhause duftet, willkommen. Eine famili\u00e4re F\u00fchrung, die von Jahr zu Jahr fortw\u00e4hrend erneuert wird, ohne je die W\u00e4rme der Urspr\u00fcnge zu verlieren.<\/p>\n<p>Wir befinden uns im malerischen Borgo Saraceno von Varigotti, nur wenige Schritte vom Meer entfernt: eine perfekte Kulisse f\u00fcr diejenigen, die Ruhe, Sch\u00f6nheit und ein langsameres Tempo suchen.<\/p>\n<p>Hier ist jedes Detail darauf ausgelegt, dass Sie sich wohlf\u00fchlen, aber es ist die K\u00fcche, die wirklich erz\u00e4hlt, wer wir sind: mediterrane D\u00fcfte, ligurische Rezepte, die \u00fcber die Zeit weitergegeben wurden, und frische Zutaten, die direkt aus unseren G\u00e4rten kommen.<\/p>\n<p>Im Hotel Al Capo genie\u00dft man die Zeit. Zwischen einem Spaziergang an der Strandpromenade, einem Teller Trofie al Pesto und einem Sonnenuntergang, der sich in den pastellfarbenen H\u00e4usern widerspiegelt, werden Sie die Freude an einfachen Dingen, die mit Sorgfalt gemacht sind, entdecken.<\/p>\n","protected":false},"featured_media":0,"template":"","meta":[],"categoria":[931],"classificazione":[],"localita":[195],"gruppomarketing":[],"stella":[932],"criteri":[1014,1012,1163,1019,908,965,1036,929,986,1025,915,944,917,948,927,914,1013,1158,918,1021,1018,1218,1026,967,1017,969,1091,922,933,1136,947],"class_list":["post-23484","struttura","type-struttura","status-publish","hentry","categoria-hotel","localita-varigotti","stella-3-stelle","criteri-agosto","criteri-animali-domestici-non-ammessi","criteri-apple-pay","criteri-aprile","criteri-ascensore","criteri-assegno","criteri-bar","criteri-bonifico","criteri-centro-storico","criteri-climatizzatore","criteri-contanti","criteri-culla","criteri-euro-accettati","criteri-famiglie","criteri-finalese-e-i-suoi-altipiani","criteri-garage","criteri-giugno","criteri-google-pay","criteri-inglese","criteri-luglio","criteri-maggio","criteri-menu-per-intolleranze-alimentari","criteri-ottobre","criteri-parcheggio-auto","criteri-settembre","criteri-si-accettano-carte-di-credito","criteri-stagionale","criteri-tv-satellitare","criteri-viaggiatori-per-affari","criteri-vicino-al-mare","criteri-wifi"],"yoast_head":"<!-- This site is optimized with the Yoast SEO plugin v28.3 - https:\/\/yoast.com\/product\/yoast-seo-wordpress\/ -->\n<title>Hotel al Capo - Visit Finale Ligure<\/title>\n<meta name=\"description\" content=\"Seit 1957 hei\u00dft das Hotel Al Capo seine G\u00e4ste mit einem authentischen L\u00e4cheln und einer Gastfreundschaft, die nach Zuhause duftet, willkommen. Eine\" \/>\n<meta name=\"robots\" content=\"index, follow, max-snippet:-1, max-image-preview:large, max-video-preview:-1\" \/>\n<link rel=\"canonical\" href=\"https:\/\/visitfinaleligure.it\/de\/struttura\/hotel-al-capo-2\/\" \/>\n<meta property=\"og:locale\" content=\"de_DE\" \/>\n<meta property=\"og:type\" content=\"article\" \/>\n<meta property=\"og:title\" content=\"Hotel al Capo - Visit Finale Ligure\" \/>\n<meta property=\"og:description\" content=\"Seit 1957 hei\u00dft das Hotel Al Capo seine G\u00e4ste mit einem authentischen L\u00e4cheln und einer Gastfreundschaft, die nach Zuhause duftet, willkommen. Eine\" \/>\n<meta property=\"og:url\" content=\"https:\/\/visitfinaleligure.it\/de\/struttura\/hotel-al-capo-2\/\" \/>\n<meta property=\"og:site_name\" content=\"Visit Finale Ligure\" \/>\n<meta property=\"article:publisher\" content=\"https:\/\/www.facebook.com\/VisitFinaleLigure\" \/>\n<meta property=\"og:image\" content=\"https:\/\/visitfinaleligure.it\/wp-content\/uploads\/2023\/03\/Capo-caprazoppa-1-1.jpg\" \/>\n\t<meta property=\"og:image:width\" content=\"2500\" \/>\n\t<meta property=\"og:image:height\" content=\"1405\" \/>\n\t<meta property=\"og:image:type\" content=\"image\/jpeg\" \/>\n<meta name=\"twitter:card\" content=\"summary_large_image\" \/>\n<meta name=\"twitter:label1\" content=\"Gesch\u00e4tzte Lesezeit\" \/>\n\t<meta name=\"twitter:data1\" content=\"1\u00a0Minute\" \/>\n<script type=\"application\/ld+json\" class=\"yoast-schema-graph\">{\"@context\":\"https:\\\/\\\/schema.org\",\"@graph\":[{\"@type\":\"WebPage\",\"@id\":\"https:\\\/\\\/visitfinaleligure.it\\\/de\\\/struttura\\\/hotel-al-capo-2\\\/\",\"url\":\"https:\\\/\\\/visitfinaleligure.it\\\/de\\\/struttura\\\/hotel-al-capo-2\\\/\",\"name\":\"Hotel al Capo - Visit Finale Ligure\",\"isPartOf\":{\"@id\":\"https:\\\/\\\/visitfinaleligure.it\\\/de\\\/#website\"},\"datePublished\":\"2026-08-27T09:07:54+00:00\",\"description\":\"Seit 1957 hei\u00dft das Hotel Al Capo seine G\u00e4ste mit einem authentischen L\u00e4cheln und einer Gastfreundschaft, die nach Zuhause duftet, willkommen. Eine\",\"breadcrumb\":{\"@id\":\"https:\\\/\\\/visitfinaleligure.it\\\/de\\\/struttura\\\/hotel-al-capo-2\\\/#breadcrumb\"},\"inLanguage\":\"de\",\"potentialAction\":[{\"@type\":\"ReadAction\",\"target\":[\"https:\\\/\\\/visitfinaleligure.it\\\/de\\\/struttura\\\/hotel-al-capo-2\\\/\"]}]},{\"@type\":\"BreadcrumbList\",\"@id\":\"https:\\\/\\\/visitfinaleligure.it\\\/de\\\/struttura\\\/hotel-al-capo-2\\\/#breadcrumb\",\"itemListElement\":[{\"@type\":\"ListItem\",\"position\":1,\"name\":\"Home\",\"item\":\"https:\\\/\\\/visitfinaleligure.it\\\/de\\\/\"},{\"@type\":\"ListItem\",\"position\":2,\"name\":\"Strutture\",\"item\":\"https:\\\/\\\/visitfinaleligure.it\\\/de\\\/struttura\\\/\"},{\"@type\":\"ListItem\",\"position\":3,\"name\":\"Hotel al Capo\"}]},{\"@type\":\"WebSite\",\"@id\":\"https:\\\/\\\/visitfinaleligure.it\\\/de\\\/#website\",\"url\":\"https:\\\/\\\/visitfinaleligure.it\\\/de\\\/\",\"name\":\"Visit Finale Ligure\",\"description\":\"My perfect place\",\"publisher\":{\"@id\":\"https:\\\/\\\/visitfinaleligure.it\\\/de\\\/#organization\"},\"potentialAction\":[{\"@type\":\"SearchAction\",\"target\":{\"@type\":\"EntryPoint\",\"urlTemplate\":\"https:\\\/\\\/visitfinaleligure.it\\\/de\\\/?s={search_term_string}\"},\"query-input\":{\"@type\":\"PropertyValueSpecification\",\"valueRequired\":true,\"valueName\":\"search_term_string\"}}],\"inLanguage\":\"de\"},{\"@type\":\"Organization\",\"@id\":\"https:\\\/\\\/visitfinaleligure.it\\\/de\\\/#organization\",\"name\":\"Comune di Finale Ligure\",\"url\":\"https:\\\/\\\/visitfinaleligure.it\\\/de\\\/\",\"logo\":{\"@type\":\"ImageObject\",\"inLanguage\":\"de\",\"@id\":\"https:\\\/\\\/visitfinaleligure.it\\\/de\\\/#\\\/schema\\\/logo\\\/image\\\/\",\"url\":\"https:\\\/\\\/visitfinaleligure.it\\\/wp-content\\\/uploads\\\/2023\\\/04\\\/cropped-finaleligure-verticale-positivo-200x200-1.png\",\"contentUrl\":\"https:\\\/\\\/visitfinaleligure.it\\\/wp-content\\\/uploads\\\/2023\\\/04\\\/cropped-finaleligure-verticale-positivo-200x200-1.png\",\"width\":512,\"height\":512,\"caption\":\"Comune di Finale Ligure\"},\"image\":{\"@id\":\"https:\\\/\\\/visitfinaleligure.it\\\/de\\\/#\\\/schema\\\/logo\\\/image\\\/\"},\"sameAs\":[\"https:\\\/\\\/www.facebook.com\\\/VisitFinaleLigure\",\"https:\\\/\\\/www.instagram.com\\\/visitfinale\\\/\",\"https:\\\/\\\/www.youtube.com\\\/channel\\\/UCLmoLfNmrAt9mSCll9egttw\"]}]}<\/script>\n<!-- \/ Yoast SEO plugin. -->","yoast_head_json":{"title":"Hotel al Capo - Visit Finale Ligure","description":"Seit 1957 hei\u00dft das Hotel Al Capo seine G\u00e4ste mit einem authentischen L\u00e4cheln und einer Gastfreundschaft, die nach Zuhause duftet, willkommen. Eine","robots":{"index":"index","follow":"follow","max-snippet":"max-snippet:-1","max-image-preview":"max-image-preview:large","max-video-preview":"max-video-preview:-1"},"canonical":"https:\/\/visitfinaleligure.it\/de\/struttura\/hotel-al-capo-2\/","og_locale":"de_DE","og_type":"article","og_title":"Hotel al Capo - Visit Finale Ligure","og_description":"Seit 1957 hei\u00dft das Hotel Al Capo seine G\u00e4ste mit einem authentischen L\u00e4cheln und einer Gastfreundschaft, die nach Zuhause duftet, willkommen. Eine","og_url":"https:\/\/visitfinaleligure.it\/de\/struttura\/hotel-al-capo-2\/","og_site_name":"Visit Finale Ligure","article_publisher":"https:\/\/www.facebook.com\/VisitFinaleLigure","og_image":[{"width":2500,"height":1405,"url":"https:\/\/visitfinaleligure.it\/wp-content\/uploads\/2023\/03\/Capo-caprazoppa-1-1.jpg","type":"image\/jpeg"}],"twitter_card":"summary_large_image","twitter_misc":{"Gesch\u00e4tzte Lesezeit":"1\u00a0Minute"},"schema":{"@context":"https:\/\/schema.org","@graph":[{"@type":"WebPage","@id":"https:\/\/visitfinaleligure.it\/de\/struttura\/hotel-al-capo-2\/","url":"https:\/\/visitfinaleligure.it\/de\/struttura\/hotel-al-capo-2\/","name":"Hotel al Capo - Visit Finale Ligure","isPartOf":{"@id":"https:\/\/visitfinaleligure.it\/de\/#website"},"datePublished":"2026-08-27T09:07:54+00:00","description":"Seit 1957 hei\u00dft das Hotel Al Capo seine G\u00e4ste mit einem authentischen L\u00e4cheln und einer Gastfreundschaft, die nach Zuhause duftet, willkommen. Eine","breadcrumb":{"@id":"https:\/\/visitfinaleligure.it\/de\/struttura\/hotel-al-capo-2\/#breadcrumb"},"inLanguage":"de","potentialAction":[{"@type":"ReadAction","target":["https:\/\/visitfinaleligure.it\/de\/struttura\/hotel-al-capo-2\/"]}]},{"@type":"BreadcrumbList","@id":"https:\/\/visitfinaleligure.it\/de\/struttura\/hotel-al-capo-2\/#breadcrumb","itemListElement":[{"@type":"ListItem","position":1,"name":"Home","item":"https:\/\/visitfinaleligure.it\/de\/"},{"@type":"ListItem","position":2,"name":"Strutture","item":"https:\/\/visitfinaleligure.it\/de\/struttura\/"},{"@type":"ListItem","position":3,"name":"Hotel al Capo"}]},{"@type":"WebSite","@id":"https:\/\/visitfinaleligure.it\/de\/#website","url":"https:\/\/visitfinaleligure.it\/de\/","name":"Visit Finale Ligure","description":"My perfect place","publisher":{"@id":"https:\/\/visitfinaleligure.it\/de\/#organization"},"potentialAction":[{"@type":"SearchAction","target":{"@type":"EntryPoint","urlTemplate":"https:\/\/visitfinaleligure.it\/de\/?s={search_term_string}"},"query-input":{"@type":"PropertyValueSpecification","valueRequired":true,"valueName":"search_term_string"}}],"inLanguage":"de"},{"@type":"Organization","@id":"https:\/\/visitfinaleligure.it\/de\/#organization","name":"Comune di Finale Ligure","url":"https:\/\/visitfinaleligure.it\/de\/","logo":{"@type":"ImageObject","inLanguage":"de","@id":"https:\/\/visitfinaleligure.it\/de\/#\/schema\/logo\/image\/","url":"https:\/\/visitfinaleligure.it\/wp-content\/uploads\/2023\/04\/cropped-finaleligure-verticale-positivo-200x200-1.png","contentUrl":"https:\/\/visitfinaleligure.it\/wp-content\/uploads\/2023\/04\/cropped-finaleligure-verticale-positivo-200x200-1.png","width":512,"height":512,"caption":"Comune di Finale Ligure"},"image":{"@id":"https:\/\/visitfinaleligure.it\/de\/#\/schema\/logo\/image\/"},"sameAs":["https:\/\/www.facebook.com\/VisitFinaleLigure","https:\/\/www.instagram.com\/visitfinale\/","https:\/\/www.youtube.com\/channel\/UCLmoLfNmrAt9mSCll9egttw"]}]}},"_links":{"self":[{"href":"https:\/\/visitfinaleligure.it\/de\/wp-json\/wp\/v2\/struttura\/23484","targetHints":{"allow":["GET"]}}],"collection":[{"href":"https:\/\/visitfinaleligure.it\/de\/wp-json\/wp\/v2\/struttura"}],"about":[{"href":"https:\/\/visitfinaleligure.it\/de\/wp-json\/wp\/v2\/types\/struttura"}],"wp:attachment":[{"href":"https:\/\/visitfinaleligure.it\/de\/wp-json\/wp\/v2\/media?parent=23484"}],"wp:term":[{"taxonomy":"categoria","embeddable":true,"href":"https:\/\/visitfinaleligure.it\/de\/wp-json\/wp\/v2\/categoria?post=23484"},{"taxonomy":"classificazione","embeddable":true,"href":"https:\/\/visitfinaleligure.it\/de\/wp-json\/wp\/v2\/classificazione?post=23484"},{"taxonomy":"localita","embeddable":true,"href":"https:\/\/visitfinaleligure.it\/de\/wp-json\/wp\/v2\/localita?post=23484"},{"taxonomy":"gruppomarketing","embeddable":true,"href":"https:\/\/visitfinaleligure.it\/de\/wp-json\/wp\/v2\/gruppomarketing?post=23484"},{"taxonomy":"stella","embeddable":true,"href":"https:\/\/visitfinaleligure.it\/de\/wp-json\/wp\/v2\/stella?post=23484"},{"taxonomy":"criteri","embeddable":true,"href":"https:\/\/visitfinaleligure.it\/de\/wp-json\/wp\/v2\/criteri?post=23484"}],"curies":[{"name":"wp","href":"https:\/\/api.w.org\/{rel}","templated":true}]}}

<p>Seit 1957 heißt das Hotel Al Capo seine Gäste mit einem authentischen Lächeln und einer Gastfreundschaft, die nach Zuhause duftet, willkommen. Eine familiäre Führung, die von Jahr zu Jahr fortwährend erneuert wird, ohne je die Wärme der Ursprünge zu verlieren.</p>
<p>Wir befinden uns im malerischen Borgo Saraceno von Varigotti, nur wenige Schritte vom Meer entfernt: eine perfekte Kulisse für diejenigen, die Ruhe, Schönheit und ein langsameres Tempo suchen.</p>
<p>Hier ist jedes Detail darauf ausgelegt, dass Sie sich wohlfühlen, aber es ist die Küche, die wirklich erzählt, wer wir sind: mediterrane Düfte, ligurische Rezepte, die über die Zeit weitergegeben wurden, und frische Zutaten, die direkt aus unseren Gärten kommen.</p>
<p>Im Hotel Al Capo genießt man die Zeit. Zwischen einem Spaziergang an der Strandpromenade, einem Teller Trofie al Pesto und einem Sonnenuntergang, der sich in den pastellfarbenen Häusern widerspiegelt, werden Sie die Freude an einfachen Dingen, die mit Sorgfalt gemacht sind, entdecken.</p>

<!-- This site is optimized with the Yoast SEO plugin v28.3 - https://yoast.com/product/yoast-seo-wordpress/ -->
<title>Hotel al Capo - Visit Finale Ligure</title>
<meta name="description" content="Seit 1957 heißt das Hotel Al Capo seine Gäste mit einem authentischen Lächeln und einer Gastfreundschaft, die nach Zuhause duftet, willkommen. Eine" />
<meta name="robots" content="index, follow, max-snippet:-1, max-image-preview:large, max-video-preview:-1" />
<link rel="canonical" href="https://visitfinaleligure.it/de/struttura/hotel-al-capo-2/" />
<meta property="og:locale" content="de_DE" />
<meta property="og:type" content="article" />
<meta property="og:title" content="Hotel al Capo - Visit Finale Ligure" />
<meta property="og:description" content="Seit 1957 heißt das Hotel Al Capo seine Gäste mit einem authentischen Lächeln und einer Gastfreundschaft, die nach Zuhause duftet, willkommen. Eine" />
<meta property="og:url" content="https://visitfinaleligure.it/de/struttura/hotel-al-capo-2/" />
<meta property="og:site_name" content="Visit Finale Ligure" />
<meta property="article:publisher" content="https://www.facebook.com/VisitFinaleLigure" />
<meta property="og:image" content="https://visitfinaleligure.it/wp-content/uploads/2023/03/Capo-caprazoppa-1-1.jpg" />
	<meta property="og:image:width" content="2500" />
	<meta property="og:image:height" content="1405" />
	<meta property="og:image:type" content="image/jpeg" />
<meta name="twitter:card" content="summary_large_image" />
<meta name="twitter:label1" content="Geschätzte Lesezeit" />
	<meta name="twitter:data1" content="1 Minute" />
<script type="application/ld+json" class="yoast-schema-graph">{"@context":"https:\/\/schema.org","@graph":[{"@type":"WebPage","@id":"https:\/\/visitfinaleligure.it\/de\/struttura\/hotel-al-capo-2\/","url":"https:\/\/visitfinaleligure.it\/de\/struttura\/hotel-al-capo-2\/","name":"Hotel al Capo - Visit Finale Ligure","isPartOf":{"@id":"https:\/\/visitfinaleligure.it\/de\/#website"},"datePublished":"2026-08-27T09:07:54+00:00","description":"Seit 1957 heißt das Hotel Al Capo seine Gäste mit einem authentischen Lächeln und einer Gastfreundschaft, die nach Zuhause duftet, willkommen. Eine","breadcrumb":{"@id":"https:\/\/visitfinaleligure.it\/de\/struttura\/hotel-al-capo-2\/#breadcrumb"},"inLanguage":"de","potentialAction":[{"@type":"ReadAction","target":["https:\/\/visitfinaleligure.it\/de\/struttura\/hotel-al-capo-2\/"]}]},{"@type":"BreadcrumbList","@id":"https:\/\/visitfinaleligure.it\/de\/struttura\/hotel-al-capo-2\/#breadcrumb","itemListElement":[{"@type":"ListItem","position":1,"name":"Home","item":"https:\/\/visitfinaleligure.it\/de\/"},{"@type":"ListItem","position":2,"name":"Strutture","item":"https:\/\/visitfinaleligure.it\/de\/struttura\/"},{"@type":"ListItem","position":3,"name":"Hotel al Capo"}]},{"@type":"WebSite","@id":"https:\/\/visitfinaleligure.it\/de\/#website","url":"https:\/\/visitfinaleligure.it\/de\/","name":"Visit Finale Ligure","description":"My perfect place","publisher":{"@id":"https:\/\/visitfinaleligure.it\/de\/#organization"},"potentialAction":[{"@type":"SearchAction","target":{"@type":"EntryPoint","urlTemplate":"https:\/\/visitfinaleligure.it\/de\/?s={search_term_string}"},"query-input":{"@type":"PropertyValueSpecification","valueRequired":true,"valueName":"search_term_string"}}],"inLanguage":"de"},{"@type":"Organization","@id":"https:\/\/visitfinaleligure.it\/de\/#organization","name":"Comune di Finale Ligure","url":"https:\/\/visitfinaleligure.it\/de\/","logo":{"@type":"ImageObject","inLanguage":"de","@id":"https:\/\/visitfinaleligure.it\/de\/#\/schema\/logo\/image\/","url":"https:\/\/visitfinaleligure.it\/wp-content\/uploads\/2023\/04\/cropped-finaleligure-verticale-positivo-200x200-1.png","contentUrl":"https:\/\/visitfinaleligure.it\/wp-content\/uploads\/2023\/04\/cropped-finaleligure-verticale-positivo-200x200-1.png","width":512,"height":512,"caption":"Comune di Finale Ligure"},"image":{"@id":"https:\/\/visitfinaleligure.it\/de\/#\/schema\/logo\/image\/"},"sameAs":["https:\/\/www.facebook.com\/VisitFinaleLigure","https:\/\/www.instagram.com\/visitfinale\/","https:\/\/www.youtube.com\/channel\/UCLmoLfNmrAt9mSCll9egttw"]}]}</script>
<!-- / Yoast SEO plugin. -->

Seit 1957 heißt das Hotel Al Capo seine Gäste mit einem authentischen Lächeln und einer Gastfreundschaft, die nach Zuhause duftet, willkommen. Eine
