{"id":23500,"date":"2026-08-27T11:07:58","date_gmt":"2026-08-27T09:07:58","guid":{"rendered":"https:\/\/visitfinaleligure.it\/struttura\/torre-mendari-2\/"},"modified":"2026-08-27T11:07:58","modified_gmt":"2026-08-27T09:07:58","slug":"torre-mendari-2","status":"publish","type":"struttura","link":"https:\/\/visitfinaleligure.it\/de\/struttura\/torre-mendari-2\/","title":{"rendered":"Torre Mendari"},"content":{"rendered":"<p>In der wundersch\u00f6nen Hochebene von Le Manie liegt das Ferienresort &#8216;Torre Mendari&#8217;.<br \/>\nEin kleines Refugium, eingebettet in die Natur, fernab vom Stress der Stadt, ideal f\u00fcr Familien, f\u00fcr Outdoor-Sportliebhaber und f\u00fcr alle, die einen entspannenden Urlaub suchen.<br \/>\nUnser Dorf Torre Mendari, 500 Meter vom Camping San Martino entfernt, ist der perfekte Ort, um ein wenig Ruhe unter den B\u00e4umen zu genie\u00dfen. Alle Dienstleistungen des Camping San Martino stehen Ihnen zur Verf\u00fcgung.<br \/>\nEingebettet in die gr\u00fcne Landschaft des Binnenlandes von Finale Ligure und fernab von der Hektik und dem L\u00e4rm der Stadt, bieten wir Ihnen einen Urlaub in engem Kontakt mit der Natur, im Zeichen von Frieden und Ruhe.<\/p>\n","protected":false},"featured_media":0,"template":"","meta":[],"categoria":[1254,1253],"classificazione":[],"localita":[234],"gruppomarketing":[902],"stella":[959],"criteri":[992,928,962,1099,965,952,1055,957,929,1040,1025,915,941,1189,918,1198,967,954,936,969,943,947,926],"class_list":["post-23500","struttura","type-struttura","status-publish","hentry","categoria-campeggio","categoria-villaggio-turistico","localita-manie","gruppomarketing-finale-outdoor-region","stella-2-stelle","criteri-adatto-a-famiglie","criteri-animali-domestici-ammessi","criteri-area-giochi-per-bambini","criteri-area-non-fumatori","criteri-assegno","criteri-attrezzature-per-bambini","criteri-barbecue","criteri-bike-wash","criteri-bonifico","criteri-casa-non-fumatori","criteri-climatizzatore","criteri-contanti","criteri-francese","criteri-giardino-per-ospiti","criteri-inglese","criteri-olandese","criteri-parcheggio-auto","criteri-seggiolone","criteri-servizio-lavanderia","criteri-si-accettano-carte-di-credito","criteri-tedesco","criteri-wifi","criteri-zona-tranquilla"],"yoast_head":"<!-- This site is optimized with the Yoast SEO plugin v28.3 - https:\/\/yoast.com\/product\/yoast-seo-wordpress\/ -->\n<title>Torre Mendari - Visit Finale Ligure<\/title>\n<meta name=\"description\" content=\"In der wundersch\u00f6nen Hochebene von Le Manie liegt das Ferienresort &#039;Torre Mendari&#039;. Ein kleines Refugium, eingebettet in die Natur, fernab vom Stress der\" \/>\n<meta name=\"robots\" content=\"index, follow, max-snippet:-1, max-image-preview:large, max-video-preview:-1\" \/>\n<link rel=\"canonical\" href=\"https:\/\/visitfinaleligure.it\/de\/struttura\/torre-mendari-2\/\" \/>\n<meta property=\"og:locale\" content=\"de_DE\" \/>\n<meta property=\"og:type\" content=\"article\" \/>\n<meta property=\"og:title\" content=\"Torre Mendari - Visit Finale Ligure\" \/>\n<meta property=\"og:description\" content=\"In der wundersch\u00f6nen Hochebene von Le Manie liegt das Ferienresort &#039;Torre Mendari&#039;. Ein kleines Refugium, eingebettet in die Natur, fernab vom Stress der\" \/>\n<meta property=\"og:url\" content=\"https:\/\/visitfinaleligure.it\/de\/struttura\/torre-mendari-2\/\" \/>\n<meta property=\"og:site_name\" content=\"Visit Finale Ligure\" \/>\n<meta property=\"article:publisher\" content=\"https:\/\/www.facebook.com\/VisitFinaleLigure\" \/>\n<meta property=\"og:image\" content=\"https:\/\/visitfinaleligure.it\/wp-content\/uploads\/2023\/03\/Capo-caprazoppa-1-1.jpg\" \/>\n\t<meta property=\"og:image:width\" content=\"2500\" \/>\n\t<meta property=\"og:image:height\" content=\"1405\" \/>\n\t<meta property=\"og:image:type\" content=\"image\/jpeg\" \/>\n<meta name=\"twitter:card\" content=\"summary_large_image\" \/>\n<meta name=\"twitter:label1\" content=\"Gesch\u00e4tzte Lesezeit\" \/>\n\t<meta name=\"twitter:data1\" content=\"1\u00a0Minute\" \/>\n<script type=\"application\/ld+json\" class=\"yoast-schema-graph\">{\"@context\":\"https:\\\/\\\/schema.org\",\"@graph\":[{\"@type\":\"WebPage\",\"@id\":\"https:\\\/\\\/visitfinaleligure.it\\\/de\\\/struttura\\\/torre-mendari-2\\\/\",\"url\":\"https:\\\/\\\/visitfinaleligure.it\\\/de\\\/struttura\\\/torre-mendari-2\\\/\",\"name\":\"Torre Mendari - Visit Finale Ligure\",\"isPartOf\":{\"@id\":\"https:\\\/\\\/visitfinaleligure.it\\\/de\\\/#website\"},\"datePublished\":\"2026-08-27T09:07:58+00:00\",\"description\":\"In der wundersch\u00f6nen Hochebene von Le Manie liegt das Ferienresort 'Torre Mendari'. Ein kleines Refugium, eingebettet in die Natur, fernab vom Stress der\",\"breadcrumb\":{\"@id\":\"https:\\\/\\\/visitfinaleligure.it\\\/de\\\/struttura\\\/torre-mendari-2\\\/#breadcrumb\"},\"inLanguage\":\"de\",\"potentialAction\":[{\"@type\":\"ReadAction\",\"target\":[\"https:\\\/\\\/visitfinaleligure.it\\\/de\\\/struttura\\\/torre-mendari-2\\\/\"]}]},{\"@type\":\"BreadcrumbList\",\"@id\":\"https:\\\/\\\/visitfinaleligure.it\\\/de\\\/struttura\\\/torre-mendari-2\\\/#breadcrumb\",\"itemListElement\":[{\"@type\":\"ListItem\",\"position\":1,\"name\":\"Home\",\"item\":\"https:\\\/\\\/visitfinaleligure.it\\\/de\\\/\"},{\"@type\":\"ListItem\",\"position\":2,\"name\":\"Strutture\",\"item\":\"https:\\\/\\\/visitfinaleligure.it\\\/de\\\/struttura\\\/\"},{\"@type\":\"ListItem\",\"position\":3,\"name\":\"Torre Mendari\"}]},{\"@type\":\"WebSite\",\"@id\":\"https:\\\/\\\/visitfinaleligure.it\\\/de\\\/#website\",\"url\":\"https:\\\/\\\/visitfinaleligure.it\\\/de\\\/\",\"name\":\"Visit Finale Ligure\",\"description\":\"My perfect place\",\"publisher\":{\"@id\":\"https:\\\/\\\/visitfinaleligure.it\\\/de\\\/#organization\"},\"potentialAction\":[{\"@type\":\"SearchAction\",\"target\":{\"@type\":\"EntryPoint\",\"urlTemplate\":\"https:\\\/\\\/visitfinaleligure.it\\\/de\\\/?s={search_term_string}\"},\"query-input\":{\"@type\":\"PropertyValueSpecification\",\"valueRequired\":true,\"valueName\":\"search_term_string\"}}],\"inLanguage\":\"de\"},{\"@type\":\"Organization\",\"@id\":\"https:\\\/\\\/visitfinaleligure.it\\\/de\\\/#organization\",\"name\":\"Comune di Finale Ligure\",\"url\":\"https:\\\/\\\/visitfinaleligure.it\\\/de\\\/\",\"logo\":{\"@type\":\"ImageObject\",\"inLanguage\":\"de\",\"@id\":\"https:\\\/\\\/visitfinaleligure.it\\\/de\\\/#\\\/schema\\\/logo\\\/image\\\/\",\"url\":\"https:\\\/\\\/visitfinaleligure.it\\\/wp-content\\\/uploads\\\/2023\\\/04\\\/cropped-finaleligure-verticale-positivo-200x200-1.png\",\"contentUrl\":\"https:\\\/\\\/visitfinaleligure.it\\\/wp-content\\\/uploads\\\/2023\\\/04\\\/cropped-finaleligure-verticale-positivo-200x200-1.png\",\"width\":512,\"height\":512,\"caption\":\"Comune di Finale Ligure\"},\"image\":{\"@id\":\"https:\\\/\\\/visitfinaleligure.it\\\/de\\\/#\\\/schema\\\/logo\\\/image\\\/\"},\"sameAs\":[\"https:\\\/\\\/www.facebook.com\\\/VisitFinaleLigure\",\"https:\\\/\\\/www.instagram.com\\\/visitfinale\\\/\",\"https:\\\/\\\/www.youtube.com\\\/channel\\\/UCLmoLfNmrAt9mSCll9egttw\"]}]}<\/script>\n<!-- \/ Yoast SEO plugin. -->","yoast_head_json":{"title":"Torre Mendari - Visit Finale Ligure","description":"In der wundersch\u00f6nen Hochebene von Le Manie liegt das Ferienresort 'Torre Mendari'. Ein kleines Refugium, eingebettet in die Natur, fernab vom Stress der","robots":{"index":"index","follow":"follow","max-snippet":"max-snippet:-1","max-image-preview":"max-image-preview:large","max-video-preview":"max-video-preview:-1"},"canonical":"https:\/\/visitfinaleligure.it\/de\/struttura\/torre-mendari-2\/","og_locale":"de_DE","og_type":"article","og_title":"Torre Mendari - Visit Finale Ligure","og_description":"In der wundersch\u00f6nen Hochebene von Le Manie liegt das Ferienresort 'Torre Mendari'. Ein kleines Refugium, eingebettet in die Natur, fernab vom Stress der","og_url":"https:\/\/visitfinaleligure.it\/de\/struttura\/torre-mendari-2\/","og_site_name":"Visit Finale Ligure","article_publisher":"https:\/\/www.facebook.com\/VisitFinaleLigure","og_image":[{"width":2500,"height":1405,"url":"https:\/\/visitfinaleligure.it\/wp-content\/uploads\/2023\/03\/Capo-caprazoppa-1-1.jpg","type":"image\/jpeg"}],"twitter_card":"summary_large_image","twitter_misc":{"Gesch\u00e4tzte Lesezeit":"1\u00a0Minute"},"schema":{"@context":"https:\/\/schema.org","@graph":[{"@type":"WebPage","@id":"https:\/\/visitfinaleligure.it\/de\/struttura\/torre-mendari-2\/","url":"https:\/\/visitfinaleligure.it\/de\/struttura\/torre-mendari-2\/","name":"Torre Mendari - Visit Finale Ligure","isPartOf":{"@id":"https:\/\/visitfinaleligure.it\/de\/#website"},"datePublished":"2026-08-27T09:07:58+00:00","description":"In der wundersch\u00f6nen Hochebene von Le Manie liegt das Ferienresort 'Torre Mendari'. Ein kleines Refugium, eingebettet in die Natur, fernab vom Stress der","breadcrumb":{"@id":"https:\/\/visitfinaleligure.it\/de\/struttura\/torre-mendari-2\/#breadcrumb"},"inLanguage":"de","potentialAction":[{"@type":"ReadAction","target":["https:\/\/visitfinaleligure.it\/de\/struttura\/torre-mendari-2\/"]}]},{"@type":"BreadcrumbList","@id":"https:\/\/visitfinaleligure.it\/de\/struttura\/torre-mendari-2\/#breadcrumb","itemListElement":[{"@type":"ListItem","position":1,"name":"Home","item":"https:\/\/visitfinaleligure.it\/de\/"},{"@type":"ListItem","position":2,"name":"Strutture","item":"https:\/\/visitfinaleligure.it\/de\/struttura\/"},{"@type":"ListItem","position":3,"name":"Torre Mendari"}]},{"@type":"WebSite","@id":"https:\/\/visitfinaleligure.it\/de\/#website","url":"https:\/\/visitfinaleligure.it\/de\/","name":"Visit Finale Ligure","description":"My perfect place","publisher":{"@id":"https:\/\/visitfinaleligure.it\/de\/#organization"},"potentialAction":[{"@type":"SearchAction","target":{"@type":"EntryPoint","urlTemplate":"https:\/\/visitfinaleligure.it\/de\/?s={search_term_string}"},"query-input":{"@type":"PropertyValueSpecification","valueRequired":true,"valueName":"search_term_string"}}],"inLanguage":"de"},{"@type":"Organization","@id":"https:\/\/visitfinaleligure.it\/de\/#organization","name":"Comune di Finale Ligure","url":"https:\/\/visitfinaleligure.it\/de\/","logo":{"@type":"ImageObject","inLanguage":"de","@id":"https:\/\/visitfinaleligure.it\/de\/#\/schema\/logo\/image\/","url":"https:\/\/visitfinaleligure.it\/wp-content\/uploads\/2023\/04\/cropped-finaleligure-verticale-positivo-200x200-1.png","contentUrl":"https:\/\/visitfinaleligure.it\/wp-content\/uploads\/2023\/04\/cropped-finaleligure-verticale-positivo-200x200-1.png","width":512,"height":512,"caption":"Comune di Finale Ligure"},"image":{"@id":"https:\/\/visitfinaleligure.it\/de\/#\/schema\/logo\/image\/"},"sameAs":["https:\/\/www.facebook.com\/VisitFinaleLigure","https:\/\/www.instagram.com\/visitfinale\/","https:\/\/www.youtube.com\/channel\/UCLmoLfNmrAt9mSCll9egttw"]}]}},"_links":{"self":[{"href":"https:\/\/visitfinaleligure.it\/de\/wp-json\/wp\/v2\/struttura\/23500","targetHints":{"allow":["GET"]}}],"collection":[{"href":"https:\/\/visitfinaleligure.it\/de\/wp-json\/wp\/v2\/struttura"}],"about":[{"href":"https:\/\/visitfinaleligure.it\/de\/wp-json\/wp\/v2\/types\/struttura"}],"wp:attachment":[{"href":"https:\/\/visitfinaleligure.it\/de\/wp-json\/wp\/v2\/media?parent=23500"}],"wp:term":[{"taxonomy":"categoria","embeddable":true,"href":"https:\/\/visitfinaleligure.it\/de\/wp-json\/wp\/v2\/categoria?post=23500"},{"taxonomy":"classificazione","embeddable":true,"href":"https:\/\/visitfinaleligure.it\/de\/wp-json\/wp\/v2\/classificazione?post=23500"},{"taxonomy":"localita","embeddable":true,"href":"https:\/\/visitfinaleligure.it\/de\/wp-json\/wp\/v2\/localita?post=23500"},{"taxonomy":"gruppomarketing","embeddable":true,"href":"https:\/\/visitfinaleligure.it\/de\/wp-json\/wp\/v2\/gruppomarketing?post=23500"},{"taxonomy":"stella","embeddable":true,"href":"https:\/\/visitfinaleligure.it\/de\/wp-json\/wp\/v2\/stella?post=23500"},{"taxonomy":"criteri","embeddable":true,"href":"https:\/\/visitfinaleligure.it\/de\/wp-json\/wp\/v2\/criteri?post=23500"}],"curies":[{"name":"wp","href":"https:\/\/api.w.org\/{rel}","templated":true}]}}

<p>In der wunderschönen Hochebene von Le Manie liegt das Ferienresort &#8216;Torre Mendari&#8217;.<br />
Ein kleines Refugium, eingebettet in die Natur, fernab vom Stress der Stadt, ideal für Familien, für Outdoor-Sportliebhaber und für alle, die einen entspannenden Urlaub suchen.<br />
Unser Dorf Torre Mendari, 500 Meter vom Camping San Martino entfernt, ist der perfekte Ort, um ein wenig Ruhe unter den Bäumen zu genießen. Alle Dienstleistungen des Camping San Martino stehen Ihnen zur Verfügung.<br />
Eingebettet in die grüne Landschaft des Binnenlandes von Finale Ligure und fernab von der Hektik und dem Lärm der Stadt, bieten wir Ihnen einen Urlaub in engem Kontakt mit der Natur, im Zeichen von Frieden und Ruhe.</p>

<!-- This site is optimized with the Yoast SEO plugin v28.3 - https://yoast.com/product/yoast-seo-wordpress/ -->
<title>Torre Mendari - Visit Finale Ligure</title>
<meta name="description" content="In der wunderschönen Hochebene von Le Manie liegt das Ferienresort &#039;Torre Mendari&#039;. Ein kleines Refugium, eingebettet in die Natur, fernab vom Stress der" />
<meta name="robots" content="index, follow, max-snippet:-1, max-image-preview:large, max-video-preview:-1" />
<link rel="canonical" href="https://visitfinaleligure.it/de/struttura/torre-mendari-2/" />
<meta property="og:locale" content="de_DE" />
<meta property="og:type" content="article" />
<meta property="og:title" content="Torre Mendari - Visit Finale Ligure" />
<meta property="og:description" content="In der wunderschönen Hochebene von Le Manie liegt das Ferienresort &#039;Torre Mendari&#039;. Ein kleines Refugium, eingebettet in die Natur, fernab vom Stress der" />
<meta property="og:url" content="https://visitfinaleligure.it/de/struttura/torre-mendari-2/" />
<meta property="og:site_name" content="Visit Finale Ligure" />
<meta property="article:publisher" content="https://www.facebook.com/VisitFinaleLigure" />
<meta property="og:image" content="https://visitfinaleligure.it/wp-content/uploads/2023/03/Capo-caprazoppa-1-1.jpg" />
	<meta property="og:image:width" content="2500" />
	<meta property="og:image:height" content="1405" />
	<meta property="og:image:type" content="image/jpeg" />
<meta name="twitter:card" content="summary_large_image" />
<meta name="twitter:label1" content="Geschätzte Lesezeit" />
	<meta name="twitter:data1" content="1 Minute" />
<script type="application/ld+json" class="yoast-schema-graph">{"@context":"https:\/\/schema.org","@graph":[{"@type":"WebPage","@id":"https:\/\/visitfinaleligure.it\/de\/struttura\/torre-mendari-2\/","url":"https:\/\/visitfinaleligure.it\/de\/struttura\/torre-mendari-2\/","name":"Torre Mendari - Visit Finale Ligure","isPartOf":{"@id":"https:\/\/visitfinaleligure.it\/de\/#website"},"datePublished":"2026-08-27T09:07:58+00:00","description":"In der wunderschönen Hochebene von Le Manie liegt das Ferienresort 'Torre Mendari'. Ein kleines Refugium, eingebettet in die Natur, fernab vom Stress der","breadcrumb":{"@id":"https:\/\/visitfinaleligure.it\/de\/struttura\/torre-mendari-2\/#breadcrumb"},"inLanguage":"de","potentialAction":[{"@type":"ReadAction","target":["https:\/\/visitfinaleligure.it\/de\/struttura\/torre-mendari-2\/"]}]},{"@type":"BreadcrumbList","@id":"https:\/\/visitfinaleligure.it\/de\/struttura\/torre-mendari-2\/#breadcrumb","itemListElement":[{"@type":"ListItem","position":1,"name":"Home","item":"https:\/\/visitfinaleligure.it\/de\/"},{"@type":"ListItem","position":2,"name":"Strutture","item":"https:\/\/visitfinaleligure.it\/de\/struttura\/"},{"@type":"ListItem","position":3,"name":"Torre Mendari"}]},{"@type":"WebSite","@id":"https:\/\/visitfinaleligure.it\/de\/#website","url":"https:\/\/visitfinaleligure.it\/de\/","name":"Visit Finale Ligure","description":"My perfect place","publisher":{"@id":"https:\/\/visitfinaleligure.it\/de\/#organization"},"potentialAction":[{"@type":"SearchAction","target":{"@type":"EntryPoint","urlTemplate":"https:\/\/visitfinaleligure.it\/de\/?s={search_term_string}"},"query-input":{"@type":"PropertyValueSpecification","valueRequired":true,"valueName":"search_term_string"}}],"inLanguage":"de"},{"@type":"Organization","@id":"https:\/\/visitfinaleligure.it\/de\/#organization","name":"Comune di Finale Ligure","url":"https:\/\/visitfinaleligure.it\/de\/","logo":{"@type":"ImageObject","inLanguage":"de","@id":"https:\/\/visitfinaleligure.it\/de\/#\/schema\/logo\/image\/","url":"https:\/\/visitfinaleligure.it\/wp-content\/uploads\/2023\/04\/cropped-finaleligure-verticale-positivo-200x200-1.png","contentUrl":"https:\/\/visitfinaleligure.it\/wp-content\/uploads\/2023\/04\/cropped-finaleligure-verticale-positivo-200x200-1.png","width":512,"height":512,"caption":"Comune di Finale Ligure"},"image":{"@id":"https:\/\/visitfinaleligure.it\/de\/#\/schema\/logo\/image\/"},"sameAs":["https:\/\/www.facebook.com\/VisitFinaleLigure","https:\/\/www.instagram.com\/visitfinale\/","https:\/\/www.youtube.com\/channel\/UCLmoLfNmrAt9mSCll9egttw"]}]}</script>
<!-- / Yoast SEO plugin. -->

In der wunderschönen Hochebene von Le Manie liegt das Ferienresort 'Torre Mendari'. Ein kleines Refugium, eingebettet in die Natur, fernab vom Stress der
