{"id":23544,"date":"2026-08-27T11:08:11","date_gmt":"2026-08-27T09:08:11","guid":{"rendered":"https:\/\/visitfinaleligure.it\/struttura\/monique-garden-2\/"},"modified":"2026-08-27T11:08:11","modified_gmt":"2026-08-27T09:08:11","slug":"monique-garden-2","status":"publish","type":"struttura","link":"https:\/\/visitfinaleligure.it\/de\/struttura\/monique-garden-2\/","title":{"rendered":"Monique Garden"},"content":{"rendered":"<p>Gem\u00fctliche Unterkunft in der N\u00e4he des Meeres, im Erdgeschoss mit separatem Eingang durch ein Tor, das zu einem privaten und umz\u00e4unten Garten f\u00fchrt, der mit der Wohnung verbunden ist und Parkm\u00f6glichkeiten bietet.<\/p>\n<p>Die Unterkunft besteht aus einem Wohn-Schlafraum mit Schlafsofa, einem Schlafzimmer mit Doppelbett und einem zweiten Schlafzimmer mit zwei Einzelbetten. Jedes Zimmer verf\u00fcgt \u00fcber eine Schiebet\u00fcr, die zum Garten mit Orangen- und Zitronenb\u00e4umen f\u00fchrt.<\/p>\n<p>Die Klimaanlage f\u00fcr K\u00fchle und W\u00e4rme wird von einem Trial-System betrieben, und die Nutzung ist kostenpflichtig nach verbrauchten kWh.<\/p>\n<p>Die K\u00fcche ist mit Elektrokochplatten, einem herk\u00f6mmlichen Ofen und einer Sp\u00fclmaschine ausgestattet.<\/p>\n<p>Der Tisch in der K\u00fcche ist f\u00fcr f\u00fcnf Personen geeignet, im Garten unter einem Orangenbaum befindet sich ein Tisch mit Bank und vier St\u00fchlen.<\/p>\n<p>Bettw\u00e4sche und Handt\u00fccher m\u00fcssen im Voraus reserviert werden und kosten 15 \u20ac pro Person und Woche.<\/p>\n<p>Im Garten gibt es einen Wasseranschluss mit Schlauch f\u00fcr die Reinigung von Fahrr\u00e4dern, wenn n\u00f6tig.<\/p>\n<p>Nach vorheriger Vereinbarung kann ein abschlie\u00dfbarer Fahrradraum mit Zugangscode genutzt werden.<\/p>\n<p>Der Privatparkplatz befindet sich vor dem Eingangstor. Bei Ank\u00fcnften bis 22 Uhr bitte anrufen oder eine E-Mail an moniqueguiddo@gmail.com senden, um notwendige Vereinbarungen zu treffen.<br \/>\nAbreise und Schl\u00fcssel\u00fcbergabe um 10 Uhr.<\/p>\n","protected":false},"featured_media":0,"template":"","meta":[],"categoria":[901],"classificazione":[],"localita":[222],"gruppomarketing":[902],"stella":[],"criteri":[992,1307,1287,1001,925,957,929,1170,986,1025,915,975,1309,1059,948,941,1188,1006,918,1208,906,953,1306,967,1308,907,1032,904,923,1282,922,903,912,958,905,1136,913,947,926,1046],"class_list":["post-23544","struttura","type-struttura","status-publish","hentry","categoria-appartamenti-ammobiliati-ad-uso-turistico","localita-finale-ligure","gruppomarketing-finale-outdoor-region","criteri-adatto-a-famiglie","criteri-architettura-moderna","criteri-area-fumatori","criteri-bambini","criteri-bike-room","criteri-bike-wash","criteri-bonifico","criteri-caffe","criteri-centro-storico","criteri-climatizzatore","criteri-contanti","criteri-deposito-bici","criteri-distanza-fiume-in-m","criteri-distanza-mare-m","criteri-famiglie","criteri-francese","criteri-giardino-privato","criteri-giovani","criteri-inglese","criteri-internet-email-accessibile","criteri-italiano","criteri-non-fumatori","criteri-ombra","criteri-parcheggio-auto","criteri-parcheggio-coperto-per-moto","criteri-posizione-centrale","criteri-punti-di-ricarica-per-ebike","criteri-ricarica-e-bike","criteri-riscaldamento","criteri-sedie-a-sdraio","criteri-tv-satellitare","criteri-uso-internet-gratuito","criteri-uso-lavatrice","criteri-viaggiatori-individuali","criteri-vicino-a-supermercato","criteri-vicino-al-mare","criteri-vicino-alla-spiaggia","criteri-wifi","criteri-zona-tranquilla","criteri-zona-verde"],"yoast_head":"<!-- This site is optimized with the Yoast SEO plugin v28.3 - https:\/\/yoast.com\/product\/yoast-seo-wordpress\/ -->\n<title>Monique Garden - Visit Finale Ligure<\/title>\n<meta name=\"description\" content=\"Gem\u00fctliche Unterkunft in der N\u00e4he des Meeres, im Erdgeschoss mit separatem Eingang durch ein Tor, das zu einem privaten und umz\u00e4unten Garten f\u00fchrt, der\" \/>\n<meta name=\"robots\" content=\"index, follow, max-snippet:-1, max-image-preview:large, max-video-preview:-1\" \/>\n<link rel=\"canonical\" href=\"https:\/\/visitfinaleligure.it\/de\/struttura\/monique-garden-2\/\" \/>\n<meta property=\"og:locale\" content=\"de_DE\" \/>\n<meta property=\"og:type\" content=\"article\" \/>\n<meta property=\"og:title\" content=\"Monique Garden - Visit Finale Ligure\" \/>\n<meta property=\"og:description\" content=\"Gem\u00fctliche Unterkunft in der N\u00e4he des Meeres, im Erdgeschoss mit separatem Eingang durch ein Tor, das zu einem privaten und umz\u00e4unten Garten f\u00fchrt, der\" \/>\n<meta property=\"og:url\" content=\"https:\/\/visitfinaleligure.it\/de\/struttura\/monique-garden-2\/\" \/>\n<meta property=\"og:site_name\" content=\"Visit Finale Ligure\" \/>\n<meta property=\"article:publisher\" content=\"https:\/\/www.facebook.com\/VisitFinaleLigure\" \/>\n<meta property=\"og:image\" content=\"https:\/\/visitfinaleligure.it\/wp-content\/uploads\/2023\/03\/Capo-caprazoppa-1-1.jpg\" \/>\n\t<meta property=\"og:image:width\" content=\"2500\" \/>\n\t<meta property=\"og:image:height\" content=\"1405\" \/>\n\t<meta property=\"og:image:type\" content=\"image\/jpeg\" \/>\n<meta name=\"twitter:card\" content=\"summary_large_image\" \/>\n<meta name=\"twitter:label1\" content=\"Gesch\u00e4tzte Lesezeit\" \/>\n\t<meta name=\"twitter:data1\" content=\"1\u00a0Minute\" \/>\n<script type=\"application\/ld+json\" class=\"yoast-schema-graph\">{\"@context\":\"https:\\\/\\\/schema.org\",\"@graph\":[{\"@type\":\"WebPage\",\"@id\":\"https:\\\/\\\/visitfinaleligure.it\\\/de\\\/struttura\\\/monique-garden-2\\\/\",\"url\":\"https:\\\/\\\/visitfinaleligure.it\\\/de\\\/struttura\\\/monique-garden-2\\\/\",\"name\":\"Monique Garden - Visit Finale Ligure\",\"isPartOf\":{\"@id\":\"https:\\\/\\\/visitfinaleligure.it\\\/de\\\/#website\"},\"datePublished\":\"2026-08-27T09:08:11+00:00\",\"description\":\"Gem\u00fctliche Unterkunft in der N\u00e4he des Meeres, im Erdgeschoss mit separatem Eingang durch ein Tor, das zu einem privaten und umz\u00e4unten Garten f\u00fchrt, der\",\"breadcrumb\":{\"@id\":\"https:\\\/\\\/visitfinaleligure.it\\\/de\\\/struttura\\\/monique-garden-2\\\/#breadcrumb\"},\"inLanguage\":\"de\",\"potentialAction\":[{\"@type\":\"ReadAction\",\"target\":[\"https:\\\/\\\/visitfinaleligure.it\\\/de\\\/struttura\\\/monique-garden-2\\\/\"]}]},{\"@type\":\"BreadcrumbList\",\"@id\":\"https:\\\/\\\/visitfinaleligure.it\\\/de\\\/struttura\\\/monique-garden-2\\\/#breadcrumb\",\"itemListElement\":[{\"@type\":\"ListItem\",\"position\":1,\"name\":\"Home\",\"item\":\"https:\\\/\\\/visitfinaleligure.it\\\/de\\\/\"},{\"@type\":\"ListItem\",\"position\":2,\"name\":\"Strutture\",\"item\":\"https:\\\/\\\/visitfinaleligure.it\\\/de\\\/struttura\\\/\"},{\"@type\":\"ListItem\",\"position\":3,\"name\":\"Monique Garden\"}]},{\"@type\":\"WebSite\",\"@id\":\"https:\\\/\\\/visitfinaleligure.it\\\/de\\\/#website\",\"url\":\"https:\\\/\\\/visitfinaleligure.it\\\/de\\\/\",\"name\":\"Visit Finale Ligure\",\"description\":\"My perfect place\",\"publisher\":{\"@id\":\"https:\\\/\\\/visitfinaleligure.it\\\/de\\\/#organization\"},\"potentialAction\":[{\"@type\":\"SearchAction\",\"target\":{\"@type\":\"EntryPoint\",\"urlTemplate\":\"https:\\\/\\\/visitfinaleligure.it\\\/de\\\/?s={search_term_string}\"},\"query-input\":{\"@type\":\"PropertyValueSpecification\",\"valueRequired\":true,\"valueName\":\"search_term_string\"}}],\"inLanguage\":\"de\"},{\"@type\":\"Organization\",\"@id\":\"https:\\\/\\\/visitfinaleligure.it\\\/de\\\/#organization\",\"name\":\"Comune di Finale Ligure\",\"url\":\"https:\\\/\\\/visitfinaleligure.it\\\/de\\\/\",\"logo\":{\"@type\":\"ImageObject\",\"inLanguage\":\"de\",\"@id\":\"https:\\\/\\\/visitfinaleligure.it\\\/de\\\/#\\\/schema\\\/logo\\\/image\\\/\",\"url\":\"https:\\\/\\\/visitfinaleligure.it\\\/wp-content\\\/uploads\\\/2023\\\/04\\\/cropped-finaleligure-verticale-positivo-200x200-1.png\",\"contentUrl\":\"https:\\\/\\\/visitfinaleligure.it\\\/wp-content\\\/uploads\\\/2023\\\/04\\\/cropped-finaleligure-verticale-positivo-200x200-1.png\",\"width\":512,\"height\":512,\"caption\":\"Comune di Finale Ligure\"},\"image\":{\"@id\":\"https:\\\/\\\/visitfinaleligure.it\\\/de\\\/#\\\/schema\\\/logo\\\/image\\\/\"},\"sameAs\":[\"https:\\\/\\\/www.facebook.com\\\/VisitFinaleLigure\",\"https:\\\/\\\/www.instagram.com\\\/visitfinale\\\/\",\"https:\\\/\\\/www.youtube.com\\\/channel\\\/UCLmoLfNmrAt9mSCll9egttw\"]}]}<\/script>\n<!-- \/ Yoast SEO plugin. -->","yoast_head_json":{"title":"Monique Garden - Visit Finale Ligure","description":"Gem\u00fctliche Unterkunft in der N\u00e4he des Meeres, im Erdgeschoss mit separatem Eingang durch ein Tor, das zu einem privaten und umz\u00e4unten Garten f\u00fchrt, der","robots":{"index":"index","follow":"follow","max-snippet":"max-snippet:-1","max-image-preview":"max-image-preview:large","max-video-preview":"max-video-preview:-1"},"canonical":"https:\/\/visitfinaleligure.it\/de\/struttura\/monique-garden-2\/","og_locale":"de_DE","og_type":"article","og_title":"Monique Garden - Visit Finale Ligure","og_description":"Gem\u00fctliche Unterkunft in der N\u00e4he des Meeres, im Erdgeschoss mit separatem Eingang durch ein Tor, das zu einem privaten und umz\u00e4unten Garten f\u00fchrt, der","og_url":"https:\/\/visitfinaleligure.it\/de\/struttura\/monique-garden-2\/","og_site_name":"Visit Finale Ligure","article_publisher":"https:\/\/www.facebook.com\/VisitFinaleLigure","og_image":[{"width":2500,"height":1405,"url":"https:\/\/visitfinaleligure.it\/wp-content\/uploads\/2023\/03\/Capo-caprazoppa-1-1.jpg","type":"image\/jpeg"}],"twitter_card":"summary_large_image","twitter_misc":{"Gesch\u00e4tzte Lesezeit":"1\u00a0Minute"},"schema":{"@context":"https:\/\/schema.org","@graph":[{"@type":"WebPage","@id":"https:\/\/visitfinaleligure.it\/de\/struttura\/monique-garden-2\/","url":"https:\/\/visitfinaleligure.it\/de\/struttura\/monique-garden-2\/","name":"Monique Garden - Visit Finale Ligure","isPartOf":{"@id":"https:\/\/visitfinaleligure.it\/de\/#website"},"datePublished":"2026-08-27T09:08:11+00:00","description":"Gem\u00fctliche Unterkunft in der N\u00e4he des Meeres, im Erdgeschoss mit separatem Eingang durch ein Tor, das zu einem privaten und umz\u00e4unten Garten f\u00fchrt, der","breadcrumb":{"@id":"https:\/\/visitfinaleligure.it\/de\/struttura\/monique-garden-2\/#breadcrumb"},"inLanguage":"de","potentialAction":[{"@type":"ReadAction","target":["https:\/\/visitfinaleligure.it\/de\/struttura\/monique-garden-2\/"]}]},{"@type":"BreadcrumbList","@id":"https:\/\/visitfinaleligure.it\/de\/struttura\/monique-garden-2\/#breadcrumb","itemListElement":[{"@type":"ListItem","position":1,"name":"Home","item":"https:\/\/visitfinaleligure.it\/de\/"},{"@type":"ListItem","position":2,"name":"Strutture","item":"https:\/\/visitfinaleligure.it\/de\/struttura\/"},{"@type":"ListItem","position":3,"name":"Monique Garden"}]},{"@type":"WebSite","@id":"https:\/\/visitfinaleligure.it\/de\/#website","url":"https:\/\/visitfinaleligure.it\/de\/","name":"Visit Finale Ligure","description":"My perfect place","publisher":{"@id":"https:\/\/visitfinaleligure.it\/de\/#organization"},"potentialAction":[{"@type":"SearchAction","target":{"@type":"EntryPoint","urlTemplate":"https:\/\/visitfinaleligure.it\/de\/?s={search_term_string}"},"query-input":{"@type":"PropertyValueSpecification","valueRequired":true,"valueName":"search_term_string"}}],"inLanguage":"de"},{"@type":"Organization","@id":"https:\/\/visitfinaleligure.it\/de\/#organization","name":"Comune di Finale Ligure","url":"https:\/\/visitfinaleligure.it\/de\/","logo":{"@type":"ImageObject","inLanguage":"de","@id":"https:\/\/visitfinaleligure.it\/de\/#\/schema\/logo\/image\/","url":"https:\/\/visitfinaleligure.it\/wp-content\/uploads\/2023\/04\/cropped-finaleligure-verticale-positivo-200x200-1.png","contentUrl":"https:\/\/visitfinaleligure.it\/wp-content\/uploads\/2023\/04\/cropped-finaleligure-verticale-positivo-200x200-1.png","width":512,"height":512,"caption":"Comune di Finale Ligure"},"image":{"@id":"https:\/\/visitfinaleligure.it\/de\/#\/schema\/logo\/image\/"},"sameAs":["https:\/\/www.facebook.com\/VisitFinaleLigure","https:\/\/www.instagram.com\/visitfinale\/","https:\/\/www.youtube.com\/channel\/UCLmoLfNmrAt9mSCll9egttw"]}]}},"_links":{"self":[{"href":"https:\/\/visitfinaleligure.it\/de\/wp-json\/wp\/v2\/struttura\/23544","targetHints":{"allow":["GET"]}}],"collection":[{"href":"https:\/\/visitfinaleligure.it\/de\/wp-json\/wp\/v2\/struttura"}],"about":[{"href":"https:\/\/visitfinaleligure.it\/de\/wp-json\/wp\/v2\/types\/struttura"}],"wp:attachment":[{"href":"https:\/\/visitfinaleligure.it\/de\/wp-json\/wp\/v2\/media?parent=23544"}],"wp:term":[{"taxonomy":"categoria","embeddable":true,"href":"https:\/\/visitfinaleligure.it\/de\/wp-json\/wp\/v2\/categoria?post=23544"},{"taxonomy":"classificazione","embeddable":true,"href":"https:\/\/visitfinaleligure.it\/de\/wp-json\/wp\/v2\/classificazione?post=23544"},{"taxonomy":"localita","embeddable":true,"href":"https:\/\/visitfinaleligure.it\/de\/wp-json\/wp\/v2\/localita?post=23544"},{"taxonomy":"gruppomarketing","embeddable":true,"href":"https:\/\/visitfinaleligure.it\/de\/wp-json\/wp\/v2\/gruppomarketing?post=23544"},{"taxonomy":"stella","embeddable":true,"href":"https:\/\/visitfinaleligure.it\/de\/wp-json\/wp\/v2\/stella?post=23544"},{"taxonomy":"criteri","embeddable":true,"href":"https:\/\/visitfinaleligure.it\/de\/wp-json\/wp\/v2\/criteri?post=23544"}],"curies":[{"name":"wp","href":"https:\/\/api.w.org\/{rel}","templated":true}]}}

<p>Gemütliche Unterkunft in der Nähe des Meeres, im Erdgeschoss mit separatem Eingang durch ein Tor, das zu einem privaten und umzäunten Garten führt, der mit der Wohnung verbunden ist und Parkmöglichkeiten bietet.</p>
<p>Die Unterkunft besteht aus einem Wohn-Schlafraum mit Schlafsofa, einem Schlafzimmer mit Doppelbett und einem zweiten Schlafzimmer mit zwei Einzelbetten. Jedes Zimmer verfügt über eine Schiebetür, die zum Garten mit Orangen- und Zitronenbäumen führt.</p>
<p>Die Klimaanlage für Kühle und Wärme wird von einem Trial-System betrieben, und die Nutzung ist kostenpflichtig nach verbrauchten kWh.</p>
<p>Die Küche ist mit Elektrokochplatten, einem herkömmlichen Ofen und einer Spülmaschine ausgestattet.</p>
<p>Der Tisch in der Küche ist für fünf Personen geeignet, im Garten unter einem Orangenbaum befindet sich ein Tisch mit Bank und vier Stühlen.</p>
<p>Bettwäsche und Handtücher müssen im Voraus reserviert werden und kosten 15 € pro Person und Woche.</p>
<p>Im Garten gibt es einen Wasseranschluss mit Schlauch für die Reinigung von Fahrrädern, wenn nötig.</p>
<p>Nach vorheriger Vereinbarung kann ein abschließbarer Fahrradraum mit Zugangscode genutzt werden.</p>
<p>Der Privatparkplatz befindet sich vor dem Eingangstor. Bei Ankünften bis 22 Uhr bitte anrufen oder eine E-Mail an moniqueguiddo@gmail.com senden, um notwendige Vereinbarungen zu treffen.<br />
Abreise und Schlüsselübergabe um 10 Uhr.</p>

<!-- This site is optimized with the Yoast SEO plugin v28.3 - https://yoast.com/product/yoast-seo-wordpress/ -->
<title>Monique Garden - Visit Finale Ligure</title>
<meta name="description" content="Gemütliche Unterkunft in der Nähe des Meeres, im Erdgeschoss mit separatem Eingang durch ein Tor, das zu einem privaten und umzäunten Garten führt, der" />
<meta name="robots" content="index, follow, max-snippet:-1, max-image-preview:large, max-video-preview:-1" />
<link rel="canonical" href="https://visitfinaleligure.it/de/struttura/monique-garden-2/" />
<meta property="og:locale" content="de_DE" />
<meta property="og:type" content="article" />
<meta property="og:title" content="Monique Garden - Visit Finale Ligure" />
<meta property="og:description" content="Gemütliche Unterkunft in der Nähe des Meeres, im Erdgeschoss mit separatem Eingang durch ein Tor, das zu einem privaten und umzäunten Garten führt, der" />
<meta property="og:url" content="https://visitfinaleligure.it/de/struttura/monique-garden-2/" />
<meta property="og:site_name" content="Visit Finale Ligure" />
<meta property="article:publisher" content="https://www.facebook.com/VisitFinaleLigure" />
<meta property="og:image" content="https://visitfinaleligure.it/wp-content/uploads/2023/03/Capo-caprazoppa-1-1.jpg" />
	<meta property="og:image:width" content="2500" />
	<meta property="og:image:height" content="1405" />
	<meta property="og:image:type" content="image/jpeg" />
<meta name="twitter:card" content="summary_large_image" />
<meta name="twitter:label1" content="Geschätzte Lesezeit" />
	<meta name="twitter:data1" content="1 Minute" />
<script type="application/ld+json" class="yoast-schema-graph">{"@context":"https:\/\/schema.org","@graph":[{"@type":"WebPage","@id":"https:\/\/visitfinaleligure.it\/de\/struttura\/monique-garden-2\/","url":"https:\/\/visitfinaleligure.it\/de\/struttura\/monique-garden-2\/","name":"Monique Garden - Visit Finale Ligure","isPartOf":{"@id":"https:\/\/visitfinaleligure.it\/de\/#website"},"datePublished":"2026-08-27T09:08:11+00:00","description":"Gemütliche Unterkunft in der Nähe des Meeres, im Erdgeschoss mit separatem Eingang durch ein Tor, das zu einem privaten und umzäunten Garten führt, der","breadcrumb":{"@id":"https:\/\/visitfinaleligure.it\/de\/struttura\/monique-garden-2\/#breadcrumb"},"inLanguage":"de","potentialAction":[{"@type":"ReadAction","target":["https:\/\/visitfinaleligure.it\/de\/struttura\/monique-garden-2\/"]}]},{"@type":"BreadcrumbList","@id":"https:\/\/visitfinaleligure.it\/de\/struttura\/monique-garden-2\/#breadcrumb","itemListElement":[{"@type":"ListItem","position":1,"name":"Home","item":"https:\/\/visitfinaleligure.it\/de\/"},{"@type":"ListItem","position":2,"name":"Strutture","item":"https:\/\/visitfinaleligure.it\/de\/struttura\/"},{"@type":"ListItem","position":3,"name":"Monique Garden"}]},{"@type":"WebSite","@id":"https:\/\/visitfinaleligure.it\/de\/#website","url":"https:\/\/visitfinaleligure.it\/de\/","name":"Visit Finale Ligure","description":"My perfect place","publisher":{"@id":"https:\/\/visitfinaleligure.it\/de\/#organization"},"potentialAction":[{"@type":"SearchAction","target":{"@type":"EntryPoint","urlTemplate":"https:\/\/visitfinaleligure.it\/de\/?s={search_term_string}"},"query-input":{"@type":"PropertyValueSpecification","valueRequired":true,"valueName":"search_term_string"}}],"inLanguage":"de"},{"@type":"Organization","@id":"https:\/\/visitfinaleligure.it\/de\/#organization","name":"Comune di Finale Ligure","url":"https:\/\/visitfinaleligure.it\/de\/","logo":{"@type":"ImageObject","inLanguage":"de","@id":"https:\/\/visitfinaleligure.it\/de\/#\/schema\/logo\/image\/","url":"https:\/\/visitfinaleligure.it\/wp-content\/uploads\/2023\/04\/cropped-finaleligure-verticale-positivo-200x200-1.png","contentUrl":"https:\/\/visitfinaleligure.it\/wp-content\/uploads\/2023\/04\/cropped-finaleligure-verticale-positivo-200x200-1.png","width":512,"height":512,"caption":"Comune di Finale Ligure"},"image":{"@id":"https:\/\/visitfinaleligure.it\/de\/#\/schema\/logo\/image\/"},"sameAs":["https:\/\/www.facebook.com\/VisitFinaleLigure","https:\/\/www.instagram.com\/visitfinale\/","https:\/\/www.youtube.com\/channel\/UCLmoLfNmrAt9mSCll9egttw"]}]}</script>
<!-- / Yoast SEO plugin. -->

Gemütliche Unterkunft in der Nähe des Meeres, im Erdgeschoss mit separatem Eingang durch ein Tor, das zu einem privaten und umzäunten Garten führt, der
