{"id":23636,"date":"2026-08-27T11:08:29","date_gmt":"2026-08-27T09:08:29","guid":{"rendered":"https:\/\/visitfinaleligure.it\/struttura\/ca-del-buio-2\/"},"modified":"2026-08-27T11:08:29","modified_gmt":"2026-08-27T09:08:29","slug":"ca-del-buio-2","status":"publish","type":"struttura","link":"https:\/\/visitfinaleligure.it\/de\/struttura\/ca-del-buio-2\/","title":{"rendered":"Ca&#8217; del Buio"},"content":{"rendered":"<p>Es gibt einen Ort, eingebettet zwischen den stillen H\u00fcgeln von Perti, wo der Stein die Sonne trifft, die Natur die einzige Gastgeberin ist und die Zeit scheinbar langsamer vergeht, damit du wirklich atmen kannst. Dieser Ort ist C\u00e0 del Buio, das erste zertifizierte Eco-B&amp;B der Ligurien CasaClima Welcome \u2013 eine Auszeichnung, die die nachhaltige Seele eines Ortes erz\u00e4hlt, der aus einer klaren Vision entstanden ist: das Gebiet zu erleben, ohne es zu verbrauchen.<\/p>\n<p>Hier schl\u00e4fst du nicht nur gut, sondern lebst besser. Du bist weniger als 10 Minuten von Finalborgo, einem der faszinierendsten mittelalterlichen D\u00f6rfer Italiens, entfernt, und dennoch weit genug weg, um dich in einer Stille zu f\u00fchlen, die aus Wind, Bl\u00e4ttern und Vogelgesang besteht. Direkt vor der T\u00fcr deines Zimmers beginnen Wanderwege, Felsen, H\u00f6hlen und Landschaften, die wie aus einem Gem\u00e4lde aussehen. Das Meer? Nur 10 Minuten mit dem Auto oder dem Fahrrad.<\/p>\n<p>C\u00e0 del Buio befindet sich in einem der \u00e4ltesten Geb\u00e4ude von Perti, das aus dem 1400 stammt und dank einer geduldigen Arbeit des konservierenden architektonischen Wiederaufbaus in seine urspr\u00fcngliche Sch\u00f6nheit zur\u00fcckversetzt wurde, begleitet von einem konkreten Engagement f\u00fcr Energieeinsparung und Umweltschutz.<\/p>\n<p>Die drei Doppelzimmer, jedes anders und mit einem essentiellen und authentischen Stil eingerichtet, sind mit eigenem Bad ausgestattet und blicken auf eine Landschaft, die von wahrer Ligurien erz\u00e4hlt: Olivenhaine, W\u00e4lder, felsige K\u00e4mme und offenen Himmel. Die Fenster werden zu lebendigen Bildern, die stillen N\u00e4chte werden zu Momenten purer Regeneration.<\/p>\n<p>Jeden Morgen erwartet dich ein echtes und lokales Fr\u00fchst\u00fcck, das auf der sch\u00f6nen Dachterrasse serviert wird, mit frischen, saisonalen und regionalen Produkten, die von kleinen Produzenten der Region bereitgestellt werden. Honig, Brot, Obst, K\u00e4se, hausgemachte Kuchen&#8230; alles mit besonderem Augenmerk auf Qualit\u00e4t und Nachhaltigkeit.<\/p>\n<p>C\u00e0 del Buio ist nicht nur ein B&amp;B: es ist eine umweltfreundliche Erfahrung, konkret und bewusst. Es ist der perfekte Ausgangspunkt f\u00fcr Liebhaber von Outdoor, Klettern, Wandern und Radfahren, aber auch f\u00fcr diejenigen, die einfach nur langsamer werden, die Natur h\u00f6ren und eine tiefere Verbindung zu sich selbst und zur Welt finden m\u00f6chten.<\/p>\n<p>Wenn du aus dem Fenster schaust, siehst du nur Gr\u00fcn. Und das wird der gr\u00f6\u00dfte Luxus sein.<\/p>\n","protected":false},"featured_media":0,"template":"","meta":[],"categoria":[1010,1009],"classificazione":[1097],"localita":[217],"gruppomarketing":[902],"stella":[],"criteri":[928,1107,944,948,1029,1006,918,967,1353,1172,958,940,947,926,1046],"class_list":["post-23636","struttura","type-struttura","status-publish","hentry","categoria-affittacamere","categoria-bed-breakfast","classificazione-1-sole","localita-perti","gruppomarketing-finale-outdoor-region","criteri-animali-domestici-ammessi","criteri-camera-app-con-vista","criteri-culla","criteri-famiglie","criteri-giardino-comune","criteri-giovani","criteri-inglese","criteri-parcheggio-auto","criteri-ricarica-auto-elettriche","criteri-terrazza-soleggiata","criteri-viaggiatori-individuali","criteri-vista-mare","criteri-wifi","criteri-zona-tranquilla","criteri-zona-verde"],"yoast_head":"<!-- This site is optimized with the Yoast SEO plugin v28.3 - https:\/\/yoast.com\/product\/yoast-seo-wordpress\/ -->\n<title>Ca&#039; del Buio - Visit Finale Ligure<\/title>\n<meta name=\"description\" content=\"Es gibt einen Ort, eingebettet zwischen den stillen H\u00fcgeln von Perti, wo der Stein die Sonne trifft, die Natur die einzige Gastgeberin ist und die Zeit\" \/>\n<meta name=\"robots\" content=\"index, follow, max-snippet:-1, max-image-preview:large, max-video-preview:-1\" \/>\n<link rel=\"canonical\" href=\"https:\/\/visitfinaleligure.it\/de\/struttura\/ca-del-buio-2\/\" \/>\n<meta property=\"og:locale\" content=\"de_DE\" \/>\n<meta property=\"og:type\" content=\"article\" \/>\n<meta property=\"og:title\" content=\"Ca&#039; del Buio - Visit Finale Ligure\" \/>\n<meta property=\"og:description\" content=\"Es gibt einen Ort, eingebettet zwischen den stillen H\u00fcgeln von Perti, wo der Stein die Sonne trifft, die Natur die einzige Gastgeberin ist und die Zeit\" \/>\n<meta property=\"og:url\" content=\"https:\/\/visitfinaleligure.it\/de\/struttura\/ca-del-buio-2\/\" \/>\n<meta property=\"og:site_name\" content=\"Visit Finale Ligure\" \/>\n<meta property=\"article:publisher\" content=\"https:\/\/www.facebook.com\/VisitFinaleLigure\" \/>\n<meta property=\"og:image\" content=\"https:\/\/visitfinaleligure.it\/wp-content\/uploads\/2023\/03\/Capo-caprazoppa-1-1.jpg\" \/>\n\t<meta property=\"og:image:width\" content=\"2500\" \/>\n\t<meta property=\"og:image:height\" content=\"1405\" \/>\n\t<meta property=\"og:image:type\" content=\"image\/jpeg\" \/>\n<meta name=\"twitter:card\" content=\"summary_large_image\" \/>\n<meta name=\"twitter:label1\" content=\"Gesch\u00e4tzte Lesezeit\" \/>\n\t<meta name=\"twitter:data1\" content=\"2\u00a0Minuten\" \/>\n<script type=\"application\/ld+json\" class=\"yoast-schema-graph\">{\"@context\":\"https:\\\/\\\/schema.org\",\"@graph\":[{\"@type\":\"WebPage\",\"@id\":\"https:\\\/\\\/visitfinaleligure.it\\\/de\\\/struttura\\\/ca-del-buio-2\\\/\",\"url\":\"https:\\\/\\\/visitfinaleligure.it\\\/de\\\/struttura\\\/ca-del-buio-2\\\/\",\"name\":\"Ca' del Buio - Visit Finale Ligure\",\"isPartOf\":{\"@id\":\"https:\\\/\\\/visitfinaleligure.it\\\/de\\\/#website\"},\"datePublished\":\"2026-08-27T09:08:29+00:00\",\"description\":\"Es gibt einen Ort, eingebettet zwischen den stillen H\u00fcgeln von Perti, wo der Stein die Sonne trifft, die Natur die einzige Gastgeberin ist und die Zeit\",\"breadcrumb\":{\"@id\":\"https:\\\/\\\/visitfinaleligure.it\\\/de\\\/struttura\\\/ca-del-buio-2\\\/#breadcrumb\"},\"inLanguage\":\"de\",\"potentialAction\":[{\"@type\":\"ReadAction\",\"target\":[\"https:\\\/\\\/visitfinaleligure.it\\\/de\\\/struttura\\\/ca-del-buio-2\\\/\"]}]},{\"@type\":\"BreadcrumbList\",\"@id\":\"https:\\\/\\\/visitfinaleligure.it\\\/de\\\/struttura\\\/ca-del-buio-2\\\/#breadcrumb\",\"itemListElement\":[{\"@type\":\"ListItem\",\"position\":1,\"name\":\"Home\",\"item\":\"https:\\\/\\\/visitfinaleligure.it\\\/de\\\/\"},{\"@type\":\"ListItem\",\"position\":2,\"name\":\"Strutture\",\"item\":\"https:\\\/\\\/visitfinaleligure.it\\\/de\\\/struttura\\\/\"},{\"@type\":\"ListItem\",\"position\":3,\"name\":\"Ca&#8217; del Buio\"}]},{\"@type\":\"WebSite\",\"@id\":\"https:\\\/\\\/visitfinaleligure.it\\\/de\\\/#website\",\"url\":\"https:\\\/\\\/visitfinaleligure.it\\\/de\\\/\",\"name\":\"Visit Finale Ligure\",\"description\":\"My perfect place\",\"publisher\":{\"@id\":\"https:\\\/\\\/visitfinaleligure.it\\\/de\\\/#organization\"},\"potentialAction\":[{\"@type\":\"SearchAction\",\"target\":{\"@type\":\"EntryPoint\",\"urlTemplate\":\"https:\\\/\\\/visitfinaleligure.it\\\/de\\\/?s={search_term_string}\"},\"query-input\":{\"@type\":\"PropertyValueSpecification\",\"valueRequired\":true,\"valueName\":\"search_term_string\"}}],\"inLanguage\":\"de\"},{\"@type\":\"Organization\",\"@id\":\"https:\\\/\\\/visitfinaleligure.it\\\/de\\\/#organization\",\"name\":\"Comune di Finale Ligure\",\"url\":\"https:\\\/\\\/visitfinaleligure.it\\\/de\\\/\",\"logo\":{\"@type\":\"ImageObject\",\"inLanguage\":\"de\",\"@id\":\"https:\\\/\\\/visitfinaleligure.it\\\/de\\\/#\\\/schema\\\/logo\\\/image\\\/\",\"url\":\"https:\\\/\\\/visitfinaleligure.it\\\/wp-content\\\/uploads\\\/2023\\\/04\\\/cropped-finaleligure-verticale-positivo-200x200-1.png\",\"contentUrl\":\"https:\\\/\\\/visitfinaleligure.it\\\/wp-content\\\/uploads\\\/2023\\\/04\\\/cropped-finaleligure-verticale-positivo-200x200-1.png\",\"width\":512,\"height\":512,\"caption\":\"Comune di Finale Ligure\"},\"image\":{\"@id\":\"https:\\\/\\\/visitfinaleligure.it\\\/de\\\/#\\\/schema\\\/logo\\\/image\\\/\"},\"sameAs\":[\"https:\\\/\\\/www.facebook.com\\\/VisitFinaleLigure\",\"https:\\\/\\\/www.instagram.com\\\/visitfinale\\\/\",\"https:\\\/\\\/www.youtube.com\\\/channel\\\/UCLmoLfNmrAt9mSCll9egttw\"]}]}<\/script>\n<!-- \/ Yoast SEO plugin. -->","yoast_head_json":{"title":"Ca' del Buio - Visit Finale Ligure","description":"Es gibt einen Ort, eingebettet zwischen den stillen H\u00fcgeln von Perti, wo der Stein die Sonne trifft, die Natur die einzige Gastgeberin ist und die Zeit","robots":{"index":"index","follow":"follow","max-snippet":"max-snippet:-1","max-image-preview":"max-image-preview:large","max-video-preview":"max-video-preview:-1"},"canonical":"https:\/\/visitfinaleligure.it\/de\/struttura\/ca-del-buio-2\/","og_locale":"de_DE","og_type":"article","og_title":"Ca' del Buio - Visit Finale Ligure","og_description":"Es gibt einen Ort, eingebettet zwischen den stillen H\u00fcgeln von Perti, wo der Stein die Sonne trifft, die Natur die einzige Gastgeberin ist und die Zeit","og_url":"https:\/\/visitfinaleligure.it\/de\/struttura\/ca-del-buio-2\/","og_site_name":"Visit Finale Ligure","article_publisher":"https:\/\/www.facebook.com\/VisitFinaleLigure","og_image":[{"width":2500,"height":1405,"url":"https:\/\/visitfinaleligure.it\/wp-content\/uploads\/2023\/03\/Capo-caprazoppa-1-1.jpg","type":"image\/jpeg"}],"twitter_card":"summary_large_image","twitter_misc":{"Gesch\u00e4tzte Lesezeit":"2\u00a0Minuten"},"schema":{"@context":"https:\/\/schema.org","@graph":[{"@type":"WebPage","@id":"https:\/\/visitfinaleligure.it\/de\/struttura\/ca-del-buio-2\/","url":"https:\/\/visitfinaleligure.it\/de\/struttura\/ca-del-buio-2\/","name":"Ca' del Buio - Visit Finale Ligure","isPartOf":{"@id":"https:\/\/visitfinaleligure.it\/de\/#website"},"datePublished":"2026-08-27T09:08:29+00:00","description":"Es gibt einen Ort, eingebettet zwischen den stillen H\u00fcgeln von Perti, wo der Stein die Sonne trifft, die Natur die einzige Gastgeberin ist und die Zeit","breadcrumb":{"@id":"https:\/\/visitfinaleligure.it\/de\/struttura\/ca-del-buio-2\/#breadcrumb"},"inLanguage":"de","potentialAction":[{"@type":"ReadAction","target":["https:\/\/visitfinaleligure.it\/de\/struttura\/ca-del-buio-2\/"]}]},{"@type":"BreadcrumbList","@id":"https:\/\/visitfinaleligure.it\/de\/struttura\/ca-del-buio-2\/#breadcrumb","itemListElement":[{"@type":"ListItem","position":1,"name":"Home","item":"https:\/\/visitfinaleligure.it\/de\/"},{"@type":"ListItem","position":2,"name":"Strutture","item":"https:\/\/visitfinaleligure.it\/de\/struttura\/"},{"@type":"ListItem","position":3,"name":"Ca&#8217; del Buio"}]},{"@type":"WebSite","@id":"https:\/\/visitfinaleligure.it\/de\/#website","url":"https:\/\/visitfinaleligure.it\/de\/","name":"Visit Finale Ligure","description":"My perfect place","publisher":{"@id":"https:\/\/visitfinaleligure.it\/de\/#organization"},"potentialAction":[{"@type":"SearchAction","target":{"@type":"EntryPoint","urlTemplate":"https:\/\/visitfinaleligure.it\/de\/?s={search_term_string}"},"query-input":{"@type":"PropertyValueSpecification","valueRequired":true,"valueName":"search_term_string"}}],"inLanguage":"de"},{"@type":"Organization","@id":"https:\/\/visitfinaleligure.it\/de\/#organization","name":"Comune di Finale Ligure","url":"https:\/\/visitfinaleligure.it\/de\/","logo":{"@type":"ImageObject","inLanguage":"de","@id":"https:\/\/visitfinaleligure.it\/de\/#\/schema\/logo\/image\/","url":"https:\/\/visitfinaleligure.it\/wp-content\/uploads\/2023\/04\/cropped-finaleligure-verticale-positivo-200x200-1.png","contentUrl":"https:\/\/visitfinaleligure.it\/wp-content\/uploads\/2023\/04\/cropped-finaleligure-verticale-positivo-200x200-1.png","width":512,"height":512,"caption":"Comune di Finale Ligure"},"image":{"@id":"https:\/\/visitfinaleligure.it\/de\/#\/schema\/logo\/image\/"},"sameAs":["https:\/\/www.facebook.com\/VisitFinaleLigure","https:\/\/www.instagram.com\/visitfinale\/","https:\/\/www.youtube.com\/channel\/UCLmoLfNmrAt9mSCll9egttw"]}]}},"_links":{"self":[{"href":"https:\/\/visitfinaleligure.it\/de\/wp-json\/wp\/v2\/struttura\/23636","targetHints":{"allow":["GET"]}}],"collection":[{"href":"https:\/\/visitfinaleligure.it\/de\/wp-json\/wp\/v2\/struttura"}],"about":[{"href":"https:\/\/visitfinaleligure.it\/de\/wp-json\/wp\/v2\/types\/struttura"}],"wp:attachment":[{"href":"https:\/\/visitfinaleligure.it\/de\/wp-json\/wp\/v2\/media?parent=23636"}],"wp:term":[{"taxonomy":"categoria","embeddable":true,"href":"https:\/\/visitfinaleligure.it\/de\/wp-json\/wp\/v2\/categoria?post=23636"},{"taxonomy":"classificazione","embeddable":true,"href":"https:\/\/visitfinaleligure.it\/de\/wp-json\/wp\/v2\/classificazione?post=23636"},{"taxonomy":"localita","embeddable":true,"href":"https:\/\/visitfinaleligure.it\/de\/wp-json\/wp\/v2\/localita?post=23636"},{"taxonomy":"gruppomarketing","embeddable":true,"href":"https:\/\/visitfinaleligure.it\/de\/wp-json\/wp\/v2\/gruppomarketing?post=23636"},{"taxonomy":"stella","embeddable":true,"href":"https:\/\/visitfinaleligure.it\/de\/wp-json\/wp\/v2\/stella?post=23636"},{"taxonomy":"criteri","embeddable":true,"href":"https:\/\/visitfinaleligure.it\/de\/wp-json\/wp\/v2\/criteri?post=23636"}],"curies":[{"name":"wp","href":"https:\/\/api.w.org\/{rel}","templated":true}]}}

<p>Es gibt einen Ort, eingebettet zwischen den stillen Hügeln von Perti, wo der Stein die Sonne trifft, die Natur die einzige Gastgeberin ist und die Zeit scheinbar langsamer vergeht, damit du wirklich atmen kannst. Dieser Ort ist Cà del Buio, das erste zertifizierte Eco-B&amp;B der Ligurien CasaClima Welcome – eine Auszeichnung, die die nachhaltige Seele eines Ortes erzählt, der aus einer klaren Vision entstanden ist: das Gebiet zu erleben, ohne es zu verbrauchen.</p>
<p>Hier schläfst du nicht nur gut, sondern lebst besser. Du bist weniger als 10 Minuten von Finalborgo, einem der faszinierendsten mittelalterlichen Dörfer Italiens, entfernt, und dennoch weit genug weg, um dich in einer Stille zu fühlen, die aus Wind, Blättern und Vogelgesang besteht. Direkt vor der Tür deines Zimmers beginnen Wanderwege, Felsen, Höhlen und Landschaften, die wie aus einem Gemälde aussehen. Das Meer? Nur 10 Minuten mit dem Auto oder dem Fahrrad.</p>
<p>Cà del Buio befindet sich in einem der ältesten Gebäude von Perti, das aus dem 1400 stammt und dank einer geduldigen Arbeit des konservierenden architektonischen Wiederaufbaus in seine ursprüngliche Schönheit zurückversetzt wurde, begleitet von einem konkreten Engagement für Energieeinsparung und Umweltschutz.</p>
<p>Die drei Doppelzimmer, jedes anders und mit einem essentiellen und authentischen Stil eingerichtet, sind mit eigenem Bad ausgestattet und blicken auf eine Landschaft, die von wahrer Ligurien erzählt: Olivenhaine, Wälder, felsige Kämme und offenen Himmel. Die Fenster werden zu lebendigen Bildern, die stillen Nächte werden zu Momenten purer Regeneration.</p>
<p>Jeden Morgen erwartet dich ein echtes und lokales Frühstück, das auf der schönen Dachterrasse serviert wird, mit frischen, saisonalen und regionalen Produkten, die von kleinen Produzenten der Region bereitgestellt werden. Honig, Brot, Obst, Käse, hausgemachte Kuchen&#8230; alles mit besonderem Augenmerk auf Qualität und Nachhaltigkeit.</p>
<p>Cà del Buio ist nicht nur ein B&amp;B: es ist eine umweltfreundliche Erfahrung, konkret und bewusst. Es ist der perfekte Ausgangspunkt für Liebhaber von Outdoor, Klettern, Wandern und Radfahren, aber auch für diejenigen, die einfach nur langsamer werden, die Natur hören und eine tiefere Verbindung zu sich selbst und zur Welt finden möchten.</p>
<p>Wenn du aus dem Fenster schaust, siehst du nur Grün. Und das wird der größte Luxus sein.</p>

<!-- This site is optimized with the Yoast SEO plugin v28.3 - https://yoast.com/product/yoast-seo-wordpress/ -->
<title>Ca&#039; del Buio - Visit Finale Ligure</title>
<meta name="description" content="Es gibt einen Ort, eingebettet zwischen den stillen Hügeln von Perti, wo der Stein die Sonne trifft, die Natur die einzige Gastgeberin ist und die Zeit" />
<meta name="robots" content="index, follow, max-snippet:-1, max-image-preview:large, max-video-preview:-1" />
<link rel="canonical" href="https://visitfinaleligure.it/de/struttura/ca-del-buio-2/" />
<meta property="og:locale" content="de_DE" />
<meta property="og:type" content="article" />
<meta property="og:title" content="Ca&#039; del Buio - Visit Finale Ligure" />
<meta property="og:description" content="Es gibt einen Ort, eingebettet zwischen den stillen Hügeln von Perti, wo der Stein die Sonne trifft, die Natur die einzige Gastgeberin ist und die Zeit" />
<meta property="og:url" content="https://visitfinaleligure.it/de/struttura/ca-del-buio-2/" />
<meta property="og:site_name" content="Visit Finale Ligure" />
<meta property="article:publisher" content="https://www.facebook.com/VisitFinaleLigure" />
<meta property="og:image" content="https://visitfinaleligure.it/wp-content/uploads/2023/03/Capo-caprazoppa-1-1.jpg" />
	<meta property="og:image:width" content="2500" />
	<meta property="og:image:height" content="1405" />
	<meta property="og:image:type" content="image/jpeg" />
<meta name="twitter:card" content="summary_large_image" />
<meta name="twitter:label1" content="Geschätzte Lesezeit" />
	<meta name="twitter:data1" content="2 Minuten" />
<script type="application/ld+json" class="yoast-schema-graph">{"@context":"https:\/\/schema.org","@graph":[{"@type":"WebPage","@id":"https:\/\/visitfinaleligure.it\/de\/struttura\/ca-del-buio-2\/","url":"https:\/\/visitfinaleligure.it\/de\/struttura\/ca-del-buio-2\/","name":"Ca' del Buio - Visit Finale Ligure","isPartOf":{"@id":"https:\/\/visitfinaleligure.it\/de\/#website"},"datePublished":"2026-08-27T09:08:29+00:00","description":"Es gibt einen Ort, eingebettet zwischen den stillen Hügeln von Perti, wo der Stein die Sonne trifft, die Natur die einzige Gastgeberin ist und die Zeit","breadcrumb":{"@id":"https:\/\/visitfinaleligure.it\/de\/struttura\/ca-del-buio-2\/#breadcrumb"},"inLanguage":"de","potentialAction":[{"@type":"ReadAction","target":["https:\/\/visitfinaleligure.it\/de\/struttura\/ca-del-buio-2\/"]}]},{"@type":"BreadcrumbList","@id":"https:\/\/visitfinaleligure.it\/de\/struttura\/ca-del-buio-2\/#breadcrumb","itemListElement":[{"@type":"ListItem","position":1,"name":"Home","item":"https:\/\/visitfinaleligure.it\/de\/"},{"@type":"ListItem","position":2,"name":"Strutture","item":"https:\/\/visitfinaleligure.it\/de\/struttura\/"},{"@type":"ListItem","position":3,"name":"Ca&#8217; del Buio"}]},{"@type":"WebSite","@id":"https:\/\/visitfinaleligure.it\/de\/#website","url":"https:\/\/visitfinaleligure.it\/de\/","name":"Visit Finale Ligure","description":"My perfect place","publisher":{"@id":"https:\/\/visitfinaleligure.it\/de\/#organization"},"potentialAction":[{"@type":"SearchAction","target":{"@type":"EntryPoint","urlTemplate":"https:\/\/visitfinaleligure.it\/de\/?s={search_term_string}"},"query-input":{"@type":"PropertyValueSpecification","valueRequired":true,"valueName":"search_term_string"}}],"inLanguage":"de"},{"@type":"Organization","@id":"https:\/\/visitfinaleligure.it\/de\/#organization","name":"Comune di Finale Ligure","url":"https:\/\/visitfinaleligure.it\/de\/","logo":{"@type":"ImageObject","inLanguage":"de","@id":"https:\/\/visitfinaleligure.it\/de\/#\/schema\/logo\/image\/","url":"https:\/\/visitfinaleligure.it\/wp-content\/uploads\/2023\/04\/cropped-finaleligure-verticale-positivo-200x200-1.png","contentUrl":"https:\/\/visitfinaleligure.it\/wp-content\/uploads\/2023\/04\/cropped-finaleligure-verticale-positivo-200x200-1.png","width":512,"height":512,"caption":"Comune di Finale Ligure"},"image":{"@id":"https:\/\/visitfinaleligure.it\/de\/#\/schema\/logo\/image\/"},"sameAs":["https:\/\/www.facebook.com\/VisitFinaleLigure","https:\/\/www.instagram.com\/visitfinale\/","https:\/\/www.youtube.com\/channel\/UCLmoLfNmrAt9mSCll9egttw"]}]}</script>
<!-- / Yoast SEO plugin. -->

Es gibt einen Ort, eingebettet zwischen den stillen Hügeln von Perti, wo der Stein die Sonne trifft, die Natur die einzige Gastgeberin ist und die Zeit
