{"id":24198,"date":"2026-09-01T11:22:30","date_gmt":"2026-09-01T09:22:30","guid":{"rendered":"https:\/\/visitfinaleligure.it\/esperienza\/valpennavaire3days-trip-4guimp-travel-2\/"},"modified":"2026-09-01T11:22:30","modified_gmt":"2026-09-01T09:22:30","slug":"valpennavaire3days-trip-4guimp-travel-2","status":"publish","type":"esperienza","link":"https:\/\/visitfinaleligure.it\/fr\/esperienza\/valpennavaire3days-trip-4guimp-travel-2\/","title":{"rendered":"Valpennavaire:3days trip &#8211; 4GUIMP TRAVEL"},"content":{"rendered":"<p><b>Finale Ligure &#8211; Val Pennavaire, dal Mediterraneo alle Alpi del Mare<\/b> <\/p>\n<p> Un tour di 3 giorni con partenza da Finale Ligure ti porter\u00e0 a percorrere alcuni dei sentieri pi\u00f9 emozionanti del backcountry ligure! <\/p>\n<p>Attraverseremo alcuni tipici borghi liguri come Bardineto, Erli, Castelvecchio di Rocca Barbena, Zuccarello, Toirano. Non un semplice itinerario in mountain bike, ma un vero e proprio viaggio alla scoperta degli angoli pi\u00f9 nascosti e ancora poco conosciuti di questa parte della Liguria. <\/p>\n<p>Meta finale e cuore del tour \u00e8 la Val Pennavaire, con il suo magnifico e prezioso ambiente. La Val Pennavaire \u00e8 infatti una valle alpina mediterranea: come parte della Liguria occidentale, la valle \u00e8 caratterizzata da un&#8217;enorme variet\u00e0 di habitat. La severit\u00e0 dell&#8217;alta valle del Pennavaire, con il suo carattere dolomitico iconico e la sua ricchezza di crateri e pareti rocciose, fa da sfondo all&#8217;intera avventura. <\/p>\n<p>Per completare questa straordinaria esperienza, trascorreremo due notti in un luogo speciale, la Colletta di Castelbianco, un borgo medievale del XIII secolo completamente restaurato negli anni 2000 sotto la guida di un professionista del restauro di fama mondiale, che ci offre la possibilit\u00e0 di vivere un luogo unico, in un contesto paesaggistico e naturale davvero notevole. <\/p>\n<p>E, naturalmente, di assaporare i gustosi piatti tipici e la birra fatta in casa!<\/p>\n","protected":false},"featured_media":0,"template":"","meta":[],"tipi_servizi":[],"temi_vacanza":[],"classificazioni":[],"class_list":["post-24198","esperienza","type-esperienza","status-publish","hentry"],"yoast_head":"<!-- This site is optimized with the Yoast SEO plugin v28.3 - https:\/\/yoast.com\/product\/yoast-seo-wordpress\/ -->\n<title>Valpennavaire:3days trip - 4GUIMP TRAVEL - Visit Finale Ligure<\/title>\n<meta name=\"description\" content=\"Finale Ligure - Val Pennavaire, dal Mediterraneo alle Alpi del Mare Un tour di 3 giorni con partenza da Finale Ligure ti porter\u00e0 a percorrere alcuni dei\" \/>\n<meta name=\"robots\" content=\"index, follow, max-snippet:-1, max-image-preview:large, max-video-preview:-1\" \/>\n<link rel=\"canonical\" href=\"https:\/\/visitfinaleligure.it\/fr\/esperienza\/valpennavaire3days-trip-4guimp-travel-2\/\" \/>\n<meta property=\"og:locale\" content=\"fr_FR\" \/>\n<meta property=\"og:type\" content=\"article\" \/>\n<meta property=\"og:title\" content=\"Valpennavaire:3days trip - 4GUIMP TRAVEL - Visit Finale Ligure\" \/>\n<meta property=\"og:description\" content=\"Finale Ligure - Val Pennavaire, dal Mediterraneo alle Alpi del Mare Un tour di 3 giorni con partenza da Finale Ligure ti porter\u00e0 a percorrere alcuni dei\" \/>\n<meta property=\"og:url\" content=\"https:\/\/visitfinaleligure.it\/fr\/esperienza\/valpennavaire3days-trip-4guimp-travel-2\/\" \/>\n<meta property=\"og:site_name\" content=\"Visit Finale Ligure\" \/>\n<meta property=\"article:publisher\" content=\"https:\/\/www.facebook.com\/VisitFinaleLigure\" \/>\n<meta property=\"og:image\" content=\"https:\/\/visitfinaleligure.it\/wp-content\/uploads\/2026\/08\/image-209.jpg\" \/>\n\t<meta property=\"og:image:width\" content=\"2560\" \/>\n\t<meta property=\"og:image:height\" content=\"1707\" \/>\n\t<meta property=\"og:image:type\" content=\"image\/jpeg\" \/>\n<meta name=\"twitter:card\" content=\"summary_large_image\" \/>\n<meta name=\"twitter:label1\" content=\"Dur\u00e9e de lecture estim\u00e9e\" \/>\n\t<meta name=\"twitter:data1\" content=\"1 minute\" \/>\n<script type=\"application\/ld+json\" class=\"yoast-schema-graph\">{\"@context\":\"https:\\\/\\\/schema.org\",\"@graph\":[{\"@type\":\"WebPage\",\"@id\":\"https:\\\/\\\/visitfinaleligure.it\\\/fr\\\/esperienza\\\/valpennavaire3days-trip-4guimp-travel-2\\\/\",\"url\":\"https:\\\/\\\/visitfinaleligure.it\\\/fr\\\/esperienza\\\/valpennavaire3days-trip-4guimp-travel-2\\\/\",\"name\":\"Valpennavaire:3days trip - 4GUIMP TRAVEL - Visit Finale Ligure\",\"isPartOf\":{\"@id\":\"https:\\\/\\\/visitfinaleligure.it\\\/fr\\\/#website\"},\"datePublished\":\"2026-09-01T09:22:30+00:00\",\"description\":\"Finale Ligure - Val Pennavaire, dal Mediterraneo alle Alpi del Mare Un tour di 3 giorni con partenza da Finale Ligure ti porter\u00e0 a percorrere alcuni dei\",\"breadcrumb\":{\"@id\":\"https:\\\/\\\/visitfinaleligure.it\\\/fr\\\/esperienza\\\/valpennavaire3days-trip-4guimp-travel-2\\\/#breadcrumb\"},\"inLanguage\":\"fr-FR\",\"potentialAction\":[{\"@type\":\"ReadAction\",\"target\":[\"https:\\\/\\\/visitfinaleligure.it\\\/fr\\\/esperienza\\\/valpennavaire3days-trip-4guimp-travel-2\\\/\"]}]},{\"@type\":\"BreadcrumbList\",\"@id\":\"https:\\\/\\\/visitfinaleligure.it\\\/fr\\\/esperienza\\\/valpennavaire3days-trip-4guimp-travel-2\\\/#breadcrumb\",\"itemListElement\":[{\"@type\":\"ListItem\",\"position\":1,\"name\":\"Home\",\"item\":\"https:\\\/\\\/visitfinaleligure.it\\\/fr\\\/\"},{\"@type\":\"ListItem\",\"position\":2,\"name\":\"Esperienze\",\"item\":\"https:\\\/\\\/visitfinaleligure.it\\\/fr\\\/esperienza\\\/\"},{\"@type\":\"ListItem\",\"position\":3,\"name\":\"Valpennavaire:3days trip &#8211; 4GUIMP TRAVEL\"}]},{\"@type\":\"WebSite\",\"@id\":\"https:\\\/\\\/visitfinaleligure.it\\\/fr\\\/#website\",\"url\":\"https:\\\/\\\/visitfinaleligure.it\\\/fr\\\/\",\"name\":\"Visit Finale Ligure\",\"description\":\"My perfect place\",\"publisher\":{\"@id\":\"https:\\\/\\\/visitfinaleligure.it\\\/fr\\\/#organization\"},\"potentialAction\":[{\"@type\":\"SearchAction\",\"target\":{\"@type\":\"EntryPoint\",\"urlTemplate\":\"https:\\\/\\\/visitfinaleligure.it\\\/fr\\\/?s={search_term_string}\"},\"query-input\":{\"@type\":\"PropertyValueSpecification\",\"valueRequired\":true,\"valueName\":\"search_term_string\"}}],\"inLanguage\":\"fr-FR\"},{\"@type\":\"Organization\",\"@id\":\"https:\\\/\\\/visitfinaleligure.it\\\/fr\\\/#organization\",\"name\":\"Comune di Finale Ligure\",\"url\":\"https:\\\/\\\/visitfinaleligure.it\\\/fr\\\/\",\"logo\":{\"@type\":\"ImageObject\",\"inLanguage\":\"fr-FR\",\"@id\":\"https:\\\/\\\/visitfinaleligure.it\\\/fr\\\/#\\\/schema\\\/logo\\\/image\\\/\",\"url\":\"https:\\\/\\\/visitfinaleligure.it\\\/wp-content\\\/uploads\\\/2023\\\/04\\\/cropped-finaleligure-verticale-positivo-200x200-1.png\",\"contentUrl\":\"https:\\\/\\\/visitfinaleligure.it\\\/wp-content\\\/uploads\\\/2023\\\/04\\\/cropped-finaleligure-verticale-positivo-200x200-1.png\",\"width\":512,\"height\":512,\"caption\":\"Comune di Finale Ligure\"},\"image\":{\"@id\":\"https:\\\/\\\/visitfinaleligure.it\\\/fr\\\/#\\\/schema\\\/logo\\\/image\\\/\"},\"sameAs\":[\"https:\\\/\\\/www.facebook.com\\\/VisitFinaleLigure\",\"https:\\\/\\\/www.instagram.com\\\/visitfinale\\\/\",\"https:\\\/\\\/www.youtube.com\\\/channel\\\/UCLmoLfNmrAt9mSCll9egttw\"]}]}<\/script>\n<!-- \/ Yoast SEO plugin. -->","yoast_head_json":{"title":"Valpennavaire:3days trip - 4GUIMP TRAVEL - Visit Finale Ligure","description":"Finale Ligure - Val Pennavaire, dal Mediterraneo alle Alpi del Mare Un tour di 3 giorni con partenza da Finale Ligure ti porter\u00e0 a percorrere alcuni dei","robots":{"index":"index","follow":"follow","max-snippet":"max-snippet:-1","max-image-preview":"max-image-preview:large","max-video-preview":"max-video-preview:-1"},"canonical":"https:\/\/visitfinaleligure.it\/fr\/esperienza\/valpennavaire3days-trip-4guimp-travel-2\/","og_locale":"fr_FR","og_type":"article","og_title":"Valpennavaire:3days trip - 4GUIMP TRAVEL - Visit Finale Ligure","og_description":"Finale Ligure - Val Pennavaire, dal Mediterraneo alle Alpi del Mare Un tour di 3 giorni con partenza da Finale Ligure ti porter\u00e0 a percorrere alcuni dei","og_url":"https:\/\/visitfinaleligure.it\/fr\/esperienza\/valpennavaire3days-trip-4guimp-travel-2\/","og_site_name":"Visit Finale Ligure","article_publisher":"https:\/\/www.facebook.com\/VisitFinaleLigure","og_image":[{"width":2560,"height":1707,"url":"https:\/\/visitfinaleligure.it\/wp-content\/uploads\/2026\/08\/image-209.jpg","type":"image\/jpeg"}],"twitter_card":"summary_large_image","twitter_misc":{"Dur\u00e9e de lecture estim\u00e9e":"1 minute"},"schema":{"@context":"https:\/\/schema.org","@graph":[{"@type":"WebPage","@id":"https:\/\/visitfinaleligure.it\/fr\/esperienza\/valpennavaire3days-trip-4guimp-travel-2\/","url":"https:\/\/visitfinaleligure.it\/fr\/esperienza\/valpennavaire3days-trip-4guimp-travel-2\/","name":"Valpennavaire:3days trip - 4GUIMP TRAVEL - Visit Finale Ligure","isPartOf":{"@id":"https:\/\/visitfinaleligure.it\/fr\/#website"},"datePublished":"2026-09-01T09:22:30+00:00","description":"Finale Ligure - Val Pennavaire, dal Mediterraneo alle Alpi del Mare Un tour di 3 giorni con partenza da Finale Ligure ti porter\u00e0 a percorrere alcuni dei","breadcrumb":{"@id":"https:\/\/visitfinaleligure.it\/fr\/esperienza\/valpennavaire3days-trip-4guimp-travel-2\/#breadcrumb"},"inLanguage":"fr-FR","potentialAction":[{"@type":"ReadAction","target":["https:\/\/visitfinaleligure.it\/fr\/esperienza\/valpennavaire3days-trip-4guimp-travel-2\/"]}]},{"@type":"BreadcrumbList","@id":"https:\/\/visitfinaleligure.it\/fr\/esperienza\/valpennavaire3days-trip-4guimp-travel-2\/#breadcrumb","itemListElement":[{"@type":"ListItem","position":1,"name":"Home","item":"https:\/\/visitfinaleligure.it\/fr\/"},{"@type":"ListItem","position":2,"name":"Esperienze","item":"https:\/\/visitfinaleligure.it\/fr\/esperienza\/"},{"@type":"ListItem","position":3,"name":"Valpennavaire:3days trip &#8211; 4GUIMP TRAVEL"}]},{"@type":"WebSite","@id":"https:\/\/visitfinaleligure.it\/fr\/#website","url":"https:\/\/visitfinaleligure.it\/fr\/","name":"Visit Finale Ligure","description":"My perfect place","publisher":{"@id":"https:\/\/visitfinaleligure.it\/fr\/#organization"},"potentialAction":[{"@type":"SearchAction","target":{"@type":"EntryPoint","urlTemplate":"https:\/\/visitfinaleligure.it\/fr\/?s={search_term_string}"},"query-input":{"@type":"PropertyValueSpecification","valueRequired":true,"valueName":"search_term_string"}}],"inLanguage":"fr-FR"},{"@type":"Organization","@id":"https:\/\/visitfinaleligure.it\/fr\/#organization","name":"Comune di Finale Ligure","url":"https:\/\/visitfinaleligure.it\/fr\/","logo":{"@type":"ImageObject","inLanguage":"fr-FR","@id":"https:\/\/visitfinaleligure.it\/fr\/#\/schema\/logo\/image\/","url":"https:\/\/visitfinaleligure.it\/wp-content\/uploads\/2023\/04\/cropped-finaleligure-verticale-positivo-200x200-1.png","contentUrl":"https:\/\/visitfinaleligure.it\/wp-content\/uploads\/2023\/04\/cropped-finaleligure-verticale-positivo-200x200-1.png","width":512,"height":512,"caption":"Comune di Finale Ligure"},"image":{"@id":"https:\/\/visitfinaleligure.it\/fr\/#\/schema\/logo\/image\/"},"sameAs":["https:\/\/www.facebook.com\/VisitFinaleLigure","https:\/\/www.instagram.com\/visitfinale\/","https:\/\/www.youtube.com\/channel\/UCLmoLfNmrAt9mSCll9egttw"]}]}},"_links":{"self":[{"href":"https:\/\/visitfinaleligure.it\/fr\/wp-json\/wp\/v2\/esperienza\/24198","targetHints":{"allow":["GET"]}}],"collection":[{"href":"https:\/\/visitfinaleligure.it\/fr\/wp-json\/wp\/v2\/esperienza"}],"about":[{"href":"https:\/\/visitfinaleligure.it\/fr\/wp-json\/wp\/v2\/types\/esperienza"}],"wp:attachment":[{"href":"https:\/\/visitfinaleligure.it\/fr\/wp-json\/wp\/v2\/media?parent=24198"}],"wp:term":[{"taxonomy":"tipi_servizi","embeddable":true,"href":"https:\/\/visitfinaleligure.it\/fr\/wp-json\/wp\/v2\/tipi_servizi?post=24198"},{"taxonomy":"temi_vacanza","embeddable":true,"href":"https:\/\/visitfinaleligure.it\/fr\/wp-json\/wp\/v2\/temi_vacanza?post=24198"},{"taxonomy":"classificazioni","embeddable":true,"href":"https:\/\/visitfinaleligure.it\/fr\/wp-json\/wp\/v2\/classificazioni?post=24198"}],"curies":[{"name":"wp","href":"https:\/\/api.w.org\/{rel}","templated":true}]}}

<p><b>Finale Ligure &#8211; Val Pennavaire, dal Mediterraneo alle Alpi del Mare</b> </p>
<p> Un tour di 3 giorni con partenza da Finale Ligure ti porterà a percorrere alcuni dei sentieri più emozionanti del backcountry ligure! </p>
<p>Attraverseremo alcuni tipici borghi liguri come Bardineto, Erli, Castelvecchio di Rocca Barbena, Zuccarello, Toirano. Non un semplice itinerario in mountain bike, ma un vero e proprio viaggio alla scoperta degli angoli più nascosti e ancora poco conosciuti di questa parte della Liguria. </p>
<p>Meta finale e cuore del tour è la Val Pennavaire, con il suo magnifico e prezioso ambiente. La Val Pennavaire è infatti una valle alpina mediterranea: come parte della Liguria occidentale, la valle è caratterizzata da un&#8217;enorme varietà di habitat. La severità dell&#8217;alta valle del Pennavaire, con il suo carattere dolomitico iconico e la sua ricchezza di crateri e pareti rocciose, fa da sfondo all&#8217;intera avventura. </p>
<p>Per completare questa straordinaria esperienza, trascorreremo due notti in un luogo speciale, la Colletta di Castelbianco, un borgo medievale del XIII secolo completamente restaurato negli anni 2000 sotto la guida di un professionista del restauro di fama mondiale, che ci offre la possibilità di vivere un luogo unico, in un contesto paesaggistico e naturale davvero notevole. </p>
<p>E, naturalmente, di assaporare i gustosi piatti tipici e la birra fatta in casa!</p>

<!-- This site is optimized with the Yoast SEO plugin v28.3 - https://yoast.com/product/yoast-seo-wordpress/ -->
<title>Valpennavaire:3days trip - 4GUIMP TRAVEL - Visit Finale Ligure</title>
<meta name="description" content="Finale Ligure - Val Pennavaire, dal Mediterraneo alle Alpi del Mare Un tour di 3 giorni con partenza da Finale Ligure ti porterà a percorrere alcuni dei" />
<meta name="robots" content="index, follow, max-snippet:-1, max-image-preview:large, max-video-preview:-1" />
<link rel="canonical" href="https://visitfinaleligure.it/fr/esperienza/valpennavaire3days-trip-4guimp-travel-2/" />
<meta property="og:locale" content="fr_FR" />
<meta property="og:type" content="article" />
<meta property="og:title" content="Valpennavaire:3days trip - 4GUIMP TRAVEL - Visit Finale Ligure" />
<meta property="og:description" content="Finale Ligure - Val Pennavaire, dal Mediterraneo alle Alpi del Mare Un tour di 3 giorni con partenza da Finale Ligure ti porterà a percorrere alcuni dei" />
<meta property="og:url" content="https://visitfinaleligure.it/fr/esperienza/valpennavaire3days-trip-4guimp-travel-2/" />
<meta property="og:site_name" content="Visit Finale Ligure" />
<meta property="article:publisher" content="https://www.facebook.com/VisitFinaleLigure" />
<meta property="og:image" content="https://visitfinaleligure.it/wp-content/uploads/2026/08/image-209.jpg" />
	<meta property="og:image:width" content="2560" />
	<meta property="og:image:height" content="1707" />
	<meta property="og:image:type" content="image/jpeg" />
<meta name="twitter:card" content="summary_large_image" />
<meta name="twitter:label1" content="Durée de lecture estimée" />
	<meta name="twitter:data1" content="1 minute" />
<script type="application/ld+json" class="yoast-schema-graph">{"@context":"https:\/\/schema.org","@graph":[{"@type":"WebPage","@id":"https:\/\/visitfinaleligure.it\/fr\/esperienza\/valpennavaire3days-trip-4guimp-travel-2\/","url":"https:\/\/visitfinaleligure.it\/fr\/esperienza\/valpennavaire3days-trip-4guimp-travel-2\/","name":"Valpennavaire:3days trip - 4GUIMP TRAVEL - Visit Finale Ligure","isPartOf":{"@id":"https:\/\/visitfinaleligure.it\/fr\/#website"},"datePublished":"2026-09-01T09:22:30+00:00","description":"Finale Ligure - Val Pennavaire, dal Mediterraneo alle Alpi del Mare Un tour di 3 giorni con partenza da Finale Ligure ti porterà a percorrere alcuni dei","breadcrumb":{"@id":"https:\/\/visitfinaleligure.it\/fr\/esperienza\/valpennavaire3days-trip-4guimp-travel-2\/#breadcrumb"},"inLanguage":"fr-FR","potentialAction":[{"@type":"ReadAction","target":["https:\/\/visitfinaleligure.it\/fr\/esperienza\/valpennavaire3days-trip-4guimp-travel-2\/"]}]},{"@type":"BreadcrumbList","@id":"https:\/\/visitfinaleligure.it\/fr\/esperienza\/valpennavaire3days-trip-4guimp-travel-2\/#breadcrumb","itemListElement":[{"@type":"ListItem","position":1,"name":"Home","item":"https:\/\/visitfinaleligure.it\/fr\/"},{"@type":"ListItem","position":2,"name":"Esperienze","item":"https:\/\/visitfinaleligure.it\/fr\/esperienza\/"},{"@type":"ListItem","position":3,"name":"Valpennavaire:3days trip &#8211; 4GUIMP TRAVEL"}]},{"@type":"WebSite","@id":"https:\/\/visitfinaleligure.it\/fr\/#website","url":"https:\/\/visitfinaleligure.it\/fr\/","name":"Visit Finale Ligure","description":"My perfect place","publisher":{"@id":"https:\/\/visitfinaleligure.it\/fr\/#organization"},"potentialAction":[{"@type":"SearchAction","target":{"@type":"EntryPoint","urlTemplate":"https:\/\/visitfinaleligure.it\/fr\/?s={search_term_string}"},"query-input":{"@type":"PropertyValueSpecification","valueRequired":true,"valueName":"search_term_string"}}],"inLanguage":"fr-FR"},{"@type":"Organization","@id":"https:\/\/visitfinaleligure.it\/fr\/#organization","name":"Comune di Finale Ligure","url":"https:\/\/visitfinaleligure.it\/fr\/","logo":{"@type":"ImageObject","inLanguage":"fr-FR","@id":"https:\/\/visitfinaleligure.it\/fr\/#\/schema\/logo\/image\/","url":"https:\/\/visitfinaleligure.it\/wp-content\/uploads\/2023\/04\/cropped-finaleligure-verticale-positivo-200x200-1.png","contentUrl":"https:\/\/visitfinaleligure.it\/wp-content\/uploads\/2023\/04\/cropped-finaleligure-verticale-positivo-200x200-1.png","width":512,"height":512,"caption":"Comune di Finale Ligure"},"image":{"@id":"https:\/\/visitfinaleligure.it\/fr\/#\/schema\/logo\/image\/"},"sameAs":["https:\/\/www.facebook.com\/VisitFinaleLigure","https:\/\/www.instagram.com\/visitfinale\/","https:\/\/www.youtube.com\/channel\/UCLmoLfNmrAt9mSCll9egttw"]}]}</script>
<!-- / Yoast SEO plugin. -->

Finale Ligure - Val Pennavaire, dal Mediterraneo alle Alpi del Mare Un tour di 3 giorni con partenza da Finale Ligure ti porterà a percorrere alcuni dei
