{"id":24606,"date":"2026-09-01T11:23:00","date_gmt":"2026-09-01T09:23:00","guid":{"rendered":"https:\/\/visitfinaleligure.it\/esperienza\/una-giornata-da-paleolitico-laboratori-di-archeologia-sperimentale-maf-2\/"},"modified":"2026-09-01T11:23:00","modified_gmt":"2026-09-01T09:23:00","slug":"una-giornata-da-paleolitico-laboratori-di-archeologia-sperimentale-maf-2","status":"publish","type":"esperienza","link":"https:\/\/visitfinaleligure.it\/fr\/esperienza\/una-giornata-da-paleolitico-laboratori-di-archeologia-sperimentale-maf-2\/","title":{"rendered":"Una giornata da Paleolitico: laboratori di archeologia sperimentale &#8211; MAF"},"content":{"rendered":"<p><b>\u201cUne journ\u00e9e au Pal\u00e9olithique\u201d<br \/><\/b><b>Mus\u00e9e Arch\u00e9ologique de Finale<\/b><\/p>\n<p><b>de 11h00 \u00e0 12h00 :&nbsp;<\/b>les enfants, apr\u00e8s avoir produit avec des meules et des molettes en pierre des pigments avec des terres naturelles, proc\u00e8dent \u00e0 reproduire des dessins au charbon de bois sur le mur d&#8217;une cavit\u00e9 reconstruite dans le laboratoire, pour ensuite les colorier, se transformant ainsi en artistes de la Pr\u00e9histoire.<\/p>\n<p><b>de 17h00 \u00e0 18h00 (sauf le 16 juillet) : <\/b>&nbsp;un fascinant voyage aux origines de la musique emm\u00e8nera les jeunes \u00e0 travers des sons ancestraux \u00e0 la d\u00e9couverte et \u00e0 la r\u00e9alisation d&#8217;un &#8220;grondement&#8221;, un ancien instrument d&#8217;origine chamanique encore aujourd&#8217;hui utilis\u00e9 par des populations traditionnelles. \u00c0 la fin de l&#8217;atelier, chaque enfant repartira chez lui avec son propre instrument sonore.<\/p>\n<p><\/p>\n","protected":false},"featured_media":0,"template":"","meta":[],"tipi_servizi":[],"temi_vacanza":[],"classificazioni":[],"class_list":["post-24606","esperienza","type-esperienza","status-publish","hentry"],"yoast_head":"<!-- This site is optimized with the Yoast SEO plugin v28.3 - https:\/\/yoast.com\/product\/yoast-seo-wordpress\/ -->\n<title>Una giornata da Paleolitico: laboratori di archeologia sperimentale - MAF - Visit Finale Ligure<\/title>\n<meta name=\"description\" content=\"\u201cUne journ\u00e9e au Pal\u00e9olithique\u201dMus\u00e9e Arch\u00e9ologique de Finalede 11h00 \u00e0 12h00 :&nbsp;les enfants, apr\u00e8s avoir produit avec des meules et des molettes en\" \/>\n<meta name=\"robots\" content=\"index, follow, max-snippet:-1, max-image-preview:large, max-video-preview:-1\" \/>\n<link rel=\"canonical\" href=\"https:\/\/visitfinaleligure.it\/fr\/esperienza\/una-giornata-da-paleolitico-laboratori-di-archeologia-sperimentale-maf-2\/\" \/>\n<meta property=\"og:locale\" content=\"fr_FR\" \/>\n<meta property=\"og:type\" content=\"article\" \/>\n<meta property=\"og:title\" content=\"Una giornata da Paleolitico: laboratori di archeologia sperimentale - MAF - Visit Finale Ligure\" \/>\n<meta property=\"og:description\" content=\"\u201cUne journ\u00e9e au Pal\u00e9olithique\u201dMus\u00e9e Arch\u00e9ologique de Finalede 11h00 \u00e0 12h00 :&nbsp;les enfants, apr\u00e8s avoir produit avec des meules et des molettes en\" \/>\n<meta property=\"og:url\" content=\"https:\/\/visitfinaleligure.it\/fr\/esperienza\/una-giornata-da-paleolitico-laboratori-di-archeologia-sperimentale-maf-2\/\" \/>\n<meta property=\"og:site_name\" content=\"Visit Finale Ligure\" \/>\n<meta property=\"article:publisher\" content=\"https:\/\/www.facebook.com\/VisitFinaleLigure\" \/>\n<meta property=\"og:image\" content=\"https:\/\/visitfinaleligure.it\/wp-content\/uploads\/2026\/08\/image-475.jpg\" \/>\n\t<meta property=\"og:image:width\" content=\"1920\" \/>\n\t<meta property=\"og:image:height\" content=\"621\" \/>\n\t<meta property=\"og:image:type\" content=\"image\/jpeg\" \/>\n<meta name=\"twitter:card\" content=\"summary_large_image\" \/>\n<meta name=\"twitter:label1\" content=\"Dur\u00e9e de lecture estim\u00e9e\" \/>\n\t<meta name=\"twitter:data1\" content=\"1 minute\" \/>\n<script type=\"application\/ld+json\" class=\"yoast-schema-graph\">{\"@context\":\"https:\\\/\\\/schema.org\",\"@graph\":[{\"@type\":\"WebPage\",\"@id\":\"https:\\\/\\\/visitfinaleligure.it\\\/fr\\\/esperienza\\\/una-giornata-da-paleolitico-laboratori-di-archeologia-sperimentale-maf-2\\\/\",\"url\":\"https:\\\/\\\/visitfinaleligure.it\\\/fr\\\/esperienza\\\/una-giornata-da-paleolitico-laboratori-di-archeologia-sperimentale-maf-2\\\/\",\"name\":\"Una giornata da Paleolitico: laboratori di archeologia sperimentale - MAF - Visit Finale Ligure\",\"isPartOf\":{\"@id\":\"https:\\\/\\\/visitfinaleligure.it\\\/fr\\\/#website\"},\"datePublished\":\"2026-09-01T09:23:00+00:00\",\"description\":\"\u201cUne journ\u00e9e au Pal\u00e9olithique\u201dMus\u00e9e Arch\u00e9ologique de Finalede 11h00 \u00e0 12h00 :&nbsp;les enfants, apr\u00e8s avoir produit avec des meules et des molettes en\",\"breadcrumb\":{\"@id\":\"https:\\\/\\\/visitfinaleligure.it\\\/fr\\\/esperienza\\\/una-giornata-da-paleolitico-laboratori-di-archeologia-sperimentale-maf-2\\\/#breadcrumb\"},\"inLanguage\":\"fr-FR\",\"potentialAction\":[{\"@type\":\"ReadAction\",\"target\":[\"https:\\\/\\\/visitfinaleligure.it\\\/fr\\\/esperienza\\\/una-giornata-da-paleolitico-laboratori-di-archeologia-sperimentale-maf-2\\\/\"]}]},{\"@type\":\"BreadcrumbList\",\"@id\":\"https:\\\/\\\/visitfinaleligure.it\\\/fr\\\/esperienza\\\/una-giornata-da-paleolitico-laboratori-di-archeologia-sperimentale-maf-2\\\/#breadcrumb\",\"itemListElement\":[{\"@type\":\"ListItem\",\"position\":1,\"name\":\"Home\",\"item\":\"https:\\\/\\\/visitfinaleligure.it\\\/fr\\\/\"},{\"@type\":\"ListItem\",\"position\":2,\"name\":\"Esperienze\",\"item\":\"https:\\\/\\\/visitfinaleligure.it\\\/fr\\\/esperienza\\\/\"},{\"@type\":\"ListItem\",\"position\":3,\"name\":\"Una giornata da Paleolitico: laboratori di archeologia sperimentale &#8211; MAF\"}]},{\"@type\":\"WebSite\",\"@id\":\"https:\\\/\\\/visitfinaleligure.it\\\/fr\\\/#website\",\"url\":\"https:\\\/\\\/visitfinaleligure.it\\\/fr\\\/\",\"name\":\"Visit Finale Ligure\",\"description\":\"My perfect place\",\"publisher\":{\"@id\":\"https:\\\/\\\/visitfinaleligure.it\\\/fr\\\/#organization\"},\"potentialAction\":[{\"@type\":\"SearchAction\",\"target\":{\"@type\":\"EntryPoint\",\"urlTemplate\":\"https:\\\/\\\/visitfinaleligure.it\\\/fr\\\/?s={search_term_string}\"},\"query-input\":{\"@type\":\"PropertyValueSpecification\",\"valueRequired\":true,\"valueName\":\"search_term_string\"}}],\"inLanguage\":\"fr-FR\"},{\"@type\":\"Organization\",\"@id\":\"https:\\\/\\\/visitfinaleligure.it\\\/fr\\\/#organization\",\"name\":\"Comune di Finale Ligure\",\"url\":\"https:\\\/\\\/visitfinaleligure.it\\\/fr\\\/\",\"logo\":{\"@type\":\"ImageObject\",\"inLanguage\":\"fr-FR\",\"@id\":\"https:\\\/\\\/visitfinaleligure.it\\\/fr\\\/#\\\/schema\\\/logo\\\/image\\\/\",\"url\":\"https:\\\/\\\/visitfinaleligure.it\\\/wp-content\\\/uploads\\\/2023\\\/04\\\/cropped-finaleligure-verticale-positivo-200x200-1.png\",\"contentUrl\":\"https:\\\/\\\/visitfinaleligure.it\\\/wp-content\\\/uploads\\\/2023\\\/04\\\/cropped-finaleligure-verticale-positivo-200x200-1.png\",\"width\":512,\"height\":512,\"caption\":\"Comune di Finale Ligure\"},\"image\":{\"@id\":\"https:\\\/\\\/visitfinaleligure.it\\\/fr\\\/#\\\/schema\\\/logo\\\/image\\\/\"},\"sameAs\":[\"https:\\\/\\\/www.facebook.com\\\/VisitFinaleLigure\",\"https:\\\/\\\/www.instagram.com\\\/visitfinale\\\/\",\"https:\\\/\\\/www.youtube.com\\\/channel\\\/UCLmoLfNmrAt9mSCll9egttw\"]}]}<\/script>\n<!-- \/ Yoast SEO plugin. -->","yoast_head_json":{"title":"Una giornata da Paleolitico: laboratori di archeologia sperimentale - MAF - Visit Finale Ligure","description":"\u201cUne journ\u00e9e au Pal\u00e9olithique\u201dMus\u00e9e Arch\u00e9ologique de Finalede 11h00 \u00e0 12h00 :&nbsp;les enfants, apr\u00e8s avoir produit avec des meules et des molettes en","robots":{"index":"index","follow":"follow","max-snippet":"max-snippet:-1","max-image-preview":"max-image-preview:large","max-video-preview":"max-video-preview:-1"},"canonical":"https:\/\/visitfinaleligure.it\/fr\/esperienza\/una-giornata-da-paleolitico-laboratori-di-archeologia-sperimentale-maf-2\/","og_locale":"fr_FR","og_type":"article","og_title":"Una giornata da Paleolitico: laboratori di archeologia sperimentale - MAF - Visit Finale Ligure","og_description":"\u201cUne journ\u00e9e au Pal\u00e9olithique\u201dMus\u00e9e Arch\u00e9ologique de Finalede 11h00 \u00e0 12h00 :&nbsp;les enfants, apr\u00e8s avoir produit avec des meules et des molettes en","og_url":"https:\/\/visitfinaleligure.it\/fr\/esperienza\/una-giornata-da-paleolitico-laboratori-di-archeologia-sperimentale-maf-2\/","og_site_name":"Visit Finale Ligure","article_publisher":"https:\/\/www.facebook.com\/VisitFinaleLigure","og_image":[{"width":1920,"height":621,"url":"https:\/\/visitfinaleligure.it\/wp-content\/uploads\/2026\/08\/image-475.jpg","type":"image\/jpeg"}],"twitter_card":"summary_large_image","twitter_misc":{"Dur\u00e9e de lecture estim\u00e9e":"1 minute"},"schema":{"@context":"https:\/\/schema.org","@graph":[{"@type":"WebPage","@id":"https:\/\/visitfinaleligure.it\/fr\/esperienza\/una-giornata-da-paleolitico-laboratori-di-archeologia-sperimentale-maf-2\/","url":"https:\/\/visitfinaleligure.it\/fr\/esperienza\/una-giornata-da-paleolitico-laboratori-di-archeologia-sperimentale-maf-2\/","name":"Una giornata da Paleolitico: laboratori di archeologia sperimentale - MAF - Visit Finale Ligure","isPartOf":{"@id":"https:\/\/visitfinaleligure.it\/fr\/#website"},"datePublished":"2026-09-01T09:23:00+00:00","description":"\u201cUne journ\u00e9e au Pal\u00e9olithique\u201dMus\u00e9e Arch\u00e9ologique de Finalede 11h00 \u00e0 12h00 :&nbsp;les enfants, apr\u00e8s avoir produit avec des meules et des molettes en","breadcrumb":{"@id":"https:\/\/visitfinaleligure.it\/fr\/esperienza\/una-giornata-da-paleolitico-laboratori-di-archeologia-sperimentale-maf-2\/#breadcrumb"},"inLanguage":"fr-FR","potentialAction":[{"@type":"ReadAction","target":["https:\/\/visitfinaleligure.it\/fr\/esperienza\/una-giornata-da-paleolitico-laboratori-di-archeologia-sperimentale-maf-2\/"]}]},{"@type":"BreadcrumbList","@id":"https:\/\/visitfinaleligure.it\/fr\/esperienza\/una-giornata-da-paleolitico-laboratori-di-archeologia-sperimentale-maf-2\/#breadcrumb","itemListElement":[{"@type":"ListItem","position":1,"name":"Home","item":"https:\/\/visitfinaleligure.it\/fr\/"},{"@type":"ListItem","position":2,"name":"Esperienze","item":"https:\/\/visitfinaleligure.it\/fr\/esperienza\/"},{"@type":"ListItem","position":3,"name":"Una giornata da Paleolitico: laboratori di archeologia sperimentale &#8211; MAF"}]},{"@type":"WebSite","@id":"https:\/\/visitfinaleligure.it\/fr\/#website","url":"https:\/\/visitfinaleligure.it\/fr\/","name":"Visit Finale Ligure","description":"My perfect place","publisher":{"@id":"https:\/\/visitfinaleligure.it\/fr\/#organization"},"potentialAction":[{"@type":"SearchAction","target":{"@type":"EntryPoint","urlTemplate":"https:\/\/visitfinaleligure.it\/fr\/?s={search_term_string}"},"query-input":{"@type":"PropertyValueSpecification","valueRequired":true,"valueName":"search_term_string"}}],"inLanguage":"fr-FR"},{"@type":"Organization","@id":"https:\/\/visitfinaleligure.it\/fr\/#organization","name":"Comune di Finale Ligure","url":"https:\/\/visitfinaleligure.it\/fr\/","logo":{"@type":"ImageObject","inLanguage":"fr-FR","@id":"https:\/\/visitfinaleligure.it\/fr\/#\/schema\/logo\/image\/","url":"https:\/\/visitfinaleligure.it\/wp-content\/uploads\/2023\/04\/cropped-finaleligure-verticale-positivo-200x200-1.png","contentUrl":"https:\/\/visitfinaleligure.it\/wp-content\/uploads\/2023\/04\/cropped-finaleligure-verticale-positivo-200x200-1.png","width":512,"height":512,"caption":"Comune di Finale Ligure"},"image":{"@id":"https:\/\/visitfinaleligure.it\/fr\/#\/schema\/logo\/image\/"},"sameAs":["https:\/\/www.facebook.com\/VisitFinaleLigure","https:\/\/www.instagram.com\/visitfinale\/","https:\/\/www.youtube.com\/channel\/UCLmoLfNmrAt9mSCll9egttw"]}]}},"_links":{"self":[{"href":"https:\/\/visitfinaleligure.it\/fr\/wp-json\/wp\/v2\/esperienza\/24606","targetHints":{"allow":["GET"]}}],"collection":[{"href":"https:\/\/visitfinaleligure.it\/fr\/wp-json\/wp\/v2\/esperienza"}],"about":[{"href":"https:\/\/visitfinaleligure.it\/fr\/wp-json\/wp\/v2\/types\/esperienza"}],"wp:attachment":[{"href":"https:\/\/visitfinaleligure.it\/fr\/wp-json\/wp\/v2\/media?parent=24606"}],"wp:term":[{"taxonomy":"tipi_servizi","embeddable":true,"href":"https:\/\/visitfinaleligure.it\/fr\/wp-json\/wp\/v2\/tipi_servizi?post=24606"},{"taxonomy":"temi_vacanza","embeddable":true,"href":"https:\/\/visitfinaleligure.it\/fr\/wp-json\/wp\/v2\/temi_vacanza?post=24606"},{"taxonomy":"classificazioni","embeddable":true,"href":"https:\/\/visitfinaleligure.it\/fr\/wp-json\/wp\/v2\/classificazioni?post=24606"}],"curies":[{"name":"wp","href":"https:\/\/api.w.org\/{rel}","templated":true}]}}

<p><b>“Une journée au Paléolithique”<br /></b><b>Musée Archéologique de Finale</b></p>
<p><b>de 11h00 à 12h00 :&nbsp;</b>les enfants, après avoir produit avec des meules et des molettes en pierre des pigments avec des terres naturelles, procèdent à reproduire des dessins au charbon de bois sur le mur d&#8217;une cavité reconstruite dans le laboratoire, pour ensuite les colorier, se transformant ainsi en artistes de la Préhistoire.</p>
<p><b>de 17h00 à 18h00 (sauf le 16 juillet) : </b>&nbsp;un fascinant voyage aux origines de la musique emmènera les jeunes à travers des sons ancestraux à la découverte et à la réalisation d&#8217;un &#8220;grondement&#8221;, un ancien instrument d&#8217;origine chamanique encore aujourd&#8217;hui utilisé par des populations traditionnelles. À la fin de l&#8217;atelier, chaque enfant repartira chez lui avec son propre instrument sonore.</p>
<p></p>

<!-- This site is optimized with the Yoast SEO plugin v28.3 - https://yoast.com/product/yoast-seo-wordpress/ -->
<title>Una giornata da Paleolitico: laboratori di archeologia sperimentale - MAF - Visit Finale Ligure</title>
<meta name="description" content="“Une journée au Paléolithique”Musée Archéologique de Finalede 11h00 à 12h00 :&nbsp;les enfants, après avoir produit avec des meules et des molettes en" />
<meta name="robots" content="index, follow, max-snippet:-1, max-image-preview:large, max-video-preview:-1" />
<link rel="canonical" href="https://visitfinaleligure.it/fr/esperienza/una-giornata-da-paleolitico-laboratori-di-archeologia-sperimentale-maf-2/" />
<meta property="og:locale" content="fr_FR" />
<meta property="og:type" content="article" />
<meta property="og:title" content="Una giornata da Paleolitico: laboratori di archeologia sperimentale - MAF - Visit Finale Ligure" />
<meta property="og:description" content="“Une journée au Paléolithique”Musée Archéologique de Finalede 11h00 à 12h00 :&nbsp;les enfants, après avoir produit avec des meules et des molettes en" />
<meta property="og:url" content="https://visitfinaleligure.it/fr/esperienza/una-giornata-da-paleolitico-laboratori-di-archeologia-sperimentale-maf-2/" />
<meta property="og:site_name" content="Visit Finale Ligure" />
<meta property="article:publisher" content="https://www.facebook.com/VisitFinaleLigure" />
<meta property="og:image" content="https://visitfinaleligure.it/wp-content/uploads/2026/08/image-475.jpg" />
	<meta property="og:image:width" content="1920" />
	<meta property="og:image:height" content="621" />
	<meta property="og:image:type" content="image/jpeg" />
<meta name="twitter:card" content="summary_large_image" />
<meta name="twitter:label1" content="Durée de lecture estimée" />
	<meta name="twitter:data1" content="1 minute" />
<script type="application/ld+json" class="yoast-schema-graph">{"@context":"https:\/\/schema.org","@graph":[{"@type":"WebPage","@id":"https:\/\/visitfinaleligure.it\/fr\/esperienza\/una-giornata-da-paleolitico-laboratori-di-archeologia-sperimentale-maf-2\/","url":"https:\/\/visitfinaleligure.it\/fr\/esperienza\/una-giornata-da-paleolitico-laboratori-di-archeologia-sperimentale-maf-2\/","name":"Una giornata da Paleolitico: laboratori di archeologia sperimentale - MAF - Visit Finale Ligure","isPartOf":{"@id":"https:\/\/visitfinaleligure.it\/fr\/#website"},"datePublished":"2026-09-01T09:23:00+00:00","description":"“Une journée au Paléolithique”Musée Archéologique de Finalede 11h00 à 12h00 :&nbsp;les enfants, après avoir produit avec des meules et des molettes en","breadcrumb":{"@id":"https:\/\/visitfinaleligure.it\/fr\/esperienza\/una-giornata-da-paleolitico-laboratori-di-archeologia-sperimentale-maf-2\/#breadcrumb"},"inLanguage":"fr-FR","potentialAction":[{"@type":"ReadAction","target":["https:\/\/visitfinaleligure.it\/fr\/esperienza\/una-giornata-da-paleolitico-laboratori-di-archeologia-sperimentale-maf-2\/"]}]},{"@type":"BreadcrumbList","@id":"https:\/\/visitfinaleligure.it\/fr\/esperienza\/una-giornata-da-paleolitico-laboratori-di-archeologia-sperimentale-maf-2\/#breadcrumb","itemListElement":[{"@type":"ListItem","position":1,"name":"Home","item":"https:\/\/visitfinaleligure.it\/fr\/"},{"@type":"ListItem","position":2,"name":"Esperienze","item":"https:\/\/visitfinaleligure.it\/fr\/esperienza\/"},{"@type":"ListItem","position":3,"name":"Una giornata da Paleolitico: laboratori di archeologia sperimentale &#8211; MAF"}]},{"@type":"WebSite","@id":"https:\/\/visitfinaleligure.it\/fr\/#website","url":"https:\/\/visitfinaleligure.it\/fr\/","name":"Visit Finale Ligure","description":"My perfect place","publisher":{"@id":"https:\/\/visitfinaleligure.it\/fr\/#organization"},"potentialAction":[{"@type":"SearchAction","target":{"@type":"EntryPoint","urlTemplate":"https:\/\/visitfinaleligure.it\/fr\/?s={search_term_string}"},"query-input":{"@type":"PropertyValueSpecification","valueRequired":true,"valueName":"search_term_string"}}],"inLanguage":"fr-FR"},{"@type":"Organization","@id":"https:\/\/visitfinaleligure.it\/fr\/#organization","name":"Comune di Finale Ligure","url":"https:\/\/visitfinaleligure.it\/fr\/","logo":{"@type":"ImageObject","inLanguage":"fr-FR","@id":"https:\/\/visitfinaleligure.it\/fr\/#\/schema\/logo\/image\/","url":"https:\/\/visitfinaleligure.it\/wp-content\/uploads\/2023\/04\/cropped-finaleligure-verticale-positivo-200x200-1.png","contentUrl":"https:\/\/visitfinaleligure.it\/wp-content\/uploads\/2023\/04\/cropped-finaleligure-verticale-positivo-200x200-1.png","width":512,"height":512,"caption":"Comune di Finale Ligure"},"image":{"@id":"https:\/\/visitfinaleligure.it\/fr\/#\/schema\/logo\/image\/"},"sameAs":["https:\/\/www.facebook.com\/VisitFinaleLigure","https:\/\/www.instagram.com\/visitfinale\/","https:\/\/www.youtube.com\/channel\/UCLmoLfNmrAt9mSCll9egttw"]}]}</script>
<!-- / Yoast SEO plugin. -->

“Une journée au Paléolithique”Musée Archéologique de Finalede 11h00 à 12h00 :&nbsp;les enfants, après avoir produit avec des meules et des molettes en
