{"id":25026,"date":"2026-09-01T11:23:29","date_gmt":"2026-09-01T09:23:29","guid":{"rendered":"https:\/\/visitfinaleligure.it\/esperienza\/le-erbe-di-san-giovanni-tra-botanica-e-magia-serinus-2\/"},"modified":"2026-09-01T11:23:30","modified_gmt":"2026-09-01T09:23:30","slug":"le-erbe-di-san-giovanni-tra-botanica-e-magia-serinus-2","status":"publish","type":"esperienza","link":"https:\/\/visitfinaleligure.it\/fr\/esperienza\/le-erbe-di-san-giovanni-tra-botanica-e-magia-serinus-2\/","title":{"rendered":"Le erbe di San Giovanni tra botanica e magia &#8211; SERINUS"},"content":{"rendered":"<p>Le rendez-vous de juin des<b> promenades botaniques du Forte <\/b>est d\u00e9di\u00e9 aux <b>herbes de Saint-Jean <\/b>et \u00e0 la tradition qui implique les plantes, le soleil et l&#8217;eau, lors de la nuit la plus courte de l&#8217;ann\u00e9e.<\/p>\n<p>Les herbes recueillent l&#8217;\u00e9nergie du soleil, \u00e0 son maximum durant les jours du solstice d&#8217;\u00e9t\u00e9, et transf\u00e8rent dans l&#8217;eau <b>des propri\u00e9t\u00e9s magiques<\/b> qui, selon une croyance populaire que nous aimons encourager, peuvent \u00e9loigner le mauvais \u0153il, les maladies et les malaises dont nous devons nous prot\u00e9ger en permanence ! <\/p>\n<p>La tradition pr\u00e9chr\u00e9tienne a ensuite \u00e9t\u00e9 rattach\u00e9e \u00e0 Saint Jean Baptiste, qui est aussi le patron de Finale Ligure.<\/p>\n<p>L&#8217;herbe de Saint Jean par excellence est l&#8217;hypericum, en fleur d&#8217;ailleurs durant les jours du solstice, mais de nombreuses autres herbes l&#8217;accompagnent dans sa fonction : nous irons les d\u00e9couvrir dans le <b>jardin du Forte <\/b>et sur les sentiers qui m\u00e8nent \u00e0 la colline du Becchignolo.<\/p>\n","protected":false},"featured_media":0,"template":"","meta":[],"tipi_servizi":[],"temi_vacanza":[],"classificazioni":[],"class_list":["post-25026","esperienza","type-esperienza","status-publish","hentry"],"yoast_head":"<!-- This site is optimized with the Yoast SEO plugin v28.3 - https:\/\/yoast.com\/product\/yoast-seo-wordpress\/ -->\n<title>Le erbe di San Giovanni tra botanica e magia - SERINUS - Visit Finale Ligure<\/title>\n<meta name=\"description\" content=\"Le rendez-vous de juin des promenades botaniques du Forte est d\u00e9di\u00e9 aux herbes de Saint-Jean et \u00e0 la tradition qui implique les plantes, le soleil et\" \/>\n<meta name=\"robots\" content=\"index, follow, max-snippet:-1, max-image-preview:large, max-video-preview:-1\" \/>\n<link rel=\"canonical\" href=\"https:\/\/visitfinaleligure.it\/fr\/esperienza\/le-erbe-di-san-giovanni-tra-botanica-e-magia-serinus-2\/\" \/>\n<meta property=\"og:locale\" content=\"fr_FR\" \/>\n<meta property=\"og:type\" content=\"article\" \/>\n<meta property=\"og:title\" content=\"Le erbe di San Giovanni tra botanica e magia - SERINUS - Visit Finale Ligure\" \/>\n<meta property=\"og:description\" content=\"Le rendez-vous de juin des promenades botaniques du Forte est d\u00e9di\u00e9 aux herbes de Saint-Jean et \u00e0 la tradition qui implique les plantes, le soleil et\" \/>\n<meta property=\"og:url\" content=\"https:\/\/visitfinaleligure.it\/fr\/esperienza\/le-erbe-di-san-giovanni-tra-botanica-e-magia-serinus-2\/\" \/>\n<meta property=\"og:site_name\" content=\"Visit Finale Ligure\" \/>\n<meta property=\"article:publisher\" content=\"https:\/\/www.facebook.com\/VisitFinaleLigure\" \/>\n<meta property=\"article:modified_time\" content=\"2026-09-01T09:23:30+00:00\" \/>\n<meta property=\"og:image\" content=\"https:\/\/visitfinaleligure.it\/wp-content\/uploads\/2026\/08\/image-31.png\" \/>\n\t<meta property=\"og:image:width\" content=\"1080\" \/>\n\t<meta property=\"og:image:height\" content=\"1080\" \/>\n\t<meta property=\"og:image:type\" content=\"image\/png\" \/>\n<meta name=\"twitter:card\" content=\"summary_large_image\" \/>\n<meta name=\"twitter:label1\" content=\"Dur\u00e9e de lecture estim\u00e9e\" \/>\n\t<meta name=\"twitter:data1\" content=\"1 minute\" \/>\n<script type=\"application\/ld+json\" class=\"yoast-schema-graph\">{\"@context\":\"https:\\\/\\\/schema.org\",\"@graph\":[{\"@type\":\"WebPage\",\"@id\":\"https:\\\/\\\/visitfinaleligure.it\\\/fr\\\/esperienza\\\/le-erbe-di-san-giovanni-tra-botanica-e-magia-serinus-2\\\/\",\"url\":\"https:\\\/\\\/visitfinaleligure.it\\\/fr\\\/esperienza\\\/le-erbe-di-san-giovanni-tra-botanica-e-magia-serinus-2\\\/\",\"name\":\"Le erbe di San Giovanni tra botanica e magia - SERINUS - Visit Finale Ligure\",\"isPartOf\":{\"@id\":\"https:\\\/\\\/visitfinaleligure.it\\\/fr\\\/#website\"},\"datePublished\":\"2026-09-01T09:23:29+00:00\",\"dateModified\":\"2026-09-01T09:23:30+00:00\",\"description\":\"Le rendez-vous de juin des promenades botaniques du Forte est d\u00e9di\u00e9 aux herbes de Saint-Jean et \u00e0 la tradition qui implique les plantes, le soleil et\",\"breadcrumb\":{\"@id\":\"https:\\\/\\\/visitfinaleligure.it\\\/fr\\\/esperienza\\\/le-erbe-di-san-giovanni-tra-botanica-e-magia-serinus-2\\\/#breadcrumb\"},\"inLanguage\":\"fr-FR\",\"potentialAction\":[{\"@type\":\"ReadAction\",\"target\":[\"https:\\\/\\\/visitfinaleligure.it\\\/fr\\\/esperienza\\\/le-erbe-di-san-giovanni-tra-botanica-e-magia-serinus-2\\\/\"]}]},{\"@type\":\"BreadcrumbList\",\"@id\":\"https:\\\/\\\/visitfinaleligure.it\\\/fr\\\/esperienza\\\/le-erbe-di-san-giovanni-tra-botanica-e-magia-serinus-2\\\/#breadcrumb\",\"itemListElement\":[{\"@type\":\"ListItem\",\"position\":1,\"name\":\"Home\",\"item\":\"https:\\\/\\\/visitfinaleligure.it\\\/fr\\\/\"},{\"@type\":\"ListItem\",\"position\":2,\"name\":\"Esperienze\",\"item\":\"https:\\\/\\\/visitfinaleligure.it\\\/fr\\\/esperienza\\\/\"},{\"@type\":\"ListItem\",\"position\":3,\"name\":\"Le erbe di San Giovanni tra botanica e magia &#8211; SERINUS\"}]},{\"@type\":\"WebSite\",\"@id\":\"https:\\\/\\\/visitfinaleligure.it\\\/fr\\\/#website\",\"url\":\"https:\\\/\\\/visitfinaleligure.it\\\/fr\\\/\",\"name\":\"Visit Finale Ligure\",\"description\":\"My perfect place\",\"publisher\":{\"@id\":\"https:\\\/\\\/visitfinaleligure.it\\\/fr\\\/#organization\"},\"potentialAction\":[{\"@type\":\"SearchAction\",\"target\":{\"@type\":\"EntryPoint\",\"urlTemplate\":\"https:\\\/\\\/visitfinaleligure.it\\\/fr\\\/?s={search_term_string}\"},\"query-input\":{\"@type\":\"PropertyValueSpecification\",\"valueRequired\":true,\"valueName\":\"search_term_string\"}}],\"inLanguage\":\"fr-FR\"},{\"@type\":\"Organization\",\"@id\":\"https:\\\/\\\/visitfinaleligure.it\\\/fr\\\/#organization\",\"name\":\"Comune di Finale Ligure\",\"url\":\"https:\\\/\\\/visitfinaleligure.it\\\/fr\\\/\",\"logo\":{\"@type\":\"ImageObject\",\"inLanguage\":\"fr-FR\",\"@id\":\"https:\\\/\\\/visitfinaleligure.it\\\/fr\\\/#\\\/schema\\\/logo\\\/image\\\/\",\"url\":\"https:\\\/\\\/visitfinaleligure.it\\\/wp-content\\\/uploads\\\/2023\\\/04\\\/cropped-finaleligure-verticale-positivo-200x200-1.png\",\"contentUrl\":\"https:\\\/\\\/visitfinaleligure.it\\\/wp-content\\\/uploads\\\/2023\\\/04\\\/cropped-finaleligure-verticale-positivo-200x200-1.png\",\"width\":512,\"height\":512,\"caption\":\"Comune di Finale Ligure\"},\"image\":{\"@id\":\"https:\\\/\\\/visitfinaleligure.it\\\/fr\\\/#\\\/schema\\\/logo\\\/image\\\/\"},\"sameAs\":[\"https:\\\/\\\/www.facebook.com\\\/VisitFinaleLigure\",\"https:\\\/\\\/www.instagram.com\\\/visitfinale\\\/\",\"https:\\\/\\\/www.youtube.com\\\/channel\\\/UCLmoLfNmrAt9mSCll9egttw\"]}]}<\/script>\n<!-- \/ Yoast SEO plugin. -->","yoast_head_json":{"title":"Le erbe di San Giovanni tra botanica e magia - SERINUS - Visit Finale Ligure","description":"Le rendez-vous de juin des promenades botaniques du Forte est d\u00e9di\u00e9 aux herbes de Saint-Jean et \u00e0 la tradition qui implique les plantes, le soleil et","robots":{"index":"index","follow":"follow","max-snippet":"max-snippet:-1","max-image-preview":"max-image-preview:large","max-video-preview":"max-video-preview:-1"},"canonical":"https:\/\/visitfinaleligure.it\/fr\/esperienza\/le-erbe-di-san-giovanni-tra-botanica-e-magia-serinus-2\/","og_locale":"fr_FR","og_type":"article","og_title":"Le erbe di San Giovanni tra botanica e magia - SERINUS - Visit Finale Ligure","og_description":"Le rendez-vous de juin des promenades botaniques du Forte est d\u00e9di\u00e9 aux herbes de Saint-Jean et \u00e0 la tradition qui implique les plantes, le soleil et","og_url":"https:\/\/visitfinaleligure.it\/fr\/esperienza\/le-erbe-di-san-giovanni-tra-botanica-e-magia-serinus-2\/","og_site_name":"Visit Finale Ligure","article_publisher":"https:\/\/www.facebook.com\/VisitFinaleLigure","article_modified_time":"2026-09-01T09:23:30+00:00","og_image":[{"width":1080,"height":1080,"url":"https:\/\/visitfinaleligure.it\/wp-content\/uploads\/2026\/08\/image-31.png","type":"image\/png"}],"twitter_card":"summary_large_image","twitter_misc":{"Dur\u00e9e de lecture estim\u00e9e":"1 minute"},"schema":{"@context":"https:\/\/schema.org","@graph":[{"@type":"WebPage","@id":"https:\/\/visitfinaleligure.it\/fr\/esperienza\/le-erbe-di-san-giovanni-tra-botanica-e-magia-serinus-2\/","url":"https:\/\/visitfinaleligure.it\/fr\/esperienza\/le-erbe-di-san-giovanni-tra-botanica-e-magia-serinus-2\/","name":"Le erbe di San Giovanni tra botanica e magia - SERINUS - Visit Finale Ligure","isPartOf":{"@id":"https:\/\/visitfinaleligure.it\/fr\/#website"},"datePublished":"2026-09-01T09:23:29+00:00","dateModified":"2026-09-01T09:23:30+00:00","description":"Le rendez-vous de juin des promenades botaniques du Forte est d\u00e9di\u00e9 aux herbes de Saint-Jean et \u00e0 la tradition qui implique les plantes, le soleil et","breadcrumb":{"@id":"https:\/\/visitfinaleligure.it\/fr\/esperienza\/le-erbe-di-san-giovanni-tra-botanica-e-magia-serinus-2\/#breadcrumb"},"inLanguage":"fr-FR","potentialAction":[{"@type":"ReadAction","target":["https:\/\/visitfinaleligure.it\/fr\/esperienza\/le-erbe-di-san-giovanni-tra-botanica-e-magia-serinus-2\/"]}]},{"@type":"BreadcrumbList","@id":"https:\/\/visitfinaleligure.it\/fr\/esperienza\/le-erbe-di-san-giovanni-tra-botanica-e-magia-serinus-2\/#breadcrumb","itemListElement":[{"@type":"ListItem","position":1,"name":"Home","item":"https:\/\/visitfinaleligure.it\/fr\/"},{"@type":"ListItem","position":2,"name":"Esperienze","item":"https:\/\/visitfinaleligure.it\/fr\/esperienza\/"},{"@type":"ListItem","position":3,"name":"Le erbe di San Giovanni tra botanica e magia &#8211; SERINUS"}]},{"@type":"WebSite","@id":"https:\/\/visitfinaleligure.it\/fr\/#website","url":"https:\/\/visitfinaleligure.it\/fr\/","name":"Visit Finale Ligure","description":"My perfect place","publisher":{"@id":"https:\/\/visitfinaleligure.it\/fr\/#organization"},"potentialAction":[{"@type":"SearchAction","target":{"@type":"EntryPoint","urlTemplate":"https:\/\/visitfinaleligure.it\/fr\/?s={search_term_string}"},"query-input":{"@type":"PropertyValueSpecification","valueRequired":true,"valueName":"search_term_string"}}],"inLanguage":"fr-FR"},{"@type":"Organization","@id":"https:\/\/visitfinaleligure.it\/fr\/#organization","name":"Comune di Finale Ligure","url":"https:\/\/visitfinaleligure.it\/fr\/","logo":{"@type":"ImageObject","inLanguage":"fr-FR","@id":"https:\/\/visitfinaleligure.it\/fr\/#\/schema\/logo\/image\/","url":"https:\/\/visitfinaleligure.it\/wp-content\/uploads\/2023\/04\/cropped-finaleligure-verticale-positivo-200x200-1.png","contentUrl":"https:\/\/visitfinaleligure.it\/wp-content\/uploads\/2023\/04\/cropped-finaleligure-verticale-positivo-200x200-1.png","width":512,"height":512,"caption":"Comune di Finale Ligure"},"image":{"@id":"https:\/\/visitfinaleligure.it\/fr\/#\/schema\/logo\/image\/"},"sameAs":["https:\/\/www.facebook.com\/VisitFinaleLigure","https:\/\/www.instagram.com\/visitfinale\/","https:\/\/www.youtube.com\/channel\/UCLmoLfNmrAt9mSCll9egttw"]}]}},"_links":{"self":[{"href":"https:\/\/visitfinaleligure.it\/fr\/wp-json\/wp\/v2\/esperienza\/25026","targetHints":{"allow":["GET"]}}],"collection":[{"href":"https:\/\/visitfinaleligure.it\/fr\/wp-json\/wp\/v2\/esperienza"}],"about":[{"href":"https:\/\/visitfinaleligure.it\/fr\/wp-json\/wp\/v2\/types\/esperienza"}],"wp:attachment":[{"href":"https:\/\/visitfinaleligure.it\/fr\/wp-json\/wp\/v2\/media?parent=25026"}],"wp:term":[{"taxonomy":"tipi_servizi","embeddable":true,"href":"https:\/\/visitfinaleligure.it\/fr\/wp-json\/wp\/v2\/tipi_servizi?post=25026"},{"taxonomy":"temi_vacanza","embeddable":true,"href":"https:\/\/visitfinaleligure.it\/fr\/wp-json\/wp\/v2\/temi_vacanza?post=25026"},{"taxonomy":"classificazioni","embeddable":true,"href":"https:\/\/visitfinaleligure.it\/fr\/wp-json\/wp\/v2\/classificazioni?post=25026"}],"curies":[{"name":"wp","href":"https:\/\/api.w.org\/{rel}","templated":true}]}}

<p>Le rendez-vous de juin des<b> promenades botaniques du Forte </b>est dédié aux <b>herbes de Saint-Jean </b>et à la tradition qui implique les plantes, le soleil et l&#8217;eau, lors de la nuit la plus courte de l&#8217;année.</p>
<p>Les herbes recueillent l&#8217;énergie du soleil, à son maximum durant les jours du solstice d&#8217;été, et transfèrent dans l&#8217;eau <b>des propriétés magiques</b> qui, selon une croyance populaire que nous aimons encourager, peuvent éloigner le mauvais œil, les maladies et les malaises dont nous devons nous protéger en permanence ! </p>
<p>La tradition préchrétienne a ensuite été rattachée à Saint Jean Baptiste, qui est aussi le patron de Finale Ligure.</p>
<p>L&#8217;herbe de Saint Jean par excellence est l&#8217;hypericum, en fleur d&#8217;ailleurs durant les jours du solstice, mais de nombreuses autres herbes l&#8217;accompagnent dans sa fonction : nous irons les découvrir dans le <b>jardin du Forte </b>et sur les sentiers qui mènent à la colline du Becchignolo.</p>

<!-- This site is optimized with the Yoast SEO plugin v28.3 - https://yoast.com/product/yoast-seo-wordpress/ -->
<title>Le erbe di San Giovanni tra botanica e magia - SERINUS - Visit Finale Ligure</title>
<meta name="description" content="Le rendez-vous de juin des promenades botaniques du Forte est dédié aux herbes de Saint-Jean et à la tradition qui implique les plantes, le soleil et" />
<meta name="robots" content="index, follow, max-snippet:-1, max-image-preview:large, max-video-preview:-1" />
<link rel="canonical" href="https://visitfinaleligure.it/fr/esperienza/le-erbe-di-san-giovanni-tra-botanica-e-magia-serinus-2/" />
<meta property="og:locale" content="fr_FR" />
<meta property="og:type" content="article" />
<meta property="og:title" content="Le erbe di San Giovanni tra botanica e magia - SERINUS - Visit Finale Ligure" />
<meta property="og:description" content="Le rendez-vous de juin des promenades botaniques du Forte est dédié aux herbes de Saint-Jean et à la tradition qui implique les plantes, le soleil et" />
<meta property="og:url" content="https://visitfinaleligure.it/fr/esperienza/le-erbe-di-san-giovanni-tra-botanica-e-magia-serinus-2/" />
<meta property="og:site_name" content="Visit Finale Ligure" />
<meta property="article:publisher" content="https://www.facebook.com/VisitFinaleLigure" />
<meta property="article:modified_time" content="2026-09-01T09:23:30+00:00" />
<meta property="og:image" content="https://visitfinaleligure.it/wp-content/uploads/2026/08/image-31.png" />
	<meta property="og:image:width" content="1080" />
	<meta property="og:image:height" content="1080" />
	<meta property="og:image:type" content="image/png" />
<meta name="twitter:card" content="summary_large_image" />
<meta name="twitter:label1" content="Durée de lecture estimée" />
	<meta name="twitter:data1" content="1 minute" />
<script type="application/ld+json" class="yoast-schema-graph">{"@context":"https:\/\/schema.org","@graph":[{"@type":"WebPage","@id":"https:\/\/visitfinaleligure.it\/fr\/esperienza\/le-erbe-di-san-giovanni-tra-botanica-e-magia-serinus-2\/","url":"https:\/\/visitfinaleligure.it\/fr\/esperienza\/le-erbe-di-san-giovanni-tra-botanica-e-magia-serinus-2\/","name":"Le erbe di San Giovanni tra botanica e magia - SERINUS - Visit Finale Ligure","isPartOf":{"@id":"https:\/\/visitfinaleligure.it\/fr\/#website"},"datePublished":"2026-09-01T09:23:29+00:00","dateModified":"2026-09-01T09:23:30+00:00","description":"Le rendez-vous de juin des promenades botaniques du Forte est dédié aux herbes de Saint-Jean et à la tradition qui implique les plantes, le soleil et","breadcrumb":{"@id":"https:\/\/visitfinaleligure.it\/fr\/esperienza\/le-erbe-di-san-giovanni-tra-botanica-e-magia-serinus-2\/#breadcrumb"},"inLanguage":"fr-FR","potentialAction":[{"@type":"ReadAction","target":["https:\/\/visitfinaleligure.it\/fr\/esperienza\/le-erbe-di-san-giovanni-tra-botanica-e-magia-serinus-2\/"]}]},{"@type":"BreadcrumbList","@id":"https:\/\/visitfinaleligure.it\/fr\/esperienza\/le-erbe-di-san-giovanni-tra-botanica-e-magia-serinus-2\/#breadcrumb","itemListElement":[{"@type":"ListItem","position":1,"name":"Home","item":"https:\/\/visitfinaleligure.it\/fr\/"},{"@type":"ListItem","position":2,"name":"Esperienze","item":"https:\/\/visitfinaleligure.it\/fr\/esperienza\/"},{"@type":"ListItem","position":3,"name":"Le erbe di San Giovanni tra botanica e magia &#8211; SERINUS"}]},{"@type":"WebSite","@id":"https:\/\/visitfinaleligure.it\/fr\/#website","url":"https:\/\/visitfinaleligure.it\/fr\/","name":"Visit Finale Ligure","description":"My perfect place","publisher":{"@id":"https:\/\/visitfinaleligure.it\/fr\/#organization"},"potentialAction":[{"@type":"SearchAction","target":{"@type":"EntryPoint","urlTemplate":"https:\/\/visitfinaleligure.it\/fr\/?s={search_term_string}"},"query-input":{"@type":"PropertyValueSpecification","valueRequired":true,"valueName":"search_term_string"}}],"inLanguage":"fr-FR"},{"@type":"Organization","@id":"https:\/\/visitfinaleligure.it\/fr\/#organization","name":"Comune di Finale Ligure","url":"https:\/\/visitfinaleligure.it\/fr\/","logo":{"@type":"ImageObject","inLanguage":"fr-FR","@id":"https:\/\/visitfinaleligure.it\/fr\/#\/schema\/logo\/image\/","url":"https:\/\/visitfinaleligure.it\/wp-content\/uploads\/2023\/04\/cropped-finaleligure-verticale-positivo-200x200-1.png","contentUrl":"https:\/\/visitfinaleligure.it\/wp-content\/uploads\/2023\/04\/cropped-finaleligure-verticale-positivo-200x200-1.png","width":512,"height":512,"caption":"Comune di Finale Ligure"},"image":{"@id":"https:\/\/visitfinaleligure.it\/fr\/#\/schema\/logo\/image\/"},"sameAs":["https:\/\/www.facebook.com\/VisitFinaleLigure","https:\/\/www.instagram.com\/visitfinale\/","https:\/\/www.youtube.com\/channel\/UCLmoLfNmrAt9mSCll9egttw"]}]}</script>
<!-- / Yoast SEO plugin. -->

Le rendez-vous de juin des promenades botaniques du Forte est dédié aux herbes de Saint-Jean et à la tradition qui implique les plantes, le soleil et
