{"id":25317,"date":"2026-09-01T11:23:41","date_gmt":"2026-09-01T09:23:41","guid":{"rendered":"https:\/\/visitfinaleligure.it\/esperienza\/perti-un-percorso-tra-medioevo-e-rinascimento-mudif-2\/"},"modified":"2026-09-01T11:23:42","modified_gmt":"2026-09-01T09:23:42","slug":"perti-un-percorso-tra-medioevo-e-rinascimento-mudif-2","status":"publish","type":"esperienza","link":"https:\/\/visitfinaleligure.it\/fr\/esperienza\/perti-un-percorso-tra-medioevo-e-rinascimento-mudif-2\/","title":{"rendered":"Perti: un percorso tra Medioevo e Rinascimento &#8211; MUDIF"},"content":{"rendered":"<p><i><b>Perti : un parcours entre Moyen \u00c2ge et Renaissance<\/b><\/i><\/p>\n<p><i><\/i> <\/p>\n<p>L\u2019aire de Perti, dans l&#8217;arri\u00e8re-pays finalais imm\u00e9diat, se situe dans un cadre paysager enchanteur o\u00f9 les aspects naturalistes se conjuguent \u00e0 d&#8217;importants t\u00e9moignages arch\u00e9ologiques et architecturaux rendant compte de l&#8217;organisation m\u00e9di\u00e9vale du territoire et de la dynastie des marquis Del Carretto.<\/p>\n<p>Le parcours se d\u00e9veloppe \u00e0 partir de la suggestive crypte romane de <i>Sant\u2019Eusebio di Perti <\/i>(XIe si\u00e8cle) et se poursuit par la visite de l&#8217;<i>\u00e9glise de Notre-Dame de Lorette <\/i>(ou \u00ab des Cinq Clochers \u00bb) et celle de <i>Saint S\u00e9bastien de Perti<\/i>, splendi exemples d&#8217;architecture renaissance du XVe si\u00e8cle en Ligurie, habituellement ferm\u00e9es aux visites.<\/p>\n","protected":false},"featured_media":0,"template":"","meta":[],"tipi_servizi":[],"temi_vacanza":[],"classificazioni":[],"class_list":["post-25317","esperienza","type-esperienza","status-publish","hentry"],"yoast_head":"<!-- This site is optimized with the Yoast SEO plugin v28.3 - https:\/\/yoast.com\/product\/yoast-seo-wordpress\/ -->\n<title>Perti: un percorso tra Medioevo e Rinascimento - MUDIF - Visit Finale Ligure<\/title>\n<meta name=\"description\" content=\"Perti : un parcours entre Moyen \u00c2ge et Renaissance L\u2019aire de Perti, dans l&#039;arri\u00e8re-pays finalais imm\u00e9diat, se situe dans un cadre paysager enchanteur o\u00f9\" \/>\n<meta name=\"robots\" content=\"index, follow, max-snippet:-1, max-image-preview:large, max-video-preview:-1\" \/>\n<link rel=\"canonical\" href=\"https:\/\/visitfinaleligure.it\/fr\/esperienza\/perti-un-percorso-tra-medioevo-e-rinascimento-mudif-2\/\" \/>\n<meta property=\"og:locale\" content=\"fr_FR\" \/>\n<meta property=\"og:type\" content=\"article\" \/>\n<meta property=\"og:title\" content=\"Perti: un percorso tra Medioevo e Rinascimento - MUDIF - Visit Finale Ligure\" \/>\n<meta property=\"og:description\" content=\"Perti : un parcours entre Moyen \u00c2ge et Renaissance L\u2019aire de Perti, dans l&#039;arri\u00e8re-pays finalais imm\u00e9diat, se situe dans un cadre paysager enchanteur o\u00f9\" \/>\n<meta property=\"og:url\" content=\"https:\/\/visitfinaleligure.it\/fr\/esperienza\/perti-un-percorso-tra-medioevo-e-rinascimento-mudif-2\/\" \/>\n<meta property=\"og:site_name\" content=\"Visit Finale Ligure\" \/>\n<meta property=\"article:publisher\" content=\"https:\/\/www.facebook.com\/VisitFinaleLigure\" \/>\n<meta property=\"article:modified_time\" content=\"2026-09-01T09:23:42+00:00\" \/>\n<meta property=\"og:image\" content=\"https:\/\/visitfinaleligure.it\/wp-content\/uploads\/2026\/08\/image-820.jpg\" \/>\n\t<meta property=\"og:image:width\" content=\"1024\" \/>\n\t<meta property=\"og:image:height\" content=\"789\" \/>\n\t<meta property=\"og:image:type\" content=\"image\/jpeg\" \/>\n<meta name=\"twitter:card\" content=\"summary_large_image\" \/>\n<meta name=\"twitter:label1\" content=\"Dur\u00e9e de lecture estim\u00e9e\" \/>\n\t<meta name=\"twitter:data1\" content=\"1 minute\" \/>\n<script type=\"application\/ld+json\" class=\"yoast-schema-graph\">{\"@context\":\"https:\\\/\\\/schema.org\",\"@graph\":[{\"@type\":\"WebPage\",\"@id\":\"https:\\\/\\\/visitfinaleligure.it\\\/fr\\\/esperienza\\\/perti-un-percorso-tra-medioevo-e-rinascimento-mudif-2\\\/\",\"url\":\"https:\\\/\\\/visitfinaleligure.it\\\/fr\\\/esperienza\\\/perti-un-percorso-tra-medioevo-e-rinascimento-mudif-2\\\/\",\"name\":\"Perti: un percorso tra Medioevo e Rinascimento - MUDIF - Visit Finale Ligure\",\"isPartOf\":{\"@id\":\"https:\\\/\\\/visitfinaleligure.it\\\/fr\\\/#website\"},\"datePublished\":\"2026-09-01T09:23:41+00:00\",\"dateModified\":\"2026-09-01T09:23:42+00:00\",\"description\":\"Perti : un parcours entre Moyen \u00c2ge et Renaissance L\u2019aire de Perti, dans l'arri\u00e8re-pays finalais imm\u00e9diat, se situe dans un cadre paysager enchanteur o\u00f9\",\"breadcrumb\":{\"@id\":\"https:\\\/\\\/visitfinaleligure.it\\\/fr\\\/esperienza\\\/perti-un-percorso-tra-medioevo-e-rinascimento-mudif-2\\\/#breadcrumb\"},\"inLanguage\":\"fr-FR\",\"potentialAction\":[{\"@type\":\"ReadAction\",\"target\":[\"https:\\\/\\\/visitfinaleligure.it\\\/fr\\\/esperienza\\\/perti-un-percorso-tra-medioevo-e-rinascimento-mudif-2\\\/\"]}]},{\"@type\":\"BreadcrumbList\",\"@id\":\"https:\\\/\\\/visitfinaleligure.it\\\/fr\\\/esperienza\\\/perti-un-percorso-tra-medioevo-e-rinascimento-mudif-2\\\/#breadcrumb\",\"itemListElement\":[{\"@type\":\"ListItem\",\"position\":1,\"name\":\"Home\",\"item\":\"https:\\\/\\\/visitfinaleligure.it\\\/fr\\\/\"},{\"@type\":\"ListItem\",\"position\":2,\"name\":\"Esperienze\",\"item\":\"https:\\\/\\\/visitfinaleligure.it\\\/fr\\\/esperienza\\\/\"},{\"@type\":\"ListItem\",\"position\":3,\"name\":\"Perti: un percorso tra Medioevo e Rinascimento &#8211; MUDIF\"}]},{\"@type\":\"WebSite\",\"@id\":\"https:\\\/\\\/visitfinaleligure.it\\\/fr\\\/#website\",\"url\":\"https:\\\/\\\/visitfinaleligure.it\\\/fr\\\/\",\"name\":\"Visit Finale Ligure\",\"description\":\"My perfect place\",\"publisher\":{\"@id\":\"https:\\\/\\\/visitfinaleligure.it\\\/fr\\\/#organization\"},\"potentialAction\":[{\"@type\":\"SearchAction\",\"target\":{\"@type\":\"EntryPoint\",\"urlTemplate\":\"https:\\\/\\\/visitfinaleligure.it\\\/fr\\\/?s={search_term_string}\"},\"query-input\":{\"@type\":\"PropertyValueSpecification\",\"valueRequired\":true,\"valueName\":\"search_term_string\"}}],\"inLanguage\":\"fr-FR\"},{\"@type\":\"Organization\",\"@id\":\"https:\\\/\\\/visitfinaleligure.it\\\/fr\\\/#organization\",\"name\":\"Comune di Finale Ligure\",\"url\":\"https:\\\/\\\/visitfinaleligure.it\\\/fr\\\/\",\"logo\":{\"@type\":\"ImageObject\",\"inLanguage\":\"fr-FR\",\"@id\":\"https:\\\/\\\/visitfinaleligure.it\\\/fr\\\/#\\\/schema\\\/logo\\\/image\\\/\",\"url\":\"https:\\\/\\\/visitfinaleligure.it\\\/wp-content\\\/uploads\\\/2023\\\/04\\\/cropped-finaleligure-verticale-positivo-200x200-1.png\",\"contentUrl\":\"https:\\\/\\\/visitfinaleligure.it\\\/wp-content\\\/uploads\\\/2023\\\/04\\\/cropped-finaleligure-verticale-positivo-200x200-1.png\",\"width\":512,\"height\":512,\"caption\":\"Comune di Finale Ligure\"},\"image\":{\"@id\":\"https:\\\/\\\/visitfinaleligure.it\\\/fr\\\/#\\\/schema\\\/logo\\\/image\\\/\"},\"sameAs\":[\"https:\\\/\\\/www.facebook.com\\\/VisitFinaleLigure\",\"https:\\\/\\\/www.instagram.com\\\/visitfinale\\\/\",\"https:\\\/\\\/www.youtube.com\\\/channel\\\/UCLmoLfNmrAt9mSCll9egttw\"]}]}<\/script>\n<!-- \/ Yoast SEO plugin. -->","yoast_head_json":{"title":"Perti: un percorso tra Medioevo e Rinascimento - MUDIF - Visit Finale Ligure","description":"Perti : un parcours entre Moyen \u00c2ge et Renaissance L\u2019aire de Perti, dans l'arri\u00e8re-pays finalais imm\u00e9diat, se situe dans un cadre paysager enchanteur o\u00f9","robots":{"index":"index","follow":"follow","max-snippet":"max-snippet:-1","max-image-preview":"max-image-preview:large","max-video-preview":"max-video-preview:-1"},"canonical":"https:\/\/visitfinaleligure.it\/fr\/esperienza\/perti-un-percorso-tra-medioevo-e-rinascimento-mudif-2\/","og_locale":"fr_FR","og_type":"article","og_title":"Perti: un percorso tra Medioevo e Rinascimento - MUDIF - Visit Finale Ligure","og_description":"Perti : un parcours entre Moyen \u00c2ge et Renaissance L\u2019aire de Perti, dans l'arri\u00e8re-pays finalais imm\u00e9diat, se situe dans un cadre paysager enchanteur o\u00f9","og_url":"https:\/\/visitfinaleligure.it\/fr\/esperienza\/perti-un-percorso-tra-medioevo-e-rinascimento-mudif-2\/","og_site_name":"Visit Finale Ligure","article_publisher":"https:\/\/www.facebook.com\/VisitFinaleLigure","article_modified_time":"2026-09-01T09:23:42+00:00","og_image":[{"width":1024,"height":789,"url":"https:\/\/visitfinaleligure.it\/wp-content\/uploads\/2026\/08\/image-820.jpg","type":"image\/jpeg"}],"twitter_card":"summary_large_image","twitter_misc":{"Dur\u00e9e de lecture estim\u00e9e":"1 minute"},"schema":{"@context":"https:\/\/schema.org","@graph":[{"@type":"WebPage","@id":"https:\/\/visitfinaleligure.it\/fr\/esperienza\/perti-un-percorso-tra-medioevo-e-rinascimento-mudif-2\/","url":"https:\/\/visitfinaleligure.it\/fr\/esperienza\/perti-un-percorso-tra-medioevo-e-rinascimento-mudif-2\/","name":"Perti: un percorso tra Medioevo e Rinascimento - MUDIF - Visit Finale Ligure","isPartOf":{"@id":"https:\/\/visitfinaleligure.it\/fr\/#website"},"datePublished":"2026-09-01T09:23:41+00:00","dateModified":"2026-09-01T09:23:42+00:00","description":"Perti : un parcours entre Moyen \u00c2ge et Renaissance L\u2019aire de Perti, dans l'arri\u00e8re-pays finalais imm\u00e9diat, se situe dans un cadre paysager enchanteur o\u00f9","breadcrumb":{"@id":"https:\/\/visitfinaleligure.it\/fr\/esperienza\/perti-un-percorso-tra-medioevo-e-rinascimento-mudif-2\/#breadcrumb"},"inLanguage":"fr-FR","potentialAction":[{"@type":"ReadAction","target":["https:\/\/visitfinaleligure.it\/fr\/esperienza\/perti-un-percorso-tra-medioevo-e-rinascimento-mudif-2\/"]}]},{"@type":"BreadcrumbList","@id":"https:\/\/visitfinaleligure.it\/fr\/esperienza\/perti-un-percorso-tra-medioevo-e-rinascimento-mudif-2\/#breadcrumb","itemListElement":[{"@type":"ListItem","position":1,"name":"Home","item":"https:\/\/visitfinaleligure.it\/fr\/"},{"@type":"ListItem","position":2,"name":"Esperienze","item":"https:\/\/visitfinaleligure.it\/fr\/esperienza\/"},{"@type":"ListItem","position":3,"name":"Perti: un percorso tra Medioevo e Rinascimento &#8211; MUDIF"}]},{"@type":"WebSite","@id":"https:\/\/visitfinaleligure.it\/fr\/#website","url":"https:\/\/visitfinaleligure.it\/fr\/","name":"Visit Finale Ligure","description":"My perfect place","publisher":{"@id":"https:\/\/visitfinaleligure.it\/fr\/#organization"},"potentialAction":[{"@type":"SearchAction","target":{"@type":"EntryPoint","urlTemplate":"https:\/\/visitfinaleligure.it\/fr\/?s={search_term_string}"},"query-input":{"@type":"PropertyValueSpecification","valueRequired":true,"valueName":"search_term_string"}}],"inLanguage":"fr-FR"},{"@type":"Organization","@id":"https:\/\/visitfinaleligure.it\/fr\/#organization","name":"Comune di Finale Ligure","url":"https:\/\/visitfinaleligure.it\/fr\/","logo":{"@type":"ImageObject","inLanguage":"fr-FR","@id":"https:\/\/visitfinaleligure.it\/fr\/#\/schema\/logo\/image\/","url":"https:\/\/visitfinaleligure.it\/wp-content\/uploads\/2023\/04\/cropped-finaleligure-verticale-positivo-200x200-1.png","contentUrl":"https:\/\/visitfinaleligure.it\/wp-content\/uploads\/2023\/04\/cropped-finaleligure-verticale-positivo-200x200-1.png","width":512,"height":512,"caption":"Comune di Finale Ligure"},"image":{"@id":"https:\/\/visitfinaleligure.it\/fr\/#\/schema\/logo\/image\/"},"sameAs":["https:\/\/www.facebook.com\/VisitFinaleLigure","https:\/\/www.instagram.com\/visitfinale\/","https:\/\/www.youtube.com\/channel\/UCLmoLfNmrAt9mSCll9egttw"]}]}},"_links":{"self":[{"href":"https:\/\/visitfinaleligure.it\/fr\/wp-json\/wp\/v2\/esperienza\/25317","targetHints":{"allow":["GET"]}}],"collection":[{"href":"https:\/\/visitfinaleligure.it\/fr\/wp-json\/wp\/v2\/esperienza"}],"about":[{"href":"https:\/\/visitfinaleligure.it\/fr\/wp-json\/wp\/v2\/types\/esperienza"}],"wp:attachment":[{"href":"https:\/\/visitfinaleligure.it\/fr\/wp-json\/wp\/v2\/media?parent=25317"}],"wp:term":[{"taxonomy":"tipi_servizi","embeddable":true,"href":"https:\/\/visitfinaleligure.it\/fr\/wp-json\/wp\/v2\/tipi_servizi?post=25317"},{"taxonomy":"temi_vacanza","embeddable":true,"href":"https:\/\/visitfinaleligure.it\/fr\/wp-json\/wp\/v2\/temi_vacanza?post=25317"},{"taxonomy":"classificazioni","embeddable":true,"href":"https:\/\/visitfinaleligure.it\/fr\/wp-json\/wp\/v2\/classificazioni?post=25317"}],"curies":[{"name":"wp","href":"https:\/\/api.w.org\/{rel}","templated":true}]}}

<p><i><b>Perti : un parcours entre Moyen Âge et Renaissance</b></i></p>
<p><i></i> </p>
<p>L’aire de Perti, dans l&#8217;arrière-pays finalais immédiat, se situe dans un cadre paysager enchanteur où les aspects naturalistes se conjuguent à d&#8217;importants témoignages archéologiques et architecturaux rendant compte de l&#8217;organisation médiévale du territoire et de la dynastie des marquis Del Carretto.</p>
<p>Le parcours se développe à partir de la suggestive crypte romane de <i>Sant’Eusebio di Perti </i>(XIe siècle) et se poursuit par la visite de l&#8217;<i>église de Notre-Dame de Lorette </i>(ou « des Cinq Clochers ») et celle de <i>Saint Sébastien de Perti</i>, splendi exemples d&#8217;architecture renaissance du XVe siècle en Ligurie, habituellement fermées aux visites.</p>

<!-- This site is optimized with the Yoast SEO plugin v28.3 - https://yoast.com/product/yoast-seo-wordpress/ -->
<title>Perti: un percorso tra Medioevo e Rinascimento - MUDIF - Visit Finale Ligure</title>
<meta name="description" content="Perti : un parcours entre Moyen Âge et Renaissance L’aire de Perti, dans l&#039;arrière-pays finalais immédiat, se situe dans un cadre paysager enchanteur où" />
<meta name="robots" content="index, follow, max-snippet:-1, max-image-preview:large, max-video-preview:-1" />
<link rel="canonical" href="https://visitfinaleligure.it/fr/esperienza/perti-un-percorso-tra-medioevo-e-rinascimento-mudif-2/" />
<meta property="og:locale" content="fr_FR" />
<meta property="og:type" content="article" />
<meta property="og:title" content="Perti: un percorso tra Medioevo e Rinascimento - MUDIF - Visit Finale Ligure" />
<meta property="og:description" content="Perti : un parcours entre Moyen Âge et Renaissance L’aire de Perti, dans l&#039;arrière-pays finalais immédiat, se situe dans un cadre paysager enchanteur où" />
<meta property="og:url" content="https://visitfinaleligure.it/fr/esperienza/perti-un-percorso-tra-medioevo-e-rinascimento-mudif-2/" />
<meta property="og:site_name" content="Visit Finale Ligure" />
<meta property="article:publisher" content="https://www.facebook.com/VisitFinaleLigure" />
<meta property="article:modified_time" content="2026-09-01T09:23:42+00:00" />
<meta property="og:image" content="https://visitfinaleligure.it/wp-content/uploads/2026/08/image-820.jpg" />
	<meta property="og:image:width" content="1024" />
	<meta property="og:image:height" content="789" />
	<meta property="og:image:type" content="image/jpeg" />
<meta name="twitter:card" content="summary_large_image" />
<meta name="twitter:label1" content="Durée de lecture estimée" />
	<meta name="twitter:data1" content="1 minute" />
<script type="application/ld+json" class="yoast-schema-graph">{"@context":"https:\/\/schema.org","@graph":[{"@type":"WebPage","@id":"https:\/\/visitfinaleligure.it\/fr\/esperienza\/perti-un-percorso-tra-medioevo-e-rinascimento-mudif-2\/","url":"https:\/\/visitfinaleligure.it\/fr\/esperienza\/perti-un-percorso-tra-medioevo-e-rinascimento-mudif-2\/","name":"Perti: un percorso tra Medioevo e Rinascimento - MUDIF - Visit Finale Ligure","isPartOf":{"@id":"https:\/\/visitfinaleligure.it\/fr\/#website"},"datePublished":"2026-09-01T09:23:41+00:00","dateModified":"2026-09-01T09:23:42+00:00","description":"Perti : un parcours entre Moyen Âge et Renaissance L’aire de Perti, dans l'arrière-pays finalais immédiat, se situe dans un cadre paysager enchanteur où","breadcrumb":{"@id":"https:\/\/visitfinaleligure.it\/fr\/esperienza\/perti-un-percorso-tra-medioevo-e-rinascimento-mudif-2\/#breadcrumb"},"inLanguage":"fr-FR","potentialAction":[{"@type":"ReadAction","target":["https:\/\/visitfinaleligure.it\/fr\/esperienza\/perti-un-percorso-tra-medioevo-e-rinascimento-mudif-2\/"]}]},{"@type":"BreadcrumbList","@id":"https:\/\/visitfinaleligure.it\/fr\/esperienza\/perti-un-percorso-tra-medioevo-e-rinascimento-mudif-2\/#breadcrumb","itemListElement":[{"@type":"ListItem","position":1,"name":"Home","item":"https:\/\/visitfinaleligure.it\/fr\/"},{"@type":"ListItem","position":2,"name":"Esperienze","item":"https:\/\/visitfinaleligure.it\/fr\/esperienza\/"},{"@type":"ListItem","position":3,"name":"Perti: un percorso tra Medioevo e Rinascimento &#8211; MUDIF"}]},{"@type":"WebSite","@id":"https:\/\/visitfinaleligure.it\/fr\/#website","url":"https:\/\/visitfinaleligure.it\/fr\/","name":"Visit Finale Ligure","description":"My perfect place","publisher":{"@id":"https:\/\/visitfinaleligure.it\/fr\/#organization"},"potentialAction":[{"@type":"SearchAction","target":{"@type":"EntryPoint","urlTemplate":"https:\/\/visitfinaleligure.it\/fr\/?s={search_term_string}"},"query-input":{"@type":"PropertyValueSpecification","valueRequired":true,"valueName":"search_term_string"}}],"inLanguage":"fr-FR"},{"@type":"Organization","@id":"https:\/\/visitfinaleligure.it\/fr\/#organization","name":"Comune di Finale Ligure","url":"https:\/\/visitfinaleligure.it\/fr\/","logo":{"@type":"ImageObject","inLanguage":"fr-FR","@id":"https:\/\/visitfinaleligure.it\/fr\/#\/schema\/logo\/image\/","url":"https:\/\/visitfinaleligure.it\/wp-content\/uploads\/2023\/04\/cropped-finaleligure-verticale-positivo-200x200-1.png","contentUrl":"https:\/\/visitfinaleligure.it\/wp-content\/uploads\/2023\/04\/cropped-finaleligure-verticale-positivo-200x200-1.png","width":512,"height":512,"caption":"Comune di Finale Ligure"},"image":{"@id":"https:\/\/visitfinaleligure.it\/fr\/#\/schema\/logo\/image\/"},"sameAs":["https:\/\/www.facebook.com\/VisitFinaleLigure","https:\/\/www.instagram.com\/visitfinale\/","https:\/\/www.youtube.com\/channel\/UCLmoLfNmrAt9mSCll9egttw"]}]}</script>
<!-- / Yoast SEO plugin. -->

Perti : un parcours entre Moyen Âge et Renaissance L’aire de Perti, dans l'arrière-pays finalais immédiat, se situe dans un cadre paysager enchanteur où
