{"id":23668,"date":"2026-08-27T11:19:39","date_gmt":"2026-08-27T09:19:39","guid":{"rendered":"https:\/\/visitfinaleligure.it\/evento\/musica-in-chordis-2026-paganini-le-osterie-e-l-amandolino-2\/"},"modified":"2026-08-27T11:19:39","modified_gmt":"2026-08-27T09:19:39","slug":"musica-in-chordis-2026-paganini-le-osterie-e-l-amandolino-2","status":"publish","type":"evento","link":"https:\/\/visitfinaleligure.it\/fr\/evento\/musica-in-chordis-2026-paganini-le-osterie-e-l-amandolino-2\/","title":{"rendered":"MUSICA IN CHORDIS 2026 &#8211; Paganini, Le Osterie e l&#8217; amandolino"},"content":{"rendered":"<p>PAGANINI, LES OSTERIES ET L\u2019AMANDOLINO<\/p>\n<p>Voyage musical entre tradition, salons et l&#8217;\u00e2me populaire d&#8217;un g\u00e9nie<br \/>Concert du <b>CARLO AONZO Trio <\/b>(Carlo Aonzo \u2013 mandoline, Fabio Rinaudo &#8211; cornemuses et fl\u00fbtes, Renzo Luise \u2013 guitare)<\/p>\n<p><b><\/b><br \/>\u00e0 l&#8217;initiative de l&#8217;ASSOCIATION CULTURELLE CORELLI dans le cadre de la s\u00e9rie <i>MUSICA IN CHORDIS 2026 &#8211; Voix et harmonies dans les \u00e9glises et ch\u00e2teaux du Finalese<\/i><\/p>\n<p>&nbsp;<\/p>\n","protected":false},"featured_media":0,"template":"","meta":[],"localita":[201],"temi_vacanza":[1365,1371,1372],"classificazioni":[1368,1373,1374],"eventi_seriali":[],"servizi":[1375],"class_list":["post-23668","evento","type-evento","status-publish","hentry","localita-finalborgo","temi_vacanza-cultura","temi_vacanza-estate","temi_vacanza-relax-lifestyle","classificazioni-cultura","classificazioni-estate","classificazioni-relax-lifestyle","servizi-classica"],"yoast_head":"<!-- This site is optimized with the Yoast SEO plugin v28.3 - https:\/\/yoast.com\/product\/yoast-seo-wordpress\/ -->\n<title>MUSICA IN CHORDIS 2026 - Paganini, Le Osterie e l&#039; amandolino - Visit Finale Ligure<\/title>\n<meta name=\"description\" content=\"PAGANINI, LES OSTERIES ET L\u2019AMANDOLINO Voyage musical entre tradition, salons et l&#039;\u00e2me populaire d&#039;un g\u00e9nieConcert du CARLO AONZO Trio (Carlo Aonzo \u2013\" \/>\n<meta name=\"robots\" content=\"index, follow, max-snippet:-1, max-image-preview:large, max-video-preview:-1\" \/>\n<link rel=\"canonical\" href=\"https:\/\/visitfinaleligure.it\/fr\/evento\/musica-in-chordis-2026-paganini-le-osterie-e-l-amandolino-2\/\" \/>\n<meta property=\"og:locale\" content=\"fr_FR\" \/>\n<meta property=\"og:type\" content=\"article\" \/>\n<meta property=\"og:title\" content=\"MUSICA IN CHORDIS 2026 - Paganini, Le Osterie e l&#039; amandolino - Visit Finale Ligure\" \/>\n<meta property=\"og:description\" content=\"PAGANINI, LES OSTERIES ET L\u2019AMANDOLINO Voyage musical entre tradition, salons et l&#039;\u00e2me populaire d&#039;un g\u00e9nieConcert du CARLO AONZO Trio (Carlo Aonzo \u2013\" \/>\n<meta property=\"og:url\" content=\"https:\/\/visitfinaleligure.it\/fr\/evento\/musica-in-chordis-2026-paganini-le-osterie-e-l-amandolino-2\/\" \/>\n<meta property=\"og:site_name\" content=\"Visit Finale Ligure\" \/>\n<meta property=\"article:publisher\" content=\"https:\/\/www.facebook.com\/VisitFinaleLigure\" \/>\n<meta property=\"og:image\" content=\"https:\/\/visitfinaleligure.it\/wp-content\/uploads\/2023\/03\/Capo-caprazoppa-1-1.jpg\" \/>\n\t<meta property=\"og:image:width\" content=\"2500\" \/>\n\t<meta property=\"og:image:height\" content=\"1405\" \/>\n\t<meta property=\"og:image:type\" content=\"image\/jpeg\" \/>\n<meta name=\"twitter:card\" content=\"summary_large_image\" \/>\n<script type=\"application\/ld+json\" class=\"yoast-schema-graph\">{\"@context\":\"https:\\\/\\\/schema.org\",\"@graph\":[{\"@type\":\"WebPage\",\"@id\":\"https:\\\/\\\/visitfinaleligure.it\\\/fr\\\/evento\\\/musica-in-chordis-2026-paganini-le-osterie-e-l-amandolino-2\\\/\",\"url\":\"https:\\\/\\\/visitfinaleligure.it\\\/fr\\\/evento\\\/musica-in-chordis-2026-paganini-le-osterie-e-l-amandolino-2\\\/\",\"name\":\"MUSICA IN CHORDIS 2026 - Paganini, Le Osterie e l' amandolino - Visit Finale Ligure\",\"isPartOf\":{\"@id\":\"https:\\\/\\\/visitfinaleligure.it\\\/fr\\\/#website\"},\"datePublished\":\"2026-08-27T09:19:39+00:00\",\"description\":\"PAGANINI, LES OSTERIES ET L\u2019AMANDOLINO Voyage musical entre tradition, salons et l'\u00e2me populaire d'un g\u00e9nieConcert du CARLO AONZO Trio (Carlo Aonzo \u2013\",\"breadcrumb\":{\"@id\":\"https:\\\/\\\/visitfinaleligure.it\\\/fr\\\/evento\\\/musica-in-chordis-2026-paganini-le-osterie-e-l-amandolino-2\\\/#breadcrumb\"},\"inLanguage\":\"fr-FR\",\"potentialAction\":[{\"@type\":\"ReadAction\",\"target\":[\"https:\\\/\\\/visitfinaleligure.it\\\/fr\\\/evento\\\/musica-in-chordis-2026-paganini-le-osterie-e-l-amandolino-2\\\/\"]}]},{\"@type\":\"BreadcrumbList\",\"@id\":\"https:\\\/\\\/visitfinaleligure.it\\\/fr\\\/evento\\\/musica-in-chordis-2026-paganini-le-osterie-e-l-amandolino-2\\\/#breadcrumb\",\"itemListElement\":[{\"@type\":\"ListItem\",\"position\":1,\"name\":\"Home\",\"item\":\"https:\\\/\\\/visitfinaleligure.it\\\/fr\\\/\"},{\"@type\":\"ListItem\",\"position\":2,\"name\":\"Eventi\",\"item\":\"https:\\\/\\\/visitfinaleligure.it\\\/fr\\\/evento\\\/\"},{\"@type\":\"ListItem\",\"position\":3,\"name\":\"MUSICA IN CHORDIS 2026 &#8211; Paganini, Le Osterie e l&#8217; amandolino\"}]},{\"@type\":\"WebSite\",\"@id\":\"https:\\\/\\\/visitfinaleligure.it\\\/fr\\\/#website\",\"url\":\"https:\\\/\\\/visitfinaleligure.it\\\/fr\\\/\",\"name\":\"Visit Finale Ligure\",\"description\":\"My perfect place\",\"publisher\":{\"@id\":\"https:\\\/\\\/visitfinaleligure.it\\\/fr\\\/#organization\"},\"potentialAction\":[{\"@type\":\"SearchAction\",\"target\":{\"@type\":\"EntryPoint\",\"urlTemplate\":\"https:\\\/\\\/visitfinaleligure.it\\\/fr\\\/?s={search_term_string}\"},\"query-input\":{\"@type\":\"PropertyValueSpecification\",\"valueRequired\":true,\"valueName\":\"search_term_string\"}}],\"inLanguage\":\"fr-FR\"},{\"@type\":\"Organization\",\"@id\":\"https:\\\/\\\/visitfinaleligure.it\\\/fr\\\/#organization\",\"name\":\"Comune di Finale Ligure\",\"url\":\"https:\\\/\\\/visitfinaleligure.it\\\/fr\\\/\",\"logo\":{\"@type\":\"ImageObject\",\"inLanguage\":\"fr-FR\",\"@id\":\"https:\\\/\\\/visitfinaleligure.it\\\/fr\\\/#\\\/schema\\\/logo\\\/image\\\/\",\"url\":\"https:\\\/\\\/visitfinaleligure.it\\\/wp-content\\\/uploads\\\/2023\\\/04\\\/cropped-finaleligure-verticale-positivo-200x200-1.png\",\"contentUrl\":\"https:\\\/\\\/visitfinaleligure.it\\\/wp-content\\\/uploads\\\/2023\\\/04\\\/cropped-finaleligure-verticale-positivo-200x200-1.png\",\"width\":512,\"height\":512,\"caption\":\"Comune di Finale Ligure\"},\"image\":{\"@id\":\"https:\\\/\\\/visitfinaleligure.it\\\/fr\\\/#\\\/schema\\\/logo\\\/image\\\/\"},\"sameAs\":[\"https:\\\/\\\/www.facebook.com\\\/VisitFinaleLigure\",\"https:\\\/\\\/www.instagram.com\\\/visitfinale\\\/\",\"https:\\\/\\\/www.youtube.com\\\/channel\\\/UCLmoLfNmrAt9mSCll9egttw\"]}]}<\/script>\n<!-- \/ Yoast SEO plugin. -->","yoast_head_json":{"title":"MUSICA IN CHORDIS 2026 - Paganini, Le Osterie e l' amandolino - Visit Finale Ligure","description":"PAGANINI, LES OSTERIES ET L\u2019AMANDOLINO Voyage musical entre tradition, salons et l'\u00e2me populaire d'un g\u00e9nieConcert du CARLO AONZO Trio (Carlo Aonzo \u2013","robots":{"index":"index","follow":"follow","max-snippet":"max-snippet:-1","max-image-preview":"max-image-preview:large","max-video-preview":"max-video-preview:-1"},"canonical":"https:\/\/visitfinaleligure.it\/fr\/evento\/musica-in-chordis-2026-paganini-le-osterie-e-l-amandolino-2\/","og_locale":"fr_FR","og_type":"article","og_title":"MUSICA IN CHORDIS 2026 - Paganini, Le Osterie e l' amandolino - Visit Finale Ligure","og_description":"PAGANINI, LES OSTERIES ET L\u2019AMANDOLINO Voyage musical entre tradition, salons et l'\u00e2me populaire d'un g\u00e9nieConcert du CARLO AONZO Trio (Carlo Aonzo \u2013","og_url":"https:\/\/visitfinaleligure.it\/fr\/evento\/musica-in-chordis-2026-paganini-le-osterie-e-l-amandolino-2\/","og_site_name":"Visit Finale Ligure","article_publisher":"https:\/\/www.facebook.com\/VisitFinaleLigure","og_image":[{"width":2500,"height":1405,"url":"https:\/\/visitfinaleligure.it\/wp-content\/uploads\/2023\/03\/Capo-caprazoppa-1-1.jpg","type":"image\/jpeg"}],"twitter_card":"summary_large_image","schema":{"@context":"https:\/\/schema.org","@graph":[{"@type":"WebPage","@id":"https:\/\/visitfinaleligure.it\/fr\/evento\/musica-in-chordis-2026-paganini-le-osterie-e-l-amandolino-2\/","url":"https:\/\/visitfinaleligure.it\/fr\/evento\/musica-in-chordis-2026-paganini-le-osterie-e-l-amandolino-2\/","name":"MUSICA IN CHORDIS 2026 - Paganini, Le Osterie e l' amandolino - Visit Finale Ligure","isPartOf":{"@id":"https:\/\/visitfinaleligure.it\/fr\/#website"},"datePublished":"2026-08-27T09:19:39+00:00","description":"PAGANINI, LES OSTERIES ET L\u2019AMANDOLINO Voyage musical entre tradition, salons et l'\u00e2me populaire d'un g\u00e9nieConcert du CARLO AONZO Trio (Carlo Aonzo \u2013","breadcrumb":{"@id":"https:\/\/visitfinaleligure.it\/fr\/evento\/musica-in-chordis-2026-paganini-le-osterie-e-l-amandolino-2\/#breadcrumb"},"inLanguage":"fr-FR","potentialAction":[{"@type":"ReadAction","target":["https:\/\/visitfinaleligure.it\/fr\/evento\/musica-in-chordis-2026-paganini-le-osterie-e-l-amandolino-2\/"]}]},{"@type":"BreadcrumbList","@id":"https:\/\/visitfinaleligure.it\/fr\/evento\/musica-in-chordis-2026-paganini-le-osterie-e-l-amandolino-2\/#breadcrumb","itemListElement":[{"@type":"ListItem","position":1,"name":"Home","item":"https:\/\/visitfinaleligure.it\/fr\/"},{"@type":"ListItem","position":2,"name":"Eventi","item":"https:\/\/visitfinaleligure.it\/fr\/evento\/"},{"@type":"ListItem","position":3,"name":"MUSICA IN CHORDIS 2026 &#8211; Paganini, Le Osterie e l&#8217; amandolino"}]},{"@type":"WebSite","@id":"https:\/\/visitfinaleligure.it\/fr\/#website","url":"https:\/\/visitfinaleligure.it\/fr\/","name":"Visit Finale Ligure","description":"My perfect place","publisher":{"@id":"https:\/\/visitfinaleligure.it\/fr\/#organization"},"potentialAction":[{"@type":"SearchAction","target":{"@type":"EntryPoint","urlTemplate":"https:\/\/visitfinaleligure.it\/fr\/?s={search_term_string}"},"query-input":{"@type":"PropertyValueSpecification","valueRequired":true,"valueName":"search_term_string"}}],"inLanguage":"fr-FR"},{"@type":"Organization","@id":"https:\/\/visitfinaleligure.it\/fr\/#organization","name":"Comune di Finale Ligure","url":"https:\/\/visitfinaleligure.it\/fr\/","logo":{"@type":"ImageObject","inLanguage":"fr-FR","@id":"https:\/\/visitfinaleligure.it\/fr\/#\/schema\/logo\/image\/","url":"https:\/\/visitfinaleligure.it\/wp-content\/uploads\/2023\/04\/cropped-finaleligure-verticale-positivo-200x200-1.png","contentUrl":"https:\/\/visitfinaleligure.it\/wp-content\/uploads\/2023\/04\/cropped-finaleligure-verticale-positivo-200x200-1.png","width":512,"height":512,"caption":"Comune di Finale Ligure"},"image":{"@id":"https:\/\/visitfinaleligure.it\/fr\/#\/schema\/logo\/image\/"},"sameAs":["https:\/\/www.facebook.com\/VisitFinaleLigure","https:\/\/www.instagram.com\/visitfinale\/","https:\/\/www.youtube.com\/channel\/UCLmoLfNmrAt9mSCll9egttw"]}]}},"_links":{"self":[{"href":"https:\/\/visitfinaleligure.it\/fr\/wp-json\/wp\/v2\/evento\/23668","targetHints":{"allow":["GET"]}}],"collection":[{"href":"https:\/\/visitfinaleligure.it\/fr\/wp-json\/wp\/v2\/evento"}],"about":[{"href":"https:\/\/visitfinaleligure.it\/fr\/wp-json\/wp\/v2\/types\/evento"}],"wp:attachment":[{"href":"https:\/\/visitfinaleligure.it\/fr\/wp-json\/wp\/v2\/media?parent=23668"}],"wp:term":[{"taxonomy":"localita","embeddable":true,"href":"https:\/\/visitfinaleligure.it\/fr\/wp-json\/wp\/v2\/localita?post=23668"},{"taxonomy":"temi_vacanza","embeddable":true,"href":"https:\/\/visitfinaleligure.it\/fr\/wp-json\/wp\/v2\/temi_vacanza?post=23668"},{"taxonomy":"classificazioni","embeddable":true,"href":"https:\/\/visitfinaleligure.it\/fr\/wp-json\/wp\/v2\/classificazioni?post=23668"},{"taxonomy":"eventi_seriali","embeddable":true,"href":"https:\/\/visitfinaleligure.it\/fr\/wp-json\/wp\/v2\/eventi_seriali?post=23668"},{"taxonomy":"servizi","embeddable":true,"href":"https:\/\/visitfinaleligure.it\/fr\/wp-json\/wp\/v2\/servizi?post=23668"}],"curies":[{"name":"wp","href":"https:\/\/api.w.org\/{rel}","templated":true}]}}

<p>PAGANINI, LES OSTERIES ET L’AMANDOLINO</p>
<p>Voyage musical entre tradition, salons et l&#8217;âme populaire d&#8217;un génie<br />Concert du <b>CARLO AONZO Trio </b>(Carlo Aonzo – mandoline, Fabio Rinaudo &#8211; cornemuses et flûtes, Renzo Luise – guitare)</p>
<p><b></b><br />à l&#8217;initiative de l&#8217;ASSOCIATION CULTURELLE CORELLI dans le cadre de la série <i>MUSICA IN CHORDIS 2026 &#8211; Voix et harmonies dans les églises et châteaux du Finalese</i></p>
<p>&nbsp;</p>

<!-- This site is optimized with the Yoast SEO plugin v28.3 - https://yoast.com/product/yoast-seo-wordpress/ -->
<title>MUSICA IN CHORDIS 2026 - Paganini, Le Osterie e l&#039; amandolino - Visit Finale Ligure</title>
<meta name="description" content="PAGANINI, LES OSTERIES ET L’AMANDOLINO Voyage musical entre tradition, salons et l&#039;âme populaire d&#039;un génieConcert du CARLO AONZO Trio (Carlo Aonzo –" />
<meta name="robots" content="index, follow, max-snippet:-1, max-image-preview:large, max-video-preview:-1" />
<link rel="canonical" href="https://visitfinaleligure.it/fr/evento/musica-in-chordis-2026-paganini-le-osterie-e-l-amandolino-2/" />
<meta property="og:locale" content="fr_FR" />
<meta property="og:type" content="article" />
<meta property="og:title" content="MUSICA IN CHORDIS 2026 - Paganini, Le Osterie e l&#039; amandolino - Visit Finale Ligure" />
<meta property="og:description" content="PAGANINI, LES OSTERIES ET L’AMANDOLINO Voyage musical entre tradition, salons et l&#039;âme populaire d&#039;un génieConcert du CARLO AONZO Trio (Carlo Aonzo –" />
<meta property="og:url" content="https://visitfinaleligure.it/fr/evento/musica-in-chordis-2026-paganini-le-osterie-e-l-amandolino-2/" />
<meta property="og:site_name" content="Visit Finale Ligure" />
<meta property="article:publisher" content="https://www.facebook.com/VisitFinaleLigure" />
<meta property="og:image" content="https://visitfinaleligure.it/wp-content/uploads/2023/03/Capo-caprazoppa-1-1.jpg" />
	<meta property="og:image:width" content="2500" />
	<meta property="og:image:height" content="1405" />
	<meta property="og:image:type" content="image/jpeg" />
<meta name="twitter:card" content="summary_large_image" />
<script type="application/ld+json" class="yoast-schema-graph">{"@context":"https:\/\/schema.org","@graph":[{"@type":"WebPage","@id":"https:\/\/visitfinaleligure.it\/fr\/evento\/musica-in-chordis-2026-paganini-le-osterie-e-l-amandolino-2\/","url":"https:\/\/visitfinaleligure.it\/fr\/evento\/musica-in-chordis-2026-paganini-le-osterie-e-l-amandolino-2\/","name":"MUSICA IN CHORDIS 2026 - Paganini, Le Osterie e l' amandolino - Visit Finale Ligure","isPartOf":{"@id":"https:\/\/visitfinaleligure.it\/fr\/#website"},"datePublished":"2026-08-27T09:19:39+00:00","description":"PAGANINI, LES OSTERIES ET L’AMANDOLINO Voyage musical entre tradition, salons et l'âme populaire d'un génieConcert du CARLO AONZO Trio (Carlo Aonzo –","breadcrumb":{"@id":"https:\/\/visitfinaleligure.it\/fr\/evento\/musica-in-chordis-2026-paganini-le-osterie-e-l-amandolino-2\/#breadcrumb"},"inLanguage":"fr-FR","potentialAction":[{"@type":"ReadAction","target":["https:\/\/visitfinaleligure.it\/fr\/evento\/musica-in-chordis-2026-paganini-le-osterie-e-l-amandolino-2\/"]}]},{"@type":"BreadcrumbList","@id":"https:\/\/visitfinaleligure.it\/fr\/evento\/musica-in-chordis-2026-paganini-le-osterie-e-l-amandolino-2\/#breadcrumb","itemListElement":[{"@type":"ListItem","position":1,"name":"Home","item":"https:\/\/visitfinaleligure.it\/fr\/"},{"@type":"ListItem","position":2,"name":"Eventi","item":"https:\/\/visitfinaleligure.it\/fr\/evento\/"},{"@type":"ListItem","position":3,"name":"MUSICA IN CHORDIS 2026 &#8211; Paganini, Le Osterie e l&#8217; amandolino"}]},{"@type":"WebSite","@id":"https:\/\/visitfinaleligure.it\/fr\/#website","url":"https:\/\/visitfinaleligure.it\/fr\/","name":"Visit Finale Ligure","description":"My perfect place","publisher":{"@id":"https:\/\/visitfinaleligure.it\/fr\/#organization"},"potentialAction":[{"@type":"SearchAction","target":{"@type":"EntryPoint","urlTemplate":"https:\/\/visitfinaleligure.it\/fr\/?s={search_term_string}"},"query-input":{"@type":"PropertyValueSpecification","valueRequired":true,"valueName":"search_term_string"}}],"inLanguage":"fr-FR"},{"@type":"Organization","@id":"https:\/\/visitfinaleligure.it\/fr\/#organization","name":"Comune di Finale Ligure","url":"https:\/\/visitfinaleligure.it\/fr\/","logo":{"@type":"ImageObject","inLanguage":"fr-FR","@id":"https:\/\/visitfinaleligure.it\/fr\/#\/schema\/logo\/image\/","url":"https:\/\/visitfinaleligure.it\/wp-content\/uploads\/2023\/04\/cropped-finaleligure-verticale-positivo-200x200-1.png","contentUrl":"https:\/\/visitfinaleligure.it\/wp-content\/uploads\/2023\/04\/cropped-finaleligure-verticale-positivo-200x200-1.png","width":512,"height":512,"caption":"Comune di Finale Ligure"},"image":{"@id":"https:\/\/visitfinaleligure.it\/fr\/#\/schema\/logo\/image\/"},"sameAs":["https:\/\/www.facebook.com\/VisitFinaleLigure","https:\/\/www.instagram.com\/visitfinale\/","https:\/\/www.youtube.com\/channel\/UCLmoLfNmrAt9mSCll9egttw"]}]}</script>
<!-- / Yoast SEO plugin. -->

PAGANINI, LES OSTERIES ET L’AMANDOLINO Voyage musical entre tradition, salons et l'âme populaire d'un génieConcert du CARLO AONZO Trio (Carlo Aonzo –
