{"id":23676,"date":"2026-08-27T11:19:40","date_gmt":"2026-08-27T09:19:40","guid":{"rendered":"https:\/\/visitfinaleligure.it\/evento\/storie-al-chiaro-di-luna-2\/"},"modified":"2026-08-27T11:19:40","modified_gmt":"2026-08-27T09:19:40","slug":"storie-al-chiaro-di-luna-2","status":"publish","type":"evento","link":"https:\/\/visitfinaleligure.it\/fr\/evento\/storie-al-chiaro-di-luna-2\/","title":{"rendered":"Storie al Chiaro di Luna"},"content":{"rendered":"<p>Une promenade nocturne suggestive \u00e0 la d\u00e9couverte du Ch\u00e2teau de Gavone, ancienne demeure des Marquis de Finale et symbole de l&#8217;histoire du Marquisat.<\/p>\n<p>Accompagn\u00e9s par un guide, nous partirons du c\u0153ur de Finalborgo pour atteindre le ch\u00e2teau \u00e0 travers un parcours plong\u00e9 dans le calme du soir.<\/p>\n<p>Tout au long du chemin, seront narr\u00e9es les exploits, les entreprises et les l\u00e9gendes du Marquis de Carretto, vous permettant de conna\u00eetre un chapitre fascinant de l&#8217;histoire locale.<\/p>\n<p>Arriv\u00e9s au Ch\u00e2teau de Gavone, le pass\u00e9 prendra vie : entre les vieilles murailles, vous rencontrerez des chevaliers, des dames, des armoiries, des musiciens et des personnages de la cour, tous en costumes m\u00e9di\u00e9vaux, qui animeront le ch\u00e2teau avec des sc\u00e8nes et des r\u00e9cits inspir\u00e9s de la vie du Marquisat. Une exp\u00e9rience immersive et adapt\u00e9e \u00e0 toute la famille, o\u00f9 histoire, spectacle et atmosph\u00e8re se m\u00ealent sous la lumi\u00e8re de la lune pour offrir une soir\u00e9e inoubliable.<\/p>\n<p>\u00c0 l&#8217;initiative du Centre Historique de Finale <a href=\"https:\/\/www.centrostoricofinale.com\/manifestazioni\/storie-al-chiaro-di-luna\/\">https:\/\/www.centrostoricofinale.com<\/a><\/p>\n","protected":false},"featured_media":0,"template":"","meta":[],"localita":[201],"temi_vacanza":[1371,1366,1378],"classificazioni":[1373,1367,1379],"eventi_seriali":[],"servizi":[1380,1381,1382,1383],"class_list":["post-23676","evento","type-evento","status-publish","hentry","localita-finalborgo","temi_vacanza-estate","temi_vacanza-liveexplore","temi_vacanza-soggiorni-brevi","classificazioni-estate","classificazioni-liveexplore","classificazioni-soggiorni-brevi","servizi-camminata-sotto-le-stelle","servizi-escursioni-per-bambini","servizi-teatro","servizi-visita-guidata"],"yoast_head":"<!-- This site is optimized with the Yoast SEO plugin v28.3 - https:\/\/yoast.com\/product\/yoast-seo-wordpress\/ -->\n<title>Storie al Chiaro di Luna - Visit Finale Ligure<\/title>\n<meta name=\"description\" content=\"Une promenade nocturne suggestive \u00e0 la d\u00e9couverte du Ch\u00e2teau de Gavone, ancienne demeure des Marquis de Finale et symbole de l&#039;histoire du Marquisat.\" \/>\n<meta name=\"robots\" content=\"index, follow, max-snippet:-1, max-image-preview:large, max-video-preview:-1\" \/>\n<link rel=\"canonical\" href=\"https:\/\/visitfinaleligure.it\/fr\/evento\/storie-al-chiaro-di-luna-2\/\" \/>\n<meta property=\"og:locale\" content=\"fr_FR\" \/>\n<meta property=\"og:type\" content=\"article\" \/>\n<meta property=\"og:title\" content=\"Storie al Chiaro di Luna - Visit Finale Ligure\" \/>\n<meta property=\"og:description\" content=\"Une promenade nocturne suggestive \u00e0 la d\u00e9couverte du Ch\u00e2teau de Gavone, ancienne demeure des Marquis de Finale et symbole de l&#039;histoire du Marquisat.\" \/>\n<meta property=\"og:url\" content=\"https:\/\/visitfinaleligure.it\/fr\/evento\/storie-al-chiaro-di-luna-2\/\" \/>\n<meta property=\"og:site_name\" content=\"Visit Finale Ligure\" \/>\n<meta property=\"article:publisher\" content=\"https:\/\/www.facebook.com\/VisitFinaleLigure\" \/>\n<meta property=\"og:image\" content=\"https:\/\/visitfinaleligure.it\/wp-content\/uploads\/2023\/03\/Capo-caprazoppa-1-1.jpg\" \/>\n\t<meta property=\"og:image:width\" content=\"2500\" \/>\n\t<meta property=\"og:image:height\" content=\"1405\" \/>\n\t<meta property=\"og:image:type\" content=\"image\/jpeg\" \/>\n<meta name=\"twitter:card\" content=\"summary_large_image\" \/>\n<meta name=\"twitter:label1\" content=\"Dur\u00e9e de lecture estim\u00e9e\" \/>\n\t<meta name=\"twitter:data1\" content=\"1 minute\" \/>\n<script type=\"application\/ld+json\" class=\"yoast-schema-graph\">{\"@context\":\"https:\\\/\\\/schema.org\",\"@graph\":[{\"@type\":\"WebPage\",\"@id\":\"https:\\\/\\\/visitfinaleligure.it\\\/fr\\\/evento\\\/storie-al-chiaro-di-luna-2\\\/\",\"url\":\"https:\\\/\\\/visitfinaleligure.it\\\/fr\\\/evento\\\/storie-al-chiaro-di-luna-2\\\/\",\"name\":\"Storie al Chiaro di Luna - Visit Finale Ligure\",\"isPartOf\":{\"@id\":\"https:\\\/\\\/visitfinaleligure.it\\\/fr\\\/#website\"},\"datePublished\":\"2026-08-27T09:19:40+00:00\",\"description\":\"Une promenade nocturne suggestive \u00e0 la d\u00e9couverte du Ch\u00e2teau de Gavone, ancienne demeure des Marquis de Finale et symbole de l'histoire du Marquisat.\",\"breadcrumb\":{\"@id\":\"https:\\\/\\\/visitfinaleligure.it\\\/fr\\\/evento\\\/storie-al-chiaro-di-luna-2\\\/#breadcrumb\"},\"inLanguage\":\"fr-FR\",\"potentialAction\":[{\"@type\":\"ReadAction\",\"target\":[\"https:\\\/\\\/visitfinaleligure.it\\\/fr\\\/evento\\\/storie-al-chiaro-di-luna-2\\\/\"]}]},{\"@type\":\"BreadcrumbList\",\"@id\":\"https:\\\/\\\/visitfinaleligure.it\\\/fr\\\/evento\\\/storie-al-chiaro-di-luna-2\\\/#breadcrumb\",\"itemListElement\":[{\"@type\":\"ListItem\",\"position\":1,\"name\":\"Home\",\"item\":\"https:\\\/\\\/visitfinaleligure.it\\\/fr\\\/\"},{\"@type\":\"ListItem\",\"position\":2,\"name\":\"Eventi\",\"item\":\"https:\\\/\\\/visitfinaleligure.it\\\/fr\\\/evento\\\/\"},{\"@type\":\"ListItem\",\"position\":3,\"name\":\"Storie al Chiaro di Luna\"}]},{\"@type\":\"WebSite\",\"@id\":\"https:\\\/\\\/visitfinaleligure.it\\\/fr\\\/#website\",\"url\":\"https:\\\/\\\/visitfinaleligure.it\\\/fr\\\/\",\"name\":\"Visit Finale Ligure\",\"description\":\"My perfect place\",\"publisher\":{\"@id\":\"https:\\\/\\\/visitfinaleligure.it\\\/fr\\\/#organization\"},\"potentialAction\":[{\"@type\":\"SearchAction\",\"target\":{\"@type\":\"EntryPoint\",\"urlTemplate\":\"https:\\\/\\\/visitfinaleligure.it\\\/fr\\\/?s={search_term_string}\"},\"query-input\":{\"@type\":\"PropertyValueSpecification\",\"valueRequired\":true,\"valueName\":\"search_term_string\"}}],\"inLanguage\":\"fr-FR\"},{\"@type\":\"Organization\",\"@id\":\"https:\\\/\\\/visitfinaleligure.it\\\/fr\\\/#organization\",\"name\":\"Comune di Finale Ligure\",\"url\":\"https:\\\/\\\/visitfinaleligure.it\\\/fr\\\/\",\"logo\":{\"@type\":\"ImageObject\",\"inLanguage\":\"fr-FR\",\"@id\":\"https:\\\/\\\/visitfinaleligure.it\\\/fr\\\/#\\\/schema\\\/logo\\\/image\\\/\",\"url\":\"https:\\\/\\\/visitfinaleligure.it\\\/wp-content\\\/uploads\\\/2023\\\/04\\\/cropped-finaleligure-verticale-positivo-200x200-1.png\",\"contentUrl\":\"https:\\\/\\\/visitfinaleligure.it\\\/wp-content\\\/uploads\\\/2023\\\/04\\\/cropped-finaleligure-verticale-positivo-200x200-1.png\",\"width\":512,\"height\":512,\"caption\":\"Comune di Finale Ligure\"},\"image\":{\"@id\":\"https:\\\/\\\/visitfinaleligure.it\\\/fr\\\/#\\\/schema\\\/logo\\\/image\\\/\"},\"sameAs\":[\"https:\\\/\\\/www.facebook.com\\\/VisitFinaleLigure\",\"https:\\\/\\\/www.instagram.com\\\/visitfinale\\\/\",\"https:\\\/\\\/www.youtube.com\\\/channel\\\/UCLmoLfNmrAt9mSCll9egttw\"]}]}<\/script>\n<!-- \/ Yoast SEO plugin. -->","yoast_head_json":{"title":"Storie al Chiaro di Luna - Visit Finale Ligure","description":"Une promenade nocturne suggestive \u00e0 la d\u00e9couverte du Ch\u00e2teau de Gavone, ancienne demeure des Marquis de Finale et symbole de l'histoire du Marquisat.","robots":{"index":"index","follow":"follow","max-snippet":"max-snippet:-1","max-image-preview":"max-image-preview:large","max-video-preview":"max-video-preview:-1"},"canonical":"https:\/\/visitfinaleligure.it\/fr\/evento\/storie-al-chiaro-di-luna-2\/","og_locale":"fr_FR","og_type":"article","og_title":"Storie al Chiaro di Luna - Visit Finale Ligure","og_description":"Une promenade nocturne suggestive \u00e0 la d\u00e9couverte du Ch\u00e2teau de Gavone, ancienne demeure des Marquis de Finale et symbole de l'histoire du Marquisat.","og_url":"https:\/\/visitfinaleligure.it\/fr\/evento\/storie-al-chiaro-di-luna-2\/","og_site_name":"Visit Finale Ligure","article_publisher":"https:\/\/www.facebook.com\/VisitFinaleLigure","og_image":[{"width":2500,"height":1405,"url":"https:\/\/visitfinaleligure.it\/wp-content\/uploads\/2023\/03\/Capo-caprazoppa-1-1.jpg","type":"image\/jpeg"}],"twitter_card":"summary_large_image","twitter_misc":{"Dur\u00e9e de lecture estim\u00e9e":"1 minute"},"schema":{"@context":"https:\/\/schema.org","@graph":[{"@type":"WebPage","@id":"https:\/\/visitfinaleligure.it\/fr\/evento\/storie-al-chiaro-di-luna-2\/","url":"https:\/\/visitfinaleligure.it\/fr\/evento\/storie-al-chiaro-di-luna-2\/","name":"Storie al Chiaro di Luna - Visit Finale Ligure","isPartOf":{"@id":"https:\/\/visitfinaleligure.it\/fr\/#website"},"datePublished":"2026-08-27T09:19:40+00:00","description":"Une promenade nocturne suggestive \u00e0 la d\u00e9couverte du Ch\u00e2teau de Gavone, ancienne demeure des Marquis de Finale et symbole de l'histoire du Marquisat.","breadcrumb":{"@id":"https:\/\/visitfinaleligure.it\/fr\/evento\/storie-al-chiaro-di-luna-2\/#breadcrumb"},"inLanguage":"fr-FR","potentialAction":[{"@type":"ReadAction","target":["https:\/\/visitfinaleligure.it\/fr\/evento\/storie-al-chiaro-di-luna-2\/"]}]},{"@type":"BreadcrumbList","@id":"https:\/\/visitfinaleligure.it\/fr\/evento\/storie-al-chiaro-di-luna-2\/#breadcrumb","itemListElement":[{"@type":"ListItem","position":1,"name":"Home","item":"https:\/\/visitfinaleligure.it\/fr\/"},{"@type":"ListItem","position":2,"name":"Eventi","item":"https:\/\/visitfinaleligure.it\/fr\/evento\/"},{"@type":"ListItem","position":3,"name":"Storie al Chiaro di Luna"}]},{"@type":"WebSite","@id":"https:\/\/visitfinaleligure.it\/fr\/#website","url":"https:\/\/visitfinaleligure.it\/fr\/","name":"Visit Finale Ligure","description":"My perfect place","publisher":{"@id":"https:\/\/visitfinaleligure.it\/fr\/#organization"},"potentialAction":[{"@type":"SearchAction","target":{"@type":"EntryPoint","urlTemplate":"https:\/\/visitfinaleligure.it\/fr\/?s={search_term_string}"},"query-input":{"@type":"PropertyValueSpecification","valueRequired":true,"valueName":"search_term_string"}}],"inLanguage":"fr-FR"},{"@type":"Organization","@id":"https:\/\/visitfinaleligure.it\/fr\/#organization","name":"Comune di Finale Ligure","url":"https:\/\/visitfinaleligure.it\/fr\/","logo":{"@type":"ImageObject","inLanguage":"fr-FR","@id":"https:\/\/visitfinaleligure.it\/fr\/#\/schema\/logo\/image\/","url":"https:\/\/visitfinaleligure.it\/wp-content\/uploads\/2023\/04\/cropped-finaleligure-verticale-positivo-200x200-1.png","contentUrl":"https:\/\/visitfinaleligure.it\/wp-content\/uploads\/2023\/04\/cropped-finaleligure-verticale-positivo-200x200-1.png","width":512,"height":512,"caption":"Comune di Finale Ligure"},"image":{"@id":"https:\/\/visitfinaleligure.it\/fr\/#\/schema\/logo\/image\/"},"sameAs":["https:\/\/www.facebook.com\/VisitFinaleLigure","https:\/\/www.instagram.com\/visitfinale\/","https:\/\/www.youtube.com\/channel\/UCLmoLfNmrAt9mSCll9egttw"]}]}},"_links":{"self":[{"href":"https:\/\/visitfinaleligure.it\/fr\/wp-json\/wp\/v2\/evento\/23676","targetHints":{"allow":["GET"]}}],"collection":[{"href":"https:\/\/visitfinaleligure.it\/fr\/wp-json\/wp\/v2\/evento"}],"about":[{"href":"https:\/\/visitfinaleligure.it\/fr\/wp-json\/wp\/v2\/types\/evento"}],"wp:attachment":[{"href":"https:\/\/visitfinaleligure.it\/fr\/wp-json\/wp\/v2\/media?parent=23676"}],"wp:term":[{"taxonomy":"localita","embeddable":true,"href":"https:\/\/visitfinaleligure.it\/fr\/wp-json\/wp\/v2\/localita?post=23676"},{"taxonomy":"temi_vacanza","embeddable":true,"href":"https:\/\/visitfinaleligure.it\/fr\/wp-json\/wp\/v2\/temi_vacanza?post=23676"},{"taxonomy":"classificazioni","embeddable":true,"href":"https:\/\/visitfinaleligure.it\/fr\/wp-json\/wp\/v2\/classificazioni?post=23676"},{"taxonomy":"eventi_seriali","embeddable":true,"href":"https:\/\/visitfinaleligure.it\/fr\/wp-json\/wp\/v2\/eventi_seriali?post=23676"},{"taxonomy":"servizi","embeddable":true,"href":"https:\/\/visitfinaleligure.it\/fr\/wp-json\/wp\/v2\/servizi?post=23676"}],"curies":[{"name":"wp","href":"https:\/\/api.w.org\/{rel}","templated":true}]}}

<p>Une promenade nocturne suggestive à la découverte du Château de Gavone, ancienne demeure des Marquis de Finale et symbole de l&#8217;histoire du Marquisat.</p>
<p>Accompagnés par un guide, nous partirons du cœur de Finalborgo pour atteindre le château à travers un parcours plongé dans le calme du soir.</p>
<p>Tout au long du chemin, seront narrées les exploits, les entreprises et les légendes du Marquis de Carretto, vous permettant de connaître un chapitre fascinant de l&#8217;histoire locale.</p>
<p>Arrivés au Château de Gavone, le passé prendra vie : entre les vieilles murailles, vous rencontrerez des chevaliers, des dames, des armoiries, des musiciens et des personnages de la cour, tous en costumes médiévaux, qui animeront le château avec des scènes et des récits inspirés de la vie du Marquisat. Une expérience immersive et adaptée à toute la famille, où histoire, spectacle et atmosphère se mêlent sous la lumière de la lune pour offrir une soirée inoubliable.</p>
<p>À l&#8217;initiative du Centre Historique de Finale <a href="https://www.centrostoricofinale.com/manifestazioni/storie-al-chiaro-di-luna/">https://www.centrostoricofinale.com</a></p>

<!-- This site is optimized with the Yoast SEO plugin v28.3 - https://yoast.com/product/yoast-seo-wordpress/ -->
<title>Storie al Chiaro di Luna - Visit Finale Ligure</title>
<meta name="description" content="Une promenade nocturne suggestive à la découverte du Château de Gavone, ancienne demeure des Marquis de Finale et symbole de l&#039;histoire du Marquisat." />
<meta name="robots" content="index, follow, max-snippet:-1, max-image-preview:large, max-video-preview:-1" />
<link rel="canonical" href="https://visitfinaleligure.it/fr/evento/storie-al-chiaro-di-luna-2/" />
<meta property="og:locale" content="fr_FR" />
<meta property="og:type" content="article" />
<meta property="og:title" content="Storie al Chiaro di Luna - Visit Finale Ligure" />
<meta property="og:description" content="Une promenade nocturne suggestive à la découverte du Château de Gavone, ancienne demeure des Marquis de Finale et symbole de l&#039;histoire du Marquisat." />
<meta property="og:url" content="https://visitfinaleligure.it/fr/evento/storie-al-chiaro-di-luna-2/" />
<meta property="og:site_name" content="Visit Finale Ligure" />
<meta property="article:publisher" content="https://www.facebook.com/VisitFinaleLigure" />
<meta property="og:image" content="https://visitfinaleligure.it/wp-content/uploads/2023/03/Capo-caprazoppa-1-1.jpg" />
	<meta property="og:image:width" content="2500" />
	<meta property="og:image:height" content="1405" />
	<meta property="og:image:type" content="image/jpeg" />
<meta name="twitter:card" content="summary_large_image" />
<meta name="twitter:label1" content="Durée de lecture estimée" />
	<meta name="twitter:data1" content="1 minute" />
<script type="application/ld+json" class="yoast-schema-graph">{"@context":"https:\/\/schema.org","@graph":[{"@type":"WebPage","@id":"https:\/\/visitfinaleligure.it\/fr\/evento\/storie-al-chiaro-di-luna-2\/","url":"https:\/\/visitfinaleligure.it\/fr\/evento\/storie-al-chiaro-di-luna-2\/","name":"Storie al Chiaro di Luna - Visit Finale Ligure","isPartOf":{"@id":"https:\/\/visitfinaleligure.it\/fr\/#website"},"datePublished":"2026-08-27T09:19:40+00:00","description":"Une promenade nocturne suggestive à la découverte du Château de Gavone, ancienne demeure des Marquis de Finale et symbole de l'histoire du Marquisat.","breadcrumb":{"@id":"https:\/\/visitfinaleligure.it\/fr\/evento\/storie-al-chiaro-di-luna-2\/#breadcrumb"},"inLanguage":"fr-FR","potentialAction":[{"@type":"ReadAction","target":["https:\/\/visitfinaleligure.it\/fr\/evento\/storie-al-chiaro-di-luna-2\/"]}]},{"@type":"BreadcrumbList","@id":"https:\/\/visitfinaleligure.it\/fr\/evento\/storie-al-chiaro-di-luna-2\/#breadcrumb","itemListElement":[{"@type":"ListItem","position":1,"name":"Home","item":"https:\/\/visitfinaleligure.it\/fr\/"},{"@type":"ListItem","position":2,"name":"Eventi","item":"https:\/\/visitfinaleligure.it\/fr\/evento\/"},{"@type":"ListItem","position":3,"name":"Storie al Chiaro di Luna"}]},{"@type":"WebSite","@id":"https:\/\/visitfinaleligure.it\/fr\/#website","url":"https:\/\/visitfinaleligure.it\/fr\/","name":"Visit Finale Ligure","description":"My perfect place","publisher":{"@id":"https:\/\/visitfinaleligure.it\/fr\/#organization"},"potentialAction":[{"@type":"SearchAction","target":{"@type":"EntryPoint","urlTemplate":"https:\/\/visitfinaleligure.it\/fr\/?s={search_term_string}"},"query-input":{"@type":"PropertyValueSpecification","valueRequired":true,"valueName":"search_term_string"}}],"inLanguage":"fr-FR"},{"@type":"Organization","@id":"https:\/\/visitfinaleligure.it\/fr\/#organization","name":"Comune di Finale Ligure","url":"https:\/\/visitfinaleligure.it\/fr\/","logo":{"@type":"ImageObject","inLanguage":"fr-FR","@id":"https:\/\/visitfinaleligure.it\/fr\/#\/schema\/logo\/image\/","url":"https:\/\/visitfinaleligure.it\/wp-content\/uploads\/2023\/04\/cropped-finaleligure-verticale-positivo-200x200-1.png","contentUrl":"https:\/\/visitfinaleligure.it\/wp-content\/uploads\/2023\/04\/cropped-finaleligure-verticale-positivo-200x200-1.png","width":512,"height":512,"caption":"Comune di Finale Ligure"},"image":{"@id":"https:\/\/visitfinaleligure.it\/fr\/#\/schema\/logo\/image\/"},"sameAs":["https:\/\/www.facebook.com\/VisitFinaleLigure","https:\/\/www.instagram.com\/visitfinale\/","https:\/\/www.youtube.com\/channel\/UCLmoLfNmrAt9mSCll9egttw"]}]}</script>
<!-- / Yoast SEO plugin. -->

Une promenade nocturne suggestive à la découverte du Château de Gavone, ancienne demeure des Marquis de Finale et symbole de l'histoire du Marquisat.
