{"id":23688,"date":"2026-08-27T11:19:40","date_gmt":"2026-08-27T09:19:40","guid":{"rendered":"https:\/\/visitfinaleligure.it\/evento\/museo-in-musica-sax-quartet-2\/"},"modified":"2026-08-27T11:19:40","modified_gmt":"2026-08-27T09:19:40","slug":"museo-in-musica-sax-quartet-2","status":"publish","type":"evento","link":"https:\/\/visitfinaleligure.it\/fr\/evento\/museo-in-musica-sax-quartet-2\/","title":{"rendered":"Museo in musica: sax quartet"},"content":{"rendered":"<h2>Mus\u00e9e en musique : cordes, fl\u00fbte&nbsp;et guitare<\/h2>\n<p><i>organis\u00e9 par : Mus\u00e9e Arch\u00e9ologique de Final en collaboration avec les musiciens de la BRG ORCHESTRA de la Philharmonie de Finalborgo et le Bistrot social &#8220;Nonunomeno&#8221;<\/i><\/p>\n<p><b>Lundi 10 ao\u00fbt, de 18.30 \u00e0 20.30<\/b><\/p>\n<p>Les espaces du Mus\u00e9e se remplissent des notes compos\u00e9es par l&#8217;ensembles de la BRG ORCHESTRA de la Philharmonie de Finalborgo.&nbsp;Au cours de la soir\u00e9e, le BRG&nbsp;Sax Quartet se produira avec un r\u00e9pertoire musical qui traverse divers genres, y compris la musique classique, le jazz, le ragtime, des bandes originales et des transcriptions originales pour quatuor de saxophones r\u00e9alis\u00e9es par les musiciens les plus c\u00e9l\u00e8bres du XXe si\u00e8cle. Le concert fait partie des festivit\u00e9s du bicentenaire de la Philharmonie de Finalborgo. \u00c0 la fin, un petit buffet sera offert par le Bistrot social &#8220;Nonunomeno&#8221;<\/p>\n<p><b><u>Places limit\u00e9es &#8211; r\u00e9servation obligatoire : 019 690020 \/ 351 7306191<\/u><\/b><\/p>\n<p><b><u>Participation : 15,00 par personne, tarif unique.<\/u><\/b><\/p>\n<p><b><u><\/u><\/b>&nbsp;<\/p>\n","protected":false},"featured_media":0,"template":"","meta":[],"localita":[201],"temi_vacanza":[1365,1385],"classificazioni":[1368,1386],"eventi_seriali":[],"servizi":[],"class_list":["post-23688","evento","type-evento","status-publish","hentry","localita-finalborgo","temi_vacanza-cultura","temi_vacanza-mudif","classificazioni-cultura","classificazioni-mudif"],"yoast_head":"<!-- This site is optimized with the Yoast SEO plugin v28.3 - https:\/\/yoast.com\/product\/yoast-seo-wordpress\/ -->\n<title>Museo in musica: sax quartet - Visit Finale Ligure<\/title>\n<meta name=\"description\" content=\"Mus\u00e9e en musique : cordes, fl\u00fbte&nbsp;et guitare organis\u00e9 par : Mus\u00e9e Arch\u00e9ologique de Final en collaboration avec les musiciens de la BRG ORCHESTRA de la\" \/>\n<meta name=\"robots\" content=\"index, follow, max-snippet:-1, max-image-preview:large, max-video-preview:-1\" \/>\n<link rel=\"canonical\" href=\"https:\/\/visitfinaleligure.it\/fr\/evento\/museo-in-musica-sax-quartet-2\/\" \/>\n<meta property=\"og:locale\" content=\"fr_FR\" \/>\n<meta property=\"og:type\" content=\"article\" \/>\n<meta property=\"og:title\" content=\"Museo in musica: sax quartet - Visit Finale Ligure\" \/>\n<meta property=\"og:description\" content=\"Mus\u00e9e en musique : cordes, fl\u00fbte&nbsp;et guitare organis\u00e9 par : Mus\u00e9e Arch\u00e9ologique de Final en collaboration avec les musiciens de la BRG ORCHESTRA de la\" \/>\n<meta property=\"og:url\" content=\"https:\/\/visitfinaleligure.it\/fr\/evento\/museo-in-musica-sax-quartet-2\/\" \/>\n<meta property=\"og:site_name\" content=\"Visit Finale Ligure\" \/>\n<meta property=\"article:publisher\" content=\"https:\/\/www.facebook.com\/VisitFinaleLigure\" \/>\n<meta property=\"og:image\" content=\"https:\/\/visitfinaleligure.it\/wp-content\/uploads\/2023\/03\/Capo-caprazoppa-1-1.jpg\" \/>\n\t<meta property=\"og:image:width\" content=\"2500\" \/>\n\t<meta property=\"og:image:height\" content=\"1405\" \/>\n\t<meta property=\"og:image:type\" content=\"image\/jpeg\" \/>\n<meta name=\"twitter:card\" content=\"summary_large_image\" \/>\n<meta name=\"twitter:label1\" content=\"Dur\u00e9e de lecture estim\u00e9e\" \/>\n\t<meta name=\"twitter:data1\" content=\"1 minute\" \/>\n<script type=\"application\/ld+json\" class=\"yoast-schema-graph\">{\"@context\":\"https:\\\/\\\/schema.org\",\"@graph\":[{\"@type\":\"WebPage\",\"@id\":\"https:\\\/\\\/visitfinaleligure.it\\\/fr\\\/evento\\\/museo-in-musica-sax-quartet-2\\\/\",\"url\":\"https:\\\/\\\/visitfinaleligure.it\\\/fr\\\/evento\\\/museo-in-musica-sax-quartet-2\\\/\",\"name\":\"Museo in musica: sax quartet - Visit Finale Ligure\",\"isPartOf\":{\"@id\":\"https:\\\/\\\/visitfinaleligure.it\\\/fr\\\/#website\"},\"datePublished\":\"2026-08-27T09:19:40+00:00\",\"description\":\"Mus\u00e9e en musique : cordes, fl\u00fbte&nbsp;et guitare organis\u00e9 par : Mus\u00e9e Arch\u00e9ologique de Final en collaboration avec les musiciens de la BRG ORCHESTRA de la\",\"breadcrumb\":{\"@id\":\"https:\\\/\\\/visitfinaleligure.it\\\/fr\\\/evento\\\/museo-in-musica-sax-quartet-2\\\/#breadcrumb\"},\"inLanguage\":\"fr-FR\",\"potentialAction\":[{\"@type\":\"ReadAction\",\"target\":[\"https:\\\/\\\/visitfinaleligure.it\\\/fr\\\/evento\\\/museo-in-musica-sax-quartet-2\\\/\"]}]},{\"@type\":\"BreadcrumbList\",\"@id\":\"https:\\\/\\\/visitfinaleligure.it\\\/fr\\\/evento\\\/museo-in-musica-sax-quartet-2\\\/#breadcrumb\",\"itemListElement\":[{\"@type\":\"ListItem\",\"position\":1,\"name\":\"Home\",\"item\":\"https:\\\/\\\/visitfinaleligure.it\\\/fr\\\/\"},{\"@type\":\"ListItem\",\"position\":2,\"name\":\"Eventi\",\"item\":\"https:\\\/\\\/visitfinaleligure.it\\\/fr\\\/evento\\\/\"},{\"@type\":\"ListItem\",\"position\":3,\"name\":\"Museo in musica: sax quartet\"}]},{\"@type\":\"WebSite\",\"@id\":\"https:\\\/\\\/visitfinaleligure.it\\\/fr\\\/#website\",\"url\":\"https:\\\/\\\/visitfinaleligure.it\\\/fr\\\/\",\"name\":\"Visit Finale Ligure\",\"description\":\"My perfect place\",\"publisher\":{\"@id\":\"https:\\\/\\\/visitfinaleligure.it\\\/fr\\\/#organization\"},\"potentialAction\":[{\"@type\":\"SearchAction\",\"target\":{\"@type\":\"EntryPoint\",\"urlTemplate\":\"https:\\\/\\\/visitfinaleligure.it\\\/fr\\\/?s={search_term_string}\"},\"query-input\":{\"@type\":\"PropertyValueSpecification\",\"valueRequired\":true,\"valueName\":\"search_term_string\"}}],\"inLanguage\":\"fr-FR\"},{\"@type\":\"Organization\",\"@id\":\"https:\\\/\\\/visitfinaleligure.it\\\/fr\\\/#organization\",\"name\":\"Comune di Finale Ligure\",\"url\":\"https:\\\/\\\/visitfinaleligure.it\\\/fr\\\/\",\"logo\":{\"@type\":\"ImageObject\",\"inLanguage\":\"fr-FR\",\"@id\":\"https:\\\/\\\/visitfinaleligure.it\\\/fr\\\/#\\\/schema\\\/logo\\\/image\\\/\",\"url\":\"https:\\\/\\\/visitfinaleligure.it\\\/wp-content\\\/uploads\\\/2023\\\/04\\\/cropped-finaleligure-verticale-positivo-200x200-1.png\",\"contentUrl\":\"https:\\\/\\\/visitfinaleligure.it\\\/wp-content\\\/uploads\\\/2023\\\/04\\\/cropped-finaleligure-verticale-positivo-200x200-1.png\",\"width\":512,\"height\":512,\"caption\":\"Comune di Finale Ligure\"},\"image\":{\"@id\":\"https:\\\/\\\/visitfinaleligure.it\\\/fr\\\/#\\\/schema\\\/logo\\\/image\\\/\"},\"sameAs\":[\"https:\\\/\\\/www.facebook.com\\\/VisitFinaleLigure\",\"https:\\\/\\\/www.instagram.com\\\/visitfinale\\\/\",\"https:\\\/\\\/www.youtube.com\\\/channel\\\/UCLmoLfNmrAt9mSCll9egttw\"]}]}<\/script>\n<!-- \/ Yoast SEO plugin. -->","yoast_head_json":{"title":"Museo in musica: sax quartet - Visit Finale Ligure","description":"Mus\u00e9e en musique : cordes, fl\u00fbte&nbsp;et guitare organis\u00e9 par : Mus\u00e9e Arch\u00e9ologique de Final en collaboration avec les musiciens de la BRG ORCHESTRA de la","robots":{"index":"index","follow":"follow","max-snippet":"max-snippet:-1","max-image-preview":"max-image-preview:large","max-video-preview":"max-video-preview:-1"},"canonical":"https:\/\/visitfinaleligure.it\/fr\/evento\/museo-in-musica-sax-quartet-2\/","og_locale":"fr_FR","og_type":"article","og_title":"Museo in musica: sax quartet - Visit Finale Ligure","og_description":"Mus\u00e9e en musique : cordes, fl\u00fbte&nbsp;et guitare organis\u00e9 par : Mus\u00e9e Arch\u00e9ologique de Final en collaboration avec les musiciens de la BRG ORCHESTRA de la","og_url":"https:\/\/visitfinaleligure.it\/fr\/evento\/museo-in-musica-sax-quartet-2\/","og_site_name":"Visit Finale Ligure","article_publisher":"https:\/\/www.facebook.com\/VisitFinaleLigure","og_image":[{"width":2500,"height":1405,"url":"https:\/\/visitfinaleligure.it\/wp-content\/uploads\/2023\/03\/Capo-caprazoppa-1-1.jpg","type":"image\/jpeg"}],"twitter_card":"summary_large_image","twitter_misc":{"Dur\u00e9e de lecture estim\u00e9e":"1 minute"},"schema":{"@context":"https:\/\/schema.org","@graph":[{"@type":"WebPage","@id":"https:\/\/visitfinaleligure.it\/fr\/evento\/museo-in-musica-sax-quartet-2\/","url":"https:\/\/visitfinaleligure.it\/fr\/evento\/museo-in-musica-sax-quartet-2\/","name":"Museo in musica: sax quartet - Visit Finale Ligure","isPartOf":{"@id":"https:\/\/visitfinaleligure.it\/fr\/#website"},"datePublished":"2026-08-27T09:19:40+00:00","description":"Mus\u00e9e en musique : cordes, fl\u00fbte&nbsp;et guitare organis\u00e9 par : Mus\u00e9e Arch\u00e9ologique de Final en collaboration avec les musiciens de la BRG ORCHESTRA de la","breadcrumb":{"@id":"https:\/\/visitfinaleligure.it\/fr\/evento\/museo-in-musica-sax-quartet-2\/#breadcrumb"},"inLanguage":"fr-FR","potentialAction":[{"@type":"ReadAction","target":["https:\/\/visitfinaleligure.it\/fr\/evento\/museo-in-musica-sax-quartet-2\/"]}]},{"@type":"BreadcrumbList","@id":"https:\/\/visitfinaleligure.it\/fr\/evento\/museo-in-musica-sax-quartet-2\/#breadcrumb","itemListElement":[{"@type":"ListItem","position":1,"name":"Home","item":"https:\/\/visitfinaleligure.it\/fr\/"},{"@type":"ListItem","position":2,"name":"Eventi","item":"https:\/\/visitfinaleligure.it\/fr\/evento\/"},{"@type":"ListItem","position":3,"name":"Museo in musica: sax quartet"}]},{"@type":"WebSite","@id":"https:\/\/visitfinaleligure.it\/fr\/#website","url":"https:\/\/visitfinaleligure.it\/fr\/","name":"Visit Finale Ligure","description":"My perfect place","publisher":{"@id":"https:\/\/visitfinaleligure.it\/fr\/#organization"},"potentialAction":[{"@type":"SearchAction","target":{"@type":"EntryPoint","urlTemplate":"https:\/\/visitfinaleligure.it\/fr\/?s={search_term_string}"},"query-input":{"@type":"PropertyValueSpecification","valueRequired":true,"valueName":"search_term_string"}}],"inLanguage":"fr-FR"},{"@type":"Organization","@id":"https:\/\/visitfinaleligure.it\/fr\/#organization","name":"Comune di Finale Ligure","url":"https:\/\/visitfinaleligure.it\/fr\/","logo":{"@type":"ImageObject","inLanguage":"fr-FR","@id":"https:\/\/visitfinaleligure.it\/fr\/#\/schema\/logo\/image\/","url":"https:\/\/visitfinaleligure.it\/wp-content\/uploads\/2023\/04\/cropped-finaleligure-verticale-positivo-200x200-1.png","contentUrl":"https:\/\/visitfinaleligure.it\/wp-content\/uploads\/2023\/04\/cropped-finaleligure-verticale-positivo-200x200-1.png","width":512,"height":512,"caption":"Comune di Finale Ligure"},"image":{"@id":"https:\/\/visitfinaleligure.it\/fr\/#\/schema\/logo\/image\/"},"sameAs":["https:\/\/www.facebook.com\/VisitFinaleLigure","https:\/\/www.instagram.com\/visitfinale\/","https:\/\/www.youtube.com\/channel\/UCLmoLfNmrAt9mSCll9egttw"]}]}},"_links":{"self":[{"href":"https:\/\/visitfinaleligure.it\/fr\/wp-json\/wp\/v2\/evento\/23688","targetHints":{"allow":["GET"]}}],"collection":[{"href":"https:\/\/visitfinaleligure.it\/fr\/wp-json\/wp\/v2\/evento"}],"about":[{"href":"https:\/\/visitfinaleligure.it\/fr\/wp-json\/wp\/v2\/types\/evento"}],"wp:attachment":[{"href":"https:\/\/visitfinaleligure.it\/fr\/wp-json\/wp\/v2\/media?parent=23688"}],"wp:term":[{"taxonomy":"localita","embeddable":true,"href":"https:\/\/visitfinaleligure.it\/fr\/wp-json\/wp\/v2\/localita?post=23688"},{"taxonomy":"temi_vacanza","embeddable":true,"href":"https:\/\/visitfinaleligure.it\/fr\/wp-json\/wp\/v2\/temi_vacanza?post=23688"},{"taxonomy":"classificazioni","embeddable":true,"href":"https:\/\/visitfinaleligure.it\/fr\/wp-json\/wp\/v2\/classificazioni?post=23688"},{"taxonomy":"eventi_seriali","embeddable":true,"href":"https:\/\/visitfinaleligure.it\/fr\/wp-json\/wp\/v2\/eventi_seriali?post=23688"},{"taxonomy":"servizi","embeddable":true,"href":"https:\/\/visitfinaleligure.it\/fr\/wp-json\/wp\/v2\/servizi?post=23688"}],"curies":[{"name":"wp","href":"https:\/\/api.w.org\/{rel}","templated":true}]}}

<h2>Musée en musique : cordes, flûte&nbsp;et guitare</h2>
<p><i>organisé par : Musée Archéologique de Final en collaboration avec les musiciens de la BRG ORCHESTRA de la Philharmonie de Finalborgo et le Bistrot social &#8220;Nonunomeno&#8221;</i></p>
<p><b>Lundi 10 août, de 18.30 à 20.30</b></p>
<p>Les espaces du Musée se remplissent des notes composées par l&#8217;ensembles de la BRG ORCHESTRA de la Philharmonie de Finalborgo.&nbsp;Au cours de la soirée, le BRG&nbsp;Sax Quartet se produira avec un répertoire musical qui traverse divers genres, y compris la musique classique, le jazz, le ragtime, des bandes originales et des transcriptions originales pour quatuor de saxophones réalisées par les musiciens les plus célèbres du XXe siècle. Le concert fait partie des festivités du bicentenaire de la Philharmonie de Finalborgo. À la fin, un petit buffet sera offert par le Bistrot social &#8220;Nonunomeno&#8221;</p>
<p><b><u>Places limitées &#8211; réservation obligatoire : 019 690020 / 351 7306191</u></b></p>
<p><b><u>Participation : 15,00 par personne, tarif unique.</u></b></p>
<p><b><u></u></b>&nbsp;</p>

<!-- This site is optimized with the Yoast SEO plugin v28.3 - https://yoast.com/product/yoast-seo-wordpress/ -->
<title>Museo in musica: sax quartet - Visit Finale Ligure</title>
<meta name="description" content="Musée en musique : cordes, flûte&nbsp;et guitare organisé par : Musée Archéologique de Final en collaboration avec les musiciens de la BRG ORCHESTRA de la" />
<meta name="robots" content="index, follow, max-snippet:-1, max-image-preview:large, max-video-preview:-1" />
<link rel="canonical" href="https://visitfinaleligure.it/fr/evento/museo-in-musica-sax-quartet-2/" />
<meta property="og:locale" content="fr_FR" />
<meta property="og:type" content="article" />
<meta property="og:title" content="Museo in musica: sax quartet - Visit Finale Ligure" />
<meta property="og:description" content="Musée en musique : cordes, flûte&nbsp;et guitare organisé par : Musée Archéologique de Final en collaboration avec les musiciens de la BRG ORCHESTRA de la" />
<meta property="og:url" content="https://visitfinaleligure.it/fr/evento/museo-in-musica-sax-quartet-2/" />
<meta property="og:site_name" content="Visit Finale Ligure" />
<meta property="article:publisher" content="https://www.facebook.com/VisitFinaleLigure" />
<meta property="og:image" content="https://visitfinaleligure.it/wp-content/uploads/2023/03/Capo-caprazoppa-1-1.jpg" />
	<meta property="og:image:width" content="2500" />
	<meta property="og:image:height" content="1405" />
	<meta property="og:image:type" content="image/jpeg" />
<meta name="twitter:card" content="summary_large_image" />
<meta name="twitter:label1" content="Durée de lecture estimée" />
	<meta name="twitter:data1" content="1 minute" />
<script type="application/ld+json" class="yoast-schema-graph">{"@context":"https:\/\/schema.org","@graph":[{"@type":"WebPage","@id":"https:\/\/visitfinaleligure.it\/fr\/evento\/museo-in-musica-sax-quartet-2\/","url":"https:\/\/visitfinaleligure.it\/fr\/evento\/museo-in-musica-sax-quartet-2\/","name":"Museo in musica: sax quartet - Visit Finale Ligure","isPartOf":{"@id":"https:\/\/visitfinaleligure.it\/fr\/#website"},"datePublished":"2026-08-27T09:19:40+00:00","description":"Musée en musique : cordes, flûte&nbsp;et guitare organisé par : Musée Archéologique de Final en collaboration avec les musiciens de la BRG ORCHESTRA de la","breadcrumb":{"@id":"https:\/\/visitfinaleligure.it\/fr\/evento\/museo-in-musica-sax-quartet-2\/#breadcrumb"},"inLanguage":"fr-FR","potentialAction":[{"@type":"ReadAction","target":["https:\/\/visitfinaleligure.it\/fr\/evento\/museo-in-musica-sax-quartet-2\/"]}]},{"@type":"BreadcrumbList","@id":"https:\/\/visitfinaleligure.it\/fr\/evento\/museo-in-musica-sax-quartet-2\/#breadcrumb","itemListElement":[{"@type":"ListItem","position":1,"name":"Home","item":"https:\/\/visitfinaleligure.it\/fr\/"},{"@type":"ListItem","position":2,"name":"Eventi","item":"https:\/\/visitfinaleligure.it\/fr\/evento\/"},{"@type":"ListItem","position":3,"name":"Museo in musica: sax quartet"}]},{"@type":"WebSite","@id":"https:\/\/visitfinaleligure.it\/fr\/#website","url":"https:\/\/visitfinaleligure.it\/fr\/","name":"Visit Finale Ligure","description":"My perfect place","publisher":{"@id":"https:\/\/visitfinaleligure.it\/fr\/#organization"},"potentialAction":[{"@type":"SearchAction","target":{"@type":"EntryPoint","urlTemplate":"https:\/\/visitfinaleligure.it\/fr\/?s={search_term_string}"},"query-input":{"@type":"PropertyValueSpecification","valueRequired":true,"valueName":"search_term_string"}}],"inLanguage":"fr-FR"},{"@type":"Organization","@id":"https:\/\/visitfinaleligure.it\/fr\/#organization","name":"Comune di Finale Ligure","url":"https:\/\/visitfinaleligure.it\/fr\/","logo":{"@type":"ImageObject","inLanguage":"fr-FR","@id":"https:\/\/visitfinaleligure.it\/fr\/#\/schema\/logo\/image\/","url":"https:\/\/visitfinaleligure.it\/wp-content\/uploads\/2023\/04\/cropped-finaleligure-verticale-positivo-200x200-1.png","contentUrl":"https:\/\/visitfinaleligure.it\/wp-content\/uploads\/2023\/04\/cropped-finaleligure-verticale-positivo-200x200-1.png","width":512,"height":512,"caption":"Comune di Finale Ligure"},"image":{"@id":"https:\/\/visitfinaleligure.it\/fr\/#\/schema\/logo\/image\/"},"sameAs":["https:\/\/www.facebook.com\/VisitFinaleLigure","https:\/\/www.instagram.com\/visitfinale\/","https:\/\/www.youtube.com\/channel\/UCLmoLfNmrAt9mSCll9egttw"]}]}</script>
<!-- / Yoast SEO plugin. -->

Musée en musique : cordes, flûte&nbsp;et guitare organisé par : Musée Archéologique de Final en collaboration avec les musiciens de la BRG ORCHESTRA de la
