{"id":23712,"date":"2026-08-27T11:19:42","date_gmt":"2026-08-27T09:19:42","guid":{"rendered":"https:\/\/visitfinaleligure.it\/evento\/meditazione-e-bagno-sonoro-a-castel-gavone-2\/"},"modified":"2026-08-27T11:19:42","modified_gmt":"2026-08-27T09:19:42","slug":"meditazione-e-bagno-sonoro-a-castel-gavone-2","status":"publish","type":"evento","link":"https:\/\/visitfinaleligure.it\/fr\/evento\/meditazione-e-bagno-sonoro-a-castel-gavone-2\/","title":{"rendered":"Meditazione e bagno sonoro a Castel Gavone"},"content":{"rendered":"<p><b>\u201cM\u00e9ditation et bain sonore au Castel Gavone\u201d <br \/><\/b><i>Organis\u00e9 par : Mus\u00e9e Arch\u00e9ologique de Finale en collaboration avec Kambliswami SSD<\/i><br \/><b>Castel Gavone \u2013 Perti \u2013 Strada Beretta <\/b><\/p>\n<p><b>1\u00e8re SESSION : 9.30-11.00<\/b><\/p>\n<p><b>2\u00e8me SESSION : 11.00-12.30<\/b><\/p>\n<p>Apr\u00e8s une visite de la forteresse, l&#8217;atmosph\u00e8re suggestive de la crypte du Castel Gavone nous emm\u00e8ne dans une ambiance magique de profonde connexion avec l&#8217;\u00e9l\u00e9ment eau. <br \/>Une exp\u00e9rience unique qui unit l&#8217;histoire du lieu, le pouvoir th\u00e9rapeutique de l&#8217;eau et les vibrations sonores. Un voyage sensoriel qui favorise un profond rel\u00e2chement et o\u00f9 les ondes sonores enveloppent l&#8217;espace. <\/p>\n<p><u><b>R\u00e9servation obligatoire : t\u00e9l. 019.690020 \u2013 351.7306191 <\/b><\/u><\/p>\n<p>Participation : 25,00 \u20ac par personne (il est conseill\u00e9 d&#8217;apporter un petit coussin et une couverture) <\/p>\n<p>Rendez-vous \u00e0 la grille d&#8217;entr\u00e9e du Castel Gavone &#8211; Strada Beretta. Des v\u00eatements et des chaussures appropri\u00e9s sont recommand\u00e9s, ainsi que de l&#8217;eau \u00e0 boire. En cas de pluie, les activit\u00e9s sont suspendues. Places limit\u00e9es. <\/p>\n","protected":false},"featured_media":0,"template":"","meta":[],"localita":[217],"temi_vacanza":[1371,1385],"classificazioni":[1373,1386],"eventi_seriali":[],"servizi":[],"class_list":["post-23712","evento","type-evento","status-publish","hentry","localita-perti","temi_vacanza-estate","temi_vacanza-mudif","classificazioni-estate","classificazioni-mudif"],"yoast_head":"<!-- This site is optimized with the Yoast SEO plugin v28.3 - https:\/\/yoast.com\/product\/yoast-seo-wordpress\/ -->\n<title>Meditazione e bagno sonoro a Castel Gavone - Visit Finale Ligure<\/title>\n<meta name=\"description\" content=\"\u201cM\u00e9ditation et bain sonore au Castel Gavone\u201d Organis\u00e9 par : Mus\u00e9e Arch\u00e9ologique de Finale en collaboration avec Kambliswami SSDCastel Gavone \u2013 Perti \u2013\" \/>\n<meta name=\"robots\" content=\"index, follow, max-snippet:-1, max-image-preview:large, max-video-preview:-1\" \/>\n<link rel=\"canonical\" href=\"https:\/\/visitfinaleligure.it\/fr\/evento\/meditazione-e-bagno-sonoro-a-castel-gavone-2\/\" \/>\n<meta property=\"og:locale\" content=\"fr_FR\" \/>\n<meta property=\"og:type\" content=\"article\" \/>\n<meta property=\"og:title\" content=\"Meditazione e bagno sonoro a Castel Gavone - Visit Finale Ligure\" \/>\n<meta property=\"og:description\" content=\"\u201cM\u00e9ditation et bain sonore au Castel Gavone\u201d Organis\u00e9 par : Mus\u00e9e Arch\u00e9ologique de Finale en collaboration avec Kambliswami SSDCastel Gavone \u2013 Perti \u2013\" \/>\n<meta property=\"og:url\" content=\"https:\/\/visitfinaleligure.it\/fr\/evento\/meditazione-e-bagno-sonoro-a-castel-gavone-2\/\" \/>\n<meta property=\"og:site_name\" content=\"Visit Finale Ligure\" \/>\n<meta property=\"article:publisher\" content=\"https:\/\/www.facebook.com\/VisitFinaleLigure\" \/>\n<meta property=\"og:image\" content=\"https:\/\/visitfinaleligure.it\/wp-content\/uploads\/2023\/03\/Capo-caprazoppa-1-1.jpg\" \/>\n\t<meta property=\"og:image:width\" content=\"2500\" \/>\n\t<meta property=\"og:image:height\" content=\"1405\" \/>\n\t<meta property=\"og:image:type\" content=\"image\/jpeg\" \/>\n<meta name=\"twitter:card\" content=\"summary_large_image\" \/>\n<meta name=\"twitter:label1\" content=\"Dur\u00e9e de lecture estim\u00e9e\" \/>\n\t<meta name=\"twitter:data1\" content=\"1 minute\" \/>\n<script type=\"application\/ld+json\" class=\"yoast-schema-graph\">{\"@context\":\"https:\\\/\\\/schema.org\",\"@graph\":[{\"@type\":\"WebPage\",\"@id\":\"https:\\\/\\\/visitfinaleligure.it\\\/fr\\\/evento\\\/meditazione-e-bagno-sonoro-a-castel-gavone-2\\\/\",\"url\":\"https:\\\/\\\/visitfinaleligure.it\\\/fr\\\/evento\\\/meditazione-e-bagno-sonoro-a-castel-gavone-2\\\/\",\"name\":\"Meditazione e bagno sonoro a Castel Gavone - Visit Finale Ligure\",\"isPartOf\":{\"@id\":\"https:\\\/\\\/visitfinaleligure.it\\\/fr\\\/#website\"},\"datePublished\":\"2026-08-27T09:19:42+00:00\",\"description\":\"\u201cM\u00e9ditation et bain sonore au Castel Gavone\u201d Organis\u00e9 par : Mus\u00e9e Arch\u00e9ologique de Finale en collaboration avec Kambliswami SSDCastel Gavone \u2013 Perti \u2013\",\"breadcrumb\":{\"@id\":\"https:\\\/\\\/visitfinaleligure.it\\\/fr\\\/evento\\\/meditazione-e-bagno-sonoro-a-castel-gavone-2\\\/#breadcrumb\"},\"inLanguage\":\"fr-FR\",\"potentialAction\":[{\"@type\":\"ReadAction\",\"target\":[\"https:\\\/\\\/visitfinaleligure.it\\\/fr\\\/evento\\\/meditazione-e-bagno-sonoro-a-castel-gavone-2\\\/\"]}]},{\"@type\":\"BreadcrumbList\",\"@id\":\"https:\\\/\\\/visitfinaleligure.it\\\/fr\\\/evento\\\/meditazione-e-bagno-sonoro-a-castel-gavone-2\\\/#breadcrumb\",\"itemListElement\":[{\"@type\":\"ListItem\",\"position\":1,\"name\":\"Home\",\"item\":\"https:\\\/\\\/visitfinaleligure.it\\\/fr\\\/\"},{\"@type\":\"ListItem\",\"position\":2,\"name\":\"Eventi\",\"item\":\"https:\\\/\\\/visitfinaleligure.it\\\/fr\\\/evento\\\/\"},{\"@type\":\"ListItem\",\"position\":3,\"name\":\"Meditazione e bagno sonoro a Castel Gavone\"}]},{\"@type\":\"WebSite\",\"@id\":\"https:\\\/\\\/visitfinaleligure.it\\\/fr\\\/#website\",\"url\":\"https:\\\/\\\/visitfinaleligure.it\\\/fr\\\/\",\"name\":\"Visit Finale Ligure\",\"description\":\"My perfect place\",\"publisher\":{\"@id\":\"https:\\\/\\\/visitfinaleligure.it\\\/fr\\\/#organization\"},\"potentialAction\":[{\"@type\":\"SearchAction\",\"target\":{\"@type\":\"EntryPoint\",\"urlTemplate\":\"https:\\\/\\\/visitfinaleligure.it\\\/fr\\\/?s={search_term_string}\"},\"query-input\":{\"@type\":\"PropertyValueSpecification\",\"valueRequired\":true,\"valueName\":\"search_term_string\"}}],\"inLanguage\":\"fr-FR\"},{\"@type\":\"Organization\",\"@id\":\"https:\\\/\\\/visitfinaleligure.it\\\/fr\\\/#organization\",\"name\":\"Comune di Finale Ligure\",\"url\":\"https:\\\/\\\/visitfinaleligure.it\\\/fr\\\/\",\"logo\":{\"@type\":\"ImageObject\",\"inLanguage\":\"fr-FR\",\"@id\":\"https:\\\/\\\/visitfinaleligure.it\\\/fr\\\/#\\\/schema\\\/logo\\\/image\\\/\",\"url\":\"https:\\\/\\\/visitfinaleligure.it\\\/wp-content\\\/uploads\\\/2023\\\/04\\\/cropped-finaleligure-verticale-positivo-200x200-1.png\",\"contentUrl\":\"https:\\\/\\\/visitfinaleligure.it\\\/wp-content\\\/uploads\\\/2023\\\/04\\\/cropped-finaleligure-verticale-positivo-200x200-1.png\",\"width\":512,\"height\":512,\"caption\":\"Comune di Finale Ligure\"},\"image\":{\"@id\":\"https:\\\/\\\/visitfinaleligure.it\\\/fr\\\/#\\\/schema\\\/logo\\\/image\\\/\"},\"sameAs\":[\"https:\\\/\\\/www.facebook.com\\\/VisitFinaleLigure\",\"https:\\\/\\\/www.instagram.com\\\/visitfinale\\\/\",\"https:\\\/\\\/www.youtube.com\\\/channel\\\/UCLmoLfNmrAt9mSCll9egttw\"]}]}<\/script>\n<!-- \/ Yoast SEO plugin. -->","yoast_head_json":{"title":"Meditazione e bagno sonoro a Castel Gavone - Visit Finale Ligure","description":"\u201cM\u00e9ditation et bain sonore au Castel Gavone\u201d Organis\u00e9 par : Mus\u00e9e Arch\u00e9ologique de Finale en collaboration avec Kambliswami SSDCastel Gavone \u2013 Perti \u2013","robots":{"index":"index","follow":"follow","max-snippet":"max-snippet:-1","max-image-preview":"max-image-preview:large","max-video-preview":"max-video-preview:-1"},"canonical":"https:\/\/visitfinaleligure.it\/fr\/evento\/meditazione-e-bagno-sonoro-a-castel-gavone-2\/","og_locale":"fr_FR","og_type":"article","og_title":"Meditazione e bagno sonoro a Castel Gavone - Visit Finale Ligure","og_description":"\u201cM\u00e9ditation et bain sonore au Castel Gavone\u201d Organis\u00e9 par : Mus\u00e9e Arch\u00e9ologique de Finale en collaboration avec Kambliswami SSDCastel Gavone \u2013 Perti \u2013","og_url":"https:\/\/visitfinaleligure.it\/fr\/evento\/meditazione-e-bagno-sonoro-a-castel-gavone-2\/","og_site_name":"Visit Finale Ligure","article_publisher":"https:\/\/www.facebook.com\/VisitFinaleLigure","og_image":[{"width":2500,"height":1405,"url":"https:\/\/visitfinaleligure.it\/wp-content\/uploads\/2023\/03\/Capo-caprazoppa-1-1.jpg","type":"image\/jpeg"}],"twitter_card":"summary_large_image","twitter_misc":{"Dur\u00e9e de lecture estim\u00e9e":"1 minute"},"schema":{"@context":"https:\/\/schema.org","@graph":[{"@type":"WebPage","@id":"https:\/\/visitfinaleligure.it\/fr\/evento\/meditazione-e-bagno-sonoro-a-castel-gavone-2\/","url":"https:\/\/visitfinaleligure.it\/fr\/evento\/meditazione-e-bagno-sonoro-a-castel-gavone-2\/","name":"Meditazione e bagno sonoro a Castel Gavone - Visit Finale Ligure","isPartOf":{"@id":"https:\/\/visitfinaleligure.it\/fr\/#website"},"datePublished":"2026-08-27T09:19:42+00:00","description":"\u201cM\u00e9ditation et bain sonore au Castel Gavone\u201d Organis\u00e9 par : Mus\u00e9e Arch\u00e9ologique de Finale en collaboration avec Kambliswami SSDCastel Gavone \u2013 Perti \u2013","breadcrumb":{"@id":"https:\/\/visitfinaleligure.it\/fr\/evento\/meditazione-e-bagno-sonoro-a-castel-gavone-2\/#breadcrumb"},"inLanguage":"fr-FR","potentialAction":[{"@type":"ReadAction","target":["https:\/\/visitfinaleligure.it\/fr\/evento\/meditazione-e-bagno-sonoro-a-castel-gavone-2\/"]}]},{"@type":"BreadcrumbList","@id":"https:\/\/visitfinaleligure.it\/fr\/evento\/meditazione-e-bagno-sonoro-a-castel-gavone-2\/#breadcrumb","itemListElement":[{"@type":"ListItem","position":1,"name":"Home","item":"https:\/\/visitfinaleligure.it\/fr\/"},{"@type":"ListItem","position":2,"name":"Eventi","item":"https:\/\/visitfinaleligure.it\/fr\/evento\/"},{"@type":"ListItem","position":3,"name":"Meditazione e bagno sonoro a Castel Gavone"}]},{"@type":"WebSite","@id":"https:\/\/visitfinaleligure.it\/fr\/#website","url":"https:\/\/visitfinaleligure.it\/fr\/","name":"Visit Finale Ligure","description":"My perfect place","publisher":{"@id":"https:\/\/visitfinaleligure.it\/fr\/#organization"},"potentialAction":[{"@type":"SearchAction","target":{"@type":"EntryPoint","urlTemplate":"https:\/\/visitfinaleligure.it\/fr\/?s={search_term_string}"},"query-input":{"@type":"PropertyValueSpecification","valueRequired":true,"valueName":"search_term_string"}}],"inLanguage":"fr-FR"},{"@type":"Organization","@id":"https:\/\/visitfinaleligure.it\/fr\/#organization","name":"Comune di Finale Ligure","url":"https:\/\/visitfinaleligure.it\/fr\/","logo":{"@type":"ImageObject","inLanguage":"fr-FR","@id":"https:\/\/visitfinaleligure.it\/fr\/#\/schema\/logo\/image\/","url":"https:\/\/visitfinaleligure.it\/wp-content\/uploads\/2023\/04\/cropped-finaleligure-verticale-positivo-200x200-1.png","contentUrl":"https:\/\/visitfinaleligure.it\/wp-content\/uploads\/2023\/04\/cropped-finaleligure-verticale-positivo-200x200-1.png","width":512,"height":512,"caption":"Comune di Finale Ligure"},"image":{"@id":"https:\/\/visitfinaleligure.it\/fr\/#\/schema\/logo\/image\/"},"sameAs":["https:\/\/www.facebook.com\/VisitFinaleLigure","https:\/\/www.instagram.com\/visitfinale\/","https:\/\/www.youtube.com\/channel\/UCLmoLfNmrAt9mSCll9egttw"]}]}},"_links":{"self":[{"href":"https:\/\/visitfinaleligure.it\/fr\/wp-json\/wp\/v2\/evento\/23712","targetHints":{"allow":["GET"]}}],"collection":[{"href":"https:\/\/visitfinaleligure.it\/fr\/wp-json\/wp\/v2\/evento"}],"about":[{"href":"https:\/\/visitfinaleligure.it\/fr\/wp-json\/wp\/v2\/types\/evento"}],"wp:attachment":[{"href":"https:\/\/visitfinaleligure.it\/fr\/wp-json\/wp\/v2\/media?parent=23712"}],"wp:term":[{"taxonomy":"localita","embeddable":true,"href":"https:\/\/visitfinaleligure.it\/fr\/wp-json\/wp\/v2\/localita?post=23712"},{"taxonomy":"temi_vacanza","embeddable":true,"href":"https:\/\/visitfinaleligure.it\/fr\/wp-json\/wp\/v2\/temi_vacanza?post=23712"},{"taxonomy":"classificazioni","embeddable":true,"href":"https:\/\/visitfinaleligure.it\/fr\/wp-json\/wp\/v2\/classificazioni?post=23712"},{"taxonomy":"eventi_seriali","embeddable":true,"href":"https:\/\/visitfinaleligure.it\/fr\/wp-json\/wp\/v2\/eventi_seriali?post=23712"},{"taxonomy":"servizi","embeddable":true,"href":"https:\/\/visitfinaleligure.it\/fr\/wp-json\/wp\/v2\/servizi?post=23712"}],"curies":[{"name":"wp","href":"https:\/\/api.w.org\/{rel}","templated":true}]}}

<p><b>“Méditation et bain sonore au Castel Gavone” <br /></b><i>Organisé par : Musée Archéologique de Finale en collaboration avec Kambliswami SSD</i><br /><b>Castel Gavone – Perti – Strada Beretta </b></p>
<p><b>1ère SESSION : 9.30-11.00</b></p>
<p><b>2ème SESSION : 11.00-12.30</b></p>
<p>Après une visite de la forteresse, l&#8217;atmosphère suggestive de la crypte du Castel Gavone nous emmène dans une ambiance magique de profonde connexion avec l&#8217;élément eau. <br />Une expérience unique qui unit l&#8217;histoire du lieu, le pouvoir thérapeutique de l&#8217;eau et les vibrations sonores. Un voyage sensoriel qui favorise un profond relâchement et où les ondes sonores enveloppent l&#8217;espace. </p>
<p><u><b>Réservation obligatoire : tél. 019.690020 – 351.7306191 </b></u></p>
<p>Participation : 25,00 € par personne (il est conseillé d&#8217;apporter un petit coussin et une couverture) </p>
<p>Rendez-vous à la grille d&#8217;entrée du Castel Gavone &#8211; Strada Beretta. Des vêtements et des chaussures appropriés sont recommandés, ainsi que de l&#8217;eau à boire. En cas de pluie, les activités sont suspendues. Places limitées. </p>

<!-- This site is optimized with the Yoast SEO plugin v28.3 - https://yoast.com/product/yoast-seo-wordpress/ -->
<title>Meditazione e bagno sonoro a Castel Gavone - Visit Finale Ligure</title>
<meta name="description" content="“Méditation et bain sonore au Castel Gavone” Organisé par : Musée Archéologique de Finale en collaboration avec Kambliswami SSDCastel Gavone – Perti –" />
<meta name="robots" content="index, follow, max-snippet:-1, max-image-preview:large, max-video-preview:-1" />
<link rel="canonical" href="https://visitfinaleligure.it/fr/evento/meditazione-e-bagno-sonoro-a-castel-gavone-2/" />
<meta property="og:locale" content="fr_FR" />
<meta property="og:type" content="article" />
<meta property="og:title" content="Meditazione e bagno sonoro a Castel Gavone - Visit Finale Ligure" />
<meta property="og:description" content="“Méditation et bain sonore au Castel Gavone” Organisé par : Musée Archéologique de Finale en collaboration avec Kambliswami SSDCastel Gavone – Perti –" />
<meta property="og:url" content="https://visitfinaleligure.it/fr/evento/meditazione-e-bagno-sonoro-a-castel-gavone-2/" />
<meta property="og:site_name" content="Visit Finale Ligure" />
<meta property="article:publisher" content="https://www.facebook.com/VisitFinaleLigure" />
<meta property="og:image" content="https://visitfinaleligure.it/wp-content/uploads/2023/03/Capo-caprazoppa-1-1.jpg" />
	<meta property="og:image:width" content="2500" />
	<meta property="og:image:height" content="1405" />
	<meta property="og:image:type" content="image/jpeg" />
<meta name="twitter:card" content="summary_large_image" />
<meta name="twitter:label1" content="Durée de lecture estimée" />
	<meta name="twitter:data1" content="1 minute" />
<script type="application/ld+json" class="yoast-schema-graph">{"@context":"https:\/\/schema.org","@graph":[{"@type":"WebPage","@id":"https:\/\/visitfinaleligure.it\/fr\/evento\/meditazione-e-bagno-sonoro-a-castel-gavone-2\/","url":"https:\/\/visitfinaleligure.it\/fr\/evento\/meditazione-e-bagno-sonoro-a-castel-gavone-2\/","name":"Meditazione e bagno sonoro a Castel Gavone - Visit Finale Ligure","isPartOf":{"@id":"https:\/\/visitfinaleligure.it\/fr\/#website"},"datePublished":"2026-08-27T09:19:42+00:00","description":"“Méditation et bain sonore au Castel Gavone” Organisé par : Musée Archéologique de Finale en collaboration avec Kambliswami SSDCastel Gavone – Perti –","breadcrumb":{"@id":"https:\/\/visitfinaleligure.it\/fr\/evento\/meditazione-e-bagno-sonoro-a-castel-gavone-2\/#breadcrumb"},"inLanguage":"fr-FR","potentialAction":[{"@type":"ReadAction","target":["https:\/\/visitfinaleligure.it\/fr\/evento\/meditazione-e-bagno-sonoro-a-castel-gavone-2\/"]}]},{"@type":"BreadcrumbList","@id":"https:\/\/visitfinaleligure.it\/fr\/evento\/meditazione-e-bagno-sonoro-a-castel-gavone-2\/#breadcrumb","itemListElement":[{"@type":"ListItem","position":1,"name":"Home","item":"https:\/\/visitfinaleligure.it\/fr\/"},{"@type":"ListItem","position":2,"name":"Eventi","item":"https:\/\/visitfinaleligure.it\/fr\/evento\/"},{"@type":"ListItem","position":3,"name":"Meditazione e bagno sonoro a Castel Gavone"}]},{"@type":"WebSite","@id":"https:\/\/visitfinaleligure.it\/fr\/#website","url":"https:\/\/visitfinaleligure.it\/fr\/","name":"Visit Finale Ligure","description":"My perfect place","publisher":{"@id":"https:\/\/visitfinaleligure.it\/fr\/#organization"},"potentialAction":[{"@type":"SearchAction","target":{"@type":"EntryPoint","urlTemplate":"https:\/\/visitfinaleligure.it\/fr\/?s={search_term_string}"},"query-input":{"@type":"PropertyValueSpecification","valueRequired":true,"valueName":"search_term_string"}}],"inLanguage":"fr-FR"},{"@type":"Organization","@id":"https:\/\/visitfinaleligure.it\/fr\/#organization","name":"Comune di Finale Ligure","url":"https:\/\/visitfinaleligure.it\/fr\/","logo":{"@type":"ImageObject","inLanguage":"fr-FR","@id":"https:\/\/visitfinaleligure.it\/fr\/#\/schema\/logo\/image\/","url":"https:\/\/visitfinaleligure.it\/wp-content\/uploads\/2023\/04\/cropped-finaleligure-verticale-positivo-200x200-1.png","contentUrl":"https:\/\/visitfinaleligure.it\/wp-content\/uploads\/2023\/04\/cropped-finaleligure-verticale-positivo-200x200-1.png","width":512,"height":512,"caption":"Comune di Finale Ligure"},"image":{"@id":"https:\/\/visitfinaleligure.it\/fr\/#\/schema\/logo\/image\/"},"sameAs":["https:\/\/www.facebook.com\/VisitFinaleLigure","https:\/\/www.instagram.com\/visitfinale\/","https:\/\/www.youtube.com\/channel\/UCLmoLfNmrAt9mSCll9egttw"]}]}</script>
<!-- / Yoast SEO plugin. -->

“Méditation et bain sonore au Castel Gavone” Organisé par : Musée Archéologique de Finale en collaboration avec Kambliswami SSDCastel Gavone – Perti –
