{"id":23716,"date":"2026-08-27T11:19:42","date_gmt":"2026-08-27T09:19:42","guid":{"rendered":"https:\/\/visitfinaleligure.it\/evento\/una-giornata-da-paleolitico-laboratori-di-archeologia-sperimentale-2\/"},"modified":"2026-08-27T11:19:42","modified_gmt":"2026-08-27T09:19:42","slug":"una-giornata-da-paleolitico-laboratori-di-archeologia-sperimentale-2","status":"publish","type":"evento","link":"https:\/\/visitfinaleligure.it\/fr\/evento\/una-giornata-da-paleolitico-laboratori-di-archeologia-sperimentale-2\/","title":{"rendered":"Una giornata da Paleolitico: laboratori di archeologia sperimentale"},"content":{"rendered":"<p><b><u><\/u>LaDAS &#8211; Laboratoires Didactiques d&#8217;Arch\u00e9ologie Exp\u00e9rimentale <br \/><\/b><i>\u00c0 l&#8217;attention de : Mus\u00e9e Arch\u00e9ologique du Finale <\/i><\/p>\n<p><b>\u201cUne journ\u00e9e au Pal\u00e9olithique\u201d<\/b><br \/><b>Mus\u00e9e Arch\u00e9ologique du Finale<\/b><\/p>\n<p><b>11h00-12h00 : <\/b>les enfants, apr\u00e8s avoir produit avec des meules et des moulins en pierre les pigments \u00e0 partir de terres naturelles, proc\u00e8deront \u00e0 reproduire des dessins avec du charbon de bois sur le mur d&#8217;une grotte reconstruite dans le laboratoire, puis les colorier, se transformant ainsi en artistes de la Pr\u00e9histoire.<br \/><b>17h00-18h00 (sauf le 16 juillet) :<\/b> un fascinant voyage aux origines de la musique emm\u00e8nera les jeunes \u00e0 travers des sons ancestraux \u00e0 la d\u00e9couverte et \u00e0 la r\u00e9alisation d&#8217;un &#8220;ronflement&#8221;, un ancien instrument d&#8217;origine chamanique encore utilis\u00e9 aujourd&#8217;hui par des populations traditionnelles. \u00c0 la fin de l&#8217;atelier, chaque enfant ram\u00e8nera chez lui son propre instrument sonore.<\/p>\n<p><u>R\u00e9servation obligatoire : t\u00e9l. 019.690020 \u2013 351.7306191<\/u><\/p>\n","protected":false},"featured_media":0,"template":"","meta":[],"localita":[201],"temi_vacanza":[1365,1385,1372],"classificazioni":[1368,1386,1374],"eventi_seriali":[],"servizi":[1395],"class_list":["post-23716","evento","type-evento","status-publish","hentry","localita-finalborgo","temi_vacanza-cultura","temi_vacanza-mudif","temi_vacanza-relax-lifestyle","classificazioni-cultura","classificazioni-mudif","classificazioni-relax-lifestyle","servizi-animazioni-per-bambini"],"yoast_head":"<!-- This site is optimized with the Yoast SEO plugin v28.3 - https:\/\/yoast.com\/product\/yoast-seo-wordpress\/ -->\n<title>Una giornata da Paleolitico: laboratori di archeologia sperimentale - Visit Finale Ligure<\/title>\n<meta name=\"description\" content=\"LaDAS - Laboratoires Didactiques d&#039;Arch\u00e9ologie Exp\u00e9rimentale \u00c0 l&#039;attention de : Mus\u00e9e Arch\u00e9ologique du Finale \u201cUne journ\u00e9e au Pal\u00e9olithique\u201dMus\u00e9e\" \/>\n<meta name=\"robots\" content=\"index, follow, max-snippet:-1, max-image-preview:large, max-video-preview:-1\" \/>\n<link rel=\"canonical\" href=\"https:\/\/visitfinaleligure.it\/fr\/evento\/una-giornata-da-paleolitico-laboratori-di-archeologia-sperimentale-2\/\" \/>\n<meta property=\"og:locale\" content=\"fr_FR\" \/>\n<meta property=\"og:type\" content=\"article\" \/>\n<meta property=\"og:title\" content=\"Una giornata da Paleolitico: laboratori di archeologia sperimentale - Visit Finale Ligure\" \/>\n<meta property=\"og:description\" content=\"LaDAS - Laboratoires Didactiques d&#039;Arch\u00e9ologie Exp\u00e9rimentale \u00c0 l&#039;attention de : Mus\u00e9e Arch\u00e9ologique du Finale \u201cUne journ\u00e9e au Pal\u00e9olithique\u201dMus\u00e9e\" \/>\n<meta property=\"og:url\" content=\"https:\/\/visitfinaleligure.it\/fr\/evento\/una-giornata-da-paleolitico-laboratori-di-archeologia-sperimentale-2\/\" \/>\n<meta property=\"og:site_name\" content=\"Visit Finale Ligure\" \/>\n<meta property=\"article:publisher\" content=\"https:\/\/www.facebook.com\/VisitFinaleLigure\" \/>\n<meta property=\"og:image\" content=\"https:\/\/visitfinaleligure.it\/wp-content\/uploads\/2023\/03\/Capo-caprazoppa-1-1.jpg\" \/>\n\t<meta property=\"og:image:width\" content=\"2500\" \/>\n\t<meta property=\"og:image:height\" content=\"1405\" \/>\n\t<meta property=\"og:image:type\" content=\"image\/jpeg\" \/>\n<meta name=\"twitter:card\" content=\"summary_large_image\" \/>\n<meta name=\"twitter:label1\" content=\"Dur\u00e9e de lecture estim\u00e9e\" \/>\n\t<meta name=\"twitter:data1\" content=\"1 minute\" \/>\n<script type=\"application\/ld+json\" class=\"yoast-schema-graph\">{\"@context\":\"https:\\\/\\\/schema.org\",\"@graph\":[{\"@type\":\"WebPage\",\"@id\":\"https:\\\/\\\/visitfinaleligure.it\\\/fr\\\/evento\\\/una-giornata-da-paleolitico-laboratori-di-archeologia-sperimentale-2\\\/\",\"url\":\"https:\\\/\\\/visitfinaleligure.it\\\/fr\\\/evento\\\/una-giornata-da-paleolitico-laboratori-di-archeologia-sperimentale-2\\\/\",\"name\":\"Una giornata da Paleolitico: laboratori di archeologia sperimentale - Visit Finale Ligure\",\"isPartOf\":{\"@id\":\"https:\\\/\\\/visitfinaleligure.it\\\/fr\\\/#website\"},\"datePublished\":\"2026-08-27T09:19:42+00:00\",\"description\":\"LaDAS - Laboratoires Didactiques d'Arch\u00e9ologie Exp\u00e9rimentale \u00c0 l'attention de : Mus\u00e9e Arch\u00e9ologique du Finale \u201cUne journ\u00e9e au Pal\u00e9olithique\u201dMus\u00e9e\",\"breadcrumb\":{\"@id\":\"https:\\\/\\\/visitfinaleligure.it\\\/fr\\\/evento\\\/una-giornata-da-paleolitico-laboratori-di-archeologia-sperimentale-2\\\/#breadcrumb\"},\"inLanguage\":\"fr-FR\",\"potentialAction\":[{\"@type\":\"ReadAction\",\"target\":[\"https:\\\/\\\/visitfinaleligure.it\\\/fr\\\/evento\\\/una-giornata-da-paleolitico-laboratori-di-archeologia-sperimentale-2\\\/\"]}]},{\"@type\":\"BreadcrumbList\",\"@id\":\"https:\\\/\\\/visitfinaleligure.it\\\/fr\\\/evento\\\/una-giornata-da-paleolitico-laboratori-di-archeologia-sperimentale-2\\\/#breadcrumb\",\"itemListElement\":[{\"@type\":\"ListItem\",\"position\":1,\"name\":\"Home\",\"item\":\"https:\\\/\\\/visitfinaleligure.it\\\/fr\\\/\"},{\"@type\":\"ListItem\",\"position\":2,\"name\":\"Eventi\",\"item\":\"https:\\\/\\\/visitfinaleligure.it\\\/fr\\\/evento\\\/\"},{\"@type\":\"ListItem\",\"position\":3,\"name\":\"Una giornata da Paleolitico: laboratori di archeologia sperimentale\"}]},{\"@type\":\"WebSite\",\"@id\":\"https:\\\/\\\/visitfinaleligure.it\\\/fr\\\/#website\",\"url\":\"https:\\\/\\\/visitfinaleligure.it\\\/fr\\\/\",\"name\":\"Visit Finale Ligure\",\"description\":\"My perfect place\",\"publisher\":{\"@id\":\"https:\\\/\\\/visitfinaleligure.it\\\/fr\\\/#organization\"},\"potentialAction\":[{\"@type\":\"SearchAction\",\"target\":{\"@type\":\"EntryPoint\",\"urlTemplate\":\"https:\\\/\\\/visitfinaleligure.it\\\/fr\\\/?s={search_term_string}\"},\"query-input\":{\"@type\":\"PropertyValueSpecification\",\"valueRequired\":true,\"valueName\":\"search_term_string\"}}],\"inLanguage\":\"fr-FR\"},{\"@type\":\"Organization\",\"@id\":\"https:\\\/\\\/visitfinaleligure.it\\\/fr\\\/#organization\",\"name\":\"Comune di Finale Ligure\",\"url\":\"https:\\\/\\\/visitfinaleligure.it\\\/fr\\\/\",\"logo\":{\"@type\":\"ImageObject\",\"inLanguage\":\"fr-FR\",\"@id\":\"https:\\\/\\\/visitfinaleligure.it\\\/fr\\\/#\\\/schema\\\/logo\\\/image\\\/\",\"url\":\"https:\\\/\\\/visitfinaleligure.it\\\/wp-content\\\/uploads\\\/2023\\\/04\\\/cropped-finaleligure-verticale-positivo-200x200-1.png\",\"contentUrl\":\"https:\\\/\\\/visitfinaleligure.it\\\/wp-content\\\/uploads\\\/2023\\\/04\\\/cropped-finaleligure-verticale-positivo-200x200-1.png\",\"width\":512,\"height\":512,\"caption\":\"Comune di Finale Ligure\"},\"image\":{\"@id\":\"https:\\\/\\\/visitfinaleligure.it\\\/fr\\\/#\\\/schema\\\/logo\\\/image\\\/\"},\"sameAs\":[\"https:\\\/\\\/www.facebook.com\\\/VisitFinaleLigure\",\"https:\\\/\\\/www.instagram.com\\\/visitfinale\\\/\",\"https:\\\/\\\/www.youtube.com\\\/channel\\\/UCLmoLfNmrAt9mSCll9egttw\"]}]}<\/script>\n<!-- \/ Yoast SEO plugin. -->","yoast_head_json":{"title":"Una giornata da Paleolitico: laboratori di archeologia sperimentale - Visit Finale Ligure","description":"LaDAS - Laboratoires Didactiques d'Arch\u00e9ologie Exp\u00e9rimentale \u00c0 l'attention de : Mus\u00e9e Arch\u00e9ologique du Finale \u201cUne journ\u00e9e au Pal\u00e9olithique\u201dMus\u00e9e","robots":{"index":"index","follow":"follow","max-snippet":"max-snippet:-1","max-image-preview":"max-image-preview:large","max-video-preview":"max-video-preview:-1"},"canonical":"https:\/\/visitfinaleligure.it\/fr\/evento\/una-giornata-da-paleolitico-laboratori-di-archeologia-sperimentale-2\/","og_locale":"fr_FR","og_type":"article","og_title":"Una giornata da Paleolitico: laboratori di archeologia sperimentale - Visit Finale Ligure","og_description":"LaDAS - Laboratoires Didactiques d'Arch\u00e9ologie Exp\u00e9rimentale \u00c0 l'attention de : Mus\u00e9e Arch\u00e9ologique du Finale \u201cUne journ\u00e9e au Pal\u00e9olithique\u201dMus\u00e9e","og_url":"https:\/\/visitfinaleligure.it\/fr\/evento\/una-giornata-da-paleolitico-laboratori-di-archeologia-sperimentale-2\/","og_site_name":"Visit Finale Ligure","article_publisher":"https:\/\/www.facebook.com\/VisitFinaleLigure","og_image":[{"width":2500,"height":1405,"url":"https:\/\/visitfinaleligure.it\/wp-content\/uploads\/2023\/03\/Capo-caprazoppa-1-1.jpg","type":"image\/jpeg"}],"twitter_card":"summary_large_image","twitter_misc":{"Dur\u00e9e de lecture estim\u00e9e":"1 minute"},"schema":{"@context":"https:\/\/schema.org","@graph":[{"@type":"WebPage","@id":"https:\/\/visitfinaleligure.it\/fr\/evento\/una-giornata-da-paleolitico-laboratori-di-archeologia-sperimentale-2\/","url":"https:\/\/visitfinaleligure.it\/fr\/evento\/una-giornata-da-paleolitico-laboratori-di-archeologia-sperimentale-2\/","name":"Una giornata da Paleolitico: laboratori di archeologia sperimentale - Visit Finale Ligure","isPartOf":{"@id":"https:\/\/visitfinaleligure.it\/fr\/#website"},"datePublished":"2026-08-27T09:19:42+00:00","description":"LaDAS - Laboratoires Didactiques d'Arch\u00e9ologie Exp\u00e9rimentale \u00c0 l'attention de : Mus\u00e9e Arch\u00e9ologique du Finale \u201cUne journ\u00e9e au Pal\u00e9olithique\u201dMus\u00e9e","breadcrumb":{"@id":"https:\/\/visitfinaleligure.it\/fr\/evento\/una-giornata-da-paleolitico-laboratori-di-archeologia-sperimentale-2\/#breadcrumb"},"inLanguage":"fr-FR","potentialAction":[{"@type":"ReadAction","target":["https:\/\/visitfinaleligure.it\/fr\/evento\/una-giornata-da-paleolitico-laboratori-di-archeologia-sperimentale-2\/"]}]},{"@type":"BreadcrumbList","@id":"https:\/\/visitfinaleligure.it\/fr\/evento\/una-giornata-da-paleolitico-laboratori-di-archeologia-sperimentale-2\/#breadcrumb","itemListElement":[{"@type":"ListItem","position":1,"name":"Home","item":"https:\/\/visitfinaleligure.it\/fr\/"},{"@type":"ListItem","position":2,"name":"Eventi","item":"https:\/\/visitfinaleligure.it\/fr\/evento\/"},{"@type":"ListItem","position":3,"name":"Una giornata da Paleolitico: laboratori di archeologia sperimentale"}]},{"@type":"WebSite","@id":"https:\/\/visitfinaleligure.it\/fr\/#website","url":"https:\/\/visitfinaleligure.it\/fr\/","name":"Visit Finale Ligure","description":"My perfect place","publisher":{"@id":"https:\/\/visitfinaleligure.it\/fr\/#organization"},"potentialAction":[{"@type":"SearchAction","target":{"@type":"EntryPoint","urlTemplate":"https:\/\/visitfinaleligure.it\/fr\/?s={search_term_string}"},"query-input":{"@type":"PropertyValueSpecification","valueRequired":true,"valueName":"search_term_string"}}],"inLanguage":"fr-FR"},{"@type":"Organization","@id":"https:\/\/visitfinaleligure.it\/fr\/#organization","name":"Comune di Finale Ligure","url":"https:\/\/visitfinaleligure.it\/fr\/","logo":{"@type":"ImageObject","inLanguage":"fr-FR","@id":"https:\/\/visitfinaleligure.it\/fr\/#\/schema\/logo\/image\/","url":"https:\/\/visitfinaleligure.it\/wp-content\/uploads\/2023\/04\/cropped-finaleligure-verticale-positivo-200x200-1.png","contentUrl":"https:\/\/visitfinaleligure.it\/wp-content\/uploads\/2023\/04\/cropped-finaleligure-verticale-positivo-200x200-1.png","width":512,"height":512,"caption":"Comune di Finale Ligure"},"image":{"@id":"https:\/\/visitfinaleligure.it\/fr\/#\/schema\/logo\/image\/"},"sameAs":["https:\/\/www.facebook.com\/VisitFinaleLigure","https:\/\/www.instagram.com\/visitfinale\/","https:\/\/www.youtube.com\/channel\/UCLmoLfNmrAt9mSCll9egttw"]}]}},"_links":{"self":[{"href":"https:\/\/visitfinaleligure.it\/fr\/wp-json\/wp\/v2\/evento\/23716","targetHints":{"allow":["GET"]}}],"collection":[{"href":"https:\/\/visitfinaleligure.it\/fr\/wp-json\/wp\/v2\/evento"}],"about":[{"href":"https:\/\/visitfinaleligure.it\/fr\/wp-json\/wp\/v2\/types\/evento"}],"wp:attachment":[{"href":"https:\/\/visitfinaleligure.it\/fr\/wp-json\/wp\/v2\/media?parent=23716"}],"wp:term":[{"taxonomy":"localita","embeddable":true,"href":"https:\/\/visitfinaleligure.it\/fr\/wp-json\/wp\/v2\/localita?post=23716"},{"taxonomy":"temi_vacanza","embeddable":true,"href":"https:\/\/visitfinaleligure.it\/fr\/wp-json\/wp\/v2\/temi_vacanza?post=23716"},{"taxonomy":"classificazioni","embeddable":true,"href":"https:\/\/visitfinaleligure.it\/fr\/wp-json\/wp\/v2\/classificazioni?post=23716"},{"taxonomy":"eventi_seriali","embeddable":true,"href":"https:\/\/visitfinaleligure.it\/fr\/wp-json\/wp\/v2\/eventi_seriali?post=23716"},{"taxonomy":"servizi","embeddable":true,"href":"https:\/\/visitfinaleligure.it\/fr\/wp-json\/wp\/v2\/servizi?post=23716"}],"curies":[{"name":"wp","href":"https:\/\/api.w.org\/{rel}","templated":true}]}}

<p><b><u></u>LaDAS &#8211; Laboratoires Didactiques d&#8217;Archéologie Expérimentale <br /></b><i>À l&#8217;attention de : Musée Archéologique du Finale </i></p>
<p><b>“Une journée au Paléolithique”</b><br /><b>Musée Archéologique du Finale</b></p>
<p><b>11h00-12h00 : </b>les enfants, après avoir produit avec des meules et des moulins en pierre les pigments à partir de terres naturelles, procèderont à reproduire des dessins avec du charbon de bois sur le mur d&#8217;une grotte reconstruite dans le laboratoire, puis les colorier, se transformant ainsi en artistes de la Préhistoire.<br /><b>17h00-18h00 (sauf le 16 juillet) :</b> un fascinant voyage aux origines de la musique emmènera les jeunes à travers des sons ancestraux à la découverte et à la réalisation d&#8217;un &#8220;ronflement&#8221;, un ancien instrument d&#8217;origine chamanique encore utilisé aujourd&#8217;hui par des populations traditionnelles. À la fin de l&#8217;atelier, chaque enfant ramènera chez lui son propre instrument sonore.</p>
<p><u>Réservation obligatoire : tél. 019.690020 – 351.7306191</u></p>

<!-- This site is optimized with the Yoast SEO plugin v28.3 - https://yoast.com/product/yoast-seo-wordpress/ -->
<title>Una giornata da Paleolitico: laboratori di archeologia sperimentale - Visit Finale Ligure</title>
<meta name="description" content="LaDAS - Laboratoires Didactiques d&#039;Archéologie Expérimentale À l&#039;attention de : Musée Archéologique du Finale “Une journée au Paléolithique”Musée" />
<meta name="robots" content="index, follow, max-snippet:-1, max-image-preview:large, max-video-preview:-1" />
<link rel="canonical" href="https://visitfinaleligure.it/fr/evento/una-giornata-da-paleolitico-laboratori-di-archeologia-sperimentale-2/" />
<meta property="og:locale" content="fr_FR" />
<meta property="og:type" content="article" />
<meta property="og:title" content="Una giornata da Paleolitico: laboratori di archeologia sperimentale - Visit Finale Ligure" />
<meta property="og:description" content="LaDAS - Laboratoires Didactiques d&#039;Archéologie Expérimentale À l&#039;attention de : Musée Archéologique du Finale “Une journée au Paléolithique”Musée" />
<meta property="og:url" content="https://visitfinaleligure.it/fr/evento/una-giornata-da-paleolitico-laboratori-di-archeologia-sperimentale-2/" />
<meta property="og:site_name" content="Visit Finale Ligure" />
<meta property="article:publisher" content="https://www.facebook.com/VisitFinaleLigure" />
<meta property="og:image" content="https://visitfinaleligure.it/wp-content/uploads/2023/03/Capo-caprazoppa-1-1.jpg" />
	<meta property="og:image:width" content="2500" />
	<meta property="og:image:height" content="1405" />
	<meta property="og:image:type" content="image/jpeg" />
<meta name="twitter:card" content="summary_large_image" />
<meta name="twitter:label1" content="Durée de lecture estimée" />
	<meta name="twitter:data1" content="1 minute" />
<script type="application/ld+json" class="yoast-schema-graph">{"@context":"https:\/\/schema.org","@graph":[{"@type":"WebPage","@id":"https:\/\/visitfinaleligure.it\/fr\/evento\/una-giornata-da-paleolitico-laboratori-di-archeologia-sperimentale-2\/","url":"https:\/\/visitfinaleligure.it\/fr\/evento\/una-giornata-da-paleolitico-laboratori-di-archeologia-sperimentale-2\/","name":"Una giornata da Paleolitico: laboratori di archeologia sperimentale - Visit Finale Ligure","isPartOf":{"@id":"https:\/\/visitfinaleligure.it\/fr\/#website"},"datePublished":"2026-08-27T09:19:42+00:00","description":"LaDAS - Laboratoires Didactiques d'Archéologie Expérimentale À l'attention de : Musée Archéologique du Finale “Une journée au Paléolithique”Musée","breadcrumb":{"@id":"https:\/\/visitfinaleligure.it\/fr\/evento\/una-giornata-da-paleolitico-laboratori-di-archeologia-sperimentale-2\/#breadcrumb"},"inLanguage":"fr-FR","potentialAction":[{"@type":"ReadAction","target":["https:\/\/visitfinaleligure.it\/fr\/evento\/una-giornata-da-paleolitico-laboratori-di-archeologia-sperimentale-2\/"]}]},{"@type":"BreadcrumbList","@id":"https:\/\/visitfinaleligure.it\/fr\/evento\/una-giornata-da-paleolitico-laboratori-di-archeologia-sperimentale-2\/#breadcrumb","itemListElement":[{"@type":"ListItem","position":1,"name":"Home","item":"https:\/\/visitfinaleligure.it\/fr\/"},{"@type":"ListItem","position":2,"name":"Eventi","item":"https:\/\/visitfinaleligure.it\/fr\/evento\/"},{"@type":"ListItem","position":3,"name":"Una giornata da Paleolitico: laboratori di archeologia sperimentale"}]},{"@type":"WebSite","@id":"https:\/\/visitfinaleligure.it\/fr\/#website","url":"https:\/\/visitfinaleligure.it\/fr\/","name":"Visit Finale Ligure","description":"My perfect place","publisher":{"@id":"https:\/\/visitfinaleligure.it\/fr\/#organization"},"potentialAction":[{"@type":"SearchAction","target":{"@type":"EntryPoint","urlTemplate":"https:\/\/visitfinaleligure.it\/fr\/?s={search_term_string}"},"query-input":{"@type":"PropertyValueSpecification","valueRequired":true,"valueName":"search_term_string"}}],"inLanguage":"fr-FR"},{"@type":"Organization","@id":"https:\/\/visitfinaleligure.it\/fr\/#organization","name":"Comune di Finale Ligure","url":"https:\/\/visitfinaleligure.it\/fr\/","logo":{"@type":"ImageObject","inLanguage":"fr-FR","@id":"https:\/\/visitfinaleligure.it\/fr\/#\/schema\/logo\/image\/","url":"https:\/\/visitfinaleligure.it\/wp-content\/uploads\/2023\/04\/cropped-finaleligure-verticale-positivo-200x200-1.png","contentUrl":"https:\/\/visitfinaleligure.it\/wp-content\/uploads\/2023\/04\/cropped-finaleligure-verticale-positivo-200x200-1.png","width":512,"height":512,"caption":"Comune di Finale Ligure"},"image":{"@id":"https:\/\/visitfinaleligure.it\/fr\/#\/schema\/logo\/image\/"},"sameAs":["https:\/\/www.facebook.com\/VisitFinaleLigure","https:\/\/www.instagram.com\/visitfinale\/","https:\/\/www.youtube.com\/channel\/UCLmoLfNmrAt9mSCll9egttw"]}]}</script>
<!-- / Yoast SEO plugin. -->

LaDAS - Laboratoires Didactiques d'Archéologie Expérimentale À l'attention de : Musée Archéologique du Finale “Une journée au Paléolithique”Musée
