{"id":23724,"date":"2026-08-27T11:19:42","date_gmt":"2026-08-27T09:19:42","guid":{"rendered":"https:\/\/visitfinaleligure.it\/evento\/una-giornata-da-antico-romano-laboratori-di-archeologia-sperimentale-2\/"},"modified":"2026-08-27T11:19:42","modified_gmt":"2026-08-27T09:19:42","slug":"una-giornata-da-antico-romano-laboratori-di-archeologia-sperimentale-2","status":"publish","type":"evento","link":"https:\/\/visitfinaleligure.it\/fr\/evento\/una-giornata-da-antico-romano-laboratori-di-archeologia-sperimentale-2\/","title":{"rendered":"Una giornata da antico Romano: laboratori di archeologia sperimentale"},"content":{"rendered":"<p><b><u><\/u>LaDAS &#8211; Laboratoires Didactiques d&#8217;Arch\u00e9ologie Exp\u00e9rimentale <br \/><\/b><i>\u00c0 l&#8217;initiative de : Mus\u00e9e Arch\u00e9ologique du Finale <\/i><br \/><b>\u201cUne journ\u00e9e en tant que Romain ancien\u201d<br \/><\/b><b>Mus\u00e9e Arch\u00e9ologique du Finale<\/b><\/p>\n<p><b>de 11h00 \u00e0 12h00 : <\/b>comment r\u00e9aliser un mosa\u00efque ? et comment les anciens Romains embellissaient-ils leurs maisons et leurs thermes ? Gr\u00e2ce \u00e0 l&#8217;utilisation de tesselles color\u00e9es, les enfants pourront cr\u00e9er une petite mosa\u00efque selon les mod\u00e8les d\u00e9coratifs et les motifs les plus utilis\u00e9s dans la Rome antique. \u00c0 la fin de l&#8217;activit\u00e9, chacun pourra emporter chez soi son \u0153uvre, en souvenir de l&#8217;exp\u00e9rience v\u00e9cue.<\/p>\n<p><b>de 17h00 \u00e0 18h00 : <\/b>l&#8217;histoire intrigante des parfums est v\u00e9cue par les enfants \u00e0 travers une exp\u00e9rience sensorielle qui les voit s&#8217;engager en tant que parfumeurs romains anciens dans le choix et le m\u00e9lange d&#8217;huiles, d&#8217;herbes et d&#8217;essences, pour r\u00e9aliser leur propre fragrance personnelle. \u00c0 la fin de l&#8217;atelier, chacun pourra emporter chez soi un petit contenant avec son parfum.<br \/>Activit\u00e9 pour enfants \u00e0 partir de 8 ans.<br \/><u>R\u00e9servation obligatoire : tel. 019.690020 \u2013 351.7306191<\/u><\/p>\n","protected":false},"featured_media":0,"template":"","meta":[],"localita":[201],"temi_vacanza":[1365,1385,1372],"classificazioni":[1368,1386,1374],"eventi_seriali":[],"servizi":[1395],"class_list":["post-23724","evento","type-evento","status-publish","hentry","localita-finalborgo","temi_vacanza-cultura","temi_vacanza-mudif","temi_vacanza-relax-lifestyle","classificazioni-cultura","classificazioni-mudif","classificazioni-relax-lifestyle","servizi-animazioni-per-bambini"],"yoast_head":"<!-- This site is optimized with the Yoast SEO plugin v28.3 - https:\/\/yoast.com\/product\/yoast-seo-wordpress\/ -->\n<title>Una giornata da antico Romano: laboratori di archeologia sperimentale - Visit Finale Ligure<\/title>\n<meta name=\"description\" content=\"LaDAS - Laboratoires Didactiques d&#039;Arch\u00e9ologie Exp\u00e9rimentale \u00c0 l&#039;initiative de : Mus\u00e9e Arch\u00e9ologique du Finale \u201cUne journ\u00e9e en tant que Romain\" \/>\n<meta name=\"robots\" content=\"index, follow, max-snippet:-1, max-image-preview:large, max-video-preview:-1\" \/>\n<link rel=\"canonical\" href=\"https:\/\/visitfinaleligure.it\/fr\/evento\/una-giornata-da-antico-romano-laboratori-di-archeologia-sperimentale-2\/\" \/>\n<meta property=\"og:locale\" content=\"fr_FR\" \/>\n<meta property=\"og:type\" content=\"article\" \/>\n<meta property=\"og:title\" content=\"Una giornata da antico Romano: laboratori di archeologia sperimentale - Visit Finale Ligure\" \/>\n<meta property=\"og:description\" content=\"LaDAS - Laboratoires Didactiques d&#039;Arch\u00e9ologie Exp\u00e9rimentale \u00c0 l&#039;initiative de : Mus\u00e9e Arch\u00e9ologique du Finale \u201cUne journ\u00e9e en tant que Romain\" \/>\n<meta property=\"og:url\" content=\"https:\/\/visitfinaleligure.it\/fr\/evento\/una-giornata-da-antico-romano-laboratori-di-archeologia-sperimentale-2\/\" \/>\n<meta property=\"og:site_name\" content=\"Visit Finale Ligure\" \/>\n<meta property=\"article:publisher\" content=\"https:\/\/www.facebook.com\/VisitFinaleLigure\" \/>\n<meta property=\"og:image\" content=\"https:\/\/visitfinaleligure.it\/wp-content\/uploads\/2023\/03\/Capo-caprazoppa-1-1.jpg\" \/>\n\t<meta property=\"og:image:width\" content=\"2500\" \/>\n\t<meta property=\"og:image:height\" content=\"1405\" \/>\n\t<meta property=\"og:image:type\" content=\"image\/jpeg\" \/>\n<meta name=\"twitter:card\" content=\"summary_large_image\" \/>\n<meta name=\"twitter:label1\" content=\"Dur\u00e9e de lecture estim\u00e9e\" \/>\n\t<meta name=\"twitter:data1\" content=\"1 minute\" \/>\n<script type=\"application\/ld+json\" class=\"yoast-schema-graph\">{\"@context\":\"https:\\\/\\\/schema.org\",\"@graph\":[{\"@type\":\"WebPage\",\"@id\":\"https:\\\/\\\/visitfinaleligure.it\\\/fr\\\/evento\\\/una-giornata-da-antico-romano-laboratori-di-archeologia-sperimentale-2\\\/\",\"url\":\"https:\\\/\\\/visitfinaleligure.it\\\/fr\\\/evento\\\/una-giornata-da-antico-romano-laboratori-di-archeologia-sperimentale-2\\\/\",\"name\":\"Una giornata da antico Romano: laboratori di archeologia sperimentale - Visit Finale Ligure\",\"isPartOf\":{\"@id\":\"https:\\\/\\\/visitfinaleligure.it\\\/fr\\\/#website\"},\"datePublished\":\"2026-08-27T09:19:42+00:00\",\"description\":\"LaDAS - Laboratoires Didactiques d'Arch\u00e9ologie Exp\u00e9rimentale \u00c0 l'initiative de : Mus\u00e9e Arch\u00e9ologique du Finale \u201cUne journ\u00e9e en tant que Romain\",\"breadcrumb\":{\"@id\":\"https:\\\/\\\/visitfinaleligure.it\\\/fr\\\/evento\\\/una-giornata-da-antico-romano-laboratori-di-archeologia-sperimentale-2\\\/#breadcrumb\"},\"inLanguage\":\"fr-FR\",\"potentialAction\":[{\"@type\":\"ReadAction\",\"target\":[\"https:\\\/\\\/visitfinaleligure.it\\\/fr\\\/evento\\\/una-giornata-da-antico-romano-laboratori-di-archeologia-sperimentale-2\\\/\"]}]},{\"@type\":\"BreadcrumbList\",\"@id\":\"https:\\\/\\\/visitfinaleligure.it\\\/fr\\\/evento\\\/una-giornata-da-antico-romano-laboratori-di-archeologia-sperimentale-2\\\/#breadcrumb\",\"itemListElement\":[{\"@type\":\"ListItem\",\"position\":1,\"name\":\"Home\",\"item\":\"https:\\\/\\\/visitfinaleligure.it\\\/fr\\\/\"},{\"@type\":\"ListItem\",\"position\":2,\"name\":\"Eventi\",\"item\":\"https:\\\/\\\/visitfinaleligure.it\\\/fr\\\/evento\\\/\"},{\"@type\":\"ListItem\",\"position\":3,\"name\":\"Una giornata da antico Romano: laboratori di archeologia sperimentale\"}]},{\"@type\":\"WebSite\",\"@id\":\"https:\\\/\\\/visitfinaleligure.it\\\/fr\\\/#website\",\"url\":\"https:\\\/\\\/visitfinaleligure.it\\\/fr\\\/\",\"name\":\"Visit Finale Ligure\",\"description\":\"My perfect place\",\"publisher\":{\"@id\":\"https:\\\/\\\/visitfinaleligure.it\\\/fr\\\/#organization\"},\"potentialAction\":[{\"@type\":\"SearchAction\",\"target\":{\"@type\":\"EntryPoint\",\"urlTemplate\":\"https:\\\/\\\/visitfinaleligure.it\\\/fr\\\/?s={search_term_string}\"},\"query-input\":{\"@type\":\"PropertyValueSpecification\",\"valueRequired\":true,\"valueName\":\"search_term_string\"}}],\"inLanguage\":\"fr-FR\"},{\"@type\":\"Organization\",\"@id\":\"https:\\\/\\\/visitfinaleligure.it\\\/fr\\\/#organization\",\"name\":\"Comune di Finale Ligure\",\"url\":\"https:\\\/\\\/visitfinaleligure.it\\\/fr\\\/\",\"logo\":{\"@type\":\"ImageObject\",\"inLanguage\":\"fr-FR\",\"@id\":\"https:\\\/\\\/visitfinaleligure.it\\\/fr\\\/#\\\/schema\\\/logo\\\/image\\\/\",\"url\":\"https:\\\/\\\/visitfinaleligure.it\\\/wp-content\\\/uploads\\\/2023\\\/04\\\/cropped-finaleligure-verticale-positivo-200x200-1.png\",\"contentUrl\":\"https:\\\/\\\/visitfinaleligure.it\\\/wp-content\\\/uploads\\\/2023\\\/04\\\/cropped-finaleligure-verticale-positivo-200x200-1.png\",\"width\":512,\"height\":512,\"caption\":\"Comune di Finale Ligure\"},\"image\":{\"@id\":\"https:\\\/\\\/visitfinaleligure.it\\\/fr\\\/#\\\/schema\\\/logo\\\/image\\\/\"},\"sameAs\":[\"https:\\\/\\\/www.facebook.com\\\/VisitFinaleLigure\",\"https:\\\/\\\/www.instagram.com\\\/visitfinale\\\/\",\"https:\\\/\\\/www.youtube.com\\\/channel\\\/UCLmoLfNmrAt9mSCll9egttw\"]}]}<\/script>\n<!-- \/ Yoast SEO plugin. -->","yoast_head_json":{"title":"Una giornata da antico Romano: laboratori di archeologia sperimentale - Visit Finale Ligure","description":"LaDAS - Laboratoires Didactiques d'Arch\u00e9ologie Exp\u00e9rimentale \u00c0 l'initiative de : Mus\u00e9e Arch\u00e9ologique du Finale \u201cUne journ\u00e9e en tant que Romain","robots":{"index":"index","follow":"follow","max-snippet":"max-snippet:-1","max-image-preview":"max-image-preview:large","max-video-preview":"max-video-preview:-1"},"canonical":"https:\/\/visitfinaleligure.it\/fr\/evento\/una-giornata-da-antico-romano-laboratori-di-archeologia-sperimentale-2\/","og_locale":"fr_FR","og_type":"article","og_title":"Una giornata da antico Romano: laboratori di archeologia sperimentale - Visit Finale Ligure","og_description":"LaDAS - Laboratoires Didactiques d'Arch\u00e9ologie Exp\u00e9rimentale \u00c0 l'initiative de : Mus\u00e9e Arch\u00e9ologique du Finale \u201cUne journ\u00e9e en tant que Romain","og_url":"https:\/\/visitfinaleligure.it\/fr\/evento\/una-giornata-da-antico-romano-laboratori-di-archeologia-sperimentale-2\/","og_site_name":"Visit Finale Ligure","article_publisher":"https:\/\/www.facebook.com\/VisitFinaleLigure","og_image":[{"width":2500,"height":1405,"url":"https:\/\/visitfinaleligure.it\/wp-content\/uploads\/2023\/03\/Capo-caprazoppa-1-1.jpg","type":"image\/jpeg"}],"twitter_card":"summary_large_image","twitter_misc":{"Dur\u00e9e de lecture estim\u00e9e":"1 minute"},"schema":{"@context":"https:\/\/schema.org","@graph":[{"@type":"WebPage","@id":"https:\/\/visitfinaleligure.it\/fr\/evento\/una-giornata-da-antico-romano-laboratori-di-archeologia-sperimentale-2\/","url":"https:\/\/visitfinaleligure.it\/fr\/evento\/una-giornata-da-antico-romano-laboratori-di-archeologia-sperimentale-2\/","name":"Una giornata da antico Romano: laboratori di archeologia sperimentale - Visit Finale Ligure","isPartOf":{"@id":"https:\/\/visitfinaleligure.it\/fr\/#website"},"datePublished":"2026-08-27T09:19:42+00:00","description":"LaDAS - Laboratoires Didactiques d'Arch\u00e9ologie Exp\u00e9rimentale \u00c0 l'initiative de : Mus\u00e9e Arch\u00e9ologique du Finale \u201cUne journ\u00e9e en tant que Romain","breadcrumb":{"@id":"https:\/\/visitfinaleligure.it\/fr\/evento\/una-giornata-da-antico-romano-laboratori-di-archeologia-sperimentale-2\/#breadcrumb"},"inLanguage":"fr-FR","potentialAction":[{"@type":"ReadAction","target":["https:\/\/visitfinaleligure.it\/fr\/evento\/una-giornata-da-antico-romano-laboratori-di-archeologia-sperimentale-2\/"]}]},{"@type":"BreadcrumbList","@id":"https:\/\/visitfinaleligure.it\/fr\/evento\/una-giornata-da-antico-romano-laboratori-di-archeologia-sperimentale-2\/#breadcrumb","itemListElement":[{"@type":"ListItem","position":1,"name":"Home","item":"https:\/\/visitfinaleligure.it\/fr\/"},{"@type":"ListItem","position":2,"name":"Eventi","item":"https:\/\/visitfinaleligure.it\/fr\/evento\/"},{"@type":"ListItem","position":3,"name":"Una giornata da antico Romano: laboratori di archeologia sperimentale"}]},{"@type":"WebSite","@id":"https:\/\/visitfinaleligure.it\/fr\/#website","url":"https:\/\/visitfinaleligure.it\/fr\/","name":"Visit Finale Ligure","description":"My perfect place","publisher":{"@id":"https:\/\/visitfinaleligure.it\/fr\/#organization"},"potentialAction":[{"@type":"SearchAction","target":{"@type":"EntryPoint","urlTemplate":"https:\/\/visitfinaleligure.it\/fr\/?s={search_term_string}"},"query-input":{"@type":"PropertyValueSpecification","valueRequired":true,"valueName":"search_term_string"}}],"inLanguage":"fr-FR"},{"@type":"Organization","@id":"https:\/\/visitfinaleligure.it\/fr\/#organization","name":"Comune di Finale Ligure","url":"https:\/\/visitfinaleligure.it\/fr\/","logo":{"@type":"ImageObject","inLanguage":"fr-FR","@id":"https:\/\/visitfinaleligure.it\/fr\/#\/schema\/logo\/image\/","url":"https:\/\/visitfinaleligure.it\/wp-content\/uploads\/2023\/04\/cropped-finaleligure-verticale-positivo-200x200-1.png","contentUrl":"https:\/\/visitfinaleligure.it\/wp-content\/uploads\/2023\/04\/cropped-finaleligure-verticale-positivo-200x200-1.png","width":512,"height":512,"caption":"Comune di Finale Ligure"},"image":{"@id":"https:\/\/visitfinaleligure.it\/fr\/#\/schema\/logo\/image\/"},"sameAs":["https:\/\/www.facebook.com\/VisitFinaleLigure","https:\/\/www.instagram.com\/visitfinale\/","https:\/\/www.youtube.com\/channel\/UCLmoLfNmrAt9mSCll9egttw"]}]}},"_links":{"self":[{"href":"https:\/\/visitfinaleligure.it\/fr\/wp-json\/wp\/v2\/evento\/23724","targetHints":{"allow":["GET"]}}],"collection":[{"href":"https:\/\/visitfinaleligure.it\/fr\/wp-json\/wp\/v2\/evento"}],"about":[{"href":"https:\/\/visitfinaleligure.it\/fr\/wp-json\/wp\/v2\/types\/evento"}],"wp:attachment":[{"href":"https:\/\/visitfinaleligure.it\/fr\/wp-json\/wp\/v2\/media?parent=23724"}],"wp:term":[{"taxonomy":"localita","embeddable":true,"href":"https:\/\/visitfinaleligure.it\/fr\/wp-json\/wp\/v2\/localita?post=23724"},{"taxonomy":"temi_vacanza","embeddable":true,"href":"https:\/\/visitfinaleligure.it\/fr\/wp-json\/wp\/v2\/temi_vacanza?post=23724"},{"taxonomy":"classificazioni","embeddable":true,"href":"https:\/\/visitfinaleligure.it\/fr\/wp-json\/wp\/v2\/classificazioni?post=23724"},{"taxonomy":"eventi_seriali","embeddable":true,"href":"https:\/\/visitfinaleligure.it\/fr\/wp-json\/wp\/v2\/eventi_seriali?post=23724"},{"taxonomy":"servizi","embeddable":true,"href":"https:\/\/visitfinaleligure.it\/fr\/wp-json\/wp\/v2\/servizi?post=23724"}],"curies":[{"name":"wp","href":"https:\/\/api.w.org\/{rel}","templated":true}]}}

<p><b><u></u>LaDAS &#8211; Laboratoires Didactiques d&#8217;Archéologie Expérimentale <br /></b><i>À l&#8217;initiative de : Musée Archéologique du Finale </i><br /><b>“Une journée en tant que Romain ancien”<br /></b><b>Musée Archéologique du Finale</b></p>
<p><b>de 11h00 à 12h00 : </b>comment réaliser un mosaïque ? et comment les anciens Romains embellissaient-ils leurs maisons et leurs thermes ? Grâce à l&#8217;utilisation de tesselles colorées, les enfants pourront créer une petite mosaïque selon les modèles décoratifs et les motifs les plus utilisés dans la Rome antique. À la fin de l&#8217;activité, chacun pourra emporter chez soi son œuvre, en souvenir de l&#8217;expérience vécue.</p>
<p><b>de 17h00 à 18h00 : </b>l&#8217;histoire intrigante des parfums est vécue par les enfants à travers une expérience sensorielle qui les voit s&#8217;engager en tant que parfumeurs romains anciens dans le choix et le mélange d&#8217;huiles, d&#8217;herbes et d&#8217;essences, pour réaliser leur propre fragrance personnelle. À la fin de l&#8217;atelier, chacun pourra emporter chez soi un petit contenant avec son parfum.<br />Activité pour enfants à partir de 8 ans.<br /><u>Réservation obligatoire : tel. 019.690020 – 351.7306191</u></p>

<!-- This site is optimized with the Yoast SEO plugin v28.3 - https://yoast.com/product/yoast-seo-wordpress/ -->
<title>Una giornata da antico Romano: laboratori di archeologia sperimentale - Visit Finale Ligure</title>
<meta name="description" content="LaDAS - Laboratoires Didactiques d&#039;Archéologie Expérimentale À l&#039;initiative de : Musée Archéologique du Finale “Une journée en tant que Romain" />
<meta name="robots" content="index, follow, max-snippet:-1, max-image-preview:large, max-video-preview:-1" />
<link rel="canonical" href="https://visitfinaleligure.it/fr/evento/una-giornata-da-antico-romano-laboratori-di-archeologia-sperimentale-2/" />
<meta property="og:locale" content="fr_FR" />
<meta property="og:type" content="article" />
<meta property="og:title" content="Una giornata da antico Romano: laboratori di archeologia sperimentale - Visit Finale Ligure" />
<meta property="og:description" content="LaDAS - Laboratoires Didactiques d&#039;Archéologie Expérimentale À l&#039;initiative de : Musée Archéologique du Finale “Une journée en tant que Romain" />
<meta property="og:url" content="https://visitfinaleligure.it/fr/evento/una-giornata-da-antico-romano-laboratori-di-archeologia-sperimentale-2/" />
<meta property="og:site_name" content="Visit Finale Ligure" />
<meta property="article:publisher" content="https://www.facebook.com/VisitFinaleLigure" />
<meta property="og:image" content="https://visitfinaleligure.it/wp-content/uploads/2023/03/Capo-caprazoppa-1-1.jpg" />
	<meta property="og:image:width" content="2500" />
	<meta property="og:image:height" content="1405" />
	<meta property="og:image:type" content="image/jpeg" />
<meta name="twitter:card" content="summary_large_image" />
<meta name="twitter:label1" content="Durée de lecture estimée" />
	<meta name="twitter:data1" content="1 minute" />
<script type="application/ld+json" class="yoast-schema-graph">{"@context":"https:\/\/schema.org","@graph":[{"@type":"WebPage","@id":"https:\/\/visitfinaleligure.it\/fr\/evento\/una-giornata-da-antico-romano-laboratori-di-archeologia-sperimentale-2\/","url":"https:\/\/visitfinaleligure.it\/fr\/evento\/una-giornata-da-antico-romano-laboratori-di-archeologia-sperimentale-2\/","name":"Una giornata da antico Romano: laboratori di archeologia sperimentale - Visit Finale Ligure","isPartOf":{"@id":"https:\/\/visitfinaleligure.it\/fr\/#website"},"datePublished":"2026-08-27T09:19:42+00:00","description":"LaDAS - Laboratoires Didactiques d'Archéologie Expérimentale À l'initiative de : Musée Archéologique du Finale “Une journée en tant que Romain","breadcrumb":{"@id":"https:\/\/visitfinaleligure.it\/fr\/evento\/una-giornata-da-antico-romano-laboratori-di-archeologia-sperimentale-2\/#breadcrumb"},"inLanguage":"fr-FR","potentialAction":[{"@type":"ReadAction","target":["https:\/\/visitfinaleligure.it\/fr\/evento\/una-giornata-da-antico-romano-laboratori-di-archeologia-sperimentale-2\/"]}]},{"@type":"BreadcrumbList","@id":"https:\/\/visitfinaleligure.it\/fr\/evento\/una-giornata-da-antico-romano-laboratori-di-archeologia-sperimentale-2\/#breadcrumb","itemListElement":[{"@type":"ListItem","position":1,"name":"Home","item":"https:\/\/visitfinaleligure.it\/fr\/"},{"@type":"ListItem","position":2,"name":"Eventi","item":"https:\/\/visitfinaleligure.it\/fr\/evento\/"},{"@type":"ListItem","position":3,"name":"Una giornata da antico Romano: laboratori di archeologia sperimentale"}]},{"@type":"WebSite","@id":"https:\/\/visitfinaleligure.it\/fr\/#website","url":"https:\/\/visitfinaleligure.it\/fr\/","name":"Visit Finale Ligure","description":"My perfect place","publisher":{"@id":"https:\/\/visitfinaleligure.it\/fr\/#organization"},"potentialAction":[{"@type":"SearchAction","target":{"@type":"EntryPoint","urlTemplate":"https:\/\/visitfinaleligure.it\/fr\/?s={search_term_string}"},"query-input":{"@type":"PropertyValueSpecification","valueRequired":true,"valueName":"search_term_string"}}],"inLanguage":"fr-FR"},{"@type":"Organization","@id":"https:\/\/visitfinaleligure.it\/fr\/#organization","name":"Comune di Finale Ligure","url":"https:\/\/visitfinaleligure.it\/fr\/","logo":{"@type":"ImageObject","inLanguage":"fr-FR","@id":"https:\/\/visitfinaleligure.it\/fr\/#\/schema\/logo\/image\/","url":"https:\/\/visitfinaleligure.it\/wp-content\/uploads\/2023\/04\/cropped-finaleligure-verticale-positivo-200x200-1.png","contentUrl":"https:\/\/visitfinaleligure.it\/wp-content\/uploads\/2023\/04\/cropped-finaleligure-verticale-positivo-200x200-1.png","width":512,"height":512,"caption":"Comune di Finale Ligure"},"image":{"@id":"https:\/\/visitfinaleligure.it\/fr\/#\/schema\/logo\/image\/"},"sameAs":["https:\/\/www.facebook.com\/VisitFinaleLigure","https:\/\/www.instagram.com\/visitfinale\/","https:\/\/www.youtube.com\/channel\/UCLmoLfNmrAt9mSCll9egttw"]}]}</script>
<!-- / Yoast SEO plugin. -->

LaDAS - Laboratoires Didactiques d'Archéologie Expérimentale À l'initiative de : Musée Archéologique du Finale “Une journée en tant que Romain
