{"id":23760,"date":"2026-08-27T11:19:44","date_gmt":"2026-08-27T09:19:44","guid":{"rendered":"https:\/\/visitfinaleligure.it\/evento\/viaggio-nel-medioevo-2\/"},"modified":"2026-08-27T11:19:44","modified_gmt":"2026-08-27T09:19:44","slug":"viaggio-nel-medioevo-2","status":"publish","type":"evento","link":"https:\/\/visitfinaleligure.it\/fr\/evento\/viaggio-nel-medioevo-2\/","title":{"rendered":"Viaggio nel Medioevo"},"content":{"rendered":"<p><i>Du 20 au 23 ao\u00fbt 2026<\/i>, Finalborgo remontera dans le temps, pr\u00e9cis\u00e9ment en 1452, \u00e0 l&#8217;\u00e9poque du Marquisat de Giovanni I del Carretto, pour c\u00e9l\u00e9brer la reconqu\u00eate de ses murs sous le si\u00e8ge de la R\u00e9publique de G\u00eanes.<\/p>\n<p>&nbsp;<br \/>Pour ceux qui ont d\u00e9j\u00e0 entrepris notre <i>\u201cvoyage\u201d<\/i>, il est facile de se souvenir de quoi nous parlons :<br \/>Drapeaux dans les rues du bourg, anciennes enseignes, parfums, saveurs et musiques ; boutiques et campements ; dames, chevaliers et jongleurs ;<br \/>jeux d&#8217;\u00e9p\u00e9e, de feu, et langues diff\u00e9rentes qui se m\u00ealent dans une danse, devenant des couleurs ; le sourire et l&#8217;\u00e9merveillement sur les visages des enfants, les adultes redevenant enfants !<\/p>\n<p><i>Au cours de ces quatre journ\u00e9es, de 18h \u00e0 24h, vous pourrez donc assister \u00e0 des spectacles de tous genres et vous plonger dans l&#8217;\u00e9poque m\u00e9di\u00e9vale !<\/i><\/p>\n<p>Tous les soirs :<\/p>\n<ul>\n<li><b>D\u00eener M\u00e9di\u00e9val<\/b> dans les Clo\u00eetre de Santa Caterina<\/li>\n<\/ul>\n<p> spectacles uniques :<\/p>\n<ul>\n<li><b>Tournoi des \u00e9p\u00e9istes<\/b> \u2013 Samedi soir<\/li>\n<li><b>Bataille dans la rivi\u00e8re<\/b> \u2013 Dimanche soir<\/li>\n<\/ul>\n<p>&nbsp;<\/p>\n<p>&nbsp;<\/p>\n<p>&nbsp;<\/p>\n","protected":false},"featured_media":0,"template":"","meta":[],"localita":[201],"temi_vacanza":[1365,1405,1372],"classificazioni":[1368,1406,1374],"eventi_seriali":[],"servizi":[1407],"class_list":["post-23760","evento","type-evento","status-publish","hentry","localita-finalborgo","temi_vacanza-cultura","temi_vacanza-gusto","temi_vacanza-relax-lifestyle","classificazioni-cultura","classificazioni-gusto","classificazioni-relax-lifestyle","servizi-festa-cittadina-paese"],"yoast_head":"<!-- This site is optimized with the Yoast SEO plugin v28.3 - https:\/\/yoast.com\/product\/yoast-seo-wordpress\/ -->\n<title>Viaggio nel Medioevo - Visit Finale Ligure<\/title>\n<meta name=\"description\" content=\"Du 20 au 23 ao\u00fbt 2026, Finalborgo remontera dans le temps, pr\u00e9cis\u00e9ment en 1452, \u00e0 l&#039;\u00e9poque du Marquisat de Giovanni I del Carretto, pour c\u00e9l\u00e9brer la\" \/>\n<meta name=\"robots\" content=\"index, follow, max-snippet:-1, max-image-preview:large, max-video-preview:-1\" \/>\n<link rel=\"canonical\" href=\"https:\/\/visitfinaleligure.it\/fr\/evento\/viaggio-nel-medioevo-2\/\" \/>\n<meta property=\"og:locale\" content=\"fr_FR\" \/>\n<meta property=\"og:type\" content=\"article\" \/>\n<meta property=\"og:title\" content=\"Viaggio nel Medioevo - Visit Finale Ligure\" \/>\n<meta property=\"og:description\" content=\"Du 20 au 23 ao\u00fbt 2026, Finalborgo remontera dans le temps, pr\u00e9cis\u00e9ment en 1452, \u00e0 l&#039;\u00e9poque du Marquisat de Giovanni I del Carretto, pour c\u00e9l\u00e9brer la\" \/>\n<meta property=\"og:url\" content=\"https:\/\/visitfinaleligure.it\/fr\/evento\/viaggio-nel-medioevo-2\/\" \/>\n<meta property=\"og:site_name\" content=\"Visit Finale Ligure\" \/>\n<meta property=\"article:publisher\" content=\"https:\/\/www.facebook.com\/VisitFinaleLigure\" \/>\n<meta property=\"og:image\" content=\"https:\/\/visitfinaleligure.it\/wp-content\/uploads\/2023\/03\/Capo-caprazoppa-1-1.jpg\" \/>\n\t<meta property=\"og:image:width\" content=\"2500\" \/>\n\t<meta property=\"og:image:height\" content=\"1405\" \/>\n\t<meta property=\"og:image:type\" content=\"image\/jpeg\" \/>\n<meta name=\"twitter:card\" content=\"summary_large_image\" \/>\n<meta name=\"twitter:label1\" content=\"Dur\u00e9e de lecture estim\u00e9e\" \/>\n\t<meta name=\"twitter:data1\" content=\"1 minute\" \/>\n<script type=\"application\/ld+json\" class=\"yoast-schema-graph\">{\"@context\":\"https:\\\/\\\/schema.org\",\"@graph\":[{\"@type\":\"WebPage\",\"@id\":\"https:\\\/\\\/visitfinaleligure.it\\\/fr\\\/evento\\\/viaggio-nel-medioevo-2\\\/\",\"url\":\"https:\\\/\\\/visitfinaleligure.it\\\/fr\\\/evento\\\/viaggio-nel-medioevo-2\\\/\",\"name\":\"Viaggio nel Medioevo - Visit Finale Ligure\",\"isPartOf\":{\"@id\":\"https:\\\/\\\/visitfinaleligure.it\\\/fr\\\/#website\"},\"datePublished\":\"2026-08-27T09:19:44+00:00\",\"description\":\"Du 20 au 23 ao\u00fbt 2026, Finalborgo remontera dans le temps, pr\u00e9cis\u00e9ment en 1452, \u00e0 l'\u00e9poque du Marquisat de Giovanni I del Carretto, pour c\u00e9l\u00e9brer la\",\"breadcrumb\":{\"@id\":\"https:\\\/\\\/visitfinaleligure.it\\\/fr\\\/evento\\\/viaggio-nel-medioevo-2\\\/#breadcrumb\"},\"inLanguage\":\"fr-FR\",\"potentialAction\":[{\"@type\":\"ReadAction\",\"target\":[\"https:\\\/\\\/visitfinaleligure.it\\\/fr\\\/evento\\\/viaggio-nel-medioevo-2\\\/\"]}]},{\"@type\":\"BreadcrumbList\",\"@id\":\"https:\\\/\\\/visitfinaleligure.it\\\/fr\\\/evento\\\/viaggio-nel-medioevo-2\\\/#breadcrumb\",\"itemListElement\":[{\"@type\":\"ListItem\",\"position\":1,\"name\":\"Home\",\"item\":\"https:\\\/\\\/visitfinaleligure.it\\\/fr\\\/\"},{\"@type\":\"ListItem\",\"position\":2,\"name\":\"Eventi\",\"item\":\"https:\\\/\\\/visitfinaleligure.it\\\/fr\\\/evento\\\/\"},{\"@type\":\"ListItem\",\"position\":3,\"name\":\"Viaggio nel Medioevo\"}]},{\"@type\":\"WebSite\",\"@id\":\"https:\\\/\\\/visitfinaleligure.it\\\/fr\\\/#website\",\"url\":\"https:\\\/\\\/visitfinaleligure.it\\\/fr\\\/\",\"name\":\"Visit Finale Ligure\",\"description\":\"My perfect place\",\"publisher\":{\"@id\":\"https:\\\/\\\/visitfinaleligure.it\\\/fr\\\/#organization\"},\"potentialAction\":[{\"@type\":\"SearchAction\",\"target\":{\"@type\":\"EntryPoint\",\"urlTemplate\":\"https:\\\/\\\/visitfinaleligure.it\\\/fr\\\/?s={search_term_string}\"},\"query-input\":{\"@type\":\"PropertyValueSpecification\",\"valueRequired\":true,\"valueName\":\"search_term_string\"}}],\"inLanguage\":\"fr-FR\"},{\"@type\":\"Organization\",\"@id\":\"https:\\\/\\\/visitfinaleligure.it\\\/fr\\\/#organization\",\"name\":\"Comune di Finale Ligure\",\"url\":\"https:\\\/\\\/visitfinaleligure.it\\\/fr\\\/\",\"logo\":{\"@type\":\"ImageObject\",\"inLanguage\":\"fr-FR\",\"@id\":\"https:\\\/\\\/visitfinaleligure.it\\\/fr\\\/#\\\/schema\\\/logo\\\/image\\\/\",\"url\":\"https:\\\/\\\/visitfinaleligure.it\\\/wp-content\\\/uploads\\\/2023\\\/04\\\/cropped-finaleligure-verticale-positivo-200x200-1.png\",\"contentUrl\":\"https:\\\/\\\/visitfinaleligure.it\\\/wp-content\\\/uploads\\\/2023\\\/04\\\/cropped-finaleligure-verticale-positivo-200x200-1.png\",\"width\":512,\"height\":512,\"caption\":\"Comune di Finale Ligure\"},\"image\":{\"@id\":\"https:\\\/\\\/visitfinaleligure.it\\\/fr\\\/#\\\/schema\\\/logo\\\/image\\\/\"},\"sameAs\":[\"https:\\\/\\\/www.facebook.com\\\/VisitFinaleLigure\",\"https:\\\/\\\/www.instagram.com\\\/visitfinale\\\/\",\"https:\\\/\\\/www.youtube.com\\\/channel\\\/UCLmoLfNmrAt9mSCll9egttw\"]}]}<\/script>\n<!-- \/ Yoast SEO plugin. -->","yoast_head_json":{"title":"Viaggio nel Medioevo - Visit Finale Ligure","description":"Du 20 au 23 ao\u00fbt 2026, Finalborgo remontera dans le temps, pr\u00e9cis\u00e9ment en 1452, \u00e0 l'\u00e9poque du Marquisat de Giovanni I del Carretto, pour c\u00e9l\u00e9brer la","robots":{"index":"index","follow":"follow","max-snippet":"max-snippet:-1","max-image-preview":"max-image-preview:large","max-video-preview":"max-video-preview:-1"},"canonical":"https:\/\/visitfinaleligure.it\/fr\/evento\/viaggio-nel-medioevo-2\/","og_locale":"fr_FR","og_type":"article","og_title":"Viaggio nel Medioevo - Visit Finale Ligure","og_description":"Du 20 au 23 ao\u00fbt 2026, Finalborgo remontera dans le temps, pr\u00e9cis\u00e9ment en 1452, \u00e0 l'\u00e9poque du Marquisat de Giovanni I del Carretto, pour c\u00e9l\u00e9brer la","og_url":"https:\/\/visitfinaleligure.it\/fr\/evento\/viaggio-nel-medioevo-2\/","og_site_name":"Visit Finale Ligure","article_publisher":"https:\/\/www.facebook.com\/VisitFinaleLigure","og_image":[{"width":2500,"height":1405,"url":"https:\/\/visitfinaleligure.it\/wp-content\/uploads\/2023\/03\/Capo-caprazoppa-1-1.jpg","type":"image\/jpeg"}],"twitter_card":"summary_large_image","twitter_misc":{"Dur\u00e9e de lecture estim\u00e9e":"1 minute"},"schema":{"@context":"https:\/\/schema.org","@graph":[{"@type":"WebPage","@id":"https:\/\/visitfinaleligure.it\/fr\/evento\/viaggio-nel-medioevo-2\/","url":"https:\/\/visitfinaleligure.it\/fr\/evento\/viaggio-nel-medioevo-2\/","name":"Viaggio nel Medioevo - Visit Finale Ligure","isPartOf":{"@id":"https:\/\/visitfinaleligure.it\/fr\/#website"},"datePublished":"2026-08-27T09:19:44+00:00","description":"Du 20 au 23 ao\u00fbt 2026, Finalborgo remontera dans le temps, pr\u00e9cis\u00e9ment en 1452, \u00e0 l'\u00e9poque du Marquisat de Giovanni I del Carretto, pour c\u00e9l\u00e9brer la","breadcrumb":{"@id":"https:\/\/visitfinaleligure.it\/fr\/evento\/viaggio-nel-medioevo-2\/#breadcrumb"},"inLanguage":"fr-FR","potentialAction":[{"@type":"ReadAction","target":["https:\/\/visitfinaleligure.it\/fr\/evento\/viaggio-nel-medioevo-2\/"]}]},{"@type":"BreadcrumbList","@id":"https:\/\/visitfinaleligure.it\/fr\/evento\/viaggio-nel-medioevo-2\/#breadcrumb","itemListElement":[{"@type":"ListItem","position":1,"name":"Home","item":"https:\/\/visitfinaleligure.it\/fr\/"},{"@type":"ListItem","position":2,"name":"Eventi","item":"https:\/\/visitfinaleligure.it\/fr\/evento\/"},{"@type":"ListItem","position":3,"name":"Viaggio nel Medioevo"}]},{"@type":"WebSite","@id":"https:\/\/visitfinaleligure.it\/fr\/#website","url":"https:\/\/visitfinaleligure.it\/fr\/","name":"Visit Finale Ligure","description":"My perfect place","publisher":{"@id":"https:\/\/visitfinaleligure.it\/fr\/#organization"},"potentialAction":[{"@type":"SearchAction","target":{"@type":"EntryPoint","urlTemplate":"https:\/\/visitfinaleligure.it\/fr\/?s={search_term_string}"},"query-input":{"@type":"PropertyValueSpecification","valueRequired":true,"valueName":"search_term_string"}}],"inLanguage":"fr-FR"},{"@type":"Organization","@id":"https:\/\/visitfinaleligure.it\/fr\/#organization","name":"Comune di Finale Ligure","url":"https:\/\/visitfinaleligure.it\/fr\/","logo":{"@type":"ImageObject","inLanguage":"fr-FR","@id":"https:\/\/visitfinaleligure.it\/fr\/#\/schema\/logo\/image\/","url":"https:\/\/visitfinaleligure.it\/wp-content\/uploads\/2023\/04\/cropped-finaleligure-verticale-positivo-200x200-1.png","contentUrl":"https:\/\/visitfinaleligure.it\/wp-content\/uploads\/2023\/04\/cropped-finaleligure-verticale-positivo-200x200-1.png","width":512,"height":512,"caption":"Comune di Finale Ligure"},"image":{"@id":"https:\/\/visitfinaleligure.it\/fr\/#\/schema\/logo\/image\/"},"sameAs":["https:\/\/www.facebook.com\/VisitFinaleLigure","https:\/\/www.instagram.com\/visitfinale\/","https:\/\/www.youtube.com\/channel\/UCLmoLfNmrAt9mSCll9egttw"]}]}},"_links":{"self":[{"href":"https:\/\/visitfinaleligure.it\/fr\/wp-json\/wp\/v2\/evento\/23760","targetHints":{"allow":["GET"]}}],"collection":[{"href":"https:\/\/visitfinaleligure.it\/fr\/wp-json\/wp\/v2\/evento"}],"about":[{"href":"https:\/\/visitfinaleligure.it\/fr\/wp-json\/wp\/v2\/types\/evento"}],"wp:attachment":[{"href":"https:\/\/visitfinaleligure.it\/fr\/wp-json\/wp\/v2\/media?parent=23760"}],"wp:term":[{"taxonomy":"localita","embeddable":true,"href":"https:\/\/visitfinaleligure.it\/fr\/wp-json\/wp\/v2\/localita?post=23760"},{"taxonomy":"temi_vacanza","embeddable":true,"href":"https:\/\/visitfinaleligure.it\/fr\/wp-json\/wp\/v2\/temi_vacanza?post=23760"},{"taxonomy":"classificazioni","embeddable":true,"href":"https:\/\/visitfinaleligure.it\/fr\/wp-json\/wp\/v2\/classificazioni?post=23760"},{"taxonomy":"eventi_seriali","embeddable":true,"href":"https:\/\/visitfinaleligure.it\/fr\/wp-json\/wp\/v2\/eventi_seriali?post=23760"},{"taxonomy":"servizi","embeddable":true,"href":"https:\/\/visitfinaleligure.it\/fr\/wp-json\/wp\/v2\/servizi?post=23760"}],"curies":[{"name":"wp","href":"https:\/\/api.w.org\/{rel}","templated":true}]}}

<p><i>Du 20 au 23 août 2026</i>, Finalborgo remontera dans le temps, précisément en 1452, à l&#8217;époque du Marquisat de Giovanni I del Carretto, pour célébrer la reconquête de ses murs sous le siège de la République de Gênes.</p>
<p>&nbsp;<br />Pour ceux qui ont déjà entrepris notre <i>“voyage”</i>, il est facile de se souvenir de quoi nous parlons :<br />Drapeaux dans les rues du bourg, anciennes enseignes, parfums, saveurs et musiques ; boutiques et campements ; dames, chevaliers et jongleurs ;<br />jeux d&#8217;épée, de feu, et langues différentes qui se mêlent dans une danse, devenant des couleurs ; le sourire et l&#8217;émerveillement sur les visages des enfants, les adultes redevenant enfants !</p>
<p><i>Au cours de ces quatre journées, de 18h à 24h, vous pourrez donc assister à des spectacles de tous genres et vous plonger dans l&#8217;époque médiévale !</i></p>
<p>Tous les soirs :</p>
<ul>
<li><b>Dîner Médiéval</b> dans les Cloître de Santa Caterina</li>
</ul>
<p> spectacles uniques :</p>
<ul>
<li><b>Tournoi des épéistes</b> – Samedi soir</li>
<li><b>Bataille dans la rivière</b> – Dimanche soir</li>
</ul>
<p>&nbsp;</p>
<p>&nbsp;</p>
<p>&nbsp;</p>

<!-- This site is optimized with the Yoast SEO plugin v28.3 - https://yoast.com/product/yoast-seo-wordpress/ -->
<title>Viaggio nel Medioevo - Visit Finale Ligure</title>
<meta name="description" content="Du 20 au 23 août 2026, Finalborgo remontera dans le temps, précisément en 1452, à l&#039;époque du Marquisat de Giovanni I del Carretto, pour célébrer la" />
<meta name="robots" content="index, follow, max-snippet:-1, max-image-preview:large, max-video-preview:-1" />
<link rel="canonical" href="https://visitfinaleligure.it/fr/evento/viaggio-nel-medioevo-2/" />
<meta property="og:locale" content="fr_FR" />
<meta property="og:type" content="article" />
<meta property="og:title" content="Viaggio nel Medioevo - Visit Finale Ligure" />
<meta property="og:description" content="Du 20 au 23 août 2026, Finalborgo remontera dans le temps, précisément en 1452, à l&#039;époque du Marquisat de Giovanni I del Carretto, pour célébrer la" />
<meta property="og:url" content="https://visitfinaleligure.it/fr/evento/viaggio-nel-medioevo-2/" />
<meta property="og:site_name" content="Visit Finale Ligure" />
<meta property="article:publisher" content="https://www.facebook.com/VisitFinaleLigure" />
<meta property="og:image" content="https://visitfinaleligure.it/wp-content/uploads/2023/03/Capo-caprazoppa-1-1.jpg" />
	<meta property="og:image:width" content="2500" />
	<meta property="og:image:height" content="1405" />
	<meta property="og:image:type" content="image/jpeg" />
<meta name="twitter:card" content="summary_large_image" />
<meta name="twitter:label1" content="Durée de lecture estimée" />
	<meta name="twitter:data1" content="1 minute" />
<script type="application/ld+json" class="yoast-schema-graph">{"@context":"https:\/\/schema.org","@graph":[{"@type":"WebPage","@id":"https:\/\/visitfinaleligure.it\/fr\/evento\/viaggio-nel-medioevo-2\/","url":"https:\/\/visitfinaleligure.it\/fr\/evento\/viaggio-nel-medioevo-2\/","name":"Viaggio nel Medioevo - Visit Finale Ligure","isPartOf":{"@id":"https:\/\/visitfinaleligure.it\/fr\/#website"},"datePublished":"2026-08-27T09:19:44+00:00","description":"Du 20 au 23 août 2026, Finalborgo remontera dans le temps, précisément en 1452, à l'époque du Marquisat de Giovanni I del Carretto, pour célébrer la","breadcrumb":{"@id":"https:\/\/visitfinaleligure.it\/fr\/evento\/viaggio-nel-medioevo-2\/#breadcrumb"},"inLanguage":"fr-FR","potentialAction":[{"@type":"ReadAction","target":["https:\/\/visitfinaleligure.it\/fr\/evento\/viaggio-nel-medioevo-2\/"]}]},{"@type":"BreadcrumbList","@id":"https:\/\/visitfinaleligure.it\/fr\/evento\/viaggio-nel-medioevo-2\/#breadcrumb","itemListElement":[{"@type":"ListItem","position":1,"name":"Home","item":"https:\/\/visitfinaleligure.it\/fr\/"},{"@type":"ListItem","position":2,"name":"Eventi","item":"https:\/\/visitfinaleligure.it\/fr\/evento\/"},{"@type":"ListItem","position":3,"name":"Viaggio nel Medioevo"}]},{"@type":"WebSite","@id":"https:\/\/visitfinaleligure.it\/fr\/#website","url":"https:\/\/visitfinaleligure.it\/fr\/","name":"Visit Finale Ligure","description":"My perfect place","publisher":{"@id":"https:\/\/visitfinaleligure.it\/fr\/#organization"},"potentialAction":[{"@type":"SearchAction","target":{"@type":"EntryPoint","urlTemplate":"https:\/\/visitfinaleligure.it\/fr\/?s={search_term_string}"},"query-input":{"@type":"PropertyValueSpecification","valueRequired":true,"valueName":"search_term_string"}}],"inLanguage":"fr-FR"},{"@type":"Organization","@id":"https:\/\/visitfinaleligure.it\/fr\/#organization","name":"Comune di Finale Ligure","url":"https:\/\/visitfinaleligure.it\/fr\/","logo":{"@type":"ImageObject","inLanguage":"fr-FR","@id":"https:\/\/visitfinaleligure.it\/fr\/#\/schema\/logo\/image\/","url":"https:\/\/visitfinaleligure.it\/wp-content\/uploads\/2023\/04\/cropped-finaleligure-verticale-positivo-200x200-1.png","contentUrl":"https:\/\/visitfinaleligure.it\/wp-content\/uploads\/2023\/04\/cropped-finaleligure-verticale-positivo-200x200-1.png","width":512,"height":512,"caption":"Comune di Finale Ligure"},"image":{"@id":"https:\/\/visitfinaleligure.it\/fr\/#\/schema\/logo\/image\/"},"sameAs":["https:\/\/www.facebook.com\/VisitFinaleLigure","https:\/\/www.instagram.com\/visitfinale\/","https:\/\/www.youtube.com\/channel\/UCLmoLfNmrAt9mSCll9egttw"]}]}</script>
<!-- / Yoast SEO plugin. -->

Du 20 au 23 août 2026, Finalborgo remontera dans le temps, précisément en 1452, à l'époque du Marquisat de Giovanni I del Carretto, pour célébrer la
