{"id":23856,"date":"2026-08-27T11:19:49","date_gmt":"2026-08-27T09:19:49","guid":{"rendered":"https:\/\/visitfinaleligure.it\/evento\/aperinenne-in-fortezza-2\/"},"modified":"2026-08-27T11:19:49","modified_gmt":"2026-08-27T09:19:49","slug":"aperinenne-in-fortezza-2","status":"publish","type":"evento","link":"https:\/\/visitfinaleligure.it\/fr\/evento\/aperinenne-in-fortezza-2\/","title":{"rendered":"AperiNenne in Fortezza"},"content":{"rendered":"<p>Ap\u00e9ritif et projections de mat\u00e9riel d&#8217;archives d\u00e9di\u00e9 \u00e0 Nenne Sanguineti Poggi. Une occasion en or pour d\u00e9couvrir une artiste sans fronti\u00e8res et un mus\u00e9e loin des lieux communs.<\/p>\n<p><i>D\u00e9borah Sanguineti<\/i>, la ni\u00e8ce de Nenne, est venue sp\u00e9cialement des \u00c9tats-Unis pour cet \u00e9v\u00e9nement, o\u00f9 nous nous souviendrons tous ensemble d&#8217;une femme sp\u00e9ciale et d&#8217;une artiste embl\u00e9matique du modernisme italien dans le monde.<\/p>\n<p>En 2024, une \u0153uvre de Nenne Sanguineti Poggi a \u00e9t\u00e9 s\u00e9lectionn\u00e9e et expos\u00e9e \u00e0 la <i>Biennale Internationale d\u2019art de Venise<\/i>.<br \/>Apr\u00e8s les expositions \u00e0 New York et Philadelphie, Milan, G\u00eanes, Mantoue, Savone, Nenne revient dans sa Finale o\u00f9 elle a v\u00e9cu la derni\u00e8re partie de sa vie dans un nouveau mus\u00e9e \u00e0 d\u00e9couvrir que nous avons eu le plaisir d&#8217;inaugurer en avril 2026, gr\u00e2ce au soutien de Vincenzo Sanguineti et NSP Art Usa et Italie, Franco Parisi, Luciana Bertorelli, de la Fondation De Mari, de la Commune de Finale Ligure et du Maire Angelo Berlangieri.&nbsp;<\/p>\n<p>Appr\u00e9ci\u00e9e par Vittorio Sgarbi qui lui a consacr\u00e9 une importante contribution critique lors du colloque de Milan en 2019, Nenne est une figure f\u00e9minine importante \u00e0 se rappeler, \u00e0 conna\u00eetre et \u00e0 valoriser pour l&#8217;internationalit\u00e9 de son art.<\/p>\n<p>Nous t&#8217;attendons jeudi 6 ao\u00fbt pour une f\u00eate en bord de mer sur les terrasses de la forteresse en sa m\u00e9moire avec D\u00e9borah, de nombreux amis et tous ceux qui souhaitent d\u00e9couvrir le NSP MUSEUM.<\/p>\n","protected":false},"featured_media":0,"template":"","meta":[],"localita":[222],"temi_vacanza":[1396,1365,1371,1366],"classificazioni":[1397,1368,1373,1367],"eventi_seriali":[],"servizi":[1418],"class_list":["post-23856","evento","type-evento","status-publish","hentry","localita-finale-ligure","temi_vacanza-castelfranco","temi_vacanza-cultura","temi_vacanza-estate","temi_vacanza-liveexplore","classificazioni-castelfranco","classificazioni-cultura","classificazioni-estate","classificazioni-liveexplore","servizi-esposizionae-temporanea"],"yoast_head":"<!-- This site is optimized with the Yoast SEO plugin v28.3 - https:\/\/yoast.com\/product\/yoast-seo-wordpress\/ -->\n<title>AperiNenne in Fortezza - Visit Finale Ligure<\/title>\n<meta name=\"description\" content=\"Ap\u00e9ritif et projections de mat\u00e9riel d&#039;archives d\u00e9di\u00e9 \u00e0 Nenne Sanguineti Poggi. Une occasion en or pour d\u00e9couvrir une artiste sans fronti\u00e8res et un mus\u00e9e\" \/>\n<meta name=\"robots\" content=\"index, follow, max-snippet:-1, max-image-preview:large, max-video-preview:-1\" \/>\n<link rel=\"canonical\" href=\"https:\/\/visitfinaleligure.it\/fr\/evento\/aperinenne-in-fortezza-2\/\" \/>\n<meta property=\"og:locale\" content=\"fr_FR\" \/>\n<meta property=\"og:type\" content=\"article\" \/>\n<meta property=\"og:title\" content=\"AperiNenne in Fortezza - Visit Finale Ligure\" \/>\n<meta property=\"og:description\" content=\"Ap\u00e9ritif et projections de mat\u00e9riel d&#039;archives d\u00e9di\u00e9 \u00e0 Nenne Sanguineti Poggi. Une occasion en or pour d\u00e9couvrir une artiste sans fronti\u00e8res et un mus\u00e9e\" \/>\n<meta property=\"og:url\" content=\"https:\/\/visitfinaleligure.it\/fr\/evento\/aperinenne-in-fortezza-2\/\" \/>\n<meta property=\"og:site_name\" content=\"Visit Finale Ligure\" \/>\n<meta property=\"article:publisher\" content=\"https:\/\/www.facebook.com\/VisitFinaleLigure\" \/>\n<meta property=\"og:image\" content=\"https:\/\/visitfinaleligure.it\/wp-content\/uploads\/2023\/03\/Capo-caprazoppa-1-1.jpg\" \/>\n\t<meta property=\"og:image:width\" content=\"2500\" \/>\n\t<meta property=\"og:image:height\" content=\"1405\" \/>\n\t<meta property=\"og:image:type\" content=\"image\/jpeg\" \/>\n<meta name=\"twitter:card\" content=\"summary_large_image\" \/>\n<meta name=\"twitter:label1\" content=\"Dur\u00e9e de lecture estim\u00e9e\" \/>\n\t<meta name=\"twitter:data1\" content=\"1 minute\" \/>\n<script type=\"application\/ld+json\" class=\"yoast-schema-graph\">{\"@context\":\"https:\\\/\\\/schema.org\",\"@graph\":[{\"@type\":\"WebPage\",\"@id\":\"https:\\\/\\\/visitfinaleligure.it\\\/fr\\\/evento\\\/aperinenne-in-fortezza-2\\\/\",\"url\":\"https:\\\/\\\/visitfinaleligure.it\\\/fr\\\/evento\\\/aperinenne-in-fortezza-2\\\/\",\"name\":\"AperiNenne in Fortezza - Visit Finale Ligure\",\"isPartOf\":{\"@id\":\"https:\\\/\\\/visitfinaleligure.it\\\/fr\\\/#website\"},\"datePublished\":\"2026-08-27T09:19:49+00:00\",\"description\":\"Ap\u00e9ritif et projections de mat\u00e9riel d'archives d\u00e9di\u00e9 \u00e0 Nenne Sanguineti Poggi. Une occasion en or pour d\u00e9couvrir une artiste sans fronti\u00e8res et un mus\u00e9e\",\"breadcrumb\":{\"@id\":\"https:\\\/\\\/visitfinaleligure.it\\\/fr\\\/evento\\\/aperinenne-in-fortezza-2\\\/#breadcrumb\"},\"inLanguage\":\"fr-FR\",\"potentialAction\":[{\"@type\":\"ReadAction\",\"target\":[\"https:\\\/\\\/visitfinaleligure.it\\\/fr\\\/evento\\\/aperinenne-in-fortezza-2\\\/\"]}]},{\"@type\":\"BreadcrumbList\",\"@id\":\"https:\\\/\\\/visitfinaleligure.it\\\/fr\\\/evento\\\/aperinenne-in-fortezza-2\\\/#breadcrumb\",\"itemListElement\":[{\"@type\":\"ListItem\",\"position\":1,\"name\":\"Home\",\"item\":\"https:\\\/\\\/visitfinaleligure.it\\\/fr\\\/\"},{\"@type\":\"ListItem\",\"position\":2,\"name\":\"Eventi\",\"item\":\"https:\\\/\\\/visitfinaleligure.it\\\/fr\\\/evento\\\/\"},{\"@type\":\"ListItem\",\"position\":3,\"name\":\"AperiNenne in Fortezza\"}]},{\"@type\":\"WebSite\",\"@id\":\"https:\\\/\\\/visitfinaleligure.it\\\/fr\\\/#website\",\"url\":\"https:\\\/\\\/visitfinaleligure.it\\\/fr\\\/\",\"name\":\"Visit Finale Ligure\",\"description\":\"My perfect place\",\"publisher\":{\"@id\":\"https:\\\/\\\/visitfinaleligure.it\\\/fr\\\/#organization\"},\"potentialAction\":[{\"@type\":\"SearchAction\",\"target\":{\"@type\":\"EntryPoint\",\"urlTemplate\":\"https:\\\/\\\/visitfinaleligure.it\\\/fr\\\/?s={search_term_string}\"},\"query-input\":{\"@type\":\"PropertyValueSpecification\",\"valueRequired\":true,\"valueName\":\"search_term_string\"}}],\"inLanguage\":\"fr-FR\"},{\"@type\":\"Organization\",\"@id\":\"https:\\\/\\\/visitfinaleligure.it\\\/fr\\\/#organization\",\"name\":\"Comune di Finale Ligure\",\"url\":\"https:\\\/\\\/visitfinaleligure.it\\\/fr\\\/\",\"logo\":{\"@type\":\"ImageObject\",\"inLanguage\":\"fr-FR\",\"@id\":\"https:\\\/\\\/visitfinaleligure.it\\\/fr\\\/#\\\/schema\\\/logo\\\/image\\\/\",\"url\":\"https:\\\/\\\/visitfinaleligure.it\\\/wp-content\\\/uploads\\\/2023\\\/04\\\/cropped-finaleligure-verticale-positivo-200x200-1.png\",\"contentUrl\":\"https:\\\/\\\/visitfinaleligure.it\\\/wp-content\\\/uploads\\\/2023\\\/04\\\/cropped-finaleligure-verticale-positivo-200x200-1.png\",\"width\":512,\"height\":512,\"caption\":\"Comune di Finale Ligure\"},\"image\":{\"@id\":\"https:\\\/\\\/visitfinaleligure.it\\\/fr\\\/#\\\/schema\\\/logo\\\/image\\\/\"},\"sameAs\":[\"https:\\\/\\\/www.facebook.com\\\/VisitFinaleLigure\",\"https:\\\/\\\/www.instagram.com\\\/visitfinale\\\/\",\"https:\\\/\\\/www.youtube.com\\\/channel\\\/UCLmoLfNmrAt9mSCll9egttw\"]}]}<\/script>\n<!-- \/ Yoast SEO plugin. -->","yoast_head_json":{"title":"AperiNenne in Fortezza - Visit Finale Ligure","description":"Ap\u00e9ritif et projections de mat\u00e9riel d'archives d\u00e9di\u00e9 \u00e0 Nenne Sanguineti Poggi. Une occasion en or pour d\u00e9couvrir une artiste sans fronti\u00e8res et un mus\u00e9e","robots":{"index":"index","follow":"follow","max-snippet":"max-snippet:-1","max-image-preview":"max-image-preview:large","max-video-preview":"max-video-preview:-1"},"canonical":"https:\/\/visitfinaleligure.it\/fr\/evento\/aperinenne-in-fortezza-2\/","og_locale":"fr_FR","og_type":"article","og_title":"AperiNenne in Fortezza - Visit Finale Ligure","og_description":"Ap\u00e9ritif et projections de mat\u00e9riel d'archives d\u00e9di\u00e9 \u00e0 Nenne Sanguineti Poggi. Une occasion en or pour d\u00e9couvrir une artiste sans fronti\u00e8res et un mus\u00e9e","og_url":"https:\/\/visitfinaleligure.it\/fr\/evento\/aperinenne-in-fortezza-2\/","og_site_name":"Visit Finale Ligure","article_publisher":"https:\/\/www.facebook.com\/VisitFinaleLigure","og_image":[{"width":2500,"height":1405,"url":"https:\/\/visitfinaleligure.it\/wp-content\/uploads\/2023\/03\/Capo-caprazoppa-1-1.jpg","type":"image\/jpeg"}],"twitter_card":"summary_large_image","twitter_misc":{"Dur\u00e9e de lecture estim\u00e9e":"1 minute"},"schema":{"@context":"https:\/\/schema.org","@graph":[{"@type":"WebPage","@id":"https:\/\/visitfinaleligure.it\/fr\/evento\/aperinenne-in-fortezza-2\/","url":"https:\/\/visitfinaleligure.it\/fr\/evento\/aperinenne-in-fortezza-2\/","name":"AperiNenne in Fortezza - Visit Finale Ligure","isPartOf":{"@id":"https:\/\/visitfinaleligure.it\/fr\/#website"},"datePublished":"2026-08-27T09:19:49+00:00","description":"Ap\u00e9ritif et projections de mat\u00e9riel d'archives d\u00e9di\u00e9 \u00e0 Nenne Sanguineti Poggi. Une occasion en or pour d\u00e9couvrir une artiste sans fronti\u00e8res et un mus\u00e9e","breadcrumb":{"@id":"https:\/\/visitfinaleligure.it\/fr\/evento\/aperinenne-in-fortezza-2\/#breadcrumb"},"inLanguage":"fr-FR","potentialAction":[{"@type":"ReadAction","target":["https:\/\/visitfinaleligure.it\/fr\/evento\/aperinenne-in-fortezza-2\/"]}]},{"@type":"BreadcrumbList","@id":"https:\/\/visitfinaleligure.it\/fr\/evento\/aperinenne-in-fortezza-2\/#breadcrumb","itemListElement":[{"@type":"ListItem","position":1,"name":"Home","item":"https:\/\/visitfinaleligure.it\/fr\/"},{"@type":"ListItem","position":2,"name":"Eventi","item":"https:\/\/visitfinaleligure.it\/fr\/evento\/"},{"@type":"ListItem","position":3,"name":"AperiNenne in Fortezza"}]},{"@type":"WebSite","@id":"https:\/\/visitfinaleligure.it\/fr\/#website","url":"https:\/\/visitfinaleligure.it\/fr\/","name":"Visit Finale Ligure","description":"My perfect place","publisher":{"@id":"https:\/\/visitfinaleligure.it\/fr\/#organization"},"potentialAction":[{"@type":"SearchAction","target":{"@type":"EntryPoint","urlTemplate":"https:\/\/visitfinaleligure.it\/fr\/?s={search_term_string}"},"query-input":{"@type":"PropertyValueSpecification","valueRequired":true,"valueName":"search_term_string"}}],"inLanguage":"fr-FR"},{"@type":"Organization","@id":"https:\/\/visitfinaleligure.it\/fr\/#organization","name":"Comune di Finale Ligure","url":"https:\/\/visitfinaleligure.it\/fr\/","logo":{"@type":"ImageObject","inLanguage":"fr-FR","@id":"https:\/\/visitfinaleligure.it\/fr\/#\/schema\/logo\/image\/","url":"https:\/\/visitfinaleligure.it\/wp-content\/uploads\/2023\/04\/cropped-finaleligure-verticale-positivo-200x200-1.png","contentUrl":"https:\/\/visitfinaleligure.it\/wp-content\/uploads\/2023\/04\/cropped-finaleligure-verticale-positivo-200x200-1.png","width":512,"height":512,"caption":"Comune di Finale Ligure"},"image":{"@id":"https:\/\/visitfinaleligure.it\/fr\/#\/schema\/logo\/image\/"},"sameAs":["https:\/\/www.facebook.com\/VisitFinaleLigure","https:\/\/www.instagram.com\/visitfinale\/","https:\/\/www.youtube.com\/channel\/UCLmoLfNmrAt9mSCll9egttw"]}]}},"_links":{"self":[{"href":"https:\/\/visitfinaleligure.it\/fr\/wp-json\/wp\/v2\/evento\/23856","targetHints":{"allow":["GET"]}}],"collection":[{"href":"https:\/\/visitfinaleligure.it\/fr\/wp-json\/wp\/v2\/evento"}],"about":[{"href":"https:\/\/visitfinaleligure.it\/fr\/wp-json\/wp\/v2\/types\/evento"}],"wp:attachment":[{"href":"https:\/\/visitfinaleligure.it\/fr\/wp-json\/wp\/v2\/media?parent=23856"}],"wp:term":[{"taxonomy":"localita","embeddable":true,"href":"https:\/\/visitfinaleligure.it\/fr\/wp-json\/wp\/v2\/localita?post=23856"},{"taxonomy":"temi_vacanza","embeddable":true,"href":"https:\/\/visitfinaleligure.it\/fr\/wp-json\/wp\/v2\/temi_vacanza?post=23856"},{"taxonomy":"classificazioni","embeddable":true,"href":"https:\/\/visitfinaleligure.it\/fr\/wp-json\/wp\/v2\/classificazioni?post=23856"},{"taxonomy":"eventi_seriali","embeddable":true,"href":"https:\/\/visitfinaleligure.it\/fr\/wp-json\/wp\/v2\/eventi_seriali?post=23856"},{"taxonomy":"servizi","embeddable":true,"href":"https:\/\/visitfinaleligure.it\/fr\/wp-json\/wp\/v2\/servizi?post=23856"}],"curies":[{"name":"wp","href":"https:\/\/api.w.org\/{rel}","templated":true}]}}

<p>Apéritif et projections de matériel d&#8217;archives dédié à Nenne Sanguineti Poggi. Une occasion en or pour découvrir une artiste sans frontières et un musée loin des lieux communs.</p>
<p><i>Déborah Sanguineti</i>, la nièce de Nenne, est venue spécialement des États-Unis pour cet événement, où nous nous souviendrons tous ensemble d&#8217;une femme spéciale et d&#8217;une artiste emblématique du modernisme italien dans le monde.</p>
<p>En 2024, une œuvre de Nenne Sanguineti Poggi a été sélectionnée et exposée à la <i>Biennale Internationale d’art de Venise</i>.<br />Après les expositions à New York et Philadelphie, Milan, Gênes, Mantoue, Savone, Nenne revient dans sa Finale où elle a vécu la dernière partie de sa vie dans un nouveau musée à découvrir que nous avons eu le plaisir d&#8217;inaugurer en avril 2026, grâce au soutien de Vincenzo Sanguineti et NSP Art Usa et Italie, Franco Parisi, Luciana Bertorelli, de la Fondation De Mari, de la Commune de Finale Ligure et du Maire Angelo Berlangieri.&nbsp;</p>
<p>Appréciée par Vittorio Sgarbi qui lui a consacré une importante contribution critique lors du colloque de Milan en 2019, Nenne est une figure féminine importante à se rappeler, à connaître et à valoriser pour l&#8217;internationalité de son art.</p>
<p>Nous t&#8217;attendons jeudi 6 août pour une fête en bord de mer sur les terrasses de la forteresse en sa mémoire avec Déborah, de nombreux amis et tous ceux qui souhaitent découvrir le NSP MUSEUM.</p>

<!-- This site is optimized with the Yoast SEO plugin v28.3 - https://yoast.com/product/yoast-seo-wordpress/ -->
<title>AperiNenne in Fortezza - Visit Finale Ligure</title>
<meta name="description" content="Apéritif et projections de matériel d&#039;archives dédié à Nenne Sanguineti Poggi. Une occasion en or pour découvrir une artiste sans frontières et un musée" />
<meta name="robots" content="index, follow, max-snippet:-1, max-image-preview:large, max-video-preview:-1" />
<link rel="canonical" href="https://visitfinaleligure.it/fr/evento/aperinenne-in-fortezza-2/" />
<meta property="og:locale" content="fr_FR" />
<meta property="og:type" content="article" />
<meta property="og:title" content="AperiNenne in Fortezza - Visit Finale Ligure" />
<meta property="og:description" content="Apéritif et projections de matériel d&#039;archives dédié à Nenne Sanguineti Poggi. Une occasion en or pour découvrir une artiste sans frontières et un musée" />
<meta property="og:url" content="https://visitfinaleligure.it/fr/evento/aperinenne-in-fortezza-2/" />
<meta property="og:site_name" content="Visit Finale Ligure" />
<meta property="article:publisher" content="https://www.facebook.com/VisitFinaleLigure" />
<meta property="og:image" content="https://visitfinaleligure.it/wp-content/uploads/2023/03/Capo-caprazoppa-1-1.jpg" />
	<meta property="og:image:width" content="2500" />
	<meta property="og:image:height" content="1405" />
	<meta property="og:image:type" content="image/jpeg" />
<meta name="twitter:card" content="summary_large_image" />
<meta name="twitter:label1" content="Durée de lecture estimée" />
	<meta name="twitter:data1" content="1 minute" />
<script type="application/ld+json" class="yoast-schema-graph">{"@context":"https:\/\/schema.org","@graph":[{"@type":"WebPage","@id":"https:\/\/visitfinaleligure.it\/fr\/evento\/aperinenne-in-fortezza-2\/","url":"https:\/\/visitfinaleligure.it\/fr\/evento\/aperinenne-in-fortezza-2\/","name":"AperiNenne in Fortezza - Visit Finale Ligure","isPartOf":{"@id":"https:\/\/visitfinaleligure.it\/fr\/#website"},"datePublished":"2026-08-27T09:19:49+00:00","description":"Apéritif et projections de matériel d'archives dédié à Nenne Sanguineti Poggi. Une occasion en or pour découvrir une artiste sans frontières et un musée","breadcrumb":{"@id":"https:\/\/visitfinaleligure.it\/fr\/evento\/aperinenne-in-fortezza-2\/#breadcrumb"},"inLanguage":"fr-FR","potentialAction":[{"@type":"ReadAction","target":["https:\/\/visitfinaleligure.it\/fr\/evento\/aperinenne-in-fortezza-2\/"]}]},{"@type":"BreadcrumbList","@id":"https:\/\/visitfinaleligure.it\/fr\/evento\/aperinenne-in-fortezza-2\/#breadcrumb","itemListElement":[{"@type":"ListItem","position":1,"name":"Home","item":"https:\/\/visitfinaleligure.it\/fr\/"},{"@type":"ListItem","position":2,"name":"Eventi","item":"https:\/\/visitfinaleligure.it\/fr\/evento\/"},{"@type":"ListItem","position":3,"name":"AperiNenne in Fortezza"}]},{"@type":"WebSite","@id":"https:\/\/visitfinaleligure.it\/fr\/#website","url":"https:\/\/visitfinaleligure.it\/fr\/","name":"Visit Finale Ligure","description":"My perfect place","publisher":{"@id":"https:\/\/visitfinaleligure.it\/fr\/#organization"},"potentialAction":[{"@type":"SearchAction","target":{"@type":"EntryPoint","urlTemplate":"https:\/\/visitfinaleligure.it\/fr\/?s={search_term_string}"},"query-input":{"@type":"PropertyValueSpecification","valueRequired":true,"valueName":"search_term_string"}}],"inLanguage":"fr-FR"},{"@type":"Organization","@id":"https:\/\/visitfinaleligure.it\/fr\/#organization","name":"Comune di Finale Ligure","url":"https:\/\/visitfinaleligure.it\/fr\/","logo":{"@type":"ImageObject","inLanguage":"fr-FR","@id":"https:\/\/visitfinaleligure.it\/fr\/#\/schema\/logo\/image\/","url":"https:\/\/visitfinaleligure.it\/wp-content\/uploads\/2023\/04\/cropped-finaleligure-verticale-positivo-200x200-1.png","contentUrl":"https:\/\/visitfinaleligure.it\/wp-content\/uploads\/2023\/04\/cropped-finaleligure-verticale-positivo-200x200-1.png","width":512,"height":512,"caption":"Comune di Finale Ligure"},"image":{"@id":"https:\/\/visitfinaleligure.it\/fr\/#\/schema\/logo\/image\/"},"sameAs":["https:\/\/www.facebook.com\/VisitFinaleLigure","https:\/\/www.instagram.com\/visitfinale\/","https:\/\/www.youtube.com\/channel\/UCLmoLfNmrAt9mSCll9egttw"]}]}</script>
<!-- / Yoast SEO plugin. -->

Apéritif et projections de matériel d'archives dédié à Nenne Sanguineti Poggi. Une occasion en or pour découvrir une artiste sans frontières et un musée
