{"id":23868,"date":"2026-08-27T11:19:49","date_gmt":"2026-08-27T09:19:49","guid":{"rendered":"https:\/\/visitfinaleligure.it\/evento\/finale-summer-festival-di-marco-show-2\/"},"modified":"2026-08-27T11:19:49","modified_gmt":"2026-08-27T09:19:49","slug":"finale-summer-festival-di-marco-show-2","status":"publish","type":"evento","link":"https:\/\/visitfinaleligure.it\/fr\/evento\/finale-summer-festival-di-marco-show-2\/","title":{"rendered":"FINALE SUMMER FESTIVAL: Di Marco Show"},"content":{"rendered":"<p>Un r\u00e9cital o\u00f9 la musique n&#8217;est pas seulement protagoniste, mais devient un v\u00e9ritable fil conducteur : imp\u00e9tueux, \u00e9crasant, capable d&#8217;entra\u00eener avec elle des rires, des \u00e9motions et des personnages. Un flux continu qui fait ressurgir des souvenirs, refl\u00e8te nos fa\u00e7ons d&#8217;\u00eatre et nous met devant \u2013 avec l\u00e9g\u00e8ret\u00e9 et ironie \u2013 les petits d\u00e9fauts et les \u201cidioties\u201d quotidiennes qui nous rassemblent tous. <br \/>D&#8217;irr\u00e9sistibles parodies de morceaux tr\u00e8s c\u00e9l\u00e8bres, de Battisti jusqu&#8217;aux jeunes trappeurs, au r\u00e9cit musical de nos tics et de nos contradictions, jusqu&#8217;aux hits qui, comme le sugg\u00e8re le mot lui-m\u00eame, finissent par nous hanter vraiment.<br \/>Il n&#8217;y a pas de manque d&#8217;un regard sur G\u00eanes et Milan, symboles d&#8217;un \u00e9ternel confrontement : avec les villes, avec les autres, mais surtout avec nous-m\u00eames.<\/p>\n","protected":false},"featured_media":0,"template":"","meta":[],"localita":[222],"temi_vacanza":[1365,1366],"classificazioni":[1368,1367],"eventi_seriali":[],"servizi":[1420],"class_list":["post-23868","evento","type-evento","status-publish","hentry","localita-finale-ligure","temi_vacanza-cultura","temi_vacanza-liveexplore","classificazioni-cultura","classificazioni-liveexplore","servizi-one-man-show"],"yoast_head":"<!-- This site is optimized with the Yoast SEO plugin v28.3 - https:\/\/yoast.com\/product\/yoast-seo-wordpress\/ -->\n<title>FINALE SUMMER FESTIVAL: Di Marco Show - Visit Finale Ligure<\/title>\n<meta name=\"description\" content=\"Un r\u00e9cital o\u00f9 la musique n&#039;est pas seulement protagoniste, mais devient un v\u00e9ritable fil conducteur : imp\u00e9tueux, \u00e9crasant, capable d&#039;entra\u00eener avec elle\" \/>\n<meta name=\"robots\" content=\"index, follow, max-snippet:-1, max-image-preview:large, max-video-preview:-1\" \/>\n<link rel=\"canonical\" href=\"https:\/\/visitfinaleligure.it\/fr\/evento\/finale-summer-festival-di-marco-show-2\/\" \/>\n<meta property=\"og:locale\" content=\"fr_FR\" \/>\n<meta property=\"og:type\" content=\"article\" \/>\n<meta property=\"og:title\" content=\"FINALE SUMMER FESTIVAL: Di Marco Show - Visit Finale Ligure\" \/>\n<meta property=\"og:description\" content=\"Un r\u00e9cital o\u00f9 la musique n&#039;est pas seulement protagoniste, mais devient un v\u00e9ritable fil conducteur : imp\u00e9tueux, \u00e9crasant, capable d&#039;entra\u00eener avec elle\" \/>\n<meta property=\"og:url\" content=\"https:\/\/visitfinaleligure.it\/fr\/evento\/finale-summer-festival-di-marco-show-2\/\" \/>\n<meta property=\"og:site_name\" content=\"Visit Finale Ligure\" \/>\n<meta property=\"article:publisher\" content=\"https:\/\/www.facebook.com\/VisitFinaleLigure\" \/>\n<meta property=\"og:image\" content=\"https:\/\/visitfinaleligure.it\/wp-content\/uploads\/2023\/03\/Capo-caprazoppa-1-1.jpg\" \/>\n\t<meta property=\"og:image:width\" content=\"2500\" \/>\n\t<meta property=\"og:image:height\" content=\"1405\" \/>\n\t<meta property=\"og:image:type\" content=\"image\/jpeg\" \/>\n<meta name=\"twitter:card\" content=\"summary_large_image\" \/>\n<meta name=\"twitter:label1\" content=\"Dur\u00e9e de lecture estim\u00e9e\" \/>\n\t<meta name=\"twitter:data1\" content=\"1 minute\" \/>\n<script type=\"application\/ld+json\" class=\"yoast-schema-graph\">{\"@context\":\"https:\\\/\\\/schema.org\",\"@graph\":[{\"@type\":\"WebPage\",\"@id\":\"https:\\\/\\\/visitfinaleligure.it\\\/fr\\\/evento\\\/finale-summer-festival-di-marco-show-2\\\/\",\"url\":\"https:\\\/\\\/visitfinaleligure.it\\\/fr\\\/evento\\\/finale-summer-festival-di-marco-show-2\\\/\",\"name\":\"FINALE SUMMER FESTIVAL: Di Marco Show - Visit Finale Ligure\",\"isPartOf\":{\"@id\":\"https:\\\/\\\/visitfinaleligure.it\\\/fr\\\/#website\"},\"datePublished\":\"2026-08-27T09:19:49+00:00\",\"description\":\"Un r\u00e9cital o\u00f9 la musique n'est pas seulement protagoniste, mais devient un v\u00e9ritable fil conducteur : imp\u00e9tueux, \u00e9crasant, capable d'entra\u00eener avec elle\",\"breadcrumb\":{\"@id\":\"https:\\\/\\\/visitfinaleligure.it\\\/fr\\\/evento\\\/finale-summer-festival-di-marco-show-2\\\/#breadcrumb\"},\"inLanguage\":\"fr-FR\",\"potentialAction\":[{\"@type\":\"ReadAction\",\"target\":[\"https:\\\/\\\/visitfinaleligure.it\\\/fr\\\/evento\\\/finale-summer-festival-di-marco-show-2\\\/\"]}]},{\"@type\":\"BreadcrumbList\",\"@id\":\"https:\\\/\\\/visitfinaleligure.it\\\/fr\\\/evento\\\/finale-summer-festival-di-marco-show-2\\\/#breadcrumb\",\"itemListElement\":[{\"@type\":\"ListItem\",\"position\":1,\"name\":\"Home\",\"item\":\"https:\\\/\\\/visitfinaleligure.it\\\/fr\\\/\"},{\"@type\":\"ListItem\",\"position\":2,\"name\":\"Eventi\",\"item\":\"https:\\\/\\\/visitfinaleligure.it\\\/fr\\\/evento\\\/\"},{\"@type\":\"ListItem\",\"position\":3,\"name\":\"FINALE SUMMER FESTIVAL: Di Marco Show\"}]},{\"@type\":\"WebSite\",\"@id\":\"https:\\\/\\\/visitfinaleligure.it\\\/fr\\\/#website\",\"url\":\"https:\\\/\\\/visitfinaleligure.it\\\/fr\\\/\",\"name\":\"Visit Finale Ligure\",\"description\":\"My perfect place\",\"publisher\":{\"@id\":\"https:\\\/\\\/visitfinaleligure.it\\\/fr\\\/#organization\"},\"potentialAction\":[{\"@type\":\"SearchAction\",\"target\":{\"@type\":\"EntryPoint\",\"urlTemplate\":\"https:\\\/\\\/visitfinaleligure.it\\\/fr\\\/?s={search_term_string}\"},\"query-input\":{\"@type\":\"PropertyValueSpecification\",\"valueRequired\":true,\"valueName\":\"search_term_string\"}}],\"inLanguage\":\"fr-FR\"},{\"@type\":\"Organization\",\"@id\":\"https:\\\/\\\/visitfinaleligure.it\\\/fr\\\/#organization\",\"name\":\"Comune di Finale Ligure\",\"url\":\"https:\\\/\\\/visitfinaleligure.it\\\/fr\\\/\",\"logo\":{\"@type\":\"ImageObject\",\"inLanguage\":\"fr-FR\",\"@id\":\"https:\\\/\\\/visitfinaleligure.it\\\/fr\\\/#\\\/schema\\\/logo\\\/image\\\/\",\"url\":\"https:\\\/\\\/visitfinaleligure.it\\\/wp-content\\\/uploads\\\/2023\\\/04\\\/cropped-finaleligure-verticale-positivo-200x200-1.png\",\"contentUrl\":\"https:\\\/\\\/visitfinaleligure.it\\\/wp-content\\\/uploads\\\/2023\\\/04\\\/cropped-finaleligure-verticale-positivo-200x200-1.png\",\"width\":512,\"height\":512,\"caption\":\"Comune di Finale Ligure\"},\"image\":{\"@id\":\"https:\\\/\\\/visitfinaleligure.it\\\/fr\\\/#\\\/schema\\\/logo\\\/image\\\/\"},\"sameAs\":[\"https:\\\/\\\/www.facebook.com\\\/VisitFinaleLigure\",\"https:\\\/\\\/www.instagram.com\\\/visitfinale\\\/\",\"https:\\\/\\\/www.youtube.com\\\/channel\\\/UCLmoLfNmrAt9mSCll9egttw\"]}]}<\/script>\n<!-- \/ Yoast SEO plugin. -->","yoast_head_json":{"title":"FINALE SUMMER FESTIVAL: Di Marco Show - Visit Finale Ligure","description":"Un r\u00e9cital o\u00f9 la musique n'est pas seulement protagoniste, mais devient un v\u00e9ritable fil conducteur : imp\u00e9tueux, \u00e9crasant, capable d'entra\u00eener avec elle","robots":{"index":"index","follow":"follow","max-snippet":"max-snippet:-1","max-image-preview":"max-image-preview:large","max-video-preview":"max-video-preview:-1"},"canonical":"https:\/\/visitfinaleligure.it\/fr\/evento\/finale-summer-festival-di-marco-show-2\/","og_locale":"fr_FR","og_type":"article","og_title":"FINALE SUMMER FESTIVAL: Di Marco Show - Visit Finale Ligure","og_description":"Un r\u00e9cital o\u00f9 la musique n'est pas seulement protagoniste, mais devient un v\u00e9ritable fil conducteur : imp\u00e9tueux, \u00e9crasant, capable d'entra\u00eener avec elle","og_url":"https:\/\/visitfinaleligure.it\/fr\/evento\/finale-summer-festival-di-marco-show-2\/","og_site_name":"Visit Finale Ligure","article_publisher":"https:\/\/www.facebook.com\/VisitFinaleLigure","og_image":[{"width":2500,"height":1405,"url":"https:\/\/visitfinaleligure.it\/wp-content\/uploads\/2023\/03\/Capo-caprazoppa-1-1.jpg","type":"image\/jpeg"}],"twitter_card":"summary_large_image","twitter_misc":{"Dur\u00e9e de lecture estim\u00e9e":"1 minute"},"schema":{"@context":"https:\/\/schema.org","@graph":[{"@type":"WebPage","@id":"https:\/\/visitfinaleligure.it\/fr\/evento\/finale-summer-festival-di-marco-show-2\/","url":"https:\/\/visitfinaleligure.it\/fr\/evento\/finale-summer-festival-di-marco-show-2\/","name":"FINALE SUMMER FESTIVAL: Di Marco Show - Visit Finale Ligure","isPartOf":{"@id":"https:\/\/visitfinaleligure.it\/fr\/#website"},"datePublished":"2026-08-27T09:19:49+00:00","description":"Un r\u00e9cital o\u00f9 la musique n'est pas seulement protagoniste, mais devient un v\u00e9ritable fil conducteur : imp\u00e9tueux, \u00e9crasant, capable d'entra\u00eener avec elle","breadcrumb":{"@id":"https:\/\/visitfinaleligure.it\/fr\/evento\/finale-summer-festival-di-marco-show-2\/#breadcrumb"},"inLanguage":"fr-FR","potentialAction":[{"@type":"ReadAction","target":["https:\/\/visitfinaleligure.it\/fr\/evento\/finale-summer-festival-di-marco-show-2\/"]}]},{"@type":"BreadcrumbList","@id":"https:\/\/visitfinaleligure.it\/fr\/evento\/finale-summer-festival-di-marco-show-2\/#breadcrumb","itemListElement":[{"@type":"ListItem","position":1,"name":"Home","item":"https:\/\/visitfinaleligure.it\/fr\/"},{"@type":"ListItem","position":2,"name":"Eventi","item":"https:\/\/visitfinaleligure.it\/fr\/evento\/"},{"@type":"ListItem","position":3,"name":"FINALE SUMMER FESTIVAL: Di Marco Show"}]},{"@type":"WebSite","@id":"https:\/\/visitfinaleligure.it\/fr\/#website","url":"https:\/\/visitfinaleligure.it\/fr\/","name":"Visit Finale Ligure","description":"My perfect place","publisher":{"@id":"https:\/\/visitfinaleligure.it\/fr\/#organization"},"potentialAction":[{"@type":"SearchAction","target":{"@type":"EntryPoint","urlTemplate":"https:\/\/visitfinaleligure.it\/fr\/?s={search_term_string}"},"query-input":{"@type":"PropertyValueSpecification","valueRequired":true,"valueName":"search_term_string"}}],"inLanguage":"fr-FR"},{"@type":"Organization","@id":"https:\/\/visitfinaleligure.it\/fr\/#organization","name":"Comune di Finale Ligure","url":"https:\/\/visitfinaleligure.it\/fr\/","logo":{"@type":"ImageObject","inLanguage":"fr-FR","@id":"https:\/\/visitfinaleligure.it\/fr\/#\/schema\/logo\/image\/","url":"https:\/\/visitfinaleligure.it\/wp-content\/uploads\/2023\/04\/cropped-finaleligure-verticale-positivo-200x200-1.png","contentUrl":"https:\/\/visitfinaleligure.it\/wp-content\/uploads\/2023\/04\/cropped-finaleligure-verticale-positivo-200x200-1.png","width":512,"height":512,"caption":"Comune di Finale Ligure"},"image":{"@id":"https:\/\/visitfinaleligure.it\/fr\/#\/schema\/logo\/image\/"},"sameAs":["https:\/\/www.facebook.com\/VisitFinaleLigure","https:\/\/www.instagram.com\/visitfinale\/","https:\/\/www.youtube.com\/channel\/UCLmoLfNmrAt9mSCll9egttw"]}]}},"_links":{"self":[{"href":"https:\/\/visitfinaleligure.it\/fr\/wp-json\/wp\/v2\/evento\/23868","targetHints":{"allow":["GET"]}}],"collection":[{"href":"https:\/\/visitfinaleligure.it\/fr\/wp-json\/wp\/v2\/evento"}],"about":[{"href":"https:\/\/visitfinaleligure.it\/fr\/wp-json\/wp\/v2\/types\/evento"}],"wp:attachment":[{"href":"https:\/\/visitfinaleligure.it\/fr\/wp-json\/wp\/v2\/media?parent=23868"}],"wp:term":[{"taxonomy":"localita","embeddable":true,"href":"https:\/\/visitfinaleligure.it\/fr\/wp-json\/wp\/v2\/localita?post=23868"},{"taxonomy":"temi_vacanza","embeddable":true,"href":"https:\/\/visitfinaleligure.it\/fr\/wp-json\/wp\/v2\/temi_vacanza?post=23868"},{"taxonomy":"classificazioni","embeddable":true,"href":"https:\/\/visitfinaleligure.it\/fr\/wp-json\/wp\/v2\/classificazioni?post=23868"},{"taxonomy":"eventi_seriali","embeddable":true,"href":"https:\/\/visitfinaleligure.it\/fr\/wp-json\/wp\/v2\/eventi_seriali?post=23868"},{"taxonomy":"servizi","embeddable":true,"href":"https:\/\/visitfinaleligure.it\/fr\/wp-json\/wp\/v2\/servizi?post=23868"}],"curies":[{"name":"wp","href":"https:\/\/api.w.org\/{rel}","templated":true}]}}

<p>Un récital où la musique n&#8217;est pas seulement protagoniste, mais devient un véritable fil conducteur : impétueux, écrasant, capable d&#8217;entraîner avec elle des rires, des émotions et des personnages. Un flux continu qui fait ressurgir des souvenirs, reflète nos façons d&#8217;être et nous met devant – avec légèreté et ironie – les petits défauts et les “idioties” quotidiennes qui nous rassemblent tous. <br />D&#8217;irrésistibles parodies de morceaux très célèbres, de Battisti jusqu&#8217;aux jeunes trappeurs, au récit musical de nos tics et de nos contradictions, jusqu&#8217;aux hits qui, comme le suggère le mot lui-même, finissent par nous hanter vraiment.<br />Il n&#8217;y a pas de manque d&#8217;un regard sur Gênes et Milan, symboles d&#8217;un éternel confrontement : avec les villes, avec les autres, mais surtout avec nous-mêmes.</p>

<!-- This site is optimized with the Yoast SEO plugin v28.3 - https://yoast.com/product/yoast-seo-wordpress/ -->
<title>FINALE SUMMER FESTIVAL: Di Marco Show - Visit Finale Ligure</title>
<meta name="description" content="Un récital où la musique n&#039;est pas seulement protagoniste, mais devient un véritable fil conducteur : impétueux, écrasant, capable d&#039;entraîner avec elle" />
<meta name="robots" content="index, follow, max-snippet:-1, max-image-preview:large, max-video-preview:-1" />
<link rel="canonical" href="https://visitfinaleligure.it/fr/evento/finale-summer-festival-di-marco-show-2/" />
<meta property="og:locale" content="fr_FR" />
<meta property="og:type" content="article" />
<meta property="og:title" content="FINALE SUMMER FESTIVAL: Di Marco Show - Visit Finale Ligure" />
<meta property="og:description" content="Un récital où la musique n&#039;est pas seulement protagoniste, mais devient un véritable fil conducteur : impétueux, écrasant, capable d&#039;entraîner avec elle" />
<meta property="og:url" content="https://visitfinaleligure.it/fr/evento/finale-summer-festival-di-marco-show-2/" />
<meta property="og:site_name" content="Visit Finale Ligure" />
<meta property="article:publisher" content="https://www.facebook.com/VisitFinaleLigure" />
<meta property="og:image" content="https://visitfinaleligure.it/wp-content/uploads/2023/03/Capo-caprazoppa-1-1.jpg" />
	<meta property="og:image:width" content="2500" />
	<meta property="og:image:height" content="1405" />
	<meta property="og:image:type" content="image/jpeg" />
<meta name="twitter:card" content="summary_large_image" />
<meta name="twitter:label1" content="Durée de lecture estimée" />
	<meta name="twitter:data1" content="1 minute" />
<script type="application/ld+json" class="yoast-schema-graph">{"@context":"https:\/\/schema.org","@graph":[{"@type":"WebPage","@id":"https:\/\/visitfinaleligure.it\/fr\/evento\/finale-summer-festival-di-marco-show-2\/","url":"https:\/\/visitfinaleligure.it\/fr\/evento\/finale-summer-festival-di-marco-show-2\/","name":"FINALE SUMMER FESTIVAL: Di Marco Show - Visit Finale Ligure","isPartOf":{"@id":"https:\/\/visitfinaleligure.it\/fr\/#website"},"datePublished":"2026-08-27T09:19:49+00:00","description":"Un récital où la musique n'est pas seulement protagoniste, mais devient un véritable fil conducteur : impétueux, écrasant, capable d'entraîner avec elle","breadcrumb":{"@id":"https:\/\/visitfinaleligure.it\/fr\/evento\/finale-summer-festival-di-marco-show-2\/#breadcrumb"},"inLanguage":"fr-FR","potentialAction":[{"@type":"ReadAction","target":["https:\/\/visitfinaleligure.it\/fr\/evento\/finale-summer-festival-di-marco-show-2\/"]}]},{"@type":"BreadcrumbList","@id":"https:\/\/visitfinaleligure.it\/fr\/evento\/finale-summer-festival-di-marco-show-2\/#breadcrumb","itemListElement":[{"@type":"ListItem","position":1,"name":"Home","item":"https:\/\/visitfinaleligure.it\/fr\/"},{"@type":"ListItem","position":2,"name":"Eventi","item":"https:\/\/visitfinaleligure.it\/fr\/evento\/"},{"@type":"ListItem","position":3,"name":"FINALE SUMMER FESTIVAL: Di Marco Show"}]},{"@type":"WebSite","@id":"https:\/\/visitfinaleligure.it\/fr\/#website","url":"https:\/\/visitfinaleligure.it\/fr\/","name":"Visit Finale Ligure","description":"My perfect place","publisher":{"@id":"https:\/\/visitfinaleligure.it\/fr\/#organization"},"potentialAction":[{"@type":"SearchAction","target":{"@type":"EntryPoint","urlTemplate":"https:\/\/visitfinaleligure.it\/fr\/?s={search_term_string}"},"query-input":{"@type":"PropertyValueSpecification","valueRequired":true,"valueName":"search_term_string"}}],"inLanguage":"fr-FR"},{"@type":"Organization","@id":"https:\/\/visitfinaleligure.it\/fr\/#organization","name":"Comune di Finale Ligure","url":"https:\/\/visitfinaleligure.it\/fr\/","logo":{"@type":"ImageObject","inLanguage":"fr-FR","@id":"https:\/\/visitfinaleligure.it\/fr\/#\/schema\/logo\/image\/","url":"https:\/\/visitfinaleligure.it\/wp-content\/uploads\/2023\/04\/cropped-finaleligure-verticale-positivo-200x200-1.png","contentUrl":"https:\/\/visitfinaleligure.it\/wp-content\/uploads\/2023\/04\/cropped-finaleligure-verticale-positivo-200x200-1.png","width":512,"height":512,"caption":"Comune di Finale Ligure"},"image":{"@id":"https:\/\/visitfinaleligure.it\/fr\/#\/schema\/logo\/image\/"},"sameAs":["https:\/\/www.facebook.com\/VisitFinaleLigure","https:\/\/www.instagram.com\/visitfinale\/","https:\/\/www.youtube.com\/channel\/UCLmoLfNmrAt9mSCll9egttw"]}]}</script>
<!-- / Yoast SEO plugin. -->

Un récital où la musique n'est pas seulement protagoniste, mais devient un véritable fil conducteur : impétueux, écrasant, capable d'entraîner avec elle
