{"id":24041,"date":"2026-08-27T11:19:58","date_gmt":"2026-08-27T09:19:58","guid":{"rendered":"https:\/\/visitfinaleligure.it\/evento\/unn-a-famiggia-comme-se-deve-2\/"},"modified":"2026-08-27T11:19:58","modified_gmt":"2026-08-27T09:19:58","slug":"unn-a-famiggia-comme-se-deve-2","status":"publish","type":"evento","link":"https:\/\/visitfinaleligure.it\/fr\/evento\/unn-a-famiggia-comme-se-deve-2\/","title":{"rendered":"&#8220;Unn-a famiggia comme se deve&#8221;"},"content":{"rendered":"<p>La compagnie th\u00e9\u00e2trale &#8220;<i>Les beaux que vous allez voir<\/i>&#8221; met en sc\u00e8ne&nbsp;&nbsp;le nouveau spectacle intitul\u00e9 &#8220;Une famille comme il se doit\u201d<\/p>\n<p>&nbsp;<\/p>\n","protected":false},"featured_media":0,"template":"","meta":[],"localita":[381],"temi_vacanza":[1365,1372],"classificazioni":[1368,1374],"eventi_seriali":[],"servizi":[1443],"class_list":["post-24041","evento","type-evento","status-publish","hentry","localita-gorra-olle","temi_vacanza-cultura","temi_vacanza-relax-lifestyle","classificazioni-cultura","classificazioni-relax-lifestyle","servizi-teatro-dialettale"],"yoast_head":"<!-- This site is optimized with the Yoast SEO plugin v28.3 - https:\/\/yoast.com\/product\/yoast-seo-wordpress\/ -->\n<title>&quot;Unn-a famiggia comme se deve&quot; - Visit Finale Ligure<\/title>\n<meta name=\"description\" content=\"La compagnie th\u00e9\u00e2trale &quot;Les beaux que vous allez voir&quot; met en sc\u00e8ne&nbsp;&nbsp;le nouveau spectacle intitul\u00e9 &quot;Une famille comme il se doit\u201d &nbsp;\" \/>\n<meta name=\"robots\" content=\"index, follow, max-snippet:-1, max-image-preview:large, max-video-preview:-1\" \/>\n<link rel=\"canonical\" href=\"https:\/\/visitfinaleligure.it\/fr\/evento\/unn-a-famiggia-comme-se-deve-2\/\" \/>\n<meta property=\"og:locale\" content=\"fr_FR\" \/>\n<meta property=\"og:type\" content=\"article\" \/>\n<meta property=\"og:title\" content=\"&quot;Unn-a famiggia comme se deve&quot; - Visit Finale Ligure\" \/>\n<meta property=\"og:description\" content=\"La compagnie th\u00e9\u00e2trale &quot;Les beaux que vous allez voir&quot; met en sc\u00e8ne&nbsp;&nbsp;le nouveau spectacle intitul\u00e9 &quot;Une famille comme il se doit\u201d &nbsp;\" \/>\n<meta property=\"og:url\" content=\"https:\/\/visitfinaleligure.it\/fr\/evento\/unn-a-famiggia-comme-se-deve-2\/\" \/>\n<meta property=\"og:site_name\" content=\"Visit Finale Ligure\" \/>\n<meta property=\"article:publisher\" content=\"https:\/\/www.facebook.com\/VisitFinaleLigure\" \/>\n<meta property=\"og:image\" content=\"https:\/\/visitfinaleligure.it\/wp-content\/uploads\/2023\/03\/Capo-caprazoppa-1-1.jpg\" \/>\n\t<meta property=\"og:image:width\" content=\"2500\" \/>\n\t<meta property=\"og:image:height\" content=\"1405\" \/>\n\t<meta property=\"og:image:type\" content=\"image\/jpeg\" \/>\n<meta name=\"twitter:card\" content=\"summary_large_image\" \/>\n<script type=\"application\/ld+json\" class=\"yoast-schema-graph\">{\"@context\":\"https:\\\/\\\/schema.org\",\"@graph\":[{\"@type\":\"WebPage\",\"@id\":\"https:\\\/\\\/visitfinaleligure.it\\\/fr\\\/evento\\\/unn-a-famiggia-comme-se-deve-2\\\/\",\"url\":\"https:\\\/\\\/visitfinaleligure.it\\\/fr\\\/evento\\\/unn-a-famiggia-comme-se-deve-2\\\/\",\"name\":\"\\\"Unn-a famiggia comme se deve\\\" - Visit Finale Ligure\",\"isPartOf\":{\"@id\":\"https:\\\/\\\/visitfinaleligure.it\\\/fr\\\/#website\"},\"datePublished\":\"2026-08-27T09:19:58+00:00\",\"description\":\"La compagnie th\u00e9\u00e2trale \\\"Les beaux que vous allez voir\\\" met en sc\u00e8ne&nbsp;&nbsp;le nouveau spectacle intitul\u00e9 \\\"Une famille comme il se doit\u201d &nbsp;\",\"breadcrumb\":{\"@id\":\"https:\\\/\\\/visitfinaleligure.it\\\/fr\\\/evento\\\/unn-a-famiggia-comme-se-deve-2\\\/#breadcrumb\"},\"inLanguage\":\"fr-FR\",\"potentialAction\":[{\"@type\":\"ReadAction\",\"target\":[\"https:\\\/\\\/visitfinaleligure.it\\\/fr\\\/evento\\\/unn-a-famiggia-comme-se-deve-2\\\/\"]}]},{\"@type\":\"BreadcrumbList\",\"@id\":\"https:\\\/\\\/visitfinaleligure.it\\\/fr\\\/evento\\\/unn-a-famiggia-comme-se-deve-2\\\/#breadcrumb\",\"itemListElement\":[{\"@type\":\"ListItem\",\"position\":1,\"name\":\"Home\",\"item\":\"https:\\\/\\\/visitfinaleligure.it\\\/fr\\\/\"},{\"@type\":\"ListItem\",\"position\":2,\"name\":\"Eventi\",\"item\":\"https:\\\/\\\/visitfinaleligure.it\\\/fr\\\/evento\\\/\"},{\"@type\":\"ListItem\",\"position\":3,\"name\":\"&#8220;Unn-a famiggia comme se deve&#8221;\"}]},{\"@type\":\"WebSite\",\"@id\":\"https:\\\/\\\/visitfinaleligure.it\\\/fr\\\/#website\",\"url\":\"https:\\\/\\\/visitfinaleligure.it\\\/fr\\\/\",\"name\":\"Visit Finale Ligure\",\"description\":\"My perfect place\",\"publisher\":{\"@id\":\"https:\\\/\\\/visitfinaleligure.it\\\/fr\\\/#organization\"},\"potentialAction\":[{\"@type\":\"SearchAction\",\"target\":{\"@type\":\"EntryPoint\",\"urlTemplate\":\"https:\\\/\\\/visitfinaleligure.it\\\/fr\\\/?s={search_term_string}\"},\"query-input\":{\"@type\":\"PropertyValueSpecification\",\"valueRequired\":true,\"valueName\":\"search_term_string\"}}],\"inLanguage\":\"fr-FR\"},{\"@type\":\"Organization\",\"@id\":\"https:\\\/\\\/visitfinaleligure.it\\\/fr\\\/#organization\",\"name\":\"Comune di Finale Ligure\",\"url\":\"https:\\\/\\\/visitfinaleligure.it\\\/fr\\\/\",\"logo\":{\"@type\":\"ImageObject\",\"inLanguage\":\"fr-FR\",\"@id\":\"https:\\\/\\\/visitfinaleligure.it\\\/fr\\\/#\\\/schema\\\/logo\\\/image\\\/\",\"url\":\"https:\\\/\\\/visitfinaleligure.it\\\/wp-content\\\/uploads\\\/2023\\\/04\\\/cropped-finaleligure-verticale-positivo-200x200-1.png\",\"contentUrl\":\"https:\\\/\\\/visitfinaleligure.it\\\/wp-content\\\/uploads\\\/2023\\\/04\\\/cropped-finaleligure-verticale-positivo-200x200-1.png\",\"width\":512,\"height\":512,\"caption\":\"Comune di Finale Ligure\"},\"image\":{\"@id\":\"https:\\\/\\\/visitfinaleligure.it\\\/fr\\\/#\\\/schema\\\/logo\\\/image\\\/\"},\"sameAs\":[\"https:\\\/\\\/www.facebook.com\\\/VisitFinaleLigure\",\"https:\\\/\\\/www.instagram.com\\\/visitfinale\\\/\",\"https:\\\/\\\/www.youtube.com\\\/channel\\\/UCLmoLfNmrAt9mSCll9egttw\"]}]}<\/script>\n<!-- \/ Yoast SEO plugin. -->","yoast_head_json":{"title":"\"Unn-a famiggia comme se deve\" - Visit Finale Ligure","description":"La compagnie th\u00e9\u00e2trale \"Les beaux que vous allez voir\" met en sc\u00e8ne&nbsp;&nbsp;le nouveau spectacle intitul\u00e9 \"Une famille comme il se doit\u201d &nbsp;","robots":{"index":"index","follow":"follow","max-snippet":"max-snippet:-1","max-image-preview":"max-image-preview:large","max-video-preview":"max-video-preview:-1"},"canonical":"https:\/\/visitfinaleligure.it\/fr\/evento\/unn-a-famiggia-comme-se-deve-2\/","og_locale":"fr_FR","og_type":"article","og_title":"\"Unn-a famiggia comme se deve\" - Visit Finale Ligure","og_description":"La compagnie th\u00e9\u00e2trale \"Les beaux que vous allez voir\" met en sc\u00e8ne&nbsp;&nbsp;le nouveau spectacle intitul\u00e9 \"Une famille comme il se doit\u201d &nbsp;","og_url":"https:\/\/visitfinaleligure.it\/fr\/evento\/unn-a-famiggia-comme-se-deve-2\/","og_site_name":"Visit Finale Ligure","article_publisher":"https:\/\/www.facebook.com\/VisitFinaleLigure","og_image":[{"width":2500,"height":1405,"url":"https:\/\/visitfinaleligure.it\/wp-content\/uploads\/2023\/03\/Capo-caprazoppa-1-1.jpg","type":"image\/jpeg"}],"twitter_card":"summary_large_image","schema":{"@context":"https:\/\/schema.org","@graph":[{"@type":"WebPage","@id":"https:\/\/visitfinaleligure.it\/fr\/evento\/unn-a-famiggia-comme-se-deve-2\/","url":"https:\/\/visitfinaleligure.it\/fr\/evento\/unn-a-famiggia-comme-se-deve-2\/","name":"\"Unn-a famiggia comme se deve\" - Visit Finale Ligure","isPartOf":{"@id":"https:\/\/visitfinaleligure.it\/fr\/#website"},"datePublished":"2026-08-27T09:19:58+00:00","description":"La compagnie th\u00e9\u00e2trale \"Les beaux que vous allez voir\" met en sc\u00e8ne&nbsp;&nbsp;le nouveau spectacle intitul\u00e9 \"Une famille comme il se doit\u201d &nbsp;","breadcrumb":{"@id":"https:\/\/visitfinaleligure.it\/fr\/evento\/unn-a-famiggia-comme-se-deve-2\/#breadcrumb"},"inLanguage":"fr-FR","potentialAction":[{"@type":"ReadAction","target":["https:\/\/visitfinaleligure.it\/fr\/evento\/unn-a-famiggia-comme-se-deve-2\/"]}]},{"@type":"BreadcrumbList","@id":"https:\/\/visitfinaleligure.it\/fr\/evento\/unn-a-famiggia-comme-se-deve-2\/#breadcrumb","itemListElement":[{"@type":"ListItem","position":1,"name":"Home","item":"https:\/\/visitfinaleligure.it\/fr\/"},{"@type":"ListItem","position":2,"name":"Eventi","item":"https:\/\/visitfinaleligure.it\/fr\/evento\/"},{"@type":"ListItem","position":3,"name":"&#8220;Unn-a famiggia comme se deve&#8221;"}]},{"@type":"WebSite","@id":"https:\/\/visitfinaleligure.it\/fr\/#website","url":"https:\/\/visitfinaleligure.it\/fr\/","name":"Visit Finale Ligure","description":"My perfect place","publisher":{"@id":"https:\/\/visitfinaleligure.it\/fr\/#organization"},"potentialAction":[{"@type":"SearchAction","target":{"@type":"EntryPoint","urlTemplate":"https:\/\/visitfinaleligure.it\/fr\/?s={search_term_string}"},"query-input":{"@type":"PropertyValueSpecification","valueRequired":true,"valueName":"search_term_string"}}],"inLanguage":"fr-FR"},{"@type":"Organization","@id":"https:\/\/visitfinaleligure.it\/fr\/#organization","name":"Comune di Finale Ligure","url":"https:\/\/visitfinaleligure.it\/fr\/","logo":{"@type":"ImageObject","inLanguage":"fr-FR","@id":"https:\/\/visitfinaleligure.it\/fr\/#\/schema\/logo\/image\/","url":"https:\/\/visitfinaleligure.it\/wp-content\/uploads\/2023\/04\/cropped-finaleligure-verticale-positivo-200x200-1.png","contentUrl":"https:\/\/visitfinaleligure.it\/wp-content\/uploads\/2023\/04\/cropped-finaleligure-verticale-positivo-200x200-1.png","width":512,"height":512,"caption":"Comune di Finale Ligure"},"image":{"@id":"https:\/\/visitfinaleligure.it\/fr\/#\/schema\/logo\/image\/"},"sameAs":["https:\/\/www.facebook.com\/VisitFinaleLigure","https:\/\/www.instagram.com\/visitfinale\/","https:\/\/www.youtube.com\/channel\/UCLmoLfNmrAt9mSCll9egttw"]}]}},"_links":{"self":[{"href":"https:\/\/visitfinaleligure.it\/fr\/wp-json\/wp\/v2\/evento\/24041","targetHints":{"allow":["GET"]}}],"collection":[{"href":"https:\/\/visitfinaleligure.it\/fr\/wp-json\/wp\/v2\/evento"}],"about":[{"href":"https:\/\/visitfinaleligure.it\/fr\/wp-json\/wp\/v2\/types\/evento"}],"wp:attachment":[{"href":"https:\/\/visitfinaleligure.it\/fr\/wp-json\/wp\/v2\/media?parent=24041"}],"wp:term":[{"taxonomy":"localita","embeddable":true,"href":"https:\/\/visitfinaleligure.it\/fr\/wp-json\/wp\/v2\/localita?post=24041"},{"taxonomy":"temi_vacanza","embeddable":true,"href":"https:\/\/visitfinaleligure.it\/fr\/wp-json\/wp\/v2\/temi_vacanza?post=24041"},{"taxonomy":"classificazioni","embeddable":true,"href":"https:\/\/visitfinaleligure.it\/fr\/wp-json\/wp\/v2\/classificazioni?post=24041"},{"taxonomy":"eventi_seriali","embeddable":true,"href":"https:\/\/visitfinaleligure.it\/fr\/wp-json\/wp\/v2\/eventi_seriali?post=24041"},{"taxonomy":"servizi","embeddable":true,"href":"https:\/\/visitfinaleligure.it\/fr\/wp-json\/wp\/v2\/servizi?post=24041"}],"curies":[{"name":"wp","href":"https:\/\/api.w.org\/{rel}","templated":true}]}}

<p>La compagnie théâtrale &#8220;<i>Les beaux que vous allez voir</i>&#8221; met en scène&nbsp;&nbsp;le nouveau spectacle intitulé &#8220;Une famille comme il se doit”</p>
<p>&nbsp;</p>

<!-- This site is optimized with the Yoast SEO plugin v28.3 - https://yoast.com/product/yoast-seo-wordpress/ -->
<title>&quot;Unn-a famiggia comme se deve&quot; - Visit Finale Ligure</title>
<meta name="description" content="La compagnie théâtrale &quot;Les beaux que vous allez voir&quot; met en scène&nbsp;&nbsp;le nouveau spectacle intitulé &quot;Une famille comme il se doit” &nbsp;" />
<meta name="robots" content="index, follow, max-snippet:-1, max-image-preview:large, max-video-preview:-1" />
<link rel="canonical" href="https://visitfinaleligure.it/fr/evento/unn-a-famiggia-comme-se-deve-2/" />
<meta property="og:locale" content="fr_FR" />
<meta property="og:type" content="article" />
<meta property="og:title" content="&quot;Unn-a famiggia comme se deve&quot; - Visit Finale Ligure" />
<meta property="og:description" content="La compagnie théâtrale &quot;Les beaux que vous allez voir&quot; met en scène&nbsp;&nbsp;le nouveau spectacle intitulé &quot;Une famille comme il se doit” &nbsp;" />
<meta property="og:url" content="https://visitfinaleligure.it/fr/evento/unn-a-famiggia-comme-se-deve-2/" />
<meta property="og:site_name" content="Visit Finale Ligure" />
<meta property="article:publisher" content="https://www.facebook.com/VisitFinaleLigure" />
<meta property="og:image" content="https://visitfinaleligure.it/wp-content/uploads/2023/03/Capo-caprazoppa-1-1.jpg" />
	<meta property="og:image:width" content="2500" />
	<meta property="og:image:height" content="1405" />
	<meta property="og:image:type" content="image/jpeg" />
<meta name="twitter:card" content="summary_large_image" />
<script type="application/ld+json" class="yoast-schema-graph">{"@context":"https:\/\/schema.org","@graph":[{"@type":"WebPage","@id":"https:\/\/visitfinaleligure.it\/fr\/evento\/unn-a-famiggia-comme-se-deve-2\/","url":"https:\/\/visitfinaleligure.it\/fr\/evento\/unn-a-famiggia-comme-se-deve-2\/","name":"\"Unn-a famiggia comme se deve\" - Visit Finale Ligure","isPartOf":{"@id":"https:\/\/visitfinaleligure.it\/fr\/#website"},"datePublished":"2026-08-27T09:19:58+00:00","description":"La compagnie théâtrale \"Les beaux que vous allez voir\" met en scène&nbsp;&nbsp;le nouveau spectacle intitulé \"Une famille comme il se doit” &nbsp;","breadcrumb":{"@id":"https:\/\/visitfinaleligure.it\/fr\/evento\/unn-a-famiggia-comme-se-deve-2\/#breadcrumb"},"inLanguage":"fr-FR","potentialAction":[{"@type":"ReadAction","target":["https:\/\/visitfinaleligure.it\/fr\/evento\/unn-a-famiggia-comme-se-deve-2\/"]}]},{"@type":"BreadcrumbList","@id":"https:\/\/visitfinaleligure.it\/fr\/evento\/unn-a-famiggia-comme-se-deve-2\/#breadcrumb","itemListElement":[{"@type":"ListItem","position":1,"name":"Home","item":"https:\/\/visitfinaleligure.it\/fr\/"},{"@type":"ListItem","position":2,"name":"Eventi","item":"https:\/\/visitfinaleligure.it\/fr\/evento\/"},{"@type":"ListItem","position":3,"name":"&#8220;Unn-a famiggia comme se deve&#8221;"}]},{"@type":"WebSite","@id":"https:\/\/visitfinaleligure.it\/fr\/#website","url":"https:\/\/visitfinaleligure.it\/fr\/","name":"Visit Finale Ligure","description":"My perfect place","publisher":{"@id":"https:\/\/visitfinaleligure.it\/fr\/#organization"},"potentialAction":[{"@type":"SearchAction","target":{"@type":"EntryPoint","urlTemplate":"https:\/\/visitfinaleligure.it\/fr\/?s={search_term_string}"},"query-input":{"@type":"PropertyValueSpecification","valueRequired":true,"valueName":"search_term_string"}}],"inLanguage":"fr-FR"},{"@type":"Organization","@id":"https:\/\/visitfinaleligure.it\/fr\/#organization","name":"Comune di Finale Ligure","url":"https:\/\/visitfinaleligure.it\/fr\/","logo":{"@type":"ImageObject","inLanguage":"fr-FR","@id":"https:\/\/visitfinaleligure.it\/fr\/#\/schema\/logo\/image\/","url":"https:\/\/visitfinaleligure.it\/wp-content\/uploads\/2023\/04\/cropped-finaleligure-verticale-positivo-200x200-1.png","contentUrl":"https:\/\/visitfinaleligure.it\/wp-content\/uploads\/2023\/04\/cropped-finaleligure-verticale-positivo-200x200-1.png","width":512,"height":512,"caption":"Comune di Finale Ligure"},"image":{"@id":"https:\/\/visitfinaleligure.it\/fr\/#\/schema\/logo\/image\/"},"sameAs":["https:\/\/www.facebook.com\/VisitFinaleLigure","https:\/\/www.instagram.com\/visitfinale\/","https:\/\/www.youtube.com\/channel\/UCLmoLfNmrAt9mSCll9egttw"]}]}</script>
<!-- / Yoast SEO plugin. -->

La compagnie théâtrale "Les beaux que vous allez voir" met en scène&nbsp;&nbsp;le nouveau spectacle intitulé "Une famille comme il se doit” &nbsp;
