{"id":24109,"date":"2026-08-27T11:20:01","date_gmt":"2026-08-27T09:20:01","guid":{"rendered":"https:\/\/visitfinaleligure.it\/evento\/finale-summer-festival-i-patagarri-2\/"},"modified":"2026-08-27T11:20:01","modified_gmt":"2026-08-27T09:20:01","slug":"finale-summer-festival-i-patagarri-2","status":"publish","type":"evento","link":"https:\/\/visitfinaleligure.it\/fr\/evento\/finale-summer-festival-i-patagarri-2\/","title":{"rendered":"FINALE SUMMER FESTIVAL: I Patagarri"},"content":{"rendered":"<p>La bande milanaise, avec son gipsy jazz joyeux et entra\u00eenant, cr\u00e9e un contraste entre le d\u00e9sir de fuir le quotidien et la duret\u00e9 de la vie \u00e0 laquelle on fait face pour poursuivre son r\u00eave musical.<\/p>\n","protected":false},"featured_media":0,"template":"","meta":[],"localita":[222],"temi_vacanza":[1365,1366],"classificazioni":[1368,1367],"eventi_seriali":[],"servizi":[1389],"class_list":["post-24109","evento","type-evento","status-publish","hentry","localita-finale-ligure","temi_vacanza-cultura","temi_vacanza-liveexplore","classificazioni-cultura","classificazioni-liveexplore","servizi-concerto"],"yoast_head":"<!-- This site is optimized with the Yoast SEO plugin v28.3 - https:\/\/yoast.com\/product\/yoast-seo-wordpress\/ -->\n<title>FINALE SUMMER FESTIVAL: I Patagarri - Visit Finale Ligure<\/title>\n<meta name=\"description\" content=\"La bande milanaise, avec son gipsy jazz joyeux et entra\u00eenant, cr\u00e9e un contraste entre le d\u00e9sir de fuir le quotidien et la duret\u00e9 de la vie \u00e0 laquelle on\" \/>\n<meta name=\"robots\" content=\"index, follow, max-snippet:-1, max-image-preview:large, max-video-preview:-1\" \/>\n<link rel=\"canonical\" href=\"https:\/\/visitfinaleligure.it\/fr\/evento\/finale-summer-festival-i-patagarri-2\/\" \/>\n<meta property=\"og:locale\" content=\"fr_FR\" \/>\n<meta property=\"og:type\" content=\"article\" \/>\n<meta property=\"og:title\" content=\"FINALE SUMMER FESTIVAL: I Patagarri - Visit Finale Ligure\" \/>\n<meta property=\"og:description\" content=\"La bande milanaise, avec son gipsy jazz joyeux et entra\u00eenant, cr\u00e9e un contraste entre le d\u00e9sir de fuir le quotidien et la duret\u00e9 de la vie \u00e0 laquelle on\" \/>\n<meta property=\"og:url\" content=\"https:\/\/visitfinaleligure.it\/fr\/evento\/finale-summer-festival-i-patagarri-2\/\" \/>\n<meta property=\"og:site_name\" content=\"Visit Finale Ligure\" \/>\n<meta property=\"article:publisher\" content=\"https:\/\/www.facebook.com\/VisitFinaleLigure\" \/>\n<meta property=\"og:image\" content=\"https:\/\/visitfinaleligure.it\/wp-content\/uploads\/2023\/03\/Capo-caprazoppa-1-1.jpg\" \/>\n\t<meta property=\"og:image:width\" content=\"2500\" \/>\n\t<meta property=\"og:image:height\" content=\"1405\" \/>\n\t<meta property=\"og:image:type\" content=\"image\/jpeg\" \/>\n<meta name=\"twitter:card\" content=\"summary_large_image\" \/>\n<script type=\"application\/ld+json\" class=\"yoast-schema-graph\">{\"@context\":\"https:\\\/\\\/schema.org\",\"@graph\":[{\"@type\":\"WebPage\",\"@id\":\"https:\\\/\\\/visitfinaleligure.it\\\/fr\\\/evento\\\/finale-summer-festival-i-patagarri-2\\\/\",\"url\":\"https:\\\/\\\/visitfinaleligure.it\\\/fr\\\/evento\\\/finale-summer-festival-i-patagarri-2\\\/\",\"name\":\"FINALE SUMMER FESTIVAL: I Patagarri - Visit Finale Ligure\",\"isPartOf\":{\"@id\":\"https:\\\/\\\/visitfinaleligure.it\\\/fr\\\/#website\"},\"datePublished\":\"2026-08-27T09:20:01+00:00\",\"description\":\"La bande milanaise, avec son gipsy jazz joyeux et entra\u00eenant, cr\u00e9e un contraste entre le d\u00e9sir de fuir le quotidien et la duret\u00e9 de la vie \u00e0 laquelle on\",\"breadcrumb\":{\"@id\":\"https:\\\/\\\/visitfinaleligure.it\\\/fr\\\/evento\\\/finale-summer-festival-i-patagarri-2\\\/#breadcrumb\"},\"inLanguage\":\"fr-FR\",\"potentialAction\":[{\"@type\":\"ReadAction\",\"target\":[\"https:\\\/\\\/visitfinaleligure.it\\\/fr\\\/evento\\\/finale-summer-festival-i-patagarri-2\\\/\"]}]},{\"@type\":\"BreadcrumbList\",\"@id\":\"https:\\\/\\\/visitfinaleligure.it\\\/fr\\\/evento\\\/finale-summer-festival-i-patagarri-2\\\/#breadcrumb\",\"itemListElement\":[{\"@type\":\"ListItem\",\"position\":1,\"name\":\"Home\",\"item\":\"https:\\\/\\\/visitfinaleligure.it\\\/fr\\\/\"},{\"@type\":\"ListItem\",\"position\":2,\"name\":\"Eventi\",\"item\":\"https:\\\/\\\/visitfinaleligure.it\\\/fr\\\/evento\\\/\"},{\"@type\":\"ListItem\",\"position\":3,\"name\":\"FINALE SUMMER FESTIVAL: I Patagarri\"}]},{\"@type\":\"WebSite\",\"@id\":\"https:\\\/\\\/visitfinaleligure.it\\\/fr\\\/#website\",\"url\":\"https:\\\/\\\/visitfinaleligure.it\\\/fr\\\/\",\"name\":\"Visit Finale Ligure\",\"description\":\"My perfect place\",\"publisher\":{\"@id\":\"https:\\\/\\\/visitfinaleligure.it\\\/fr\\\/#organization\"},\"potentialAction\":[{\"@type\":\"SearchAction\",\"target\":{\"@type\":\"EntryPoint\",\"urlTemplate\":\"https:\\\/\\\/visitfinaleligure.it\\\/fr\\\/?s={search_term_string}\"},\"query-input\":{\"@type\":\"PropertyValueSpecification\",\"valueRequired\":true,\"valueName\":\"search_term_string\"}}],\"inLanguage\":\"fr-FR\"},{\"@type\":\"Organization\",\"@id\":\"https:\\\/\\\/visitfinaleligure.it\\\/fr\\\/#organization\",\"name\":\"Comune di Finale Ligure\",\"url\":\"https:\\\/\\\/visitfinaleligure.it\\\/fr\\\/\",\"logo\":{\"@type\":\"ImageObject\",\"inLanguage\":\"fr-FR\",\"@id\":\"https:\\\/\\\/visitfinaleligure.it\\\/fr\\\/#\\\/schema\\\/logo\\\/image\\\/\",\"url\":\"https:\\\/\\\/visitfinaleligure.it\\\/wp-content\\\/uploads\\\/2023\\\/04\\\/cropped-finaleligure-verticale-positivo-200x200-1.png\",\"contentUrl\":\"https:\\\/\\\/visitfinaleligure.it\\\/wp-content\\\/uploads\\\/2023\\\/04\\\/cropped-finaleligure-verticale-positivo-200x200-1.png\",\"width\":512,\"height\":512,\"caption\":\"Comune di Finale Ligure\"},\"image\":{\"@id\":\"https:\\\/\\\/visitfinaleligure.it\\\/fr\\\/#\\\/schema\\\/logo\\\/image\\\/\"},\"sameAs\":[\"https:\\\/\\\/www.facebook.com\\\/VisitFinaleLigure\",\"https:\\\/\\\/www.instagram.com\\\/visitfinale\\\/\",\"https:\\\/\\\/www.youtube.com\\\/channel\\\/UCLmoLfNmrAt9mSCll9egttw\"]}]}<\/script>\n<!-- \/ Yoast SEO plugin. -->","yoast_head_json":{"title":"FINALE SUMMER FESTIVAL: I Patagarri - Visit Finale Ligure","description":"La bande milanaise, avec son gipsy jazz joyeux et entra\u00eenant, cr\u00e9e un contraste entre le d\u00e9sir de fuir le quotidien et la duret\u00e9 de la vie \u00e0 laquelle on","robots":{"index":"index","follow":"follow","max-snippet":"max-snippet:-1","max-image-preview":"max-image-preview:large","max-video-preview":"max-video-preview:-1"},"canonical":"https:\/\/visitfinaleligure.it\/fr\/evento\/finale-summer-festival-i-patagarri-2\/","og_locale":"fr_FR","og_type":"article","og_title":"FINALE SUMMER FESTIVAL: I Patagarri - Visit Finale Ligure","og_description":"La bande milanaise, avec son gipsy jazz joyeux et entra\u00eenant, cr\u00e9e un contraste entre le d\u00e9sir de fuir le quotidien et la duret\u00e9 de la vie \u00e0 laquelle on","og_url":"https:\/\/visitfinaleligure.it\/fr\/evento\/finale-summer-festival-i-patagarri-2\/","og_site_name":"Visit Finale Ligure","article_publisher":"https:\/\/www.facebook.com\/VisitFinaleLigure","og_image":[{"width":2500,"height":1405,"url":"https:\/\/visitfinaleligure.it\/wp-content\/uploads\/2023\/03\/Capo-caprazoppa-1-1.jpg","type":"image\/jpeg"}],"twitter_card":"summary_large_image","schema":{"@context":"https:\/\/schema.org","@graph":[{"@type":"WebPage","@id":"https:\/\/visitfinaleligure.it\/fr\/evento\/finale-summer-festival-i-patagarri-2\/","url":"https:\/\/visitfinaleligure.it\/fr\/evento\/finale-summer-festival-i-patagarri-2\/","name":"FINALE SUMMER FESTIVAL: I Patagarri - Visit Finale Ligure","isPartOf":{"@id":"https:\/\/visitfinaleligure.it\/fr\/#website"},"datePublished":"2026-08-27T09:20:01+00:00","description":"La bande milanaise, avec son gipsy jazz joyeux et entra\u00eenant, cr\u00e9e un contraste entre le d\u00e9sir de fuir le quotidien et la duret\u00e9 de la vie \u00e0 laquelle on","breadcrumb":{"@id":"https:\/\/visitfinaleligure.it\/fr\/evento\/finale-summer-festival-i-patagarri-2\/#breadcrumb"},"inLanguage":"fr-FR","potentialAction":[{"@type":"ReadAction","target":["https:\/\/visitfinaleligure.it\/fr\/evento\/finale-summer-festival-i-patagarri-2\/"]}]},{"@type":"BreadcrumbList","@id":"https:\/\/visitfinaleligure.it\/fr\/evento\/finale-summer-festival-i-patagarri-2\/#breadcrumb","itemListElement":[{"@type":"ListItem","position":1,"name":"Home","item":"https:\/\/visitfinaleligure.it\/fr\/"},{"@type":"ListItem","position":2,"name":"Eventi","item":"https:\/\/visitfinaleligure.it\/fr\/evento\/"},{"@type":"ListItem","position":3,"name":"FINALE SUMMER FESTIVAL: I Patagarri"}]},{"@type":"WebSite","@id":"https:\/\/visitfinaleligure.it\/fr\/#website","url":"https:\/\/visitfinaleligure.it\/fr\/","name":"Visit Finale Ligure","description":"My perfect place","publisher":{"@id":"https:\/\/visitfinaleligure.it\/fr\/#organization"},"potentialAction":[{"@type":"SearchAction","target":{"@type":"EntryPoint","urlTemplate":"https:\/\/visitfinaleligure.it\/fr\/?s={search_term_string}"},"query-input":{"@type":"PropertyValueSpecification","valueRequired":true,"valueName":"search_term_string"}}],"inLanguage":"fr-FR"},{"@type":"Organization","@id":"https:\/\/visitfinaleligure.it\/fr\/#organization","name":"Comune di Finale Ligure","url":"https:\/\/visitfinaleligure.it\/fr\/","logo":{"@type":"ImageObject","inLanguage":"fr-FR","@id":"https:\/\/visitfinaleligure.it\/fr\/#\/schema\/logo\/image\/","url":"https:\/\/visitfinaleligure.it\/wp-content\/uploads\/2023\/04\/cropped-finaleligure-verticale-positivo-200x200-1.png","contentUrl":"https:\/\/visitfinaleligure.it\/wp-content\/uploads\/2023\/04\/cropped-finaleligure-verticale-positivo-200x200-1.png","width":512,"height":512,"caption":"Comune di Finale Ligure"},"image":{"@id":"https:\/\/visitfinaleligure.it\/fr\/#\/schema\/logo\/image\/"},"sameAs":["https:\/\/www.facebook.com\/VisitFinaleLigure","https:\/\/www.instagram.com\/visitfinale\/","https:\/\/www.youtube.com\/channel\/UCLmoLfNmrAt9mSCll9egttw"]}]}},"_links":{"self":[{"href":"https:\/\/visitfinaleligure.it\/fr\/wp-json\/wp\/v2\/evento\/24109","targetHints":{"allow":["GET"]}}],"collection":[{"href":"https:\/\/visitfinaleligure.it\/fr\/wp-json\/wp\/v2\/evento"}],"about":[{"href":"https:\/\/visitfinaleligure.it\/fr\/wp-json\/wp\/v2\/types\/evento"}],"wp:attachment":[{"href":"https:\/\/visitfinaleligure.it\/fr\/wp-json\/wp\/v2\/media?parent=24109"}],"wp:term":[{"taxonomy":"localita","embeddable":true,"href":"https:\/\/visitfinaleligure.it\/fr\/wp-json\/wp\/v2\/localita?post=24109"},{"taxonomy":"temi_vacanza","embeddable":true,"href":"https:\/\/visitfinaleligure.it\/fr\/wp-json\/wp\/v2\/temi_vacanza?post=24109"},{"taxonomy":"classificazioni","embeddable":true,"href":"https:\/\/visitfinaleligure.it\/fr\/wp-json\/wp\/v2\/classificazioni?post=24109"},{"taxonomy":"eventi_seriali","embeddable":true,"href":"https:\/\/visitfinaleligure.it\/fr\/wp-json\/wp\/v2\/eventi_seriali?post=24109"},{"taxonomy":"servizi","embeddable":true,"href":"https:\/\/visitfinaleligure.it\/fr\/wp-json\/wp\/v2\/servizi?post=24109"}],"curies":[{"name":"wp","href":"https:\/\/api.w.org\/{rel}","templated":true}]}}

<p>La bande milanaise, avec son gipsy jazz joyeux et entraînant, crée un contraste entre le désir de fuir le quotidien et la dureté de la vie à laquelle on fait face pour poursuivre son rêve musical.</p>

<!-- This site is optimized with the Yoast SEO plugin v28.3 - https://yoast.com/product/yoast-seo-wordpress/ -->
<title>FINALE SUMMER FESTIVAL: I Patagarri - Visit Finale Ligure</title>
<meta name="description" content="La bande milanaise, avec son gipsy jazz joyeux et entraînant, crée un contraste entre le désir de fuir le quotidien et la dureté de la vie à laquelle on" />
<meta name="robots" content="index, follow, max-snippet:-1, max-image-preview:large, max-video-preview:-1" />
<link rel="canonical" href="https://visitfinaleligure.it/fr/evento/finale-summer-festival-i-patagarri-2/" />
<meta property="og:locale" content="fr_FR" />
<meta property="og:type" content="article" />
<meta property="og:title" content="FINALE SUMMER FESTIVAL: I Patagarri - Visit Finale Ligure" />
<meta property="og:description" content="La bande milanaise, avec son gipsy jazz joyeux et entraînant, crée un contraste entre le désir de fuir le quotidien et la dureté de la vie à laquelle on" />
<meta property="og:url" content="https://visitfinaleligure.it/fr/evento/finale-summer-festival-i-patagarri-2/" />
<meta property="og:site_name" content="Visit Finale Ligure" />
<meta property="article:publisher" content="https://www.facebook.com/VisitFinaleLigure" />
<meta property="og:image" content="https://visitfinaleligure.it/wp-content/uploads/2023/03/Capo-caprazoppa-1-1.jpg" />
	<meta property="og:image:width" content="2500" />
	<meta property="og:image:height" content="1405" />
	<meta property="og:image:type" content="image/jpeg" />
<meta name="twitter:card" content="summary_large_image" />
<script type="application/ld+json" class="yoast-schema-graph">{"@context":"https:\/\/schema.org","@graph":[{"@type":"WebPage","@id":"https:\/\/visitfinaleligure.it\/fr\/evento\/finale-summer-festival-i-patagarri-2\/","url":"https:\/\/visitfinaleligure.it\/fr\/evento\/finale-summer-festival-i-patagarri-2\/","name":"FINALE SUMMER FESTIVAL: I Patagarri - Visit Finale Ligure","isPartOf":{"@id":"https:\/\/visitfinaleligure.it\/fr\/#website"},"datePublished":"2026-08-27T09:20:01+00:00","description":"La bande milanaise, avec son gipsy jazz joyeux et entraînant, crée un contraste entre le désir de fuir le quotidien et la dureté de la vie à laquelle on","breadcrumb":{"@id":"https:\/\/visitfinaleligure.it\/fr\/evento\/finale-summer-festival-i-patagarri-2\/#breadcrumb"},"inLanguage":"fr-FR","potentialAction":[{"@type":"ReadAction","target":["https:\/\/visitfinaleligure.it\/fr\/evento\/finale-summer-festival-i-patagarri-2\/"]}]},{"@type":"BreadcrumbList","@id":"https:\/\/visitfinaleligure.it\/fr\/evento\/finale-summer-festival-i-patagarri-2\/#breadcrumb","itemListElement":[{"@type":"ListItem","position":1,"name":"Home","item":"https:\/\/visitfinaleligure.it\/fr\/"},{"@type":"ListItem","position":2,"name":"Eventi","item":"https:\/\/visitfinaleligure.it\/fr\/evento\/"},{"@type":"ListItem","position":3,"name":"FINALE SUMMER FESTIVAL: I Patagarri"}]},{"@type":"WebSite","@id":"https:\/\/visitfinaleligure.it\/fr\/#website","url":"https:\/\/visitfinaleligure.it\/fr\/","name":"Visit Finale Ligure","description":"My perfect place","publisher":{"@id":"https:\/\/visitfinaleligure.it\/fr\/#organization"},"potentialAction":[{"@type":"SearchAction","target":{"@type":"EntryPoint","urlTemplate":"https:\/\/visitfinaleligure.it\/fr\/?s={search_term_string}"},"query-input":{"@type":"PropertyValueSpecification","valueRequired":true,"valueName":"search_term_string"}}],"inLanguage":"fr-FR"},{"@type":"Organization","@id":"https:\/\/visitfinaleligure.it\/fr\/#organization","name":"Comune di Finale Ligure","url":"https:\/\/visitfinaleligure.it\/fr\/","logo":{"@type":"ImageObject","inLanguage":"fr-FR","@id":"https:\/\/visitfinaleligure.it\/fr\/#\/schema\/logo\/image\/","url":"https:\/\/visitfinaleligure.it\/wp-content\/uploads\/2023\/04\/cropped-finaleligure-verticale-positivo-200x200-1.png","contentUrl":"https:\/\/visitfinaleligure.it\/wp-content\/uploads\/2023\/04\/cropped-finaleligure-verticale-positivo-200x200-1.png","width":512,"height":512,"caption":"Comune di Finale Ligure"},"image":{"@id":"https:\/\/visitfinaleligure.it\/fr\/#\/schema\/logo\/image\/"},"sameAs":["https:\/\/www.facebook.com\/VisitFinaleLigure","https:\/\/www.instagram.com\/visitfinale\/","https:\/\/www.youtube.com\/channel\/UCLmoLfNmrAt9mSCll9egttw"]}]}</script>
<!-- / Yoast SEO plugin. -->

La bande milanaise, avec son gipsy jazz joyeux et entraînant, crée un contraste entre le désir de fuir le quotidien et la dureté de la vie à laquelle on
