{"id":24170,"date":"2026-08-27T11:20:05","date_gmt":"2026-08-27T09:20:05","guid":{"rendered":"https:\/\/visitfinaleligure.it\/evento\/animali-selvatici-nel-finalese-3\/"},"modified":"2026-08-27T11:20:05","modified_gmt":"2026-08-27T09:20:05","slug":"animali-selvatici-nel-finalese-3","status":"publish","type":"evento","link":"https:\/\/visitfinaleligure.it\/fr\/evento\/animali-selvatici-nel-finalese-3\/","title":{"rendered":"Animali selvatici nel finalese"},"content":{"rendered":"<p>Par l&#8217;Association Celesia<\/p>\n<p>Projection du documentaire&nbsp;<i>\u201cAnimaux sauvages dans le finalese\u201d <\/i>d&#8217;Antonio Narice<\/p>\n<p>Les prises de vues, totalement in\u00e9dites, sont relatives \u00e0 la p\u00e9riode juillet 2025 \u2013 juin 2026, et cette ann\u00e9e, en plus de superbes vid\u00e9os de la fouine europ\u00e9enne s&#8217;\u00e9tablissant comme le porc-\u00e9pic dans nos for\u00eats, sont particuli\u00e8rement consacr\u00e9es aux rapaces diurnes et nocturnes. \u00c0 cet \u00e9gard, une vid\u00e9o exceptionnelle a \u00e9t\u00e9 ajout\u00e9e, enregistr\u00e9e ce mois de juillet lorsque le documentaire \u00e9tait d\u00e9j\u00e0 en pr\u00e9paration, dans laquelle on capte la pr\u00e9sence extraordinaire dans l&#8217;arri\u00e8re-pays imm\u00e9diat du finalese de sa majest\u00e9 l&#8217;aigle royal. L&#8217;oiseau, qui \u00e9tait probablement en transit, se repose bri\u00e8vement sur un promontoire rocheux montrant toute sa beaut\u00e9.<\/p>\n","protected":false},"featured_media":0,"template":"","meta":[],"localita":[201],"temi_vacanza":[1365,1372],"classificazioni":[1368,1374],"eventi_seriali":[],"servizi":[1446],"class_list":["post-24170","evento","type-evento","status-publish","hentry","localita-finalborgo","temi_vacanza-cultura","temi_vacanza-relax-lifestyle","classificazioni-cultura","classificazioni-relax-lifestyle","servizi-proiezione-documentario"],"yoast_head":"<!-- This site is optimized with the Yoast SEO plugin v28.3 - https:\/\/yoast.com\/product\/yoast-seo-wordpress\/ -->\n<title>Animali selvatici nel finalese - Visit Finale Ligure<\/title>\n<meta name=\"description\" content=\"Par l&#039;Association Celesia Projection du documentaire&nbsp;\u201cAnimaux sauvages dans le finalese\u201d d&#039;Antonio Narice Les prises de vues, totalement in\u00e9dites,\" \/>\n<meta name=\"robots\" content=\"index, follow, max-snippet:-1, max-image-preview:large, max-video-preview:-1\" \/>\n<link rel=\"canonical\" href=\"https:\/\/visitfinaleligure.it\/fr\/evento\/animali-selvatici-nel-finalese-3\/\" \/>\n<meta property=\"og:locale\" content=\"fr_FR\" \/>\n<meta property=\"og:type\" content=\"article\" \/>\n<meta property=\"og:title\" content=\"Animali selvatici nel finalese - Visit Finale Ligure\" \/>\n<meta property=\"og:description\" content=\"Par l&#039;Association Celesia Projection du documentaire&nbsp;\u201cAnimaux sauvages dans le finalese\u201d d&#039;Antonio Narice Les prises de vues, totalement in\u00e9dites,\" \/>\n<meta property=\"og:url\" content=\"https:\/\/visitfinaleligure.it\/fr\/evento\/animali-selvatici-nel-finalese-3\/\" \/>\n<meta property=\"og:site_name\" content=\"Visit Finale Ligure\" \/>\n<meta property=\"article:publisher\" content=\"https:\/\/www.facebook.com\/VisitFinaleLigure\" \/>\n<meta property=\"og:image\" content=\"https:\/\/visitfinaleligure.it\/wp-content\/uploads\/2023\/03\/Capo-caprazoppa-1-1.jpg\" \/>\n\t<meta property=\"og:image:width\" content=\"2500\" \/>\n\t<meta property=\"og:image:height\" content=\"1405\" \/>\n\t<meta property=\"og:image:type\" content=\"image\/jpeg\" \/>\n<meta name=\"twitter:card\" content=\"summary_large_image\" \/>\n<meta name=\"twitter:label1\" content=\"Dur\u00e9e de lecture estim\u00e9e\" \/>\n\t<meta name=\"twitter:data1\" content=\"1 minute\" \/>\n<script type=\"application\/ld+json\" class=\"yoast-schema-graph\">{\"@context\":\"https:\\\/\\\/schema.org\",\"@graph\":[{\"@type\":\"WebPage\",\"@id\":\"https:\\\/\\\/visitfinaleligure.it\\\/fr\\\/evento\\\/animali-selvatici-nel-finalese-3\\\/\",\"url\":\"https:\\\/\\\/visitfinaleligure.it\\\/fr\\\/evento\\\/animali-selvatici-nel-finalese-3\\\/\",\"name\":\"Animali selvatici nel finalese - Visit Finale Ligure\",\"isPartOf\":{\"@id\":\"https:\\\/\\\/visitfinaleligure.it\\\/fr\\\/#website\"},\"datePublished\":\"2026-08-27T09:20:05+00:00\",\"description\":\"Par l'Association Celesia Projection du documentaire&nbsp;\u201cAnimaux sauvages dans le finalese\u201d d'Antonio Narice Les prises de vues, totalement in\u00e9dites,\",\"breadcrumb\":{\"@id\":\"https:\\\/\\\/visitfinaleligure.it\\\/fr\\\/evento\\\/animali-selvatici-nel-finalese-3\\\/#breadcrumb\"},\"inLanguage\":\"fr-FR\",\"potentialAction\":[{\"@type\":\"ReadAction\",\"target\":[\"https:\\\/\\\/visitfinaleligure.it\\\/fr\\\/evento\\\/animali-selvatici-nel-finalese-3\\\/\"]}]},{\"@type\":\"BreadcrumbList\",\"@id\":\"https:\\\/\\\/visitfinaleligure.it\\\/fr\\\/evento\\\/animali-selvatici-nel-finalese-3\\\/#breadcrumb\",\"itemListElement\":[{\"@type\":\"ListItem\",\"position\":1,\"name\":\"Home\",\"item\":\"https:\\\/\\\/visitfinaleligure.it\\\/fr\\\/\"},{\"@type\":\"ListItem\",\"position\":2,\"name\":\"Eventi\",\"item\":\"https:\\\/\\\/visitfinaleligure.it\\\/fr\\\/evento\\\/\"},{\"@type\":\"ListItem\",\"position\":3,\"name\":\"Animali selvatici nel finalese\"}]},{\"@type\":\"WebSite\",\"@id\":\"https:\\\/\\\/visitfinaleligure.it\\\/fr\\\/#website\",\"url\":\"https:\\\/\\\/visitfinaleligure.it\\\/fr\\\/\",\"name\":\"Visit Finale Ligure\",\"description\":\"My perfect place\",\"publisher\":{\"@id\":\"https:\\\/\\\/visitfinaleligure.it\\\/fr\\\/#organization\"},\"potentialAction\":[{\"@type\":\"SearchAction\",\"target\":{\"@type\":\"EntryPoint\",\"urlTemplate\":\"https:\\\/\\\/visitfinaleligure.it\\\/fr\\\/?s={search_term_string}\"},\"query-input\":{\"@type\":\"PropertyValueSpecification\",\"valueRequired\":true,\"valueName\":\"search_term_string\"}}],\"inLanguage\":\"fr-FR\"},{\"@type\":\"Organization\",\"@id\":\"https:\\\/\\\/visitfinaleligure.it\\\/fr\\\/#organization\",\"name\":\"Comune di Finale Ligure\",\"url\":\"https:\\\/\\\/visitfinaleligure.it\\\/fr\\\/\",\"logo\":{\"@type\":\"ImageObject\",\"inLanguage\":\"fr-FR\",\"@id\":\"https:\\\/\\\/visitfinaleligure.it\\\/fr\\\/#\\\/schema\\\/logo\\\/image\\\/\",\"url\":\"https:\\\/\\\/visitfinaleligure.it\\\/wp-content\\\/uploads\\\/2023\\\/04\\\/cropped-finaleligure-verticale-positivo-200x200-1.png\",\"contentUrl\":\"https:\\\/\\\/visitfinaleligure.it\\\/wp-content\\\/uploads\\\/2023\\\/04\\\/cropped-finaleligure-verticale-positivo-200x200-1.png\",\"width\":512,\"height\":512,\"caption\":\"Comune di Finale Ligure\"},\"image\":{\"@id\":\"https:\\\/\\\/visitfinaleligure.it\\\/fr\\\/#\\\/schema\\\/logo\\\/image\\\/\"},\"sameAs\":[\"https:\\\/\\\/www.facebook.com\\\/VisitFinaleLigure\",\"https:\\\/\\\/www.instagram.com\\\/visitfinale\\\/\",\"https:\\\/\\\/www.youtube.com\\\/channel\\\/UCLmoLfNmrAt9mSCll9egttw\"]}]}<\/script>\n<!-- \/ Yoast SEO plugin. -->","yoast_head_json":{"title":"Animali selvatici nel finalese - Visit Finale Ligure","description":"Par l'Association Celesia Projection du documentaire&nbsp;\u201cAnimaux sauvages dans le finalese\u201d d'Antonio Narice Les prises de vues, totalement in\u00e9dites,","robots":{"index":"index","follow":"follow","max-snippet":"max-snippet:-1","max-image-preview":"max-image-preview:large","max-video-preview":"max-video-preview:-1"},"canonical":"https:\/\/visitfinaleligure.it\/fr\/evento\/animali-selvatici-nel-finalese-3\/","og_locale":"fr_FR","og_type":"article","og_title":"Animali selvatici nel finalese - Visit Finale Ligure","og_description":"Par l'Association Celesia Projection du documentaire&nbsp;\u201cAnimaux sauvages dans le finalese\u201d d'Antonio Narice Les prises de vues, totalement in\u00e9dites,","og_url":"https:\/\/visitfinaleligure.it\/fr\/evento\/animali-selvatici-nel-finalese-3\/","og_site_name":"Visit Finale Ligure","article_publisher":"https:\/\/www.facebook.com\/VisitFinaleLigure","og_image":[{"width":2500,"height":1405,"url":"https:\/\/visitfinaleligure.it\/wp-content\/uploads\/2023\/03\/Capo-caprazoppa-1-1.jpg","type":"image\/jpeg"}],"twitter_card":"summary_large_image","twitter_misc":{"Dur\u00e9e de lecture estim\u00e9e":"1 minute"},"schema":{"@context":"https:\/\/schema.org","@graph":[{"@type":"WebPage","@id":"https:\/\/visitfinaleligure.it\/fr\/evento\/animali-selvatici-nel-finalese-3\/","url":"https:\/\/visitfinaleligure.it\/fr\/evento\/animali-selvatici-nel-finalese-3\/","name":"Animali selvatici nel finalese - Visit Finale Ligure","isPartOf":{"@id":"https:\/\/visitfinaleligure.it\/fr\/#website"},"datePublished":"2026-08-27T09:20:05+00:00","description":"Par l'Association Celesia Projection du documentaire&nbsp;\u201cAnimaux sauvages dans le finalese\u201d d'Antonio Narice Les prises de vues, totalement in\u00e9dites,","breadcrumb":{"@id":"https:\/\/visitfinaleligure.it\/fr\/evento\/animali-selvatici-nel-finalese-3\/#breadcrumb"},"inLanguage":"fr-FR","potentialAction":[{"@type":"ReadAction","target":["https:\/\/visitfinaleligure.it\/fr\/evento\/animali-selvatici-nel-finalese-3\/"]}]},{"@type":"BreadcrumbList","@id":"https:\/\/visitfinaleligure.it\/fr\/evento\/animali-selvatici-nel-finalese-3\/#breadcrumb","itemListElement":[{"@type":"ListItem","position":1,"name":"Home","item":"https:\/\/visitfinaleligure.it\/fr\/"},{"@type":"ListItem","position":2,"name":"Eventi","item":"https:\/\/visitfinaleligure.it\/fr\/evento\/"},{"@type":"ListItem","position":3,"name":"Animali selvatici nel finalese"}]},{"@type":"WebSite","@id":"https:\/\/visitfinaleligure.it\/fr\/#website","url":"https:\/\/visitfinaleligure.it\/fr\/","name":"Visit Finale Ligure","description":"My perfect place","publisher":{"@id":"https:\/\/visitfinaleligure.it\/fr\/#organization"},"potentialAction":[{"@type":"SearchAction","target":{"@type":"EntryPoint","urlTemplate":"https:\/\/visitfinaleligure.it\/fr\/?s={search_term_string}"},"query-input":{"@type":"PropertyValueSpecification","valueRequired":true,"valueName":"search_term_string"}}],"inLanguage":"fr-FR"},{"@type":"Organization","@id":"https:\/\/visitfinaleligure.it\/fr\/#organization","name":"Comune di Finale Ligure","url":"https:\/\/visitfinaleligure.it\/fr\/","logo":{"@type":"ImageObject","inLanguage":"fr-FR","@id":"https:\/\/visitfinaleligure.it\/fr\/#\/schema\/logo\/image\/","url":"https:\/\/visitfinaleligure.it\/wp-content\/uploads\/2023\/04\/cropped-finaleligure-verticale-positivo-200x200-1.png","contentUrl":"https:\/\/visitfinaleligure.it\/wp-content\/uploads\/2023\/04\/cropped-finaleligure-verticale-positivo-200x200-1.png","width":512,"height":512,"caption":"Comune di Finale Ligure"},"image":{"@id":"https:\/\/visitfinaleligure.it\/fr\/#\/schema\/logo\/image\/"},"sameAs":["https:\/\/www.facebook.com\/VisitFinaleLigure","https:\/\/www.instagram.com\/visitfinale\/","https:\/\/www.youtube.com\/channel\/UCLmoLfNmrAt9mSCll9egttw"]}]}},"_links":{"self":[{"href":"https:\/\/visitfinaleligure.it\/fr\/wp-json\/wp\/v2\/evento\/24170","targetHints":{"allow":["GET"]}}],"collection":[{"href":"https:\/\/visitfinaleligure.it\/fr\/wp-json\/wp\/v2\/evento"}],"about":[{"href":"https:\/\/visitfinaleligure.it\/fr\/wp-json\/wp\/v2\/types\/evento"}],"wp:attachment":[{"href":"https:\/\/visitfinaleligure.it\/fr\/wp-json\/wp\/v2\/media?parent=24170"}],"wp:term":[{"taxonomy":"localita","embeddable":true,"href":"https:\/\/visitfinaleligure.it\/fr\/wp-json\/wp\/v2\/localita?post=24170"},{"taxonomy":"temi_vacanza","embeddable":true,"href":"https:\/\/visitfinaleligure.it\/fr\/wp-json\/wp\/v2\/temi_vacanza?post=24170"},{"taxonomy":"classificazioni","embeddable":true,"href":"https:\/\/visitfinaleligure.it\/fr\/wp-json\/wp\/v2\/classificazioni?post=24170"},{"taxonomy":"eventi_seriali","embeddable":true,"href":"https:\/\/visitfinaleligure.it\/fr\/wp-json\/wp\/v2\/eventi_seriali?post=24170"},{"taxonomy":"servizi","embeddable":true,"href":"https:\/\/visitfinaleligure.it\/fr\/wp-json\/wp\/v2\/servizi?post=24170"}],"curies":[{"name":"wp","href":"https:\/\/api.w.org\/{rel}","templated":true}]}}

<p>Par l&#8217;Association Celesia</p>
<p>Projection du documentaire&nbsp;<i>“Animaux sauvages dans le finalese” </i>d&#8217;Antonio Narice</p>
<p>Les prises de vues, totalement inédites, sont relatives à la période juillet 2025 – juin 2026, et cette année, en plus de superbes vidéos de la fouine européenne s&#8217;établissant comme le porc-épic dans nos forêts, sont particulièrement consacrées aux rapaces diurnes et nocturnes. À cet égard, une vidéo exceptionnelle a été ajoutée, enregistrée ce mois de juillet lorsque le documentaire était déjà en préparation, dans laquelle on capte la présence extraordinaire dans l&#8217;arrière-pays immédiat du finalese de sa majesté l&#8217;aigle royal. L&#8217;oiseau, qui était probablement en transit, se repose brièvement sur un promontoire rocheux montrant toute sa beauté.</p>

<!-- This site is optimized with the Yoast SEO plugin v28.3 - https://yoast.com/product/yoast-seo-wordpress/ -->
<title>Animali selvatici nel finalese - Visit Finale Ligure</title>
<meta name="description" content="Par l&#039;Association Celesia Projection du documentaire&nbsp;“Animaux sauvages dans le finalese” d&#039;Antonio Narice Les prises de vues, totalement inédites," />
<meta name="robots" content="index, follow, max-snippet:-1, max-image-preview:large, max-video-preview:-1" />
<link rel="canonical" href="https://visitfinaleligure.it/fr/evento/animali-selvatici-nel-finalese-3/" />
<meta property="og:locale" content="fr_FR" />
<meta property="og:type" content="article" />
<meta property="og:title" content="Animali selvatici nel finalese - Visit Finale Ligure" />
<meta property="og:description" content="Par l&#039;Association Celesia Projection du documentaire&nbsp;“Animaux sauvages dans le finalese” d&#039;Antonio Narice Les prises de vues, totalement inédites," />
<meta property="og:url" content="https://visitfinaleligure.it/fr/evento/animali-selvatici-nel-finalese-3/" />
<meta property="og:site_name" content="Visit Finale Ligure" />
<meta property="article:publisher" content="https://www.facebook.com/VisitFinaleLigure" />
<meta property="og:image" content="https://visitfinaleligure.it/wp-content/uploads/2023/03/Capo-caprazoppa-1-1.jpg" />
	<meta property="og:image:width" content="2500" />
	<meta property="og:image:height" content="1405" />
	<meta property="og:image:type" content="image/jpeg" />
<meta name="twitter:card" content="summary_large_image" />
<meta name="twitter:label1" content="Durée de lecture estimée" />
	<meta name="twitter:data1" content="1 minute" />
<script type="application/ld+json" class="yoast-schema-graph">{"@context":"https:\/\/schema.org","@graph":[{"@type":"WebPage","@id":"https:\/\/visitfinaleligure.it\/fr\/evento\/animali-selvatici-nel-finalese-3\/","url":"https:\/\/visitfinaleligure.it\/fr\/evento\/animali-selvatici-nel-finalese-3\/","name":"Animali selvatici nel finalese - Visit Finale Ligure","isPartOf":{"@id":"https:\/\/visitfinaleligure.it\/fr\/#website"},"datePublished":"2026-08-27T09:20:05+00:00","description":"Par l'Association Celesia Projection du documentaire&nbsp;“Animaux sauvages dans le finalese” d'Antonio Narice Les prises de vues, totalement inédites,","breadcrumb":{"@id":"https:\/\/visitfinaleligure.it\/fr\/evento\/animali-selvatici-nel-finalese-3\/#breadcrumb"},"inLanguage":"fr-FR","potentialAction":[{"@type":"ReadAction","target":["https:\/\/visitfinaleligure.it\/fr\/evento\/animali-selvatici-nel-finalese-3\/"]}]},{"@type":"BreadcrumbList","@id":"https:\/\/visitfinaleligure.it\/fr\/evento\/animali-selvatici-nel-finalese-3\/#breadcrumb","itemListElement":[{"@type":"ListItem","position":1,"name":"Home","item":"https:\/\/visitfinaleligure.it\/fr\/"},{"@type":"ListItem","position":2,"name":"Eventi","item":"https:\/\/visitfinaleligure.it\/fr\/evento\/"},{"@type":"ListItem","position":3,"name":"Animali selvatici nel finalese"}]},{"@type":"WebSite","@id":"https:\/\/visitfinaleligure.it\/fr\/#website","url":"https:\/\/visitfinaleligure.it\/fr\/","name":"Visit Finale Ligure","description":"My perfect place","publisher":{"@id":"https:\/\/visitfinaleligure.it\/fr\/#organization"},"potentialAction":[{"@type":"SearchAction","target":{"@type":"EntryPoint","urlTemplate":"https:\/\/visitfinaleligure.it\/fr\/?s={search_term_string}"},"query-input":{"@type":"PropertyValueSpecification","valueRequired":true,"valueName":"search_term_string"}}],"inLanguage":"fr-FR"},{"@type":"Organization","@id":"https:\/\/visitfinaleligure.it\/fr\/#organization","name":"Comune di Finale Ligure","url":"https:\/\/visitfinaleligure.it\/fr\/","logo":{"@type":"ImageObject","inLanguage":"fr-FR","@id":"https:\/\/visitfinaleligure.it\/fr\/#\/schema\/logo\/image\/","url":"https:\/\/visitfinaleligure.it\/wp-content\/uploads\/2023\/04\/cropped-finaleligure-verticale-positivo-200x200-1.png","contentUrl":"https:\/\/visitfinaleligure.it\/wp-content\/uploads\/2023\/04\/cropped-finaleligure-verticale-positivo-200x200-1.png","width":512,"height":512,"caption":"Comune di Finale Ligure"},"image":{"@id":"https:\/\/visitfinaleligure.it\/fr\/#\/schema\/logo\/image\/"},"sameAs":["https:\/\/www.facebook.com\/VisitFinaleLigure","https:\/\/www.instagram.com\/visitfinale\/","https:\/\/www.youtube.com\/channel\/UCLmoLfNmrAt9mSCll9egttw"]}]}</script>
<!-- / Yoast SEO plugin. -->

Par l'Association Celesia Projection du documentaire&nbsp;“Animaux sauvages dans le finalese” d'Antonio Narice Les prises de vues, totalement inédites,
