{"id":27593,"date":"2026-08-28T11:52:06","date_gmt":"2026-08-28T09:52:06","guid":{"rendered":"https:\/\/visitfinaleligure.it\/evento\/oltre-pinocchio-2\/"},"modified":"2026-08-28T11:52:06","modified_gmt":"2026-08-28T09:52:06","slug":"oltre-pinocchio-2","status":"publish","type":"evento","link":"https:\/\/visitfinaleligure.it\/fr\/evento\/oltre-pinocchio-2\/","title":{"rendered":"Oltre Pinocchio"},"content":{"rendered":"<p>Retour sur sc\u00e8ne&nbsp;<b>Au-del\u00e0 de Pinocchio<\/b>, le spectacle r\u00e9alis\u00e9 par les enfants du laboratoire th\u00e9\u00e2tral de&nbsp;<b>Baba Jaga Arte e Spettacolo APS<\/b>.<\/p>\n<p>Librement inspir\u00e9 de l&#8217;univers de Collodi,&nbsp;<i>Au-del\u00e0 de Pinocchio<\/i>&nbsp;traverse un monde que nous croyons conna\u00eetre pour d\u00e9couvrir ce qui peut se passer lorsque l&#8217;histoire prend un chemin impr\u00e9vu.<\/p>\n<p>Priv\u00e9s de leur protagoniste, les personnages rest\u00e9s sur sc\u00e8ne sont contraints de se d\u00e9brouiller seuls :&nbsp;<b>les r\u00e8gles changent, les rencontres se transforment et le conte connu laisse place \u00e0 quelque chose de nouveau<\/b>.<\/p>\n<p>Entre th\u00e9\u00e2tre, imagination et une pinc\u00e9e de magie, na\u00eet ainsi un voyage au-del\u00e0 de l&#8217;histoire que nous nous souvenons, o\u00f9 m\u00eame l&#8217;absence de quelqu&#8217;un peut devenir le d\u00e9but d&#8217;une aventure.<\/p>\n<p>&nbsp;<\/p>\n<p>&nbsp;<\/p>\n","protected":false},"featured_media":0,"template":"","meta":[],"localita":[201],"temi_vacanza":[1365,1372],"classificazioni":[1368,1374],"eventi_seriali":[],"servizi":[1434],"class_list":["post-27593","evento","type-evento","status-publish","hentry","localita-finalborgo","temi_vacanza-cultura","temi_vacanza-relax-lifestyle","classificazioni-cultura","classificazioni-relax-lifestyle","servizi-opera-teatrale"],"yoast_head":"<!-- This site is optimized with the Yoast SEO plugin v28.3 - https:\/\/yoast.com\/product\/yoast-seo-wordpress\/ -->\n<title>Oltre Pinocchio - Visit Finale Ligure<\/title>\n<meta name=\"description\" content=\"Retour sur sc\u00e8ne&nbsp;Au-del\u00e0 de Pinocchio, le spectacle r\u00e9alis\u00e9 par les enfants du laboratoire th\u00e9\u00e2tral de&nbsp;Baba Jaga Arte e Spettacolo APS.\" \/>\n<meta name=\"robots\" content=\"index, follow, max-snippet:-1, max-image-preview:large, max-video-preview:-1\" \/>\n<link rel=\"canonical\" href=\"https:\/\/visitfinaleligure.it\/fr\/evento\/oltre-pinocchio-2\/\" \/>\n<meta property=\"og:locale\" content=\"fr_FR\" \/>\n<meta property=\"og:type\" content=\"article\" \/>\n<meta property=\"og:title\" content=\"Oltre Pinocchio - Visit Finale Ligure\" \/>\n<meta property=\"og:description\" content=\"Retour sur sc\u00e8ne&nbsp;Au-del\u00e0 de Pinocchio, le spectacle r\u00e9alis\u00e9 par les enfants du laboratoire th\u00e9\u00e2tral de&nbsp;Baba Jaga Arte e Spettacolo APS.\" \/>\n<meta property=\"og:url\" content=\"https:\/\/visitfinaleligure.it\/fr\/evento\/oltre-pinocchio-2\/\" \/>\n<meta property=\"og:site_name\" content=\"Visit Finale Ligure\" \/>\n<meta property=\"article:publisher\" content=\"https:\/\/www.facebook.com\/VisitFinaleLigure\" \/>\n<meta property=\"og:image\" content=\"https:\/\/visitfinaleligure.it\/wp-content\/uploads\/2023\/03\/Capo-caprazoppa-1-1.jpg\" \/>\n\t<meta property=\"og:image:width\" content=\"2500\" \/>\n\t<meta property=\"og:image:height\" content=\"1405\" \/>\n\t<meta property=\"og:image:type\" content=\"image\/jpeg\" \/>\n<meta name=\"twitter:card\" content=\"summary_large_image\" \/>\n<meta name=\"twitter:label1\" content=\"Dur\u00e9e de lecture estim\u00e9e\" \/>\n\t<meta name=\"twitter:data1\" content=\"1 minute\" \/>\n<script type=\"application\/ld+json\" class=\"yoast-schema-graph\">{\"@context\":\"https:\\\/\\\/schema.org\",\"@graph\":[{\"@type\":\"WebPage\",\"@id\":\"https:\\\/\\\/visitfinaleligure.it\\\/fr\\\/evento\\\/oltre-pinocchio-2\\\/\",\"url\":\"https:\\\/\\\/visitfinaleligure.it\\\/fr\\\/evento\\\/oltre-pinocchio-2\\\/\",\"name\":\"Oltre Pinocchio - Visit Finale Ligure\",\"isPartOf\":{\"@id\":\"https:\\\/\\\/visitfinaleligure.it\\\/fr\\\/#website\"},\"datePublished\":\"2026-08-28T09:52:06+00:00\",\"description\":\"Retour sur sc\u00e8ne&nbsp;Au-del\u00e0 de Pinocchio, le spectacle r\u00e9alis\u00e9 par les enfants du laboratoire th\u00e9\u00e2tral de&nbsp;Baba Jaga Arte e Spettacolo APS.\",\"breadcrumb\":{\"@id\":\"https:\\\/\\\/visitfinaleligure.it\\\/fr\\\/evento\\\/oltre-pinocchio-2\\\/#breadcrumb\"},\"inLanguage\":\"fr-FR\",\"potentialAction\":[{\"@type\":\"ReadAction\",\"target\":[\"https:\\\/\\\/visitfinaleligure.it\\\/fr\\\/evento\\\/oltre-pinocchio-2\\\/\"]}]},{\"@type\":\"BreadcrumbList\",\"@id\":\"https:\\\/\\\/visitfinaleligure.it\\\/fr\\\/evento\\\/oltre-pinocchio-2\\\/#breadcrumb\",\"itemListElement\":[{\"@type\":\"ListItem\",\"position\":1,\"name\":\"Home\",\"item\":\"https:\\\/\\\/visitfinaleligure.it\\\/fr\\\/\"},{\"@type\":\"ListItem\",\"position\":2,\"name\":\"Eventi\",\"item\":\"https:\\\/\\\/visitfinaleligure.it\\\/fr\\\/evento\\\/\"},{\"@type\":\"ListItem\",\"position\":3,\"name\":\"Oltre Pinocchio\"}]},{\"@type\":\"WebSite\",\"@id\":\"https:\\\/\\\/visitfinaleligure.it\\\/fr\\\/#website\",\"url\":\"https:\\\/\\\/visitfinaleligure.it\\\/fr\\\/\",\"name\":\"Visit Finale Ligure\",\"description\":\"My perfect place\",\"publisher\":{\"@id\":\"https:\\\/\\\/visitfinaleligure.it\\\/fr\\\/#organization\"},\"potentialAction\":[{\"@type\":\"SearchAction\",\"target\":{\"@type\":\"EntryPoint\",\"urlTemplate\":\"https:\\\/\\\/visitfinaleligure.it\\\/fr\\\/?s={search_term_string}\"},\"query-input\":{\"@type\":\"PropertyValueSpecification\",\"valueRequired\":true,\"valueName\":\"search_term_string\"}}],\"inLanguage\":\"fr-FR\"},{\"@type\":\"Organization\",\"@id\":\"https:\\\/\\\/visitfinaleligure.it\\\/fr\\\/#organization\",\"name\":\"Comune di Finale Ligure\",\"url\":\"https:\\\/\\\/visitfinaleligure.it\\\/fr\\\/\",\"logo\":{\"@type\":\"ImageObject\",\"inLanguage\":\"fr-FR\",\"@id\":\"https:\\\/\\\/visitfinaleligure.it\\\/fr\\\/#\\\/schema\\\/logo\\\/image\\\/\",\"url\":\"https:\\\/\\\/visitfinaleligure.it\\\/wp-content\\\/uploads\\\/2023\\\/04\\\/cropped-finaleligure-verticale-positivo-200x200-1.png\",\"contentUrl\":\"https:\\\/\\\/visitfinaleligure.it\\\/wp-content\\\/uploads\\\/2023\\\/04\\\/cropped-finaleligure-verticale-positivo-200x200-1.png\",\"width\":512,\"height\":512,\"caption\":\"Comune di Finale Ligure\"},\"image\":{\"@id\":\"https:\\\/\\\/visitfinaleligure.it\\\/fr\\\/#\\\/schema\\\/logo\\\/image\\\/\"},\"sameAs\":[\"https:\\\/\\\/www.facebook.com\\\/VisitFinaleLigure\",\"https:\\\/\\\/www.instagram.com\\\/visitfinale\\\/\",\"https:\\\/\\\/www.youtube.com\\\/channel\\\/UCLmoLfNmrAt9mSCll9egttw\"]}]}<\/script>\n<!-- \/ Yoast SEO plugin. -->","yoast_head_json":{"title":"Oltre Pinocchio - Visit Finale Ligure","description":"Retour sur sc\u00e8ne&nbsp;Au-del\u00e0 de Pinocchio, le spectacle r\u00e9alis\u00e9 par les enfants du laboratoire th\u00e9\u00e2tral de&nbsp;Baba Jaga Arte e Spettacolo APS.","robots":{"index":"index","follow":"follow","max-snippet":"max-snippet:-1","max-image-preview":"max-image-preview:large","max-video-preview":"max-video-preview:-1"},"canonical":"https:\/\/visitfinaleligure.it\/fr\/evento\/oltre-pinocchio-2\/","og_locale":"fr_FR","og_type":"article","og_title":"Oltre Pinocchio - Visit Finale Ligure","og_description":"Retour sur sc\u00e8ne&nbsp;Au-del\u00e0 de Pinocchio, le spectacle r\u00e9alis\u00e9 par les enfants du laboratoire th\u00e9\u00e2tral de&nbsp;Baba Jaga Arte e Spettacolo APS.","og_url":"https:\/\/visitfinaleligure.it\/fr\/evento\/oltre-pinocchio-2\/","og_site_name":"Visit Finale Ligure","article_publisher":"https:\/\/www.facebook.com\/VisitFinaleLigure","og_image":[{"width":2500,"height":1405,"url":"https:\/\/visitfinaleligure.it\/wp-content\/uploads\/2023\/03\/Capo-caprazoppa-1-1.jpg","type":"image\/jpeg"}],"twitter_card":"summary_large_image","twitter_misc":{"Dur\u00e9e de lecture estim\u00e9e":"1 minute"},"schema":{"@context":"https:\/\/schema.org","@graph":[{"@type":"WebPage","@id":"https:\/\/visitfinaleligure.it\/fr\/evento\/oltre-pinocchio-2\/","url":"https:\/\/visitfinaleligure.it\/fr\/evento\/oltre-pinocchio-2\/","name":"Oltre Pinocchio - Visit Finale Ligure","isPartOf":{"@id":"https:\/\/visitfinaleligure.it\/fr\/#website"},"datePublished":"2026-08-28T09:52:06+00:00","description":"Retour sur sc\u00e8ne&nbsp;Au-del\u00e0 de Pinocchio, le spectacle r\u00e9alis\u00e9 par les enfants du laboratoire th\u00e9\u00e2tral de&nbsp;Baba Jaga Arte e Spettacolo APS.","breadcrumb":{"@id":"https:\/\/visitfinaleligure.it\/fr\/evento\/oltre-pinocchio-2\/#breadcrumb"},"inLanguage":"fr-FR","potentialAction":[{"@type":"ReadAction","target":["https:\/\/visitfinaleligure.it\/fr\/evento\/oltre-pinocchio-2\/"]}]},{"@type":"BreadcrumbList","@id":"https:\/\/visitfinaleligure.it\/fr\/evento\/oltre-pinocchio-2\/#breadcrumb","itemListElement":[{"@type":"ListItem","position":1,"name":"Home","item":"https:\/\/visitfinaleligure.it\/fr\/"},{"@type":"ListItem","position":2,"name":"Eventi","item":"https:\/\/visitfinaleligure.it\/fr\/evento\/"},{"@type":"ListItem","position":3,"name":"Oltre Pinocchio"}]},{"@type":"WebSite","@id":"https:\/\/visitfinaleligure.it\/fr\/#website","url":"https:\/\/visitfinaleligure.it\/fr\/","name":"Visit Finale Ligure","description":"My perfect place","publisher":{"@id":"https:\/\/visitfinaleligure.it\/fr\/#organization"},"potentialAction":[{"@type":"SearchAction","target":{"@type":"EntryPoint","urlTemplate":"https:\/\/visitfinaleligure.it\/fr\/?s={search_term_string}"},"query-input":{"@type":"PropertyValueSpecification","valueRequired":true,"valueName":"search_term_string"}}],"inLanguage":"fr-FR"},{"@type":"Organization","@id":"https:\/\/visitfinaleligure.it\/fr\/#organization","name":"Comune di Finale Ligure","url":"https:\/\/visitfinaleligure.it\/fr\/","logo":{"@type":"ImageObject","inLanguage":"fr-FR","@id":"https:\/\/visitfinaleligure.it\/fr\/#\/schema\/logo\/image\/","url":"https:\/\/visitfinaleligure.it\/wp-content\/uploads\/2023\/04\/cropped-finaleligure-verticale-positivo-200x200-1.png","contentUrl":"https:\/\/visitfinaleligure.it\/wp-content\/uploads\/2023\/04\/cropped-finaleligure-verticale-positivo-200x200-1.png","width":512,"height":512,"caption":"Comune di Finale Ligure"},"image":{"@id":"https:\/\/visitfinaleligure.it\/fr\/#\/schema\/logo\/image\/"},"sameAs":["https:\/\/www.facebook.com\/VisitFinaleLigure","https:\/\/www.instagram.com\/visitfinale\/","https:\/\/www.youtube.com\/channel\/UCLmoLfNmrAt9mSCll9egttw"]}]}},"_links":{"self":[{"href":"https:\/\/visitfinaleligure.it\/fr\/wp-json\/wp\/v2\/evento\/27593","targetHints":{"allow":["GET"]}}],"collection":[{"href":"https:\/\/visitfinaleligure.it\/fr\/wp-json\/wp\/v2\/evento"}],"about":[{"href":"https:\/\/visitfinaleligure.it\/fr\/wp-json\/wp\/v2\/types\/evento"}],"wp:attachment":[{"href":"https:\/\/visitfinaleligure.it\/fr\/wp-json\/wp\/v2\/media?parent=27593"}],"wp:term":[{"taxonomy":"localita","embeddable":true,"href":"https:\/\/visitfinaleligure.it\/fr\/wp-json\/wp\/v2\/localita?post=27593"},{"taxonomy":"temi_vacanza","embeddable":true,"href":"https:\/\/visitfinaleligure.it\/fr\/wp-json\/wp\/v2\/temi_vacanza?post=27593"},{"taxonomy":"classificazioni","embeddable":true,"href":"https:\/\/visitfinaleligure.it\/fr\/wp-json\/wp\/v2\/classificazioni?post=27593"},{"taxonomy":"eventi_seriali","embeddable":true,"href":"https:\/\/visitfinaleligure.it\/fr\/wp-json\/wp\/v2\/eventi_seriali?post=27593"},{"taxonomy":"servizi","embeddable":true,"href":"https:\/\/visitfinaleligure.it\/fr\/wp-json\/wp\/v2\/servizi?post=27593"}],"curies":[{"name":"wp","href":"https:\/\/api.w.org\/{rel}","templated":true}]}}

<p>Retour sur scène&nbsp;<b>Au-delà de Pinocchio</b>, le spectacle réalisé par les enfants du laboratoire théâtral de&nbsp;<b>Baba Jaga Arte e Spettacolo APS</b>.</p>
<p>Librement inspiré de l&#8217;univers de Collodi,&nbsp;<i>Au-delà de Pinocchio</i>&nbsp;traverse un monde que nous croyons connaître pour découvrir ce qui peut se passer lorsque l&#8217;histoire prend un chemin imprévu.</p>
<p>Privés de leur protagoniste, les personnages restés sur scène sont contraints de se débrouiller seuls :&nbsp;<b>les règles changent, les rencontres se transforment et le conte connu laisse place à quelque chose de nouveau</b>.</p>
<p>Entre théâtre, imagination et une pincée de magie, naît ainsi un voyage au-delà de l&#8217;histoire que nous nous souvenons, où même l&#8217;absence de quelqu&#8217;un peut devenir le début d&#8217;une aventure.</p>
<p>&nbsp;</p>
<p>&nbsp;</p>

<!-- This site is optimized with the Yoast SEO plugin v28.3 - https://yoast.com/product/yoast-seo-wordpress/ -->
<title>Oltre Pinocchio - Visit Finale Ligure</title>
<meta name="description" content="Retour sur scène&nbsp;Au-delà de Pinocchio, le spectacle réalisé par les enfants du laboratoire théâtral de&nbsp;Baba Jaga Arte e Spettacolo APS." />
<meta name="robots" content="index, follow, max-snippet:-1, max-image-preview:large, max-video-preview:-1" />
<link rel="canonical" href="https://visitfinaleligure.it/fr/evento/oltre-pinocchio-2/" />
<meta property="og:locale" content="fr_FR" />
<meta property="og:type" content="article" />
<meta property="og:title" content="Oltre Pinocchio - Visit Finale Ligure" />
<meta property="og:description" content="Retour sur scène&nbsp;Au-delà de Pinocchio, le spectacle réalisé par les enfants du laboratoire théâtral de&nbsp;Baba Jaga Arte e Spettacolo APS." />
<meta property="og:url" content="https://visitfinaleligure.it/fr/evento/oltre-pinocchio-2/" />
<meta property="og:site_name" content="Visit Finale Ligure" />
<meta property="article:publisher" content="https://www.facebook.com/VisitFinaleLigure" />
<meta property="og:image" content="https://visitfinaleligure.it/wp-content/uploads/2023/03/Capo-caprazoppa-1-1.jpg" />
	<meta property="og:image:width" content="2500" />
	<meta property="og:image:height" content="1405" />
	<meta property="og:image:type" content="image/jpeg" />
<meta name="twitter:card" content="summary_large_image" />
<meta name="twitter:label1" content="Durée de lecture estimée" />
	<meta name="twitter:data1" content="1 minute" />
<script type="application/ld+json" class="yoast-schema-graph">{"@context":"https:\/\/schema.org","@graph":[{"@type":"WebPage","@id":"https:\/\/visitfinaleligure.it\/fr\/evento\/oltre-pinocchio-2\/","url":"https:\/\/visitfinaleligure.it\/fr\/evento\/oltre-pinocchio-2\/","name":"Oltre Pinocchio - Visit Finale Ligure","isPartOf":{"@id":"https:\/\/visitfinaleligure.it\/fr\/#website"},"datePublished":"2026-08-28T09:52:06+00:00","description":"Retour sur scène&nbsp;Au-delà de Pinocchio, le spectacle réalisé par les enfants du laboratoire théâtral de&nbsp;Baba Jaga Arte e Spettacolo APS.","breadcrumb":{"@id":"https:\/\/visitfinaleligure.it\/fr\/evento\/oltre-pinocchio-2\/#breadcrumb"},"inLanguage":"fr-FR","potentialAction":[{"@type":"ReadAction","target":["https:\/\/visitfinaleligure.it\/fr\/evento\/oltre-pinocchio-2\/"]}]},{"@type":"BreadcrumbList","@id":"https:\/\/visitfinaleligure.it\/fr\/evento\/oltre-pinocchio-2\/#breadcrumb","itemListElement":[{"@type":"ListItem","position":1,"name":"Home","item":"https:\/\/visitfinaleligure.it\/fr\/"},{"@type":"ListItem","position":2,"name":"Eventi","item":"https:\/\/visitfinaleligure.it\/fr\/evento\/"},{"@type":"ListItem","position":3,"name":"Oltre Pinocchio"}]},{"@type":"WebSite","@id":"https:\/\/visitfinaleligure.it\/fr\/#website","url":"https:\/\/visitfinaleligure.it\/fr\/","name":"Visit Finale Ligure","description":"My perfect place","publisher":{"@id":"https:\/\/visitfinaleligure.it\/fr\/#organization"},"potentialAction":[{"@type":"SearchAction","target":{"@type":"EntryPoint","urlTemplate":"https:\/\/visitfinaleligure.it\/fr\/?s={search_term_string}"},"query-input":{"@type":"PropertyValueSpecification","valueRequired":true,"valueName":"search_term_string"}}],"inLanguage":"fr-FR"},{"@type":"Organization","@id":"https:\/\/visitfinaleligure.it\/fr\/#organization","name":"Comune di Finale Ligure","url":"https:\/\/visitfinaleligure.it\/fr\/","logo":{"@type":"ImageObject","inLanguage":"fr-FR","@id":"https:\/\/visitfinaleligure.it\/fr\/#\/schema\/logo\/image\/","url":"https:\/\/visitfinaleligure.it\/wp-content\/uploads\/2023\/04\/cropped-finaleligure-verticale-positivo-200x200-1.png","contentUrl":"https:\/\/visitfinaleligure.it\/wp-content\/uploads\/2023\/04\/cropped-finaleligure-verticale-positivo-200x200-1.png","width":512,"height":512,"caption":"Comune di Finale Ligure"},"image":{"@id":"https:\/\/visitfinaleligure.it\/fr\/#\/schema\/logo\/image\/"},"sameAs":["https:\/\/www.facebook.com\/VisitFinaleLigure","https:\/\/www.instagram.com\/visitfinale\/","https:\/\/www.youtube.com\/channel\/UCLmoLfNmrAt9mSCll9egttw"]}]}</script>
<!-- / Yoast SEO plugin. -->

Retour sur scène&nbsp;Au-delà de Pinocchio, le spectacle réalisé par les enfants du laboratoire théâtral de&nbsp;Baba Jaga Arte e Spettacolo APS.
