{"id":24174,"date":"2026-09-01T11:22:29","date_gmt":"2026-09-01T09:22:29","guid":{"rendered":"https:\/\/visitfinaleligure.it\/servizio-addizionale\/salto-nel-blu-2\/"},"modified":"2026-09-01T11:22:29","modified_gmt":"2026-09-01T09:22:29","slug":"salto-nel-blu-2","status":"publish","type":"servizio-addizionale","link":"https:\/\/visitfinaleligure.it\/fr\/servizio-addizionale\/salto-nel-blu-2\/","title":{"rendered":"Salto nel blu"},"content":{"rendered":"<p>D\u00e9couvrez la mer du finalese avec les yeux d&#8217;un biologiste marin.\u00a0<\/p>\n<p>Plongez dans les merveilles de la mer ligure avec Salto nel Blu, le projet n\u00e9 de la collaboration entre les biologistes marins de RSTA scrl et la Lega navale Italiana &#8211; Sezione Finale Ligure.\u00a0<\/p>\n<p>Le snorkeling est une activit\u00e9 simple et accessible \u00e0 tous, qui permet d&#8217;explorer le monde sous-marin en restant en surface, avec masque et tuba. Une exp\u00e9rience relaxante et surprenante pour entrer en contact direct avec la mer, d\u00e9couvrir des habitats riches en vie et observer de pr\u00e8s la vie qui se cache juste sous la surface.\u00a0<\/p>\n<p>Pour vous accompagner, des biologistes marins qui sont aussi instructeurs de snorkeling et vulgarisateurs scientifiques, avec une exp\u00e9rience sur le terrain entre recherche et conservation. Pendant l&#8217;excursion, vous ne serez pas qu&#8217;un simple spectateur, mais partie int\u00e9grante d&#8217;un r\u00e9cit de la mer : nous vous guiderons \u00e0 travers des formations de beachrock suggestives et des \u00e9cosyst\u00e8mes c\u00f4tiers uniques, partageant curiosit\u00e9s, observations scientifiques et l&#8217;importance de la protection de cet environnement fragile.\u00a0<\/p>\n<p>Vous n&#8217;avez jamais fait de snorkeling ? Pas de probl\u00e8me ! Les activit\u00e9s se d\u00e9roulent dans des eaux calmes et peu profondes, o\u00f9 l&#8217;on touche presque toujours. Il suffit de savoir nager et d&#8217;avoir de la curiosit\u00e9 et l&#8217;envie d&#8217;explorer. Tout l&#8217;\u00e9quipement est fourni par le personnel : masque, tuba, palmes et combinaison courte.\u00a0<\/p>\n<p>Les excursions se d\u00e9roulent dans certains des lieux les plus pittoresques de la Riviera di Ponente, notamment la plage de la Cremasca (port de Finale Ligure), la Baie des Sarrasins (Varigotti) et Pietra Ligure.\u00a0<\/p>\n<p>Pour ceux qui souhaitent vivre la mer d&#8217;une perspective encore plus fascinante, des excursions de snorkeling nocturne sont \u00e9galement disponibles, une occasion unique de d\u00e9couvrir la vie marine qui s&#8217;active apr\u00e8s le coucher du soleil et de d\u00e9couvrir un monde enti\u00e8rement diff\u00e9rent.\u00a0<\/p>\n<p>Compl\u00e8tent l\u2019offre des sorties sp\u00e9ciales \u00e0 l&#8217;Orto di Nemo, le premier jardin sous-marin au monde, et des tours en kayak et snorkeling, id\u00e9aux pour atteindre des criques cach\u00e9es et des coins de c\u00f4te difficilement accessibles par terre.\u00a0<\/p>\n<p>Une exp\u00e9rience pens\u00e9e pour les adultes et les enfants de 8 ans et plus, pour ceux qui aiment la mer, la nature et le d\u00e9sir de d\u00e9couverte.<\/p>\n","protected":false},"featured_media":0,"template":"","meta":[],"localita":[222],"criteri":[],"class_list":["post-24174","servizio-addizionale","type-servizio-addizionale","status-publish","hentry","localita-finale-ligure"],"yoast_head":"<!-- This site is optimized with the Yoast SEO plugin v28.3 - https:\/\/yoast.com\/product\/yoast-seo-wordpress\/ -->\n<title>Salto nel blu - Visit Finale Ligure<\/title>\n<meta name=\"description\" content=\"D\u00e9couvrez la mer du finalese avec les yeux d&#039;un biologiste marin.\u00a0 Plongez dans les merveilles de la mer ligure avec Salto nel Blu, le projet n\u00e9 de la\" \/>\n<meta name=\"robots\" content=\"index, follow, max-snippet:-1, max-image-preview:large, max-video-preview:-1\" \/>\n<link rel=\"canonical\" href=\"https:\/\/visitfinaleligure.it\/fr\/servizio-addizionale\/salto-nel-blu-2\/\" \/>\n<meta property=\"og:locale\" content=\"fr_FR\" \/>\n<meta property=\"og:type\" content=\"article\" \/>\n<meta property=\"og:title\" content=\"Salto nel blu - Visit Finale Ligure\" \/>\n<meta property=\"og:description\" content=\"D\u00e9couvrez la mer du finalese avec les yeux d&#039;un biologiste marin.\u00a0 Plongez dans les merveilles de la mer ligure avec Salto nel Blu, le projet n\u00e9 de la\" \/>\n<meta property=\"og:url\" content=\"https:\/\/visitfinaleligure.it\/fr\/servizio-addizionale\/salto-nel-blu-2\/\" \/>\n<meta property=\"og:site_name\" content=\"Visit Finale Ligure\" \/>\n<meta property=\"article:publisher\" content=\"https:\/\/www.facebook.com\/VisitFinaleLigure\" \/>\n<meta property=\"og:image\" content=\"https:\/\/visitfinaleligure.it\/wp-content\/uploads\/2026\/08\/image-184.jpg\" \/>\n\t<meta property=\"og:image:width\" content=\"1493\" \/>\n\t<meta property=\"og:image:height\" content=\"849\" \/>\n\t<meta property=\"og:image:type\" content=\"image\/jpeg\" \/>\n<meta name=\"twitter:card\" content=\"summary_large_image\" \/>\n<meta name=\"twitter:label1\" content=\"Dur\u00e9e de lecture estim\u00e9e\" \/>\n\t<meta name=\"twitter:data1\" content=\"2 minutes\" \/>\n<script type=\"application\/ld+json\" class=\"yoast-schema-graph\">{\"@context\":\"https:\\\/\\\/schema.org\",\"@graph\":[{\"@type\":\"WebPage\",\"@id\":\"https:\\\/\\\/visitfinaleligure.it\\\/fr\\\/servizio-addizionale\\\/salto-nel-blu-2\\\/\",\"url\":\"https:\\\/\\\/visitfinaleligure.it\\\/fr\\\/servizio-addizionale\\\/salto-nel-blu-2\\\/\",\"name\":\"Salto nel blu - Visit Finale Ligure\",\"isPartOf\":{\"@id\":\"https:\\\/\\\/visitfinaleligure.it\\\/fr\\\/#website\"},\"datePublished\":\"2026-09-01T09:22:29+00:00\",\"description\":\"D\u00e9couvrez la mer du finalese avec les yeux d'un biologiste marin.\u00a0 Plongez dans les merveilles de la mer ligure avec Salto nel Blu, le projet n\u00e9 de la\",\"breadcrumb\":{\"@id\":\"https:\\\/\\\/visitfinaleligure.it\\\/fr\\\/servizio-addizionale\\\/salto-nel-blu-2\\\/#breadcrumb\"},\"inLanguage\":\"fr-FR\",\"potentialAction\":[{\"@type\":\"ReadAction\",\"target\":[\"https:\\\/\\\/visitfinaleligure.it\\\/fr\\\/servizio-addizionale\\\/salto-nel-blu-2\\\/\"]}]},{\"@type\":\"BreadcrumbList\",\"@id\":\"https:\\\/\\\/visitfinaleligure.it\\\/fr\\\/servizio-addizionale\\\/salto-nel-blu-2\\\/#breadcrumb\",\"itemListElement\":[{\"@type\":\"ListItem\",\"position\":1,\"name\":\"Home\",\"item\":\"https:\\\/\\\/visitfinaleligure.it\\\/fr\\\/\"},{\"@type\":\"ListItem\",\"position\":2,\"name\":\"Servizi Addizionali\",\"item\":\"https:\\\/\\\/visitfinaleligure.it\\\/fr\\\/servizio-addizionale\\\/\"},{\"@type\":\"ListItem\",\"position\":3,\"name\":\"Salto nel blu\"}]},{\"@type\":\"WebSite\",\"@id\":\"https:\\\/\\\/visitfinaleligure.it\\\/fr\\\/#website\",\"url\":\"https:\\\/\\\/visitfinaleligure.it\\\/fr\\\/\",\"name\":\"Visit Finale Ligure\",\"description\":\"My perfect place\",\"publisher\":{\"@id\":\"https:\\\/\\\/visitfinaleligure.it\\\/fr\\\/#organization\"},\"potentialAction\":[{\"@type\":\"SearchAction\",\"target\":{\"@type\":\"EntryPoint\",\"urlTemplate\":\"https:\\\/\\\/visitfinaleligure.it\\\/fr\\\/?s={search_term_string}\"},\"query-input\":{\"@type\":\"PropertyValueSpecification\",\"valueRequired\":true,\"valueName\":\"search_term_string\"}}],\"inLanguage\":\"fr-FR\"},{\"@type\":\"Organization\",\"@id\":\"https:\\\/\\\/visitfinaleligure.it\\\/fr\\\/#organization\",\"name\":\"Comune di Finale Ligure\",\"url\":\"https:\\\/\\\/visitfinaleligure.it\\\/fr\\\/\",\"logo\":{\"@type\":\"ImageObject\",\"inLanguage\":\"fr-FR\",\"@id\":\"https:\\\/\\\/visitfinaleligure.it\\\/fr\\\/#\\\/schema\\\/logo\\\/image\\\/\",\"url\":\"https:\\\/\\\/visitfinaleligure.it\\\/wp-content\\\/uploads\\\/2023\\\/04\\\/cropped-finaleligure-verticale-positivo-200x200-1.png\",\"contentUrl\":\"https:\\\/\\\/visitfinaleligure.it\\\/wp-content\\\/uploads\\\/2023\\\/04\\\/cropped-finaleligure-verticale-positivo-200x200-1.png\",\"width\":512,\"height\":512,\"caption\":\"Comune di Finale Ligure\"},\"image\":{\"@id\":\"https:\\\/\\\/visitfinaleligure.it\\\/fr\\\/#\\\/schema\\\/logo\\\/image\\\/\"},\"sameAs\":[\"https:\\\/\\\/www.facebook.com\\\/VisitFinaleLigure\",\"https:\\\/\\\/www.instagram.com\\\/visitfinale\\\/\",\"https:\\\/\\\/www.youtube.com\\\/channel\\\/UCLmoLfNmrAt9mSCll9egttw\"]}]}<\/script>\n<!-- \/ Yoast SEO plugin. -->","yoast_head_json":{"title":"Salto nel blu - Visit Finale Ligure","description":"D\u00e9couvrez la mer du finalese avec les yeux d'un biologiste marin.\u00a0 Plongez dans les merveilles de la mer ligure avec Salto nel Blu, le projet n\u00e9 de la","robots":{"index":"index","follow":"follow","max-snippet":"max-snippet:-1","max-image-preview":"max-image-preview:large","max-video-preview":"max-video-preview:-1"},"canonical":"https:\/\/visitfinaleligure.it\/fr\/servizio-addizionale\/salto-nel-blu-2\/","og_locale":"fr_FR","og_type":"article","og_title":"Salto nel blu - Visit Finale Ligure","og_description":"D\u00e9couvrez la mer du finalese avec les yeux d'un biologiste marin.\u00a0 Plongez dans les merveilles de la mer ligure avec Salto nel Blu, le projet n\u00e9 de la","og_url":"https:\/\/visitfinaleligure.it\/fr\/servizio-addizionale\/salto-nel-blu-2\/","og_site_name":"Visit Finale Ligure","article_publisher":"https:\/\/www.facebook.com\/VisitFinaleLigure","og_image":[{"width":1493,"height":849,"url":"https:\/\/visitfinaleligure.it\/wp-content\/uploads\/2026\/08\/image-184.jpg","type":"image\/jpeg"}],"twitter_card":"summary_large_image","twitter_misc":{"Dur\u00e9e de lecture estim\u00e9e":"2 minutes"},"schema":{"@context":"https:\/\/schema.org","@graph":[{"@type":"WebPage","@id":"https:\/\/visitfinaleligure.it\/fr\/servizio-addizionale\/salto-nel-blu-2\/","url":"https:\/\/visitfinaleligure.it\/fr\/servizio-addizionale\/salto-nel-blu-2\/","name":"Salto nel blu - Visit Finale Ligure","isPartOf":{"@id":"https:\/\/visitfinaleligure.it\/fr\/#website"},"datePublished":"2026-09-01T09:22:29+00:00","description":"D\u00e9couvrez la mer du finalese avec les yeux d'un biologiste marin.\u00a0 Plongez dans les merveilles de la mer ligure avec Salto nel Blu, le projet n\u00e9 de la","breadcrumb":{"@id":"https:\/\/visitfinaleligure.it\/fr\/servizio-addizionale\/salto-nel-blu-2\/#breadcrumb"},"inLanguage":"fr-FR","potentialAction":[{"@type":"ReadAction","target":["https:\/\/visitfinaleligure.it\/fr\/servizio-addizionale\/salto-nel-blu-2\/"]}]},{"@type":"BreadcrumbList","@id":"https:\/\/visitfinaleligure.it\/fr\/servizio-addizionale\/salto-nel-blu-2\/#breadcrumb","itemListElement":[{"@type":"ListItem","position":1,"name":"Home","item":"https:\/\/visitfinaleligure.it\/fr\/"},{"@type":"ListItem","position":2,"name":"Servizi Addizionali","item":"https:\/\/visitfinaleligure.it\/fr\/servizio-addizionale\/"},{"@type":"ListItem","position":3,"name":"Salto nel blu"}]},{"@type":"WebSite","@id":"https:\/\/visitfinaleligure.it\/fr\/#website","url":"https:\/\/visitfinaleligure.it\/fr\/","name":"Visit Finale Ligure","description":"My perfect place","publisher":{"@id":"https:\/\/visitfinaleligure.it\/fr\/#organization"},"potentialAction":[{"@type":"SearchAction","target":{"@type":"EntryPoint","urlTemplate":"https:\/\/visitfinaleligure.it\/fr\/?s={search_term_string}"},"query-input":{"@type":"PropertyValueSpecification","valueRequired":true,"valueName":"search_term_string"}}],"inLanguage":"fr-FR"},{"@type":"Organization","@id":"https:\/\/visitfinaleligure.it\/fr\/#organization","name":"Comune di Finale Ligure","url":"https:\/\/visitfinaleligure.it\/fr\/","logo":{"@type":"ImageObject","inLanguage":"fr-FR","@id":"https:\/\/visitfinaleligure.it\/fr\/#\/schema\/logo\/image\/","url":"https:\/\/visitfinaleligure.it\/wp-content\/uploads\/2023\/04\/cropped-finaleligure-verticale-positivo-200x200-1.png","contentUrl":"https:\/\/visitfinaleligure.it\/wp-content\/uploads\/2023\/04\/cropped-finaleligure-verticale-positivo-200x200-1.png","width":512,"height":512,"caption":"Comune di Finale Ligure"},"image":{"@id":"https:\/\/visitfinaleligure.it\/fr\/#\/schema\/logo\/image\/"},"sameAs":["https:\/\/www.facebook.com\/VisitFinaleLigure","https:\/\/www.instagram.com\/visitfinale\/","https:\/\/www.youtube.com\/channel\/UCLmoLfNmrAt9mSCll9egttw"]}]}},"_links":{"self":[{"href":"https:\/\/visitfinaleligure.it\/fr\/wp-json\/wp\/v2\/servizio-addizionale\/24174","targetHints":{"allow":["GET"]}}],"collection":[{"href":"https:\/\/visitfinaleligure.it\/fr\/wp-json\/wp\/v2\/servizio-addizionale"}],"about":[{"href":"https:\/\/visitfinaleligure.it\/fr\/wp-json\/wp\/v2\/types\/servizio-addizionale"}],"wp:attachment":[{"href":"https:\/\/visitfinaleligure.it\/fr\/wp-json\/wp\/v2\/media?parent=24174"}],"wp:term":[{"taxonomy":"localita","embeddable":true,"href":"https:\/\/visitfinaleligure.it\/fr\/wp-json\/wp\/v2\/localita?post=24174"},{"taxonomy":"criteri","embeddable":true,"href":"https:\/\/visitfinaleligure.it\/fr\/wp-json\/wp\/v2\/criteri?post=24174"}],"curies":[{"name":"wp","href":"https:\/\/api.w.org\/{rel}","templated":true}]}}

<p>Découvrez la mer du finalese avec les yeux d&#8217;un biologiste marin. </p>
<p>Plongez dans les merveilles de la mer ligure avec Salto nel Blu, le projet né de la collaboration entre les biologistes marins de RSTA scrl et la Lega navale Italiana &#8211; Sezione Finale Ligure. </p>
<p>Le snorkeling est une activité simple et accessible à tous, qui permet d&#8217;explorer le monde sous-marin en restant en surface, avec masque et tuba. Une expérience relaxante et surprenante pour entrer en contact direct avec la mer, découvrir des habitats riches en vie et observer de près la vie qui se cache juste sous la surface. </p>
<p>Pour vous accompagner, des biologistes marins qui sont aussi instructeurs de snorkeling et vulgarisateurs scientifiques, avec une expérience sur le terrain entre recherche et conservation. Pendant l&#8217;excursion, vous ne serez pas qu&#8217;un simple spectateur, mais partie intégrante d&#8217;un récit de la mer : nous vous guiderons à travers des formations de beachrock suggestives et des écosystèmes côtiers uniques, partageant curiosités, observations scientifiques et l&#8217;importance de la protection de cet environnement fragile. </p>
<p>Vous n&#8217;avez jamais fait de snorkeling ? Pas de problème ! Les activités se déroulent dans des eaux calmes et peu profondes, où l&#8217;on touche presque toujours. Il suffit de savoir nager et d&#8217;avoir de la curiosité et l&#8217;envie d&#8217;explorer. Tout l&#8217;équipement est fourni par le personnel : masque, tuba, palmes et combinaison courte. </p>
<p>Les excursions se déroulent dans certains des lieux les plus pittoresques de la Riviera di Ponente, notamment la plage de la Cremasca (port de Finale Ligure), la Baie des Sarrasins (Varigotti) et Pietra Ligure. </p>
<p>Pour ceux qui souhaitent vivre la mer d&#8217;une perspective encore plus fascinante, des excursions de snorkeling nocturne sont également disponibles, une occasion unique de découvrir la vie marine qui s&#8217;active après le coucher du soleil et de découvrir un monde entièrement différent. </p>
<p>Complètent l’offre des sorties spéciales à l&#8217;Orto di Nemo, le premier jardin sous-marin au monde, et des tours en kayak et snorkeling, idéaux pour atteindre des criques cachées et des coins de côte difficilement accessibles par terre. </p>
<p>Une expérience pensée pour les adultes et les enfants de 8 ans et plus, pour ceux qui aiment la mer, la nature et le désir de découverte.</p>

<!-- This site is optimized with the Yoast SEO plugin v28.3 - https://yoast.com/product/yoast-seo-wordpress/ -->
<title>Salto nel blu - Visit Finale Ligure</title>
<meta name="description" content="Découvrez la mer du finalese avec les yeux d&#039;un biologiste marin.  Plongez dans les merveilles de la mer ligure avec Salto nel Blu, le projet né de la" />
<meta name="robots" content="index, follow, max-snippet:-1, max-image-preview:large, max-video-preview:-1" />
<link rel="canonical" href="https://visitfinaleligure.it/fr/servizio-addizionale/salto-nel-blu-2/" />
<meta property="og:locale" content="fr_FR" />
<meta property="og:type" content="article" />
<meta property="og:title" content="Salto nel blu - Visit Finale Ligure" />
<meta property="og:description" content="Découvrez la mer du finalese avec les yeux d&#039;un biologiste marin.  Plongez dans les merveilles de la mer ligure avec Salto nel Blu, le projet né de la" />
<meta property="og:url" content="https://visitfinaleligure.it/fr/servizio-addizionale/salto-nel-blu-2/" />
<meta property="og:site_name" content="Visit Finale Ligure" />
<meta property="article:publisher" content="https://www.facebook.com/VisitFinaleLigure" />
<meta property="og:image" content="https://visitfinaleligure.it/wp-content/uploads/2026/08/image-184.jpg" />
	<meta property="og:image:width" content="1493" />
	<meta property="og:image:height" content="849" />
	<meta property="og:image:type" content="image/jpeg" />
<meta name="twitter:card" content="summary_large_image" />
<meta name="twitter:label1" content="Durée de lecture estimée" />
	<meta name="twitter:data1" content="2 minutes" />
<script type="application/ld+json" class="yoast-schema-graph">{"@context":"https:\/\/schema.org","@graph":[{"@type":"WebPage","@id":"https:\/\/visitfinaleligure.it\/fr\/servizio-addizionale\/salto-nel-blu-2\/","url":"https:\/\/visitfinaleligure.it\/fr\/servizio-addizionale\/salto-nel-blu-2\/","name":"Salto nel blu - Visit Finale Ligure","isPartOf":{"@id":"https:\/\/visitfinaleligure.it\/fr\/#website"},"datePublished":"2026-09-01T09:22:29+00:00","description":"Découvrez la mer du finalese avec les yeux d'un biologiste marin.  Plongez dans les merveilles de la mer ligure avec Salto nel Blu, le projet né de la","breadcrumb":{"@id":"https:\/\/visitfinaleligure.it\/fr\/servizio-addizionale\/salto-nel-blu-2\/#breadcrumb"},"inLanguage":"fr-FR","potentialAction":[{"@type":"ReadAction","target":["https:\/\/visitfinaleligure.it\/fr\/servizio-addizionale\/salto-nel-blu-2\/"]}]},{"@type":"BreadcrumbList","@id":"https:\/\/visitfinaleligure.it\/fr\/servizio-addizionale\/salto-nel-blu-2\/#breadcrumb","itemListElement":[{"@type":"ListItem","position":1,"name":"Home","item":"https:\/\/visitfinaleligure.it\/fr\/"},{"@type":"ListItem","position":2,"name":"Servizi Addizionali","item":"https:\/\/visitfinaleligure.it\/fr\/servizio-addizionale\/"},{"@type":"ListItem","position":3,"name":"Salto nel blu"}]},{"@type":"WebSite","@id":"https:\/\/visitfinaleligure.it\/fr\/#website","url":"https:\/\/visitfinaleligure.it\/fr\/","name":"Visit Finale Ligure","description":"My perfect place","publisher":{"@id":"https:\/\/visitfinaleligure.it\/fr\/#organization"},"potentialAction":[{"@type":"SearchAction","target":{"@type":"EntryPoint","urlTemplate":"https:\/\/visitfinaleligure.it\/fr\/?s={search_term_string}"},"query-input":{"@type":"PropertyValueSpecification","valueRequired":true,"valueName":"search_term_string"}}],"inLanguage":"fr-FR"},{"@type":"Organization","@id":"https:\/\/visitfinaleligure.it\/fr\/#organization","name":"Comune di Finale Ligure","url":"https:\/\/visitfinaleligure.it\/fr\/","logo":{"@type":"ImageObject","inLanguage":"fr-FR","@id":"https:\/\/visitfinaleligure.it\/fr\/#\/schema\/logo\/image\/","url":"https:\/\/visitfinaleligure.it\/wp-content\/uploads\/2023\/04\/cropped-finaleligure-verticale-positivo-200x200-1.png","contentUrl":"https:\/\/visitfinaleligure.it\/wp-content\/uploads\/2023\/04\/cropped-finaleligure-verticale-positivo-200x200-1.png","width":512,"height":512,"caption":"Comune di Finale Ligure"},"image":{"@id":"https:\/\/visitfinaleligure.it\/fr\/#\/schema\/logo\/image\/"},"sameAs":["https:\/\/www.facebook.com\/VisitFinaleLigure","https:\/\/www.instagram.com\/visitfinale\/","https:\/\/www.youtube.com\/channel\/UCLmoLfNmrAt9mSCll9egttw"]}]}</script>
<!-- / Yoast SEO plugin. -->

Découvrez la mer du finalese avec les yeux d'un biologiste marin.  Plongez dans les merveilles de la mer ligure avec Salto nel Blu, le projet né de la
