{"id":23485,"date":"2026-08-27T11:07:54","date_gmt":"2026-08-27T09:07:54","guid":{"rendered":"https:\/\/visitfinaleligure.it\/struttura\/hotel-al-capo-2\/"},"modified":"2026-08-27T11:07:54","modified_gmt":"2026-08-27T09:07:54","slug":"hotel-al-capo-2","status":"publish","type":"struttura","link":"https:\/\/visitfinaleligure.it\/fr\/struttura\/hotel-al-capo-2\/","title":{"rendered":"Hotel al Capo"},"content":{"rendered":"<p>Depuis 1957, l\u2019H\u00f4tel Al Capo accueille ses h\u00f4tes avec un sourire authentique et une hospitalit\u00e9 qui sent bon la maison. Une gestion familiale qui, ann\u00e9e apr\u00e8s ann\u00e9e, continue \u00e0 se renouveler sans jamais perdre la chaleur des origines.<\/p>\n<p>Nous sommes situ\u00e9s dans le pittoresque village sarrasin de Varigotti, \u00e0 quelques pas de la mer : un cadre parfait pour ceux qui recherchent tranquillit\u00e9, beaut\u00e9 et un rythme plus lent.<\/p>\n<p>Ici, chaque d\u00e9tail est pens\u00e9 pour vous mettre \u00e0 l\u2019aise, mais c\u2019est la cuisine qui raconte vraiment qui nous sommes : parfums m\u00e9diterran\u00e9ens, recettes ligures transmises \u00e0 travers le temps et ingr\u00e9dients frais qui proviennent directement de nos potagers.<\/p>\n<p>\u00c0 l\u2019H\u00f4tel Al Capo, le temps se savoure. Entre une promenade sur la promenade, un plat de trofie au pesto et un coucher de soleil se r\u00e9fl\u00e9chissant sur les maisons aux couleurs pastel, vous d\u00e9couvrirez le plaisir des choses simples faites avec soin.<\/p>\n","protected":false},"featured_media":0,"template":"","meta":[],"categoria":[931],"classificazione":[],"localita":[195],"gruppomarketing":[],"stella":[932],"criteri":[1014,1012,1163,1019,908,965,1036,929,986,1025,915,944,917,948,927,914,1013,1158,918,1021,1018,1218,1026,967,1017,969,1091,922,933,1136,947],"class_list":["post-23485","struttura","type-struttura","status-publish","hentry","categoria-hotel","localita-varigotti","stella-3-stelle","criteri-agosto","criteri-animali-domestici-non-ammessi","criteri-apple-pay","criteri-aprile","criteri-ascensore","criteri-assegno","criteri-bar","criteri-bonifico","criteri-centro-storico","criteri-climatizzatore","criteri-contanti","criteri-culla","criteri-euro-accettati","criteri-famiglie","criteri-finalese-e-i-suoi-altipiani","criteri-garage","criteri-giugno","criteri-google-pay","criteri-inglese","criteri-luglio","criteri-maggio","criteri-menu-per-intolleranze-alimentari","criteri-ottobre","criteri-parcheggio-auto","criteri-settembre","criteri-si-accettano-carte-di-credito","criteri-stagionale","criteri-tv-satellitare","criteri-viaggiatori-per-affari","criteri-vicino-al-mare","criteri-wifi"],"yoast_head":"<!-- This site is optimized with the Yoast SEO plugin v28.3 - https:\/\/yoast.com\/product\/yoast-seo-wordpress\/ -->\n<title>Hotel al Capo - Visit Finale Ligure<\/title>\n<meta name=\"description\" content=\"Depuis 1957, l\u2019H\u00f4tel Al Capo accueille ses h\u00f4tes avec un sourire authentique et une hospitalit\u00e9 qui sent bon la maison. Une gestion familiale qui, ann\u00e9e\" \/>\n<meta name=\"robots\" content=\"index, follow, max-snippet:-1, max-image-preview:large, max-video-preview:-1\" \/>\n<link rel=\"canonical\" href=\"https:\/\/visitfinaleligure.it\/fr\/struttura\/hotel-al-capo-2\/\" \/>\n<meta property=\"og:locale\" content=\"fr_FR\" \/>\n<meta property=\"og:type\" content=\"article\" \/>\n<meta property=\"og:title\" content=\"Hotel al Capo - Visit Finale Ligure\" \/>\n<meta property=\"og:description\" content=\"Depuis 1957, l\u2019H\u00f4tel Al Capo accueille ses h\u00f4tes avec un sourire authentique et une hospitalit\u00e9 qui sent bon la maison. Une gestion familiale qui, ann\u00e9e\" \/>\n<meta property=\"og:url\" content=\"https:\/\/visitfinaleligure.it\/fr\/struttura\/hotel-al-capo-2\/\" \/>\n<meta property=\"og:site_name\" content=\"Visit Finale Ligure\" \/>\n<meta property=\"article:publisher\" content=\"https:\/\/www.facebook.com\/VisitFinaleLigure\" \/>\n<meta property=\"og:image\" content=\"https:\/\/visitfinaleligure.it\/wp-content\/uploads\/2023\/03\/Capo-caprazoppa-1-1.jpg\" \/>\n\t<meta property=\"og:image:width\" content=\"2500\" \/>\n\t<meta property=\"og:image:height\" content=\"1405\" \/>\n\t<meta property=\"og:image:type\" content=\"image\/jpeg\" \/>\n<meta name=\"twitter:card\" content=\"summary_large_image\" \/>\n<meta name=\"twitter:label1\" content=\"Dur\u00e9e de lecture estim\u00e9e\" \/>\n\t<meta name=\"twitter:data1\" content=\"1 minute\" \/>\n<script type=\"application\/ld+json\" class=\"yoast-schema-graph\">{\"@context\":\"https:\\\/\\\/schema.org\",\"@graph\":[{\"@type\":\"WebPage\",\"@id\":\"https:\\\/\\\/visitfinaleligure.it\\\/fr\\\/struttura\\\/hotel-al-capo-2\\\/\",\"url\":\"https:\\\/\\\/visitfinaleligure.it\\\/fr\\\/struttura\\\/hotel-al-capo-2\\\/\",\"name\":\"Hotel al Capo - Visit Finale Ligure\",\"isPartOf\":{\"@id\":\"https:\\\/\\\/visitfinaleligure.it\\\/fr\\\/#website\"},\"datePublished\":\"2026-08-27T09:07:54+00:00\",\"description\":\"Depuis 1957, l\u2019H\u00f4tel Al Capo accueille ses h\u00f4tes avec un sourire authentique et une hospitalit\u00e9 qui sent bon la maison. Une gestion familiale qui, ann\u00e9e\",\"breadcrumb\":{\"@id\":\"https:\\\/\\\/visitfinaleligure.it\\\/fr\\\/struttura\\\/hotel-al-capo-2\\\/#breadcrumb\"},\"inLanguage\":\"fr-FR\",\"potentialAction\":[{\"@type\":\"ReadAction\",\"target\":[\"https:\\\/\\\/visitfinaleligure.it\\\/fr\\\/struttura\\\/hotel-al-capo-2\\\/\"]}]},{\"@type\":\"BreadcrumbList\",\"@id\":\"https:\\\/\\\/visitfinaleligure.it\\\/fr\\\/struttura\\\/hotel-al-capo-2\\\/#breadcrumb\",\"itemListElement\":[{\"@type\":\"ListItem\",\"position\":1,\"name\":\"Home\",\"item\":\"https:\\\/\\\/visitfinaleligure.it\\\/fr\\\/\"},{\"@type\":\"ListItem\",\"position\":2,\"name\":\"Strutture\",\"item\":\"https:\\\/\\\/visitfinaleligure.it\\\/fr\\\/struttura\\\/\"},{\"@type\":\"ListItem\",\"position\":3,\"name\":\"Hotel al Capo\"}]},{\"@type\":\"WebSite\",\"@id\":\"https:\\\/\\\/visitfinaleligure.it\\\/fr\\\/#website\",\"url\":\"https:\\\/\\\/visitfinaleligure.it\\\/fr\\\/\",\"name\":\"Visit Finale Ligure\",\"description\":\"My perfect place\",\"publisher\":{\"@id\":\"https:\\\/\\\/visitfinaleligure.it\\\/fr\\\/#organization\"},\"potentialAction\":[{\"@type\":\"SearchAction\",\"target\":{\"@type\":\"EntryPoint\",\"urlTemplate\":\"https:\\\/\\\/visitfinaleligure.it\\\/fr\\\/?s={search_term_string}\"},\"query-input\":{\"@type\":\"PropertyValueSpecification\",\"valueRequired\":true,\"valueName\":\"search_term_string\"}}],\"inLanguage\":\"fr-FR\"},{\"@type\":\"Organization\",\"@id\":\"https:\\\/\\\/visitfinaleligure.it\\\/fr\\\/#organization\",\"name\":\"Comune di Finale Ligure\",\"url\":\"https:\\\/\\\/visitfinaleligure.it\\\/fr\\\/\",\"logo\":{\"@type\":\"ImageObject\",\"inLanguage\":\"fr-FR\",\"@id\":\"https:\\\/\\\/visitfinaleligure.it\\\/fr\\\/#\\\/schema\\\/logo\\\/image\\\/\",\"url\":\"https:\\\/\\\/visitfinaleligure.it\\\/wp-content\\\/uploads\\\/2023\\\/04\\\/cropped-finaleligure-verticale-positivo-200x200-1.png\",\"contentUrl\":\"https:\\\/\\\/visitfinaleligure.it\\\/wp-content\\\/uploads\\\/2023\\\/04\\\/cropped-finaleligure-verticale-positivo-200x200-1.png\",\"width\":512,\"height\":512,\"caption\":\"Comune di Finale Ligure\"},\"image\":{\"@id\":\"https:\\\/\\\/visitfinaleligure.it\\\/fr\\\/#\\\/schema\\\/logo\\\/image\\\/\"},\"sameAs\":[\"https:\\\/\\\/www.facebook.com\\\/VisitFinaleLigure\",\"https:\\\/\\\/www.instagram.com\\\/visitfinale\\\/\",\"https:\\\/\\\/www.youtube.com\\\/channel\\\/UCLmoLfNmrAt9mSCll9egttw\"]}]}<\/script>\n<!-- \/ Yoast SEO plugin. -->","yoast_head_json":{"title":"Hotel al Capo - Visit Finale Ligure","description":"Depuis 1957, l\u2019H\u00f4tel Al Capo accueille ses h\u00f4tes avec un sourire authentique et une hospitalit\u00e9 qui sent bon la maison. Une gestion familiale qui, ann\u00e9e","robots":{"index":"index","follow":"follow","max-snippet":"max-snippet:-1","max-image-preview":"max-image-preview:large","max-video-preview":"max-video-preview:-1"},"canonical":"https:\/\/visitfinaleligure.it\/fr\/struttura\/hotel-al-capo-2\/","og_locale":"fr_FR","og_type":"article","og_title":"Hotel al Capo - Visit Finale Ligure","og_description":"Depuis 1957, l\u2019H\u00f4tel Al Capo accueille ses h\u00f4tes avec un sourire authentique et une hospitalit\u00e9 qui sent bon la maison. Une gestion familiale qui, ann\u00e9e","og_url":"https:\/\/visitfinaleligure.it\/fr\/struttura\/hotel-al-capo-2\/","og_site_name":"Visit Finale Ligure","article_publisher":"https:\/\/www.facebook.com\/VisitFinaleLigure","og_image":[{"width":2500,"height":1405,"url":"https:\/\/visitfinaleligure.it\/wp-content\/uploads\/2023\/03\/Capo-caprazoppa-1-1.jpg","type":"image\/jpeg"}],"twitter_card":"summary_large_image","twitter_misc":{"Dur\u00e9e de lecture estim\u00e9e":"1 minute"},"schema":{"@context":"https:\/\/schema.org","@graph":[{"@type":"WebPage","@id":"https:\/\/visitfinaleligure.it\/fr\/struttura\/hotel-al-capo-2\/","url":"https:\/\/visitfinaleligure.it\/fr\/struttura\/hotel-al-capo-2\/","name":"Hotel al Capo - Visit Finale Ligure","isPartOf":{"@id":"https:\/\/visitfinaleligure.it\/fr\/#website"},"datePublished":"2026-08-27T09:07:54+00:00","description":"Depuis 1957, l\u2019H\u00f4tel Al Capo accueille ses h\u00f4tes avec un sourire authentique et une hospitalit\u00e9 qui sent bon la maison. Une gestion familiale qui, ann\u00e9e","breadcrumb":{"@id":"https:\/\/visitfinaleligure.it\/fr\/struttura\/hotel-al-capo-2\/#breadcrumb"},"inLanguage":"fr-FR","potentialAction":[{"@type":"ReadAction","target":["https:\/\/visitfinaleligure.it\/fr\/struttura\/hotel-al-capo-2\/"]}]},{"@type":"BreadcrumbList","@id":"https:\/\/visitfinaleligure.it\/fr\/struttura\/hotel-al-capo-2\/#breadcrumb","itemListElement":[{"@type":"ListItem","position":1,"name":"Home","item":"https:\/\/visitfinaleligure.it\/fr\/"},{"@type":"ListItem","position":2,"name":"Strutture","item":"https:\/\/visitfinaleligure.it\/fr\/struttura\/"},{"@type":"ListItem","position":3,"name":"Hotel al Capo"}]},{"@type":"WebSite","@id":"https:\/\/visitfinaleligure.it\/fr\/#website","url":"https:\/\/visitfinaleligure.it\/fr\/","name":"Visit Finale Ligure","description":"My perfect place","publisher":{"@id":"https:\/\/visitfinaleligure.it\/fr\/#organization"},"potentialAction":[{"@type":"SearchAction","target":{"@type":"EntryPoint","urlTemplate":"https:\/\/visitfinaleligure.it\/fr\/?s={search_term_string}"},"query-input":{"@type":"PropertyValueSpecification","valueRequired":true,"valueName":"search_term_string"}}],"inLanguage":"fr-FR"},{"@type":"Organization","@id":"https:\/\/visitfinaleligure.it\/fr\/#organization","name":"Comune di Finale Ligure","url":"https:\/\/visitfinaleligure.it\/fr\/","logo":{"@type":"ImageObject","inLanguage":"fr-FR","@id":"https:\/\/visitfinaleligure.it\/fr\/#\/schema\/logo\/image\/","url":"https:\/\/visitfinaleligure.it\/wp-content\/uploads\/2023\/04\/cropped-finaleligure-verticale-positivo-200x200-1.png","contentUrl":"https:\/\/visitfinaleligure.it\/wp-content\/uploads\/2023\/04\/cropped-finaleligure-verticale-positivo-200x200-1.png","width":512,"height":512,"caption":"Comune di Finale Ligure"},"image":{"@id":"https:\/\/visitfinaleligure.it\/fr\/#\/schema\/logo\/image\/"},"sameAs":["https:\/\/www.facebook.com\/VisitFinaleLigure","https:\/\/www.instagram.com\/visitfinale\/","https:\/\/www.youtube.com\/channel\/UCLmoLfNmrAt9mSCll9egttw"]}]}},"_links":{"self":[{"href":"https:\/\/visitfinaleligure.it\/fr\/wp-json\/wp\/v2\/struttura\/23485","targetHints":{"allow":["GET"]}}],"collection":[{"href":"https:\/\/visitfinaleligure.it\/fr\/wp-json\/wp\/v2\/struttura"}],"about":[{"href":"https:\/\/visitfinaleligure.it\/fr\/wp-json\/wp\/v2\/types\/struttura"}],"wp:attachment":[{"href":"https:\/\/visitfinaleligure.it\/fr\/wp-json\/wp\/v2\/media?parent=23485"}],"wp:term":[{"taxonomy":"categoria","embeddable":true,"href":"https:\/\/visitfinaleligure.it\/fr\/wp-json\/wp\/v2\/categoria?post=23485"},{"taxonomy":"classificazione","embeddable":true,"href":"https:\/\/visitfinaleligure.it\/fr\/wp-json\/wp\/v2\/classificazione?post=23485"},{"taxonomy":"localita","embeddable":true,"href":"https:\/\/visitfinaleligure.it\/fr\/wp-json\/wp\/v2\/localita?post=23485"},{"taxonomy":"gruppomarketing","embeddable":true,"href":"https:\/\/visitfinaleligure.it\/fr\/wp-json\/wp\/v2\/gruppomarketing?post=23485"},{"taxonomy":"stella","embeddable":true,"href":"https:\/\/visitfinaleligure.it\/fr\/wp-json\/wp\/v2\/stella?post=23485"},{"taxonomy":"criteri","embeddable":true,"href":"https:\/\/visitfinaleligure.it\/fr\/wp-json\/wp\/v2\/criteri?post=23485"}],"curies":[{"name":"wp","href":"https:\/\/api.w.org\/{rel}","templated":true}]}}

<p>Depuis 1957, l’Hôtel Al Capo accueille ses hôtes avec un sourire authentique et une hospitalité qui sent bon la maison. Une gestion familiale qui, année après année, continue à se renouveler sans jamais perdre la chaleur des origines.</p>
<p>Nous sommes situés dans le pittoresque village sarrasin de Varigotti, à quelques pas de la mer : un cadre parfait pour ceux qui recherchent tranquillité, beauté et un rythme plus lent.</p>
<p>Ici, chaque détail est pensé pour vous mettre à l’aise, mais c’est la cuisine qui raconte vraiment qui nous sommes : parfums méditerranéens, recettes ligures transmises à travers le temps et ingrédients frais qui proviennent directement de nos potagers.</p>
<p>À l’Hôtel Al Capo, le temps se savoure. Entre une promenade sur la promenade, un plat de trofie au pesto et un coucher de soleil se réfléchissant sur les maisons aux couleurs pastel, vous découvrirez le plaisir des choses simples faites avec soin.</p>

<!-- This site is optimized with the Yoast SEO plugin v28.3 - https://yoast.com/product/yoast-seo-wordpress/ -->
<title>Hotel al Capo - Visit Finale Ligure</title>
<meta name="description" content="Depuis 1957, l’Hôtel Al Capo accueille ses hôtes avec un sourire authentique et une hospitalité qui sent bon la maison. Une gestion familiale qui, année" />
<meta name="robots" content="index, follow, max-snippet:-1, max-image-preview:large, max-video-preview:-1" />
<link rel="canonical" href="https://visitfinaleligure.it/fr/struttura/hotel-al-capo-2/" />
<meta property="og:locale" content="fr_FR" />
<meta property="og:type" content="article" />
<meta property="og:title" content="Hotel al Capo - Visit Finale Ligure" />
<meta property="og:description" content="Depuis 1957, l’Hôtel Al Capo accueille ses hôtes avec un sourire authentique et une hospitalité qui sent bon la maison. Une gestion familiale qui, année" />
<meta property="og:url" content="https://visitfinaleligure.it/fr/struttura/hotel-al-capo-2/" />
<meta property="og:site_name" content="Visit Finale Ligure" />
<meta property="article:publisher" content="https://www.facebook.com/VisitFinaleLigure" />
<meta property="og:image" content="https://visitfinaleligure.it/wp-content/uploads/2023/03/Capo-caprazoppa-1-1.jpg" />
	<meta property="og:image:width" content="2500" />
	<meta property="og:image:height" content="1405" />
	<meta property="og:image:type" content="image/jpeg" />
<meta name="twitter:card" content="summary_large_image" />
<meta name="twitter:label1" content="Durée de lecture estimée" />
	<meta name="twitter:data1" content="1 minute" />
<script type="application/ld+json" class="yoast-schema-graph">{"@context":"https:\/\/schema.org","@graph":[{"@type":"WebPage","@id":"https:\/\/visitfinaleligure.it\/fr\/struttura\/hotel-al-capo-2\/","url":"https:\/\/visitfinaleligure.it\/fr\/struttura\/hotel-al-capo-2\/","name":"Hotel al Capo - Visit Finale Ligure","isPartOf":{"@id":"https:\/\/visitfinaleligure.it\/fr\/#website"},"datePublished":"2026-08-27T09:07:54+00:00","description":"Depuis 1957, l’Hôtel Al Capo accueille ses hôtes avec un sourire authentique et une hospitalité qui sent bon la maison. Une gestion familiale qui, année","breadcrumb":{"@id":"https:\/\/visitfinaleligure.it\/fr\/struttura\/hotel-al-capo-2\/#breadcrumb"},"inLanguage":"fr-FR","potentialAction":[{"@type":"ReadAction","target":["https:\/\/visitfinaleligure.it\/fr\/struttura\/hotel-al-capo-2\/"]}]},{"@type":"BreadcrumbList","@id":"https:\/\/visitfinaleligure.it\/fr\/struttura\/hotel-al-capo-2\/#breadcrumb","itemListElement":[{"@type":"ListItem","position":1,"name":"Home","item":"https:\/\/visitfinaleligure.it\/fr\/"},{"@type":"ListItem","position":2,"name":"Strutture","item":"https:\/\/visitfinaleligure.it\/fr\/struttura\/"},{"@type":"ListItem","position":3,"name":"Hotel al Capo"}]},{"@type":"WebSite","@id":"https:\/\/visitfinaleligure.it\/fr\/#website","url":"https:\/\/visitfinaleligure.it\/fr\/","name":"Visit Finale Ligure","description":"My perfect place","publisher":{"@id":"https:\/\/visitfinaleligure.it\/fr\/#organization"},"potentialAction":[{"@type":"SearchAction","target":{"@type":"EntryPoint","urlTemplate":"https:\/\/visitfinaleligure.it\/fr\/?s={search_term_string}"},"query-input":{"@type":"PropertyValueSpecification","valueRequired":true,"valueName":"search_term_string"}}],"inLanguage":"fr-FR"},{"@type":"Organization","@id":"https:\/\/visitfinaleligure.it\/fr\/#organization","name":"Comune di Finale Ligure","url":"https:\/\/visitfinaleligure.it\/fr\/","logo":{"@type":"ImageObject","inLanguage":"fr-FR","@id":"https:\/\/visitfinaleligure.it\/fr\/#\/schema\/logo\/image\/","url":"https:\/\/visitfinaleligure.it\/wp-content\/uploads\/2023\/04\/cropped-finaleligure-verticale-positivo-200x200-1.png","contentUrl":"https:\/\/visitfinaleligure.it\/wp-content\/uploads\/2023\/04\/cropped-finaleligure-verticale-positivo-200x200-1.png","width":512,"height":512,"caption":"Comune di Finale Ligure"},"image":{"@id":"https:\/\/visitfinaleligure.it\/fr\/#\/schema\/logo\/image\/"},"sameAs":["https:\/\/www.facebook.com\/VisitFinaleLigure","https:\/\/www.instagram.com\/visitfinale\/","https:\/\/www.youtube.com\/channel\/UCLmoLfNmrAt9mSCll9egttw"]}]}</script>
<!-- / Yoast SEO plugin. -->

Depuis 1957, l’Hôtel Al Capo accueille ses hôtes avec un sourire authentique et une hospitalité qui sent bon la maison. Une gestion familiale qui, année
