{"id":23505,"date":"2026-08-28T23:22:15","date_gmt":"2026-08-28T21:22:15","guid":{"rendered":"https:\/\/visitfinaleligure.it\/struttura\/la-testa-fra-le-nuvole-2\/"},"modified":"2026-08-28T23:22:16","modified_gmt":"2026-08-28T21:22:16","slug":"la-testa-fra-le-nuvole-2","status":"publish","type":"struttura","link":"https:\/\/visitfinaleligure.it\/fr\/struttura\/la-testa-fra-le-nuvole-2\/","title":{"rendered":"La testa fra le nuvole"},"content":{"rendered":"<p>La t\u00eate dans les nuages : Un refuge enchant\u00e9<br \/>\nD\u00e9couvrez la merveille de r\u00eaver les yeux ouverts \u00e0 La t\u00eate dans les nuages ! Nich\u00e9 dans une zone verte et tranquille, ce B&amp;B \u00e0 Gorra (Finale Ligure) offre une exp\u00e9rience unique, o\u00f9 la beaut\u00e9 de la nature se marie au confort moderne. Situ\u00e9 en colline, \u00e0 quelques pas de la mer, environ 4Km, vous pourrez profiter de panoramas spectaculaires et d&#8217;une s\u00e9r\u00e9nit\u00e9 sans pareille.<\/p>\n<p>Parfait pour les amoureux de la nature et des sports en plein air, La t\u00eate dans les nuages est \u00e9quip\u00e9 d&#8217;une salle de v\u00e9lo pour les passionn\u00e9s de cyclisme, de plus, sur demande, un lavage de v\u00e9lo pour garder votre v\u00e9lo en parfait \u00e9tat. Si vous avez un e-bike, vous pouvez facilement le recharger et continuer votre aventure \u00e0 deux roues, et pour les passionn\u00e9s de motos, un garage pratique pour garer vos motos.<\/p>\n<p>Les chambres sont dot\u00e9es du WiFi pour rester toujours connect\u00e9s. Que vous souhaitiez payer en esp\u00e8ces ou avec une carte de cr\u00e9dit, vous trouverez la flexibilit\u00e9 dont vous avez besoin. Laissez-vous envelopper par la magie de cet endroit, o\u00f9 chaque s\u00e9jour devient un souvenir inoubliable.<\/p>\n<p>Relaxation totale dans une zone verte et calme<br \/>\nAventures cyclistes avec tout le confort<\/p>\n<p>Venez vivre l&#8217;enchantement de La t\u00eate dans les nuages et d\u00e9couvrez la beaut\u00e9 de la nature qui vous entoure.<\/p>\n","protected":false},"featured_media":0,"template":"","meta":[],"categoria":[1010,1009],"classificazione":[1164],"localita":[222],"gruppomarketing":[902],"stella":[],"criteri":[997,1004,1098,925,957,915,944,1059,1000,941,1189,918,906,950,938,967,966,904,954,969,1101,993,947,926,1046],"class_list":["post-23505","struttura","type-struttura","status-publish","hentry","categoria-affittacamere","categoria-bed-breakfast","classificazione-2-soli","localita-finale-ligure","gruppomarketing-finale-outdoor-region","criteri-adatto-per-bambini","criteri-angolo-giochi-per-bambini","criteri-bed-breakfast","criteri-bike-room","criteri-bike-wash","criteri-contanti","criteri-culla","criteri-distanza-mare-m","criteri-fasciatoio","criteri-francese","criteri-giardino-per-ospiti","criteri-inglese","criteri-italiano","criteri-lettino-per-bambini","criteri-officina-mtb","criteri-parcheggio-auto","criteri-prima-colazione","criteri-ricarica-e-bike","criteri-seggiolone","criteri-si-accettano-carte-di-credito","criteri-situato-in-collina","criteri-terrazza","criteri-wifi","criteri-zona-tranquilla","criteri-zona-verde"],"yoast_head":"<!-- This site is optimized with the Yoast SEO plugin v28.3 - https:\/\/yoast.com\/product\/yoast-seo-wordpress\/ -->\n<title>La testa fra le nuvole - Visit Finale Ligure<\/title>\n<meta name=\"description\" content=\"La t\u00eate dans les nuages : Un refuge enchant\u00e9 D\u00e9couvrez la merveille de r\u00eaver les yeux ouverts \u00e0 La t\u00eate dans les nuages ! Nich\u00e9 dans une zone verte et\" \/>\n<meta name=\"robots\" content=\"index, follow, max-snippet:-1, max-image-preview:large, max-video-preview:-1\" \/>\n<link rel=\"canonical\" href=\"https:\/\/visitfinaleligure.it\/fr\/struttura\/la-testa-fra-le-nuvole-2\/\" \/>\n<meta property=\"og:locale\" content=\"fr_FR\" \/>\n<meta property=\"og:type\" content=\"article\" \/>\n<meta property=\"og:title\" content=\"La testa fra le nuvole - Visit Finale Ligure\" \/>\n<meta property=\"og:description\" content=\"La t\u00eate dans les nuages : Un refuge enchant\u00e9 D\u00e9couvrez la merveille de r\u00eaver les yeux ouverts \u00e0 La t\u00eate dans les nuages ! Nich\u00e9 dans une zone verte et\" \/>\n<meta property=\"og:url\" content=\"https:\/\/visitfinaleligure.it\/fr\/struttura\/la-testa-fra-le-nuvole-2\/\" \/>\n<meta property=\"og:site_name\" content=\"Visit Finale Ligure\" \/>\n<meta property=\"article:publisher\" content=\"https:\/\/www.facebook.com\/VisitFinaleLigure\" \/>\n<meta property=\"article:modified_time\" content=\"2026-08-28T21:22:16+00:00\" \/>\n<meta property=\"og:image\" content=\"https:\/\/visitfinaleligure.it\/wp-content\/uploads\/2026\/08\/image-1470.jpg\" \/>\n\t<meta property=\"og:image:width\" content=\"2560\" \/>\n\t<meta property=\"og:image:height\" content=\"1920\" \/>\n\t<meta property=\"og:image:type\" content=\"image\/jpeg\" \/>\n<meta name=\"twitter:card\" content=\"summary_large_image\" \/>\n<meta name=\"twitter:label1\" content=\"Dur\u00e9e de lecture estim\u00e9e\" \/>\n\t<meta name=\"twitter:data1\" content=\"1 minute\" \/>\n<script type=\"application\/ld+json\" class=\"yoast-schema-graph\">{\"@context\":\"https:\\\/\\\/schema.org\",\"@graph\":[{\"@type\":\"WebPage\",\"@id\":\"https:\\\/\\\/visitfinaleligure.it\\\/fr\\\/struttura\\\/la-testa-fra-le-nuvole-2\\\/\",\"url\":\"https:\\\/\\\/visitfinaleligure.it\\\/fr\\\/struttura\\\/la-testa-fra-le-nuvole-2\\\/\",\"name\":\"La testa fra le nuvole - Visit Finale Ligure\",\"isPartOf\":{\"@id\":\"https:\\\/\\\/visitfinaleligure.it\\\/fr\\\/#website\"},\"datePublished\":\"2026-08-28T21:22:15+00:00\",\"dateModified\":\"2026-08-28T21:22:16+00:00\",\"description\":\"La t\u00eate dans les nuages : Un refuge enchant\u00e9 D\u00e9couvrez la merveille de r\u00eaver les yeux ouverts \u00e0 La t\u00eate dans les nuages ! Nich\u00e9 dans une zone verte et\",\"breadcrumb\":{\"@id\":\"https:\\\/\\\/visitfinaleligure.it\\\/fr\\\/struttura\\\/la-testa-fra-le-nuvole-2\\\/#breadcrumb\"},\"inLanguage\":\"fr-FR\",\"potentialAction\":[{\"@type\":\"ReadAction\",\"target\":[\"https:\\\/\\\/visitfinaleligure.it\\\/fr\\\/struttura\\\/la-testa-fra-le-nuvole-2\\\/\"]}]},{\"@type\":\"BreadcrumbList\",\"@id\":\"https:\\\/\\\/visitfinaleligure.it\\\/fr\\\/struttura\\\/la-testa-fra-le-nuvole-2\\\/#breadcrumb\",\"itemListElement\":[{\"@type\":\"ListItem\",\"position\":1,\"name\":\"Home\",\"item\":\"https:\\\/\\\/visitfinaleligure.it\\\/fr\\\/\"},{\"@type\":\"ListItem\",\"position\":2,\"name\":\"Strutture\",\"item\":\"https:\\\/\\\/visitfinaleligure.it\\\/fr\\\/struttura\\\/\"},{\"@type\":\"ListItem\",\"position\":3,\"name\":\"La testa fra le nuvole\"}]},{\"@type\":\"WebSite\",\"@id\":\"https:\\\/\\\/visitfinaleligure.it\\\/fr\\\/#website\",\"url\":\"https:\\\/\\\/visitfinaleligure.it\\\/fr\\\/\",\"name\":\"Visit Finale Ligure\",\"description\":\"My perfect place\",\"publisher\":{\"@id\":\"https:\\\/\\\/visitfinaleligure.it\\\/fr\\\/#organization\"},\"potentialAction\":[{\"@type\":\"SearchAction\",\"target\":{\"@type\":\"EntryPoint\",\"urlTemplate\":\"https:\\\/\\\/visitfinaleligure.it\\\/fr\\\/?s={search_term_string}\"},\"query-input\":{\"@type\":\"PropertyValueSpecification\",\"valueRequired\":true,\"valueName\":\"search_term_string\"}}],\"inLanguage\":\"fr-FR\"},{\"@type\":\"Organization\",\"@id\":\"https:\\\/\\\/visitfinaleligure.it\\\/fr\\\/#organization\",\"name\":\"Comune di Finale Ligure\",\"url\":\"https:\\\/\\\/visitfinaleligure.it\\\/fr\\\/\",\"logo\":{\"@type\":\"ImageObject\",\"inLanguage\":\"fr-FR\",\"@id\":\"https:\\\/\\\/visitfinaleligure.it\\\/fr\\\/#\\\/schema\\\/logo\\\/image\\\/\",\"url\":\"https:\\\/\\\/visitfinaleligure.it\\\/wp-content\\\/uploads\\\/2023\\\/04\\\/cropped-finaleligure-verticale-positivo-200x200-1.png\",\"contentUrl\":\"https:\\\/\\\/visitfinaleligure.it\\\/wp-content\\\/uploads\\\/2023\\\/04\\\/cropped-finaleligure-verticale-positivo-200x200-1.png\",\"width\":512,\"height\":512,\"caption\":\"Comune di Finale Ligure\"},\"image\":{\"@id\":\"https:\\\/\\\/visitfinaleligure.it\\\/fr\\\/#\\\/schema\\\/logo\\\/image\\\/\"},\"sameAs\":[\"https:\\\/\\\/www.facebook.com\\\/VisitFinaleLigure\",\"https:\\\/\\\/www.instagram.com\\\/visitfinale\\\/\",\"https:\\\/\\\/www.youtube.com\\\/channel\\\/UCLmoLfNmrAt9mSCll9egttw\"]}]}<\/script>\n<!-- \/ Yoast SEO plugin. -->","yoast_head_json":{"title":"La testa fra le nuvole - Visit Finale Ligure","description":"La t\u00eate dans les nuages : Un refuge enchant\u00e9 D\u00e9couvrez la merveille de r\u00eaver les yeux ouverts \u00e0 La t\u00eate dans les nuages ! Nich\u00e9 dans une zone verte et","robots":{"index":"index","follow":"follow","max-snippet":"max-snippet:-1","max-image-preview":"max-image-preview:large","max-video-preview":"max-video-preview:-1"},"canonical":"https:\/\/visitfinaleligure.it\/fr\/struttura\/la-testa-fra-le-nuvole-2\/","og_locale":"fr_FR","og_type":"article","og_title":"La testa fra le nuvole - Visit Finale Ligure","og_description":"La t\u00eate dans les nuages : Un refuge enchant\u00e9 D\u00e9couvrez la merveille de r\u00eaver les yeux ouverts \u00e0 La t\u00eate dans les nuages ! Nich\u00e9 dans une zone verte et","og_url":"https:\/\/visitfinaleligure.it\/fr\/struttura\/la-testa-fra-le-nuvole-2\/","og_site_name":"Visit Finale Ligure","article_publisher":"https:\/\/www.facebook.com\/VisitFinaleLigure","article_modified_time":"2026-08-28T21:22:16+00:00","og_image":[{"width":2560,"height":1920,"url":"https:\/\/visitfinaleligure.it\/wp-content\/uploads\/2026\/08\/image-1470.jpg","type":"image\/jpeg"}],"twitter_card":"summary_large_image","twitter_misc":{"Dur\u00e9e de lecture estim\u00e9e":"1 minute"},"schema":{"@context":"https:\/\/schema.org","@graph":[{"@type":"WebPage","@id":"https:\/\/visitfinaleligure.it\/fr\/struttura\/la-testa-fra-le-nuvole-2\/","url":"https:\/\/visitfinaleligure.it\/fr\/struttura\/la-testa-fra-le-nuvole-2\/","name":"La testa fra le nuvole - Visit Finale Ligure","isPartOf":{"@id":"https:\/\/visitfinaleligure.it\/fr\/#website"},"datePublished":"2026-08-28T21:22:15+00:00","dateModified":"2026-08-28T21:22:16+00:00","description":"La t\u00eate dans les nuages : Un refuge enchant\u00e9 D\u00e9couvrez la merveille de r\u00eaver les yeux ouverts \u00e0 La t\u00eate dans les nuages ! Nich\u00e9 dans une zone verte et","breadcrumb":{"@id":"https:\/\/visitfinaleligure.it\/fr\/struttura\/la-testa-fra-le-nuvole-2\/#breadcrumb"},"inLanguage":"fr-FR","potentialAction":[{"@type":"ReadAction","target":["https:\/\/visitfinaleligure.it\/fr\/struttura\/la-testa-fra-le-nuvole-2\/"]}]},{"@type":"BreadcrumbList","@id":"https:\/\/visitfinaleligure.it\/fr\/struttura\/la-testa-fra-le-nuvole-2\/#breadcrumb","itemListElement":[{"@type":"ListItem","position":1,"name":"Home","item":"https:\/\/visitfinaleligure.it\/fr\/"},{"@type":"ListItem","position":2,"name":"Strutture","item":"https:\/\/visitfinaleligure.it\/fr\/struttura\/"},{"@type":"ListItem","position":3,"name":"La testa fra le nuvole"}]},{"@type":"WebSite","@id":"https:\/\/visitfinaleligure.it\/fr\/#website","url":"https:\/\/visitfinaleligure.it\/fr\/","name":"Visit Finale Ligure","description":"My perfect place","publisher":{"@id":"https:\/\/visitfinaleligure.it\/fr\/#organization"},"potentialAction":[{"@type":"SearchAction","target":{"@type":"EntryPoint","urlTemplate":"https:\/\/visitfinaleligure.it\/fr\/?s={search_term_string}"},"query-input":{"@type":"PropertyValueSpecification","valueRequired":true,"valueName":"search_term_string"}}],"inLanguage":"fr-FR"},{"@type":"Organization","@id":"https:\/\/visitfinaleligure.it\/fr\/#organization","name":"Comune di Finale Ligure","url":"https:\/\/visitfinaleligure.it\/fr\/","logo":{"@type":"ImageObject","inLanguage":"fr-FR","@id":"https:\/\/visitfinaleligure.it\/fr\/#\/schema\/logo\/image\/","url":"https:\/\/visitfinaleligure.it\/wp-content\/uploads\/2023\/04\/cropped-finaleligure-verticale-positivo-200x200-1.png","contentUrl":"https:\/\/visitfinaleligure.it\/wp-content\/uploads\/2023\/04\/cropped-finaleligure-verticale-positivo-200x200-1.png","width":512,"height":512,"caption":"Comune di Finale Ligure"},"image":{"@id":"https:\/\/visitfinaleligure.it\/fr\/#\/schema\/logo\/image\/"},"sameAs":["https:\/\/www.facebook.com\/VisitFinaleLigure","https:\/\/www.instagram.com\/visitfinale\/","https:\/\/www.youtube.com\/channel\/UCLmoLfNmrAt9mSCll9egttw"]}]}},"_links":{"self":[{"href":"https:\/\/visitfinaleligure.it\/fr\/wp-json\/wp\/v2\/struttura\/23505","targetHints":{"allow":["GET"]}}],"collection":[{"href":"https:\/\/visitfinaleligure.it\/fr\/wp-json\/wp\/v2\/struttura"}],"about":[{"href":"https:\/\/visitfinaleligure.it\/fr\/wp-json\/wp\/v2\/types\/struttura"}],"wp:attachment":[{"href":"https:\/\/visitfinaleligure.it\/fr\/wp-json\/wp\/v2\/media?parent=23505"}],"wp:term":[{"taxonomy":"categoria","embeddable":true,"href":"https:\/\/visitfinaleligure.it\/fr\/wp-json\/wp\/v2\/categoria?post=23505"},{"taxonomy":"classificazione","embeddable":true,"href":"https:\/\/visitfinaleligure.it\/fr\/wp-json\/wp\/v2\/classificazione?post=23505"},{"taxonomy":"localita","embeddable":true,"href":"https:\/\/visitfinaleligure.it\/fr\/wp-json\/wp\/v2\/localita?post=23505"},{"taxonomy":"gruppomarketing","embeddable":true,"href":"https:\/\/visitfinaleligure.it\/fr\/wp-json\/wp\/v2\/gruppomarketing?post=23505"},{"taxonomy":"stella","embeddable":true,"href":"https:\/\/visitfinaleligure.it\/fr\/wp-json\/wp\/v2\/stella?post=23505"},{"taxonomy":"criteri","embeddable":true,"href":"https:\/\/visitfinaleligure.it\/fr\/wp-json\/wp\/v2\/criteri?post=23505"}],"curies":[{"name":"wp","href":"https:\/\/api.w.org\/{rel}","templated":true}]}}

<p>La tête dans les nuages : Un refuge enchanté<br />
Découvrez la merveille de rêver les yeux ouverts à La tête dans les nuages ! Niché dans une zone verte et tranquille, ce B&amp;B à Gorra (Finale Ligure) offre une expérience unique, où la beauté de la nature se marie au confort moderne. Situé en colline, à quelques pas de la mer, environ 4Km, vous pourrez profiter de panoramas spectaculaires et d&#8217;une sérénité sans pareille.</p>
<p>Parfait pour les amoureux de la nature et des sports en plein air, La tête dans les nuages est équipé d&#8217;une salle de vélo pour les passionnés de cyclisme, de plus, sur demande, un lavage de vélo pour garder votre vélo en parfait état. Si vous avez un e-bike, vous pouvez facilement le recharger et continuer votre aventure à deux roues, et pour les passionnés de motos, un garage pratique pour garer vos motos.</p>
<p>Les chambres sont dotées du WiFi pour rester toujours connectés. Que vous souhaitiez payer en espèces ou avec une carte de crédit, vous trouverez la flexibilité dont vous avez besoin. Laissez-vous envelopper par la magie de cet endroit, où chaque séjour devient un souvenir inoubliable.</p>
<p>Relaxation totale dans une zone verte et calme<br />
Aventures cyclistes avec tout le confort</p>
<p>Venez vivre l&#8217;enchantement de La tête dans les nuages et découvrez la beauté de la nature qui vous entoure.</p>

<!-- This site is optimized with the Yoast SEO plugin v28.3 - https://yoast.com/product/yoast-seo-wordpress/ -->
<title>La testa fra le nuvole - Visit Finale Ligure</title>
<meta name="description" content="La tête dans les nuages : Un refuge enchanté Découvrez la merveille de rêver les yeux ouverts à La tête dans les nuages ! Niché dans une zone verte et" />
<meta name="robots" content="index, follow, max-snippet:-1, max-image-preview:large, max-video-preview:-1" />
<link rel="canonical" href="https://visitfinaleligure.it/fr/struttura/la-testa-fra-le-nuvole-2/" />
<meta property="og:locale" content="fr_FR" />
<meta property="og:type" content="article" />
<meta property="og:title" content="La testa fra le nuvole - Visit Finale Ligure" />
<meta property="og:description" content="La tête dans les nuages : Un refuge enchanté Découvrez la merveille de rêver les yeux ouverts à La tête dans les nuages ! Niché dans une zone verte et" />
<meta property="og:url" content="https://visitfinaleligure.it/fr/struttura/la-testa-fra-le-nuvole-2/" />
<meta property="og:site_name" content="Visit Finale Ligure" />
<meta property="article:publisher" content="https://www.facebook.com/VisitFinaleLigure" />
<meta property="article:modified_time" content="2026-08-28T21:22:16+00:00" />
<meta property="og:image" content="https://visitfinaleligure.it/wp-content/uploads/2026/08/image-1470.jpg" />
	<meta property="og:image:width" content="2560" />
	<meta property="og:image:height" content="1920" />
	<meta property="og:image:type" content="image/jpeg" />
<meta name="twitter:card" content="summary_large_image" />
<meta name="twitter:label1" content="Durée de lecture estimée" />
	<meta name="twitter:data1" content="1 minute" />
<script type="application/ld+json" class="yoast-schema-graph">{"@context":"https:\/\/schema.org","@graph":[{"@type":"WebPage","@id":"https:\/\/visitfinaleligure.it\/fr\/struttura\/la-testa-fra-le-nuvole-2\/","url":"https:\/\/visitfinaleligure.it\/fr\/struttura\/la-testa-fra-le-nuvole-2\/","name":"La testa fra le nuvole - Visit Finale Ligure","isPartOf":{"@id":"https:\/\/visitfinaleligure.it\/fr\/#website"},"datePublished":"2026-08-28T21:22:15+00:00","dateModified":"2026-08-28T21:22:16+00:00","description":"La tête dans les nuages : Un refuge enchanté Découvrez la merveille de rêver les yeux ouverts à La tête dans les nuages ! Niché dans une zone verte et","breadcrumb":{"@id":"https:\/\/visitfinaleligure.it\/fr\/struttura\/la-testa-fra-le-nuvole-2\/#breadcrumb"},"inLanguage":"fr-FR","potentialAction":[{"@type":"ReadAction","target":["https:\/\/visitfinaleligure.it\/fr\/struttura\/la-testa-fra-le-nuvole-2\/"]}]},{"@type":"BreadcrumbList","@id":"https:\/\/visitfinaleligure.it\/fr\/struttura\/la-testa-fra-le-nuvole-2\/#breadcrumb","itemListElement":[{"@type":"ListItem","position":1,"name":"Home","item":"https:\/\/visitfinaleligure.it\/fr\/"},{"@type":"ListItem","position":2,"name":"Strutture","item":"https:\/\/visitfinaleligure.it\/fr\/struttura\/"},{"@type":"ListItem","position":3,"name":"La testa fra le nuvole"}]},{"@type":"WebSite","@id":"https:\/\/visitfinaleligure.it\/fr\/#website","url":"https:\/\/visitfinaleligure.it\/fr\/","name":"Visit Finale Ligure","description":"My perfect place","publisher":{"@id":"https:\/\/visitfinaleligure.it\/fr\/#organization"},"potentialAction":[{"@type":"SearchAction","target":{"@type":"EntryPoint","urlTemplate":"https:\/\/visitfinaleligure.it\/fr\/?s={search_term_string}"},"query-input":{"@type":"PropertyValueSpecification","valueRequired":true,"valueName":"search_term_string"}}],"inLanguage":"fr-FR"},{"@type":"Organization","@id":"https:\/\/visitfinaleligure.it\/fr\/#organization","name":"Comune di Finale Ligure","url":"https:\/\/visitfinaleligure.it\/fr\/","logo":{"@type":"ImageObject","inLanguage":"fr-FR","@id":"https:\/\/visitfinaleligure.it\/fr\/#\/schema\/logo\/image\/","url":"https:\/\/visitfinaleligure.it\/wp-content\/uploads\/2023\/04\/cropped-finaleligure-verticale-positivo-200x200-1.png","contentUrl":"https:\/\/visitfinaleligure.it\/wp-content\/uploads\/2023\/04\/cropped-finaleligure-verticale-positivo-200x200-1.png","width":512,"height":512,"caption":"Comune di Finale Ligure"},"image":{"@id":"https:\/\/visitfinaleligure.it\/fr\/#\/schema\/logo\/image\/"},"sameAs":["https:\/\/www.facebook.com\/VisitFinaleLigure","https:\/\/www.instagram.com\/visitfinale\/","https:\/\/www.youtube.com\/channel\/UCLmoLfNmrAt9mSCll9egttw"]}]}</script>
<!-- / Yoast SEO plugin. -->

La tête dans les nuages : Un refuge enchanté Découvrez la merveille de rêver les yeux ouverts à La tête dans les nuages ! Niché dans une zone verte et
