{"id":23545,"date":"2026-08-27T11:08:11","date_gmt":"2026-08-27T09:08:11","guid":{"rendered":"https:\/\/visitfinaleligure.it\/struttura\/monique-garden-2\/"},"modified":"2026-08-27T11:08:11","modified_gmt":"2026-08-27T09:08:11","slug":"monique-garden-2","status":"publish","type":"struttura","link":"https:\/\/visitfinaleligure.it\/fr\/struttura\/monique-garden-2\/","title":{"rendered":"Monique Garden"},"content":{"rendered":"<p>H\u00e9bergement confortable pr\u00e8s de la mer, au rez-de-chauss\u00e9e avec entr\u00e9e ind\u00e9pendante par un portail menant \u00e0 un jardin priv\u00e9 et cl\u00f4tur\u00e9 reli\u00e9 \u00e0 l&#8217;appartement avec parking.<\/p>\n<p>L&#8217;h\u00e9bergement se compose d&#8217;un salon-cuisine avec canap\u00e9-lit, d&#8217;une chambre avec un lit double et d&#8217;une deuxi\u00e8me chambre avec deux lits simples, chaque chambre ayant une porte-fen\u00eatre donnant sur le jardin avec des arbres d&#8217;orangers et de citronniers.<\/p>\n<p>La climatisation pour le chaud et le froid est g\u00e9r\u00e9e par un syst\u00e8me de trial et son utilisation est payante en fonction des kWh consomm\u00e9s.<\/p>\n<p>La cuisine est \u00e9quip\u00e9e de plaques \u00e9lectriques, d&#8217;un four traditionnel et d&#8217;un lave-vaisselle.<\/p>\n<p>La table de la cuisine est pour cinq personnes, dans le jardin sous un oranger, il y a une table avec un banc et quatre chaises.<\/p>\n<p>Le linge de lit et de bain doit \u00eatre r\u00e9serv\u00e9 \u00e0 l&#8217;avance, au tarif de 15 \u20ac par personne et par semaine.<\/p>\n<p>Dans le jardin, il y a une prise d&#8217;eau avec un tuyau flexible pour le lavage des v\u00e9los si n\u00e9cessaire.<\/p>\n<p>Par accord pr\u00e9alable, une salle \u00e0 v\u00e9los avec serrure accessible par code peut \u00eatre utilis\u00e9e.<\/p>\n<p>Le parking priv\u00e9 se trouve devant le portail d&#8217;entr\u00e9e, o\u00f9 se trouve une bo\u00eete de Self Check In \u00e0 utiliser pour les arriv\u00e9es nocturnes apr\u00e8s avoir pris les dispositions n\u00e9cessaires.<\/p>\n","protected":false},"featured_media":0,"template":"","meta":[],"categoria":[901],"classificazione":[],"localita":[222],"gruppomarketing":[902],"stella":[],"criteri":[992,1307,1287,1001,925,957,929,1170,986,1025,915,975,1309,1059,948,941,1188,1006,918,1208,906,953,1306,967,1308,907,1032,904,923,1282,922,903,912,958,905,1136,913,947,926,1046],"class_list":["post-23545","struttura","type-struttura","status-publish","hentry","categoria-appartamenti-ammobiliati-ad-uso-turistico","localita-finale-ligure","gruppomarketing-finale-outdoor-region","criteri-adatto-a-famiglie","criteri-architettura-moderna","criteri-area-fumatori","criteri-bambini","criteri-bike-room","criteri-bike-wash","criteri-bonifico","criteri-caffe","criteri-centro-storico","criteri-climatizzatore","criteri-contanti","criteri-deposito-bici","criteri-distanza-fiume-in-m","criteri-distanza-mare-m","criteri-famiglie","criteri-francese","criteri-giardino-privato","criteri-giovani","criteri-inglese","criteri-internet-email-accessibile","criteri-italiano","criteri-non-fumatori","criteri-ombra","criteri-parcheggio-auto","criteri-parcheggio-coperto-per-moto","criteri-posizione-centrale","criteri-punti-di-ricarica-per-ebike","criteri-ricarica-e-bike","criteri-riscaldamento","criteri-sedie-a-sdraio","criteri-tv-satellitare","criteri-uso-internet-gratuito","criteri-uso-lavatrice","criteri-viaggiatori-individuali","criteri-vicino-a-supermercato","criteri-vicino-al-mare","criteri-vicino-alla-spiaggia","criteri-wifi","criteri-zona-tranquilla","criteri-zona-verde"],"yoast_head":"<!-- This site is optimized with the Yoast SEO plugin v28.3 - https:\/\/yoast.com\/product\/yoast-seo-wordpress\/ -->\n<title>Monique Garden - Visit Finale Ligure<\/title>\n<meta name=\"description\" content=\"H\u00e9bergement confortable pr\u00e8s de la mer, au rez-de-chauss\u00e9e avec entr\u00e9e ind\u00e9pendante par un portail menant \u00e0 un jardin priv\u00e9 et cl\u00f4tur\u00e9 reli\u00e9 \u00e0\" \/>\n<meta name=\"robots\" content=\"index, follow, max-snippet:-1, max-image-preview:large, max-video-preview:-1\" \/>\n<link rel=\"canonical\" href=\"https:\/\/visitfinaleligure.it\/fr\/struttura\/monique-garden-2\/\" \/>\n<meta property=\"og:locale\" content=\"fr_FR\" \/>\n<meta property=\"og:type\" content=\"article\" \/>\n<meta property=\"og:title\" content=\"Monique Garden - Visit Finale Ligure\" \/>\n<meta property=\"og:description\" content=\"H\u00e9bergement confortable pr\u00e8s de la mer, au rez-de-chauss\u00e9e avec entr\u00e9e ind\u00e9pendante par un portail menant \u00e0 un jardin priv\u00e9 et cl\u00f4tur\u00e9 reli\u00e9 \u00e0\" \/>\n<meta property=\"og:url\" content=\"https:\/\/visitfinaleligure.it\/fr\/struttura\/monique-garden-2\/\" \/>\n<meta property=\"og:site_name\" content=\"Visit Finale Ligure\" \/>\n<meta property=\"article:publisher\" content=\"https:\/\/www.facebook.com\/VisitFinaleLigure\" \/>\n<meta property=\"og:image\" content=\"https:\/\/visitfinaleligure.it\/wp-content\/uploads\/2023\/03\/Capo-caprazoppa-1-1.jpg\" \/>\n\t<meta property=\"og:image:width\" content=\"2500\" \/>\n\t<meta property=\"og:image:height\" content=\"1405\" \/>\n\t<meta property=\"og:image:type\" content=\"image\/jpeg\" \/>\n<meta name=\"twitter:card\" content=\"summary_large_image\" \/>\n<meta name=\"twitter:label1\" content=\"Dur\u00e9e de lecture estim\u00e9e\" \/>\n\t<meta name=\"twitter:data1\" content=\"1 minute\" \/>\n<script type=\"application\/ld+json\" class=\"yoast-schema-graph\">{\"@context\":\"https:\\\/\\\/schema.org\",\"@graph\":[{\"@type\":\"WebPage\",\"@id\":\"https:\\\/\\\/visitfinaleligure.it\\\/fr\\\/struttura\\\/monique-garden-2\\\/\",\"url\":\"https:\\\/\\\/visitfinaleligure.it\\\/fr\\\/struttura\\\/monique-garden-2\\\/\",\"name\":\"Monique Garden - Visit Finale Ligure\",\"isPartOf\":{\"@id\":\"https:\\\/\\\/visitfinaleligure.it\\\/fr\\\/#website\"},\"datePublished\":\"2026-08-27T09:08:11+00:00\",\"description\":\"H\u00e9bergement confortable pr\u00e8s de la mer, au rez-de-chauss\u00e9e avec entr\u00e9e ind\u00e9pendante par un portail menant \u00e0 un jardin priv\u00e9 et cl\u00f4tur\u00e9 reli\u00e9 \u00e0\",\"breadcrumb\":{\"@id\":\"https:\\\/\\\/visitfinaleligure.it\\\/fr\\\/struttura\\\/monique-garden-2\\\/#breadcrumb\"},\"inLanguage\":\"fr-FR\",\"potentialAction\":[{\"@type\":\"ReadAction\",\"target\":[\"https:\\\/\\\/visitfinaleligure.it\\\/fr\\\/struttura\\\/monique-garden-2\\\/\"]}]},{\"@type\":\"BreadcrumbList\",\"@id\":\"https:\\\/\\\/visitfinaleligure.it\\\/fr\\\/struttura\\\/monique-garden-2\\\/#breadcrumb\",\"itemListElement\":[{\"@type\":\"ListItem\",\"position\":1,\"name\":\"Home\",\"item\":\"https:\\\/\\\/visitfinaleligure.it\\\/fr\\\/\"},{\"@type\":\"ListItem\",\"position\":2,\"name\":\"Strutture\",\"item\":\"https:\\\/\\\/visitfinaleligure.it\\\/fr\\\/struttura\\\/\"},{\"@type\":\"ListItem\",\"position\":3,\"name\":\"Monique Garden\"}]},{\"@type\":\"WebSite\",\"@id\":\"https:\\\/\\\/visitfinaleligure.it\\\/fr\\\/#website\",\"url\":\"https:\\\/\\\/visitfinaleligure.it\\\/fr\\\/\",\"name\":\"Visit Finale Ligure\",\"description\":\"My perfect place\",\"publisher\":{\"@id\":\"https:\\\/\\\/visitfinaleligure.it\\\/fr\\\/#organization\"},\"potentialAction\":[{\"@type\":\"SearchAction\",\"target\":{\"@type\":\"EntryPoint\",\"urlTemplate\":\"https:\\\/\\\/visitfinaleligure.it\\\/fr\\\/?s={search_term_string}\"},\"query-input\":{\"@type\":\"PropertyValueSpecification\",\"valueRequired\":true,\"valueName\":\"search_term_string\"}}],\"inLanguage\":\"fr-FR\"},{\"@type\":\"Organization\",\"@id\":\"https:\\\/\\\/visitfinaleligure.it\\\/fr\\\/#organization\",\"name\":\"Comune di Finale Ligure\",\"url\":\"https:\\\/\\\/visitfinaleligure.it\\\/fr\\\/\",\"logo\":{\"@type\":\"ImageObject\",\"inLanguage\":\"fr-FR\",\"@id\":\"https:\\\/\\\/visitfinaleligure.it\\\/fr\\\/#\\\/schema\\\/logo\\\/image\\\/\",\"url\":\"https:\\\/\\\/visitfinaleligure.it\\\/wp-content\\\/uploads\\\/2023\\\/04\\\/cropped-finaleligure-verticale-positivo-200x200-1.png\",\"contentUrl\":\"https:\\\/\\\/visitfinaleligure.it\\\/wp-content\\\/uploads\\\/2023\\\/04\\\/cropped-finaleligure-verticale-positivo-200x200-1.png\",\"width\":512,\"height\":512,\"caption\":\"Comune di Finale Ligure\"},\"image\":{\"@id\":\"https:\\\/\\\/visitfinaleligure.it\\\/fr\\\/#\\\/schema\\\/logo\\\/image\\\/\"},\"sameAs\":[\"https:\\\/\\\/www.facebook.com\\\/VisitFinaleLigure\",\"https:\\\/\\\/www.instagram.com\\\/visitfinale\\\/\",\"https:\\\/\\\/www.youtube.com\\\/channel\\\/UCLmoLfNmrAt9mSCll9egttw\"]}]}<\/script>\n<!-- \/ Yoast SEO plugin. -->","yoast_head_json":{"title":"Monique Garden - Visit Finale Ligure","description":"H\u00e9bergement confortable pr\u00e8s de la mer, au rez-de-chauss\u00e9e avec entr\u00e9e ind\u00e9pendante par un portail menant \u00e0 un jardin priv\u00e9 et cl\u00f4tur\u00e9 reli\u00e9 \u00e0","robots":{"index":"index","follow":"follow","max-snippet":"max-snippet:-1","max-image-preview":"max-image-preview:large","max-video-preview":"max-video-preview:-1"},"canonical":"https:\/\/visitfinaleligure.it\/fr\/struttura\/monique-garden-2\/","og_locale":"fr_FR","og_type":"article","og_title":"Monique Garden - Visit Finale Ligure","og_description":"H\u00e9bergement confortable pr\u00e8s de la mer, au rez-de-chauss\u00e9e avec entr\u00e9e ind\u00e9pendante par un portail menant \u00e0 un jardin priv\u00e9 et cl\u00f4tur\u00e9 reli\u00e9 \u00e0","og_url":"https:\/\/visitfinaleligure.it\/fr\/struttura\/monique-garden-2\/","og_site_name":"Visit Finale Ligure","article_publisher":"https:\/\/www.facebook.com\/VisitFinaleLigure","og_image":[{"width":2500,"height":1405,"url":"https:\/\/visitfinaleligure.it\/wp-content\/uploads\/2023\/03\/Capo-caprazoppa-1-1.jpg","type":"image\/jpeg"}],"twitter_card":"summary_large_image","twitter_misc":{"Dur\u00e9e de lecture estim\u00e9e":"1 minute"},"schema":{"@context":"https:\/\/schema.org","@graph":[{"@type":"WebPage","@id":"https:\/\/visitfinaleligure.it\/fr\/struttura\/monique-garden-2\/","url":"https:\/\/visitfinaleligure.it\/fr\/struttura\/monique-garden-2\/","name":"Monique Garden - Visit Finale Ligure","isPartOf":{"@id":"https:\/\/visitfinaleligure.it\/fr\/#website"},"datePublished":"2026-08-27T09:08:11+00:00","description":"H\u00e9bergement confortable pr\u00e8s de la mer, au rez-de-chauss\u00e9e avec entr\u00e9e ind\u00e9pendante par un portail menant \u00e0 un jardin priv\u00e9 et cl\u00f4tur\u00e9 reli\u00e9 \u00e0","breadcrumb":{"@id":"https:\/\/visitfinaleligure.it\/fr\/struttura\/monique-garden-2\/#breadcrumb"},"inLanguage":"fr-FR","potentialAction":[{"@type":"ReadAction","target":["https:\/\/visitfinaleligure.it\/fr\/struttura\/monique-garden-2\/"]}]},{"@type":"BreadcrumbList","@id":"https:\/\/visitfinaleligure.it\/fr\/struttura\/monique-garden-2\/#breadcrumb","itemListElement":[{"@type":"ListItem","position":1,"name":"Home","item":"https:\/\/visitfinaleligure.it\/fr\/"},{"@type":"ListItem","position":2,"name":"Strutture","item":"https:\/\/visitfinaleligure.it\/fr\/struttura\/"},{"@type":"ListItem","position":3,"name":"Monique Garden"}]},{"@type":"WebSite","@id":"https:\/\/visitfinaleligure.it\/fr\/#website","url":"https:\/\/visitfinaleligure.it\/fr\/","name":"Visit Finale Ligure","description":"My perfect place","publisher":{"@id":"https:\/\/visitfinaleligure.it\/fr\/#organization"},"potentialAction":[{"@type":"SearchAction","target":{"@type":"EntryPoint","urlTemplate":"https:\/\/visitfinaleligure.it\/fr\/?s={search_term_string}"},"query-input":{"@type":"PropertyValueSpecification","valueRequired":true,"valueName":"search_term_string"}}],"inLanguage":"fr-FR"},{"@type":"Organization","@id":"https:\/\/visitfinaleligure.it\/fr\/#organization","name":"Comune di Finale Ligure","url":"https:\/\/visitfinaleligure.it\/fr\/","logo":{"@type":"ImageObject","inLanguage":"fr-FR","@id":"https:\/\/visitfinaleligure.it\/fr\/#\/schema\/logo\/image\/","url":"https:\/\/visitfinaleligure.it\/wp-content\/uploads\/2023\/04\/cropped-finaleligure-verticale-positivo-200x200-1.png","contentUrl":"https:\/\/visitfinaleligure.it\/wp-content\/uploads\/2023\/04\/cropped-finaleligure-verticale-positivo-200x200-1.png","width":512,"height":512,"caption":"Comune di Finale Ligure"},"image":{"@id":"https:\/\/visitfinaleligure.it\/fr\/#\/schema\/logo\/image\/"},"sameAs":["https:\/\/www.facebook.com\/VisitFinaleLigure","https:\/\/www.instagram.com\/visitfinale\/","https:\/\/www.youtube.com\/channel\/UCLmoLfNmrAt9mSCll9egttw"]}]}},"_links":{"self":[{"href":"https:\/\/visitfinaleligure.it\/fr\/wp-json\/wp\/v2\/struttura\/23545","targetHints":{"allow":["GET"]}}],"collection":[{"href":"https:\/\/visitfinaleligure.it\/fr\/wp-json\/wp\/v2\/struttura"}],"about":[{"href":"https:\/\/visitfinaleligure.it\/fr\/wp-json\/wp\/v2\/types\/struttura"}],"wp:attachment":[{"href":"https:\/\/visitfinaleligure.it\/fr\/wp-json\/wp\/v2\/media?parent=23545"}],"wp:term":[{"taxonomy":"categoria","embeddable":true,"href":"https:\/\/visitfinaleligure.it\/fr\/wp-json\/wp\/v2\/categoria?post=23545"},{"taxonomy":"classificazione","embeddable":true,"href":"https:\/\/visitfinaleligure.it\/fr\/wp-json\/wp\/v2\/classificazione?post=23545"},{"taxonomy":"localita","embeddable":true,"href":"https:\/\/visitfinaleligure.it\/fr\/wp-json\/wp\/v2\/localita?post=23545"},{"taxonomy":"gruppomarketing","embeddable":true,"href":"https:\/\/visitfinaleligure.it\/fr\/wp-json\/wp\/v2\/gruppomarketing?post=23545"},{"taxonomy":"stella","embeddable":true,"href":"https:\/\/visitfinaleligure.it\/fr\/wp-json\/wp\/v2\/stella?post=23545"},{"taxonomy":"criteri","embeddable":true,"href":"https:\/\/visitfinaleligure.it\/fr\/wp-json\/wp\/v2\/criteri?post=23545"}],"curies":[{"name":"wp","href":"https:\/\/api.w.org\/{rel}","templated":true}]}}

<p>Hébergement confortable près de la mer, au rez-de-chaussée avec entrée indépendante par un portail menant à un jardin privé et clôturé relié à l&#8217;appartement avec parking.</p>
<p>L&#8217;hébergement se compose d&#8217;un salon-cuisine avec canapé-lit, d&#8217;une chambre avec un lit double et d&#8217;une deuxième chambre avec deux lits simples, chaque chambre ayant une porte-fenêtre donnant sur le jardin avec des arbres d&#8217;orangers et de citronniers.</p>
<p>La climatisation pour le chaud et le froid est gérée par un système de trial et son utilisation est payante en fonction des kWh consommés.</p>
<p>La cuisine est équipée de plaques électriques, d&#8217;un four traditionnel et d&#8217;un lave-vaisselle.</p>
<p>La table de la cuisine est pour cinq personnes, dans le jardin sous un oranger, il y a une table avec un banc et quatre chaises.</p>
<p>Le linge de lit et de bain doit être réservé à l&#8217;avance, au tarif de 15 € par personne et par semaine.</p>
<p>Dans le jardin, il y a une prise d&#8217;eau avec un tuyau flexible pour le lavage des vélos si nécessaire.</p>
<p>Par accord préalable, une salle à vélos avec serrure accessible par code peut être utilisée.</p>
<p>Le parking privé se trouve devant le portail d&#8217;entrée, où se trouve une boîte de Self Check In à utiliser pour les arrivées nocturnes après avoir pris les dispositions nécessaires.</p>

<!-- This site is optimized with the Yoast SEO plugin v28.3 - https://yoast.com/product/yoast-seo-wordpress/ -->
<title>Monique Garden - Visit Finale Ligure</title>
<meta name="description" content="Hébergement confortable près de la mer, au rez-de-chaussée avec entrée indépendante par un portail menant à un jardin privé et clôturé relié à" />
<meta name="robots" content="index, follow, max-snippet:-1, max-image-preview:large, max-video-preview:-1" />
<link rel="canonical" href="https://visitfinaleligure.it/fr/struttura/monique-garden-2/" />
<meta property="og:locale" content="fr_FR" />
<meta property="og:type" content="article" />
<meta property="og:title" content="Monique Garden - Visit Finale Ligure" />
<meta property="og:description" content="Hébergement confortable près de la mer, au rez-de-chaussée avec entrée indépendante par un portail menant à un jardin privé et clôturé relié à" />
<meta property="og:url" content="https://visitfinaleligure.it/fr/struttura/monique-garden-2/" />
<meta property="og:site_name" content="Visit Finale Ligure" />
<meta property="article:publisher" content="https://www.facebook.com/VisitFinaleLigure" />
<meta property="og:image" content="https://visitfinaleligure.it/wp-content/uploads/2023/03/Capo-caprazoppa-1-1.jpg" />
	<meta property="og:image:width" content="2500" />
	<meta property="og:image:height" content="1405" />
	<meta property="og:image:type" content="image/jpeg" />
<meta name="twitter:card" content="summary_large_image" />
<meta name="twitter:label1" content="Durée de lecture estimée" />
	<meta name="twitter:data1" content="1 minute" />
<script type="application/ld+json" class="yoast-schema-graph">{"@context":"https:\/\/schema.org","@graph":[{"@type":"WebPage","@id":"https:\/\/visitfinaleligure.it\/fr\/struttura\/monique-garden-2\/","url":"https:\/\/visitfinaleligure.it\/fr\/struttura\/monique-garden-2\/","name":"Monique Garden - Visit Finale Ligure","isPartOf":{"@id":"https:\/\/visitfinaleligure.it\/fr\/#website"},"datePublished":"2026-08-27T09:08:11+00:00","description":"Hébergement confortable près de la mer, au rez-de-chaussée avec entrée indépendante par un portail menant à un jardin privé et clôturé relié à","breadcrumb":{"@id":"https:\/\/visitfinaleligure.it\/fr\/struttura\/monique-garden-2\/#breadcrumb"},"inLanguage":"fr-FR","potentialAction":[{"@type":"ReadAction","target":["https:\/\/visitfinaleligure.it\/fr\/struttura\/monique-garden-2\/"]}]},{"@type":"BreadcrumbList","@id":"https:\/\/visitfinaleligure.it\/fr\/struttura\/monique-garden-2\/#breadcrumb","itemListElement":[{"@type":"ListItem","position":1,"name":"Home","item":"https:\/\/visitfinaleligure.it\/fr\/"},{"@type":"ListItem","position":2,"name":"Strutture","item":"https:\/\/visitfinaleligure.it\/fr\/struttura\/"},{"@type":"ListItem","position":3,"name":"Monique Garden"}]},{"@type":"WebSite","@id":"https:\/\/visitfinaleligure.it\/fr\/#website","url":"https:\/\/visitfinaleligure.it\/fr\/","name":"Visit Finale Ligure","description":"My perfect place","publisher":{"@id":"https:\/\/visitfinaleligure.it\/fr\/#organization"},"potentialAction":[{"@type":"SearchAction","target":{"@type":"EntryPoint","urlTemplate":"https:\/\/visitfinaleligure.it\/fr\/?s={search_term_string}"},"query-input":{"@type":"PropertyValueSpecification","valueRequired":true,"valueName":"search_term_string"}}],"inLanguage":"fr-FR"},{"@type":"Organization","@id":"https:\/\/visitfinaleligure.it\/fr\/#organization","name":"Comune di Finale Ligure","url":"https:\/\/visitfinaleligure.it\/fr\/","logo":{"@type":"ImageObject","inLanguage":"fr-FR","@id":"https:\/\/visitfinaleligure.it\/fr\/#\/schema\/logo\/image\/","url":"https:\/\/visitfinaleligure.it\/wp-content\/uploads\/2023\/04\/cropped-finaleligure-verticale-positivo-200x200-1.png","contentUrl":"https:\/\/visitfinaleligure.it\/wp-content\/uploads\/2023\/04\/cropped-finaleligure-verticale-positivo-200x200-1.png","width":512,"height":512,"caption":"Comune di Finale Ligure"},"image":{"@id":"https:\/\/visitfinaleligure.it\/fr\/#\/schema\/logo\/image\/"},"sameAs":["https:\/\/www.facebook.com\/VisitFinaleLigure","https:\/\/www.instagram.com\/visitfinale\/","https:\/\/www.youtube.com\/channel\/UCLmoLfNmrAt9mSCll9egttw"]}]}</script>
<!-- / Yoast SEO plugin. -->

Hébergement confortable près de la mer, au rez-de-chaussée avec entrée indépendante par un portail menant à un jardin privé et clôturé relié à
